216.244.66.200 - - [15/Jun/2025:18:21:44 +0200] "GET /robots.txt HTTP/1.1" 200 916 "-" "Mozilla/5.0 (compatible; DotBot/1.2; +https://opensiteexplorer.org/dotbot; help@moz.com)"
216.73.216.92 - - [15/Jun/2025:18:23:06 +0200] "GET /a/mauguio-34/10-Entreprise%20de%20peinture%20-34 HTTP/1.1" 200 11423 "-" "Mozilla/5.0 AppleWebKit/537.36 (KHTML, like Gecko; compatible; ClaudeBot/1.0; +claudebot@anthropic.com)"
216.73.216.92 - - [15/Jun/2025:18:23:46 +0200] "GET /prestations/la-peinture-a-l-eau-pour-l-exterieur/18-savoir-faire?format=feed&type=atom HTTP/1.1" 200 5716 "-" "Mozilla/5.0 AppleWebKit/537.36 (KHTML, like Gecko; compatible; ClaudeBot/1.0; +claudebot@anthropic.com)"
216.73.216.92 - - [15/Jun/2025:18:24:21 +0200] "GET /beziers-34/10-Entreprise%20de%20peinture%20-34?format=feed&type=atom HTTP/1.1" 200 8388 "-" "Mozilla/5.0 AppleWebKit/537.36 (KHTML, like Gecko; compatible; ClaudeBot/1.0; +claudebot@anthropic.com)"
216.73.216.92 - - [15/Jun/2025:18:24:59 +0200] "GET /gigean-34/10-Entreprise%20de%20peinture%20-34?format=feed&type=atom HTTP/1.1" 200 8385 "-" "Mozilla/5.0 AppleWebKit/537.36 (KHTML, like Gecko; compatible; ClaudeBot/1.0; +claudebot@anthropic.com)"
216.73.216.92 - - [15/Jun/2025:18:24:59 +0200] "GET /a/vias-34/10-Entreprise%20de%20peinture%20-34 HTTP/1.1" 200 11423 "-" "Mozilla/5.0 AppleWebKit/537.36 (KHTML, like Gecko; compatible; ClaudeBot/1.0; +claudebot@anthropic.com)"
216.73.216.92 - - [15/Jun/2025:18:25:31 +0200] "GET /beziers-34/10-Entreprise%20de%20peinture%20-34?format=feed&type=rss HTTP/1.1" 200 5863 "-" "Mozilla/5.0 AppleWebKit/537.36 (KHTML, like Gecko; compatible; ClaudeBot/1.0; +claudebot@anthropic.com)"
216.73.216.92 - - [15/Jun/2025:18:25:31 +0200] "GET /component/search/?Itemid=191&format=opensearch HTTP/1.1" 200 440 "-" "Mozilla/5.0 AppleWebKit/537.36 (KHTML, like Gecko; compatible; ClaudeBot/1.0; +claudebot@anthropic.com)"
216.73.216.92 - - [15/Jun/2025:18:26:43 +0200] "GET /castelnau-le-lez-34/10-Entreprise%20de%20peinture%20-34?format=feed&type=atom HTTP/1.1" 200 8375 "-" "Mozilla/5.0 AppleWebKit/537.36 (KHTML, like Gecko; compatible; ClaudeBot/1.0; +claudebot@anthropic.com)"
216.73.216.92 - - [15/Jun/2025:18:26:44 +0200] "GET /prestations/peinture-a-la-chaux/18-savoir-faire?format=feed&type=atom HTTP/1.1" 200 5706 "-" "Mozilla/5.0 AppleWebKit/537.36 (KHTML, like Gecko; compatible; ClaudeBot/1.0; +claudebot@anthropic.com)"
216.244.66.200 - - [15/Jun/2025:18:27:57 +0200] "GET /a/frontignan-34 HTTP/1.1" 200 30014 "-" "Mozilla/5.0 (compatible; DotBot/1.2; +https://opensiteexplorer.org/dotbot; help@moz.com)"
216.73.216.92 - - [15/Jun/2025:18:28:33 +0200] "GET /prestations/technique-pour-peindre-l-interieur/18-savoir-faire?format=feed&type=rss HTTP/1.1" 200 5271 "-" "Mozilla/5.0 AppleWebKit/537.36 (KHTML, like Gecko; compatible; ClaudeBot/1.0; +claudebot@anthropic.com)"
89.169.15.216 - - [15/Jun/2025:18:29:56 +0200] "GET / HTTP/1.1" 301 256 "-" "Mozilla/5.0 (compatible; MSIE 9.0; Windows NT 10.0; Win64; x64; Trident/5.0)"
89.169.15.216 - - [15/Jun/2025:18:29:57 +0200] "GET / HTTP/1.1" 200 9663 "-" "Mozilla/5.0 (compatible; MSIE 9.0; Windows NT 10.0; Win64; x64; Trident/5.0)"
89.169.15.216 - - [15/Jun/2025:18:29:57 +0200] "GET /index.php/component/users HTTP/1.1" 200 4660 "http://www.entrerprisedepeinturemontpellier.com/" "Mozilla/5.0 (compatible; MSIE 9.0; Windows NT 10.0; Win64; x64; Trident/5.0)"
216.73.216.92 - - [15/Jun/2025:18:30:17 +0200] "GET /saint-andre-de-sangonis-34/10-Entreprise%20de%20peinture%20-34?format=feed&type=rss HTTP/1.1" 200 5885 "-" "Mozilla/5.0 AppleWebKit/537.36 (KHTML, like Gecko; compatible; ClaudeBot/1.0; +claudebot@anthropic.com)"
216.73.216.92 - - [15/Jun/2025:18:30:17 +0200] "GET /component/search/?Itemid=120&format=opensearch&id=10 HTTP/1.1" 200 442 "-" "Mozilla/5.0 AppleWebKit/537.36 (KHTML, like Gecko; compatible; ClaudeBot/1.0; +claudebot@anthropic.com)"
89.169.15.216 - - [15/Jun/2025:18:30:20 +0200] "POST /index.php/component/users HTTP/1.1" 303 - "http://www.entrerprisedepeinturemontpellier.com/index.php/component/users" "Mozilla/5.0 (compatible; MSIE 9.0; Windows NT 10.0; Win64; x64; Trident/5.0)"
89.169.15.216 - - [15/Jun/2025:18:30:21 +0200] "GET /component/users/?view=login HTTP/1.1" 200 5159 "http://www.entrerprisedepeinturemontpellier.com/index.php/component/users" "Mozilla/5.0 (compatible; MSIE 9.0; Windows NT 10.0; Win64; x64; Trident/5.0)"
89.169.15.216 - - [15/Jun/2025:18:30:21 +0200] "GET /index.php/component/users/?view=login HTTP/1.1" 200 5099 "http://www.entrerprisedepeinturemontpellier.com/component/users/?view=login" "Mozilla/5.0 (compatible; MSIE 9.0; Windows NT 10.0; Win64; x64; Trident/5.0)"
89.169.15.216 - - [15/Jun/2025:18:30:22 +0200] "POST /accesson1.php HTTP/1.1" 404 1490 "http://www.entrerprisedepeinturemontpellier.com/index.php/component/users/?view=login" "Mozilla/5.0 (compatible; MSIE 9.0; Windows NT 10.0; Win64; x64; Trident/5.0)"
216.73.216.92 - - [15/Jun/2025:18:32:06 +0200] "GET /prestations/technique-de-peinture-classique/18-savoir-faire?format=feed&type=rss HTTP/1.1" 200 5266 "-" "Mozilla/5.0 AppleWebKit/537.36 (KHTML, like Gecko; compatible; ClaudeBot/1.0; +claudebot@anthropic.com)"
216.244.66.200 - - [15/Jun/2025:18:32:35 +0200] "GET /a/sete-34?tmpl=component&print=1&page= HTTP/1.1" 200 13250 "-" "Mozilla/5.0 (compatible; DotBot/1.2; +https://opensiteexplorer.org/dotbot; help@moz.com)"
216.244.66.200 - - [15/Jun/2025:18:33:13 +0200] "GET /clapiers-34/10-Entreprise%20de%20peinture%20-34 HTTP/1.1" 200 79515 "-" "Mozilla/5.0 (compatible; DotBot/1.2; +https://opensiteexplorer.org/dotbot; help@moz.com)"
43.153.10.13 - - [15/Jun/2025:18:33:49 +0200] "GET /prestations/technique-de-peinture-classique HTTP/1.1" 200 5275 "-" "Mozilla/5.0 (iPhone; CPU iPhone OS 13_2_3 like Mac OS X) AppleWebKit/605.1.15 (KHTML, like Gecko) Version/13.0.3 Mobile/15E148 Safari/604.1"
216.73.216.92 - - [15/Jun/2025:18:35:41 +0200] "GET /component/search/?Itemid=222&format=opensearch HTTP/1.1" 200 440 "-" "Mozilla/5.0 AppleWebKit/537.36 (KHTML, like Gecko; compatible; ClaudeBot/1.0; +claudebot@anthropic.com)"
216.73.216.92 - - [15/Jun/2025:18:38:08 +0200] "GET /vendargues-34/10-Entreprise%20de%20peinture%20-34?format=feed&type=rss HTTP/1.1" 200 5864 "-" "Mozilla/5.0 AppleWebKit/537.36 (KHTML, like Gecko; compatible; ClaudeBot/1.0; +claudebot@anthropic.com)"
216.73.216.92 - - [15/Jun/2025:18:38:09 +0200] "GET /selection-web/59-Di%C3%A9t%C3%A9ticien?layout=default&print=1&tmpl=component HTTP/1.1" 200 971 "-" "Mozilla/5.0 AppleWebKit/537.36 (KHTML, like Gecko; compatible; ClaudeBot/1.0; +claudebot@anthropic.com)"
216.73.216.92 - - [15/Jun/2025:18:38:09 +0200] "GET /a/juvignac-34/10-Entreprise%20de%20peinture%20-34 HTTP/1.1" 200 12302 "-" "Mozilla/5.0 AppleWebKit/537.36 (KHTML, like Gecko; compatible; ClaudeBot/1.0; +claudebot@anthropic.com)"
216.73.216.92 - - [15/Jun/2025:18:39:51 +0200] "GET /contact-entreprise/2-diverse HTTP/1.1" 200 8552 "-" "Mozilla/5.0 AppleWebKit/537.36 (KHTML, like Gecko; compatible; ClaudeBot/1.0; +claudebot@anthropic.com)"
216.73.216.92 - - [15/Jun/2025:18:39:51 +0200] "GET /informations-legales/2-diverse?format=feed&type=rss HTTP/1.1" 200 2250 "-" "Mozilla/5.0 AppleWebKit/537.36 (KHTML, like Gecko; compatible; ClaudeBot/1.0; +claudebot@anthropic.com)"
216.73.216.92 - - [15/Jun/2025:18:42:49 +0200] "GET /grande-motte-34/10-Entreprise%20de%20peinture%20-34?format=feed&type=atom HTTP/1.1" 200 8394 "-" "Mozilla/5.0 AppleWebKit/537.36 (KHTML, like Gecko; compatible; ClaudeBot/1.0; +claudebot@anthropic.com)"
216.73.216.92 - - [15/Jun/2025:18:42:50 +0200] "GET /component/search/?Itemid=167&format=opensearch HTTP/1.1" 200 442 "-" "Mozilla/5.0 AppleWebKit/537.36 (KHTML, like Gecko; compatible; ClaudeBot/1.0; +claudebot@anthropic.com)"
49.51.183.220 - - [15/Jun/2025:18:43:53 +0200] "GET /saint-jean-de-vedas-34 HTTP/1.1" 200 10000 "-" "Mozilla/5.0 (iPhone; CPU iPhone OS 13_2_3 like Mac OS X) AppleWebKit/605.1.15 (KHTML, like Gecko) Version/13.0.3 Mobile/15E148 Safari/604.1"
216.73.216.92 - - [15/Jun/2025:18:44:01 +0200] "GET /a/agde-34/10-Entreprise%20de%20peinture%20-34 HTTP/1.1" 200 15609 "-" "Mozilla/5.0 AppleWebKit/537.36 (KHTML, like Gecko; compatible; ClaudeBot/1.0; +claudebot@anthropic.com)"
216.73.216.92 - - [15/Jun/2025:18:44:01 +0200] "GET /a/marsillargues-34/10-Entreprise%20de%20peinture%20-34 HTTP/1.1" 200 11437 "-" "Mozilla/5.0 AppleWebKit/537.36 (KHTML, like Gecko; compatible; ClaudeBot/1.0; +claudebot@anthropic.com)"
216.73.216.92 - - [15/Jun/2025:18:45:49 +0200] "GET /lodeve-34/10-Entreprise%20de%20peinture%20-34?format=feed&type=rss HTTP/1.1" 200 5867 "-" "Mozilla/5.0 AppleWebKit/537.36 (KHTML, like Gecko; compatible; ClaudeBot/1.0; +claudebot@anthropic.com)"
216.73.216.92 - - [15/Jun/2025:18:46:24 +0200] "GET /component/mailto/?link=72fcad3af0bfa434811954107b98344b196eac93&template=neutre&tmpl=component HTTP/1.1" 200 1340 "-" "Mozilla/5.0 AppleWebKit/537.36 (KHTML, like Gecko; compatible; ClaudeBot/1.0; +claudebot@anthropic.com)"
216.73.216.92 - - [15/Jun/2025:18:47:00 +0200] "GET /a/clapiers-34/10-Entreprise%20de%20peinture%20-34 HTTP/1.1" 200 11433 "-" "Mozilla/5.0 AppleWebKit/537.36 (KHTML, like Gecko; compatible; ClaudeBot/1.0; +claudebot@anthropic.com)"
216.73.216.92 - - [15/Jun/2025:18:47:35 +0200] "GET /a/saint-gely-du-fesc-34/10-Entreprise%20de%20peinture%20-34 HTTP/1.1" 200 11434 "-" "Mozilla/5.0 AppleWebKit/537.36 (KHTML, like Gecko; compatible; ClaudeBot/1.0; +claudebot@anthropic.com)"
216.73.216.92 - - [15/Jun/2025:18:47:36 +0200] "GET /component/search/?Itemid=196&format=opensearch HTTP/1.1" 200 441 "-" "Mozilla/5.0 AppleWebKit/537.36 (KHTML, like Gecko; compatible; ClaudeBot/1.0; +claudebot@anthropic.com)"
216.73.216.92 - - [15/Jun/2025:18:49:55 +0200] "GET /component/search/?Itemid=218&format=opensearch HTTP/1.1" 200 440 "-" "Mozilla/5.0 AppleWebKit/537.36 (KHTML, like Gecko; compatible; ClaudeBot/1.0; +claudebot@anthropic.com)"
216.73.216.92 - - [15/Jun/2025:18:49:56 +0200] "GET /component/search/?Itemid=189&format=opensearch HTTP/1.1" 200 440 "-" "Mozilla/5.0 AppleWebKit/537.36 (KHTML, like Gecko; compatible; ClaudeBot/1.0; +claudebot@anthropic.com)"
216.73.216.92 - - [15/Jun/2025:18:50:32 +0200] "GET /prestations/peinture-a-la-chaux/18-savoir-faire?format=feed&type=rss HTTP/1.1" 200 5274 "-" "Mozilla/5.0 AppleWebKit/537.36 (KHTML, like Gecko; compatible; ClaudeBot/1.0; +claudebot@anthropic.com)"
216.73.216.92 - - [15/Jun/2025:18:51:09 +0200] "GET /grande-motte-34/10-Entreprise%20de%20peinture%20-34?format=feed&type=rss HTTP/1.1" 200 5873 "-" "Mozilla/5.0 AppleWebKit/537.36 (KHTML, like Gecko; compatible; ClaudeBot/1.0; +claudebot@anthropic.com)"
216.73.216.92 - - [15/Jun/2025:18:52:18 +0200] "GET /a/serignan-34/10-Entreprise%20de%20peinture%20-34 HTTP/1.1" 200 11435 "-" "Mozilla/5.0 AppleWebKit/537.36 (KHTML, like Gecko; compatible; ClaudeBot/1.0; +claudebot@anthropic.com)"
34.74.13.141 - - [15/Jun/2025:18:53:01 +0200] "HEAD /wordpress HTTP/1.1" 301 - "-" "Mozilla/5.0 (Windows NT 10.0; Win64; x64) AppleWebKit/537.36 (KHTML, like Gecko) Chrome/74.0.3729.169 Safari/537.36"
34.74.13.141 - - [15/Jun/2025:18:53:01 +0200] "HEAD /index.php HTTP/1.1" 200 - "http://entrerprisedepeinturemontpellier.com/wordpress" "Mozilla/5.0 (Windows NT 10.0; Win64; x64) AppleWebKit/537.36 (KHTML, like Gecko) Chrome/74.0.3729.169 Safari/537.36"
34.74.13.141 - - [15/Jun/2025:18:53:02 +0200] "HEAD / HTTP/1.1" 301 - "-" "Mozilla/5.0 (Windows NT 10.0; Win64; x64) AppleWebKit/537.36 (KHTML, like Gecko) Chrome/74.0.3729.169 Safari/537.36"
34.74.13.141 - - [15/Jun/2025:18:53:02 +0200] "HEAD / HTTP/1.1" 200 - "http://entrerprisedepeinturemontpellier.com/" "Mozilla/5.0 (Windows NT 10.0; Win64; x64) AppleWebKit/537.36 (KHTML, like Gecko) Chrome/74.0.3729.169 Safari/537.36"
34.74.13.141 - - [15/Jun/2025:18:53:02 +0200] "HEAD /wp HTTP/1.1" 301 - "-" "Mozilla/5.0 (Windows NT 10.0; Win64; x64) AppleWebKit/537.36 (KHTML, like Gecko) Chrome/74.0.3729.169 Safari/537.36"
34.74.13.141 - - [15/Jun/2025:18:53:02 +0200] "HEAD /index.php HTTP/1.1" 200 - "http://entrerprisedepeinturemontpellier.com/wp" "Mozilla/5.0 (Windows NT 10.0; Win64; x64) AppleWebKit/537.36 (KHTML, like Gecko) Chrome/74.0.3729.169 Safari/537.36"
34.74.13.141 - - [15/Jun/2025:18:53:02 +0200] "HEAD /bc HTTP/1.1" 301 - "-" "Mozilla/5.0 (Windows NT 10.0; Win64; x64) AppleWebKit/537.36 (KHTML, like Gecko) Chrome/74.0.3729.169 Safari/537.36"
34.74.13.141 - - [15/Jun/2025:18:53:03 +0200] "HEAD /index.php HTTP/1.1" 200 - "http://entrerprisedepeinturemontpellier.com/bc" "Mozilla/5.0 (Windows NT 10.0; Win64; x64) AppleWebKit/537.36 (KHTML, like Gecko) Chrome/74.0.3729.169 Safari/537.36"
34.74.13.141 - - [15/Jun/2025:18:53:03 +0200] "HEAD /bk HTTP/1.1" 301 - "-" "Mozilla/5.0 (Windows NT 10.0; Win64; x64) AppleWebKit/537.36 (KHTML, like Gecko) Chrome/74.0.3729.169 Safari/537.36"
34.74.13.141 - - [15/Jun/2025:18:53:03 +0200] "HEAD /index.php HTTP/1.1" 200 - "http://entrerprisedepeinturemontpellier.com/bk" "Mozilla/5.0 (Windows NT 10.0; Win64; x64) AppleWebKit/537.36 (KHTML, like Gecko) Chrome/74.0.3729.169 Safari/537.36"
34.74.13.141 - - [15/Jun/2025:18:53:03 +0200] "HEAD /backup HTTP/1.1" 301 - "-" "Mozilla/5.0 (Windows NT 10.0; Win64; x64) AppleWebKit/537.36 (KHTML, like Gecko) Chrome/74.0.3729.169 Safari/537.36"
34.74.13.141 - - [15/Jun/2025:18:53:03 +0200] "HEAD /index.php HTTP/1.1" 200 - "http://entrerprisedepeinturemontpellier.com/backup" "Mozilla/5.0 (Windows NT 10.0; Win64; x64) AppleWebKit/537.36 (KHTML, like Gecko) Chrome/74.0.3729.169 Safari/537.36"
34.74.13.141 - - [15/Jun/2025:18:53:04 +0200] "HEAD /old HTTP/1.1" 301 - "-" "Mozilla/5.0 (Windows NT 10.0; Win64; x64) AppleWebKit/537.36 (KHTML, like Gecko) Chrome/74.0.3729.169 Safari/537.36"
34.74.13.141 - - [15/Jun/2025:18:53:04 +0200] "HEAD /index.php HTTP/1.1" 200 - "http://entrerprisedepeinturemontpellier.com/old" "Mozilla/5.0 (Windows NT 10.0; Win64; x64) AppleWebKit/537.36 (KHTML, like Gecko) Chrome/74.0.3729.169 Safari/537.36"
34.74.13.141 - - [15/Jun/2025:18:53:04 +0200] "HEAD /new HTTP/1.1" 301 - "-" "Mozilla/5.0 (Windows NT 10.0; Win64; x64) AppleWebKit/537.36 (KHTML, like Gecko) Chrome/74.0.3729.169 Safari/537.36"
34.74.13.141 - - [15/Jun/2025:18:53:04 +0200] "HEAD /index.php HTTP/1.1" 200 - "http://entrerprisedepeinturemontpellier.com/new" "Mozilla/5.0 (Windows NT 10.0; Win64; x64) AppleWebKit/537.36 (KHTML, like Gecko) Chrome/74.0.3729.169 Safari/537.36"
34.74.13.141 - - [15/Jun/2025:18:53:05 +0200] "HEAD /main HTTP/1.1" 301 - "-" "Mozilla/5.0 (Windows NT 10.0; Win64; x64) AppleWebKit/537.36 (KHTML, like Gecko) Chrome/74.0.3729.169 Safari/537.36"
34.74.13.141 - - [15/Jun/2025:18:53:05 +0200] "HEAD /index.php HTTP/1.1" 200 - "http://entrerprisedepeinturemontpellier.com/main" "Mozilla/5.0 (Windows NT 10.0; Win64; x64) AppleWebKit/537.36 (KHTML, like Gecko) Chrome/74.0.3729.169 Safari/537.36"
34.74.13.141 - - [15/Jun/2025:18:53:05 +0200] "HEAD /home HTTP/1.1" 301 - "-" "Mozilla/5.0 (Windows NT 10.0; Win64; x64) AppleWebKit/537.36 (KHTML, like Gecko) Chrome/74.0.3729.169 Safari/537.36"
34.74.13.141 - - [15/Jun/2025:18:53:05 +0200] "HEAD /index.php HTTP/1.1" 200 - "http://entrerprisedepeinturemontpellier.com/home" "Mozilla/5.0 (Windows NT 10.0; Win64; x64) AppleWebKit/537.36 (KHTML, like Gecko) Chrome/74.0.3729.169 Safari/537.36"
216.73.216.92 - - [15/Jun/2025:18:53:29 +0200] "GET /selection-web/61-Electricien?layout=default&print=1&tmpl=component HTTP/1.1" 200 971 "-" "Mozilla/5.0 AppleWebKit/537.36 (KHTML, like Gecko; compatible; ClaudeBot/1.0; +claudebot@anthropic.com)"
49.51.183.220 - - [15/Jun/2025:18:53:53 +0200] "GET /bedarieux-34 HTTP/1.1" 200 10488 "-" "Mozilla/5.0 (iPhone; CPU iPhone OS 13_2_3 like Mac OS X) AppleWebKit/605.1.15 (KHTML, like Gecko) Version/13.0.3 Mobile/15E148 Safari/604.1"
185.191.171.9 - - [15/Jun/2025:18:54:54 +0200] "GET /robots.txt HTTP/1.1" 200 916 "-" "Mozilla/5.0 (compatible; SemrushBot/7~bl; +http://www.semrush.com/bot.html)"
85.208.96.208 - - [15/Jun/2025:18:54:54 +0200] "GET /component/users/ HTTP/1.1" 200 4655 "-" "Mozilla/5.0 (compatible; SemrushBot/7~bl; +http://www.semrush.com/bot.html)"
216.73.216.92 - - [15/Jun/2025:18:55:44 +0200] "GET /component/search/?Itemid=204&format=opensearch HTTP/1.1" 200 441 "-" "Mozilla/5.0 AppleWebKit/537.36 (KHTML, like Gecko; compatible; ClaudeBot/1.0; +claudebot@anthropic.com)"
216.73.216.92 - - [15/Jun/2025:18:55:44 +0200] "GET /component/search/?Itemid=166&format=opensearch&id=2 HTTP/1.1" 200 443 "-" "Mozilla/5.0 AppleWebKit/537.36 (KHTML, like Gecko; compatible; ClaudeBot/1.0; +claudebot@anthropic.com)"
216.73.216.92 - - [15/Jun/2025:18:56:57 +0200] "GET /component/search/?Itemid=135&format=opensearch&id=10 HTTP/1.1" 200 444 "-" "Mozilla/5.0 AppleWebKit/537.36 (KHTML, like Gecko; compatible; ClaudeBot/1.0; +claudebot@anthropic.com)"
216.73.216.92 - - [15/Jun/2025:18:58:50 +0200] "GET /a/baillargues-34/10-Entreprise%20de%20peinture%20-34 HTTP/1.1" 200 11428 "-" "Mozilla/5.0 AppleWebKit/537.36 (KHTML, like Gecko; compatible; ClaudeBot/1.0; +claudebot@anthropic.com)"
216.73.216.92 - - [15/Jun/2025:19:00:10 +0200] "GET /component/search/?Itemid=144&format=opensearch&id=10 HTTP/1.1" 200 443 "-" "Mozilla/5.0 AppleWebKit/537.36 (KHTML, like Gecko; compatible; ClaudeBot/1.0; +claudebot@anthropic.com)"
216.73.216.92 - - [15/Jun/2025:19:01:22 +0200] "GET /component/search/?Itemid=253&format=opensearch&id=18 HTTP/1.1" 200 444 "-" "Mozilla/5.0 AppleWebKit/537.36 (KHTML, like Gecko; compatible; ClaudeBot/1.0; +claudebot@anthropic.com)"
216.73.216.92 - - [15/Jun/2025:19:02:32 +0200] "GET /lodeve-34/10-Entreprise%20de%20peinture%20-34?format=feed&type=atom HTTP/1.1" 200 8389 "-" "Mozilla/5.0 AppleWebKit/537.36 (KHTML, like Gecko; compatible; ClaudeBot/1.0; +claudebot@anthropic.com)"
216.73.216.92 - - [15/Jun/2025:19:03:06 +0200] "GET /prestations/outils-de-peinture/18-savoir-faire?format=feed&type=atom HTTP/1.1" 200 5702 "-" "Mozilla/5.0 AppleWebKit/537.36 (KHTML, like Gecko; compatible; ClaudeBot/1.0; +claudebot@anthropic.com)"
216.73.216.92 - - [15/Jun/2025:19:03:06 +0200] "GET /component/search/?Itemid=212&format=opensearch HTTP/1.1" 200 440 "-" "Mozilla/5.0 AppleWebKit/537.36 (KHTML, like Gecko; compatible; ClaudeBot/1.0; +claudebot@anthropic.com)"
216.73.216.92 - - [15/Jun/2025:19:03:06 +0200] "GET /component/search/?Itemid=193&format=opensearch HTTP/1.1" 200 441 "-" "Mozilla/5.0 AppleWebKit/537.36 (KHTML, like Gecko; compatible; ClaudeBot/1.0; +claudebot@anthropic.com)"
43.157.158.178 - - [15/Jun/2025:19:03:08 +0200] "GET /perols-34 HTTP/1.1" 200 9668 "-" "Mozilla/5.0 (iPhone; CPU iPhone OS 13_2_3 like Mac OS X) AppleWebKit/605.1.15 (KHTML, like Gecko) Version/13.0.3 Mobile/15E148 Safari/604.1"
216.73.216.92 - - [15/Jun/2025:19:03:42 +0200] "GET /component/search/?Itemid=134&format=opensearch&id=10 HTTP/1.1" 200 443 "-" "Mozilla/5.0 AppleWebKit/537.36 (KHTML, like Gecko; compatible; ClaudeBot/1.0; +claudebot@anthropic.com)"
216.73.216.92 - - [15/Jun/2025:19:04:20 +0200] "GET /a/cres-34/10-Entreprise%20de%20peinture%20-34 HTTP/1.1" 200 11420 "-" "Mozilla/5.0 AppleWebKit/537.36 (KHTML, like Gecko; compatible; ClaudeBot/1.0; +claudebot@anthropic.com)"
216.73.216.92 - - [15/Jun/2025:19:04:21 +0200] "GET /prestations/pose-d-un-enduit-takelakt/18-savoir-faire?format=feed&type=atom HTTP/1.1" 200 5695 "-" "Mozilla/5.0 AppleWebKit/537.36 (KHTML, like Gecko; compatible; ClaudeBot/1.0; +claudebot@anthropic.com)"
216.73.216.92 - - [15/Jun/2025:19:06:05 +0200] "GET /component/search/?Itemid=248&format=opensearch&id=18 HTTP/1.1" 200 444 "-" "Mozilla/5.0 AppleWebKit/537.36 (KHTML, like Gecko; compatible; ClaudeBot/1.0; +claudebot@anthropic.com)"
216.73.216.92 - - [15/Jun/2025:19:06:38 +0200] "GET /a/bedarieux-34/10-Entreprise%20de%20peinture%20-34 HTTP/1.1" 200 12297 "-" "Mozilla/5.0 AppleWebKit/537.36 (KHTML, like Gecko; compatible; ClaudeBot/1.0; +claudebot@anthropic.com)"
216.73.216.92 - - [15/Jun/2025:19:07:14 +0200] "GET /a/gigean-34/10-Entreprise%20de%20peinture%20-34 HTTP/1.1" 200 11427 "-" "Mozilla/5.0 AppleWebKit/537.36 (KHTML, like Gecko; compatible; ClaudeBot/1.0; +claudebot@anthropic.com)"
216.73.216.92 - - [15/Jun/2025:19:07:52 +0200] "GET /a/beziers-34/10-Entreprise%20de%20peinture%20-34 HTTP/1.1" 200 12292 "-" "Mozilla/5.0 AppleWebKit/537.36 (KHTML, like Gecko; compatible; ClaudeBot/1.0; +claudebot@anthropic.com)"
216.73.216.92 - - [15/Jun/2025:19:08:28 +0200] "GET /a/pezenas-34/10-Entreprise%20de%20peinture%20-34 HTTP/1.1" 200 11434 "-" "Mozilla/5.0 AppleWebKit/537.36 (KHTML, like Gecko; compatible; ClaudeBot/1.0; +claudebot@anthropic.com)"
216.73.216.92 - - [15/Jun/2025:19:09:40 +0200] "GET /prestations/pose-d-un-enduit-takelakt/18-savoir-faire?format=feed&type=rss HTTP/1.1" 200 5266 "-" "Mozilla/5.0 AppleWebKit/537.36 (KHTML, like Gecko; compatible; ClaudeBot/1.0; +claudebot@anthropic.com)"
216.73.216.92 - - [15/Jun/2025:19:09:40 +0200] "GET /a/perols-34/10-Entreprise%20de%20peinture%20-34 HTTP/1.1" 200 11424 "-" "Mozilla/5.0 AppleWebKit/537.36 (KHTML, like Gecko; compatible; ClaudeBot/1.0; +claudebot@anthropic.com)"
216.73.216.92 - - [15/Jun/2025:19:10:17 +0200] "GET /component/search/?Itemid=123&format=opensearch&id=10 HTTP/1.1" 200 443 "-" "Mozilla/5.0 AppleWebKit/537.36 (KHTML, like Gecko; compatible; ClaudeBot/1.0; +claudebot@anthropic.com)"
216.73.216.92 - - [15/Jun/2025:19:12:17 +0200] "GET /robots.txt HTTP/1.1" 200 916 "-" "Mozilla/5.0 AppleWebKit/537.36 (KHTML, like Gecko; compatible; ClaudeBot/1.0; +claudebot@anthropic.com)"
216.73.216.92 - - [15/Jun/2025:19:12:18 +0200] "GET /saint-georges-d-orques-34/10-Entreprise%20de%20peinture%20-34?format=feed&type=rss HTTP/1.1" 200 5880 "-" "Mozilla/5.0 AppleWebKit/537.36 (KHTML, like Gecko; compatible; ClaudeBot/1.0; +claudebot@anthropic.com)"
216.73.216.92 - - [15/Jun/2025:19:12:19 +0200] "GET /component/search/?Itemid=194&format=opensearch HTTP/1.1" 200 441 "-" "Mozilla/5.0 AppleWebKit/537.36 (KHTML, like Gecko; compatible; ClaudeBot/1.0; +claudebot@anthropic.com)"
216.73.216.92 - - [15/Jun/2025:19:12:59 +0200] "GET /component/search/?Itemid=215&format=opensearch HTTP/1.1" 200 441 "-" "Mozilla/5.0 AppleWebKit/537.36 (KHTML, like Gecko; compatible; ClaudeBot/1.0; +claudebot@anthropic.com)"
216.73.216.92 - - [15/Jun/2025:19:13:39 +0200] "GET /palavas-les-flots-34/10-Entreprise%20de%20peinture%20-34?format=feed&type=atom HTTP/1.1" 200 8398 "-" "Mozilla/5.0 AppleWebKit/537.36 (KHTML, like Gecko; compatible; ClaudeBot/1.0; +claudebot@anthropic.com)"
216.73.216.92 - - [15/Jun/2025:19:14:19 +0200] "GET /saint-clement-de-riviere-34/10-Entreprise%20de%20peinture%20-34?format=feed&type=atom HTTP/1.1" 200 8410 "-" "Mozilla/5.0 AppleWebKit/537.36 (KHTML, like Gecko; compatible; ClaudeBot/1.0; +claudebot@anthropic.com)"
49.51.73.183 - - [15/Jun/2025:19:15:07 +0200] "GET /agde-34 HTTP/1.1" 200 13083 "-" "Mozilla/5.0 (iPhone; CPU iPhone OS 13_2_3 like Mac OS X) AppleWebKit/605.1.15 (KHTML, like Gecko) Version/13.0.3 Mobile/15E148 Safari/604.1"
216.73.216.92 - - [15/Jun/2025:19:15:41 +0200] "GET /grabels-34/10-Entreprise%20de%20peinture%20-34?format=feed&type=atom HTTP/1.1" 200 8387 "-" "Mozilla/5.0 AppleWebKit/537.36 (KHTML, like Gecko; compatible; ClaudeBot/1.0; +claudebot@anthropic.com)"
216.73.216.92 - - [15/Jun/2025:19:15:42 +0200] "GET /agde-34/10-Entreprise%20de%20peinture%20-34?format=feed&type=atom HTTP/1.1" 200 8384 "-" "Mozilla/5.0 AppleWebKit/537.36 (KHTML, like Gecko; compatible; ClaudeBot/1.0; +claudebot@anthropic.com)"
216.73.216.92 - - [15/Jun/2025:19:15:42 +0200] "GET /component/search/?Itemid=138&format=opensearch&id=10 HTTP/1.1" 200 443 "-" "Mozilla/5.0 AppleWebKit/537.36 (KHTML, like Gecko; compatible; ClaudeBot/1.0; +claudebot@anthropic.com)"
216.73.216.92 - - [15/Jun/2025:19:15:42 +0200] "GET /mauguio-34/10-Entreprise%20de%20peinture%20-34?format=feed&type=rss HTTP/1.1" 200 5860 "-" "Mozilla/5.0 AppleWebKit/537.36 (KHTML, like Gecko; compatible; ClaudeBot/1.0; +claudebot@anthropic.com)"
216.73.216.92 - - [15/Jun/2025:19:20:23 +0200] "GET /villeneuve-les-maguelone-34/10-Entreprise%20de%20peinture%20-34?format=feed&type=atom HTTP/1.1" 200 8405 "-" "Mozilla/5.0 AppleWebKit/537.36 (KHTML, like Gecko; compatible; ClaudeBot/1.0; +claudebot@anthropic.com)"
216.73.216.92 - - [15/Jun/2025:19:21:49 +0200] "GET /villeneuve-les-maguelone-34/10-Entreprise%20de%20peinture%20-34?format=feed&type=rss HTTP/1.1" 200 5883 "-" "Mozilla/5.0 AppleWebKit/537.36 (KHTML, like Gecko; compatible; ClaudeBot/1.0; +claudebot@anthropic.com)"
216.73.216.92 - - [15/Jun/2025:19:23:11 +0200] "GET /sete-34/10-Entreprise%20de%20peinture%20-34?format=feed&type=rss HTTP/1.1" 200 5860 "-" "Mozilla/5.0 AppleWebKit/537.36 (KHTML, like Gecko; compatible; ClaudeBot/1.0; +claudebot@anthropic.com)"
85.208.96.200 - - [15/Jun/2025:19:23:38 +0200] "GET /a/cres-34 HTTP/1.1" 200 9605 "-" "Mozilla/5.0 (compatible; SemrushBot/7~bl; +http://www.semrush.com/bot.html)"
43.159.149.56 - - [15/Jun/2025:19:25:19 +0200] "GET /villeneuve-les-maguelone-34 HTTP/1.1" 200 9703 "-" "Mozilla/5.0 (iPhone; CPU iPhone OS 13_2_3 like Mac OS X) AppleWebKit/605.1.15 (KHTML, like Gecko) Version/13.0.3 Mobile/15E148 Safari/604.1"
216.73.216.92 - - [15/Jun/2025:19:25:22 +0200] "GET /component/search/?Itemid=115&format=opensearch&id=10 HTTP/1.1" 200 444 "-" "Mozilla/5.0 AppleWebKit/537.36 (KHTML, like Gecko; compatible; ClaudeBot/1.0; +claudebot@anthropic.com)"
216.73.216.92 - - [15/Jun/2025:19:26:00 +0200] "GET /bedarieux-34/10-Entreprise%20de%20peinture%20-34?format=feed&type=atom HTTP/1.1" 200 8388 "-" "Mozilla/5.0 AppleWebKit/537.36 (KHTML, like Gecko; compatible; ClaudeBot/1.0; +claudebot@anthropic.com)"
216.73.216.92 - - [15/Jun/2025:19:26:01 +0200] "GET /component/search/?Itemid=102&format=opensearch&id=18 HTTP/1.1" 200 442 "-" "Mozilla/5.0 AppleWebKit/537.36 (KHTML, like Gecko; compatible; ClaudeBot/1.0; +claudebot@anthropic.com)"
216.73.216.92 - - [15/Jun/2025:19:27:22 +0200] "GET /component/search/?Itemid=145&format=opensearch&id=10 HTTP/1.1" 200 444 "-" "Mozilla/5.0 AppleWebKit/537.36 (KHTML, like Gecko; compatible; ClaudeBot/1.0; +claudebot@anthropic.com)"
216.73.216.92 - - [15/Jun/2025:19:28:01 +0200] "GET /component/search/?Itemid=207&format=opensearch HTTP/1.1" 200 441 "-" "Mozilla/5.0 AppleWebKit/537.36 (KHTML, like Gecko; compatible; ClaudeBot/1.0; +claudebot@anthropic.com)"
216.73.216.92 - - [15/Jun/2025:19:28:01 +0200] "GET /component/search/?Itemid=110&format=opensearch&id=10 HTTP/1.1" 200 442 "-" "Mozilla/5.0 AppleWebKit/537.36 (KHTML, like Gecko; compatible; ClaudeBot/1.0; +claudebot@anthropic.com)"
216.73.216.92 - - [15/Jun/2025:19:29:23 +0200] "GET /agde-34/10-Entreprise%20de%20peinture%20-34?format=feed&type=rss HTTP/1.1" 200 5862 "-" "Mozilla/5.0 AppleWebKit/537.36 (KHTML, like Gecko; compatible; ClaudeBot/1.0; +claudebot@anthropic.com)"
216.73.216.92 - - [15/Jun/2025:19:30:38 +0200] "GET /a/balaruc-les-bains-34/10-Entreprise%20de%20peinture%20-34 HTTP/1.1" 200 11432 "-" "Mozilla/5.0 AppleWebKit/537.36 (KHTML, like Gecko; compatible; ClaudeBot/1.0; +claudebot@anthropic.com)"
216.73.216.92 - - [15/Jun/2025:19:31:15 +0200] "GET /baillargues-34/10-Entreprise%20de%20peinture%20-34?format=feed&type=rss HTTP/1.1" 200 5863 "-" "Mozilla/5.0 AppleWebKit/537.36 (KHTML, like Gecko; compatible; ClaudeBot/1.0; +claudebot@anthropic.com)"
43.167.236.228 - - [15/Jun/2025:19:33:59 +0200] "GET /prestations/technique-de-peinture-classique?tmpl=component&print=1&page= HTTP/1.1" 200 1552 "-" "Mozilla/5.0 (iPhone; CPU iPhone OS 13_2_3 like Mac OS X) AppleWebKit/605.1.15 (KHTML, like Gecko) Version/13.0.3 Mobile/15E148 Safari/604.1"
216.73.216.92 - - [15/Jun/2025:19:37:53 +0200] "GET /a/saint-clement-de-riviere-34/10-Entreprise%20de%20peinture%20-34 HTTP/1.1" 200 11445 "-" "Mozilla/5.0 AppleWebKit/537.36 (KHTML, like Gecko; compatible; ClaudeBot/1.0; +claudebot@anthropic.com)"
216.73.216.92 - - [15/Jun/2025:19:41:07 +0200] "GET /component/search/?Itemid=195&format=opensearch HTTP/1.1" 200 441 "-" "Mozilla/5.0 AppleWebKit/537.36 (KHTML, like Gecko; compatible; ClaudeBot/1.0; +claudebot@anthropic.com)"
142.147.215.195 - - [15/Jun/2025:19:43:20 +0200] "GET /14-home HTTP/1.1" 301 256 "-" "Mozilla/5.0 (Macintosh; Intel Mac OS X 10_15_7) AppleWebKit/537.36 (KHTML, like Gecko) Chrome/127.0.0.0 Safari/537.3"
216.73.216.92 - - [15/Jun/2025:19:43:39 +0200] "GET /mauguio-34/10-Entreprise%20de%20peinture%20-34?format=feed&type=atom HTTP/1.1" 200 8385 "-" "Mozilla/5.0 AppleWebKit/537.36 (KHTML, like Gecko; compatible; ClaudeBot/1.0; +claudebot@anthropic.com)"
216.73.216.92 - - [15/Jun/2025:19:43:40 +0200] "GET /component/search/?Itemid=209&format=opensearch HTTP/1.1" 200 441 "-" "Mozilla/5.0 AppleWebKit/537.36 (KHTML, like Gecko; compatible; ClaudeBot/1.0; +claudebot@anthropic.com)"
216.73.216.92 - - [15/Jun/2025:19:44:20 +0200] "GET /saint-jean-de-vedas-34/10-Entreprise%20de%20peinture%20-34?format=feed&type=rss HTTP/1.1" 200 5881 "-" "Mozilla/5.0 AppleWebKit/537.36 (KHTML, like Gecko; compatible; ClaudeBot/1.0; +claudebot@anthropic.com)"
216.73.216.92 - - [15/Jun/2025:19:44:20 +0200] "GET /marsillargues-34/10-Entreprise%20de%20peinture%20-34?format=feed&type=rss HTTP/1.1" 200 5863 "-" "Mozilla/5.0 AppleWebKit/537.36 (KHTML, like Gecko; compatible; ClaudeBot/1.0; +claudebot@anthropic.com)"
216.73.216.92 - - [15/Jun/2025:19:44:20 +0200] "GET /prestations/18-savoir-faire?format=feed&type=rss HTTP/1.1" 200 5266 "-" "Mozilla/5.0 AppleWebKit/537.36 (KHTML, like Gecko; compatible; ClaudeBot/1.0; +claudebot@anthropic.com)"
216.73.216.92 - - [15/Jun/2025:19:45:03 +0200] "GET /clapiers-34/10-Entreprise%20de%20peinture%20-34?format=feed&type=rss HTTP/1.1" 200 5860 "-" "Mozilla/5.0 AppleWebKit/537.36 (KHTML, like Gecko; compatible; ClaudeBot/1.0; +claudebot@anthropic.com)"
216.73.216.92 - - [15/Jun/2025:19:45:41 +0200] "GET /perols-34/10-Entreprise%20de%20peinture%20-34?format=feed&type=atom HTTP/1.1" 200 8387 "-" "Mozilla/5.0 AppleWebKit/537.36 (KHTML, like Gecko; compatible; ClaudeBot/1.0; +claudebot@anthropic.com)"
170.106.72.93 - - [15/Jun/2025:19:45:54 +0200] "GET /component/mailto/?tmpl=component&template=neutre&link=4addd9c5864fc078c9737155a5bc3282ddce0638 HTTP/1.1" 200 1343 "-" "Mozilla/5.0 (iPhone; CPU iPhone OS 13_2_3 like Mac OS X) AppleWebKit/605.1.15 (KHTML, like Gecko) Version/13.0.3 Mobile/15E148 Safari/604.1"
216.73.216.92 - - [15/Jun/2025:19:46:19 +0200] "GET /prestations/application-d-enduit-beton/18-savoir-faire?format=feed&type=rss HTTP/1.1" 200 5264 "-" "Mozilla/5.0 AppleWebKit/537.36 (KHTML, like Gecko; compatible; ClaudeBot/1.0; +claudebot@anthropic.com)"
216.73.216.92 - - [15/Jun/2025:19:46:58 +0200] "GET /component/search/?Itemid=219&format=opensearch HTTP/1.1" 200 441 "-" "Mozilla/5.0 AppleWebKit/537.36 (KHTML, like Gecko; compatible; ClaudeBot/1.0; +claudebot@anthropic.com)"
216.73.216.92 - - [15/Jun/2025:19:48:15 +0200] "GET /saint-georges-d-orques-34/10-Entreprise%20de%20peinture%20-34?format=feed&type=atom HTTP/1.1" 200 8407 "-" "Mozilla/5.0 AppleWebKit/537.36 (KHTML, like Gecko; compatible; ClaudeBot/1.0; +claudebot@anthropic.com)"
216.73.216.92 - - [15/Jun/2025:19:53:33 +0200] "GET /component/search/?Itemid=118&format=opensearch&id=10 HTTP/1.1" 200 442 "-" "Mozilla/5.0 AppleWebKit/537.36 (KHTML, like Gecko; compatible; ClaudeBot/1.0; +claudebot@anthropic.com)"
216.73.216.92 - - [15/Jun/2025:19:54:12 +0200] "GET /component/search/?Itemid=221&format=opensearch HTTP/1.1" 200 440 "-" "Mozilla/5.0 AppleWebKit/537.36 (KHTML, like Gecko; compatible; ClaudeBot/1.0; +claudebot@anthropic.com)"
43.130.3.120 - - [15/Jun/2025:19:55:34 +0200] "GET /component/search/?Itemid=132&format=opensearch HTTP/1.1" 200 441 "-" "Mozilla/5.0 (iPhone; CPU iPhone OS 13_2_3 like Mac OS X) AppleWebKit/605.1.15 (KHTML, like Gecko) Version/13.0.3 Mobile/15E148 Safari/604.1"
216.73.216.92 - - [15/Jun/2025:19:57:05 +0200] "GET /prestations/application-d-enduit-beton/18-savoir-faire?format=feed&type=atom HTTP/1.1" 200 5694 "-" "Mozilla/5.0 AppleWebKit/537.36 (KHTML, like Gecko; compatible; ClaudeBot/1.0; +claudebot@anthropic.com)"
216.73.216.92 - - [15/Jun/2025:19:59:12 +0200] "GET /lunel-34/10-Entreprise%20de%20peinture%20-34?format=feed&type=rss HTTP/1.1" 200 5858 "-" "Mozilla/5.0 AppleWebKit/537.36 (KHTML, like Gecko; compatible; ClaudeBot/1.0; +claudebot@anthropic.com)"
46.105.48.30 - - [15/Jun/2025:20:00:43 +0200] "GET /robots.txt HTTP/1.1" 200 916 "-" "Mozilla/5.0 (compatible; MJ12bot/v2.0.2; http://mj12bot.com/)"
46.105.48.30 - - [15/Jun/2025:20:00:43 +0200] "GET / HTTP/1.1" 200 9718 "-" "Mozilla/5.0 (compatible; MJ12bot/v2.0.2; http://mj12bot.com/)"
146.174.172.218 - - [15/Jun/2025:20:02:30 +0200] "GET /component/mailto/?tmpl=component&template=neutre HTTP/1.1" 403 1493 "-" "Mozilla/5.0 (X11; Linux x86_64; rv:28.0) Gecko/20100101 Firefox/28.0"
40.77.167.93 - - [15/Jun/2025:20:04:13 +0200] "GET /robots.txt HTTP/1.1" 200 916 "-" "Mozilla/5.0 AppleWebKit/537.36 (KHTML, like Gecko; compatible; bingbot/2.0; +http://www.bing.com/bingbot.htm) Chrome/116.0.1938.76 Safari/537.36"
52.167.144.163 - - [15/Jun/2025:20:04:20 +0200] "GET / HTTP/1.1" 200 9663 "-" "Mozilla/5.0 AppleWebKit/537.36 (KHTML, like Gecko; compatible; bingbot/2.0; +http://www.bing.com/bingbot.htm) Chrome/116.0.1938.76 Safari/537.36"
40.77.167.30 - - [15/Jun/2025:20:05:09 +0200] "GET /media/system/js/caption.js HTTP/1.1" 200 733 "-" "Mozilla/5.0 AppleWebKit/537.36 (KHTML, like Gecko; compatible; bingbot/2.0; +http://www.bing.com/bingbot.htm) Chrome/116.0.1938.76 Safari/537.36"
40.77.167.30 - - [15/Jun/2025:20:05:10 +0200] "GET /qrcode/qrcode.js HTTP/1.1" 200 32907 "-" "Mozilla/5.0 AppleWebKit/537.36 (KHTML, like Gecko; compatible; bingbot/2.0; +http://www.bing.com/bingbot.htm) Chrome/116.0.1938.76 Safari/537.36"
40.77.167.30 - - [15/Jun/2025:20:05:10 +0200] "GET /templates/neutre/script.js HTTP/1.1" 200 44910 "-" "Mozilla/5.0 AppleWebKit/537.36 (KHTML, like Gecko; compatible; bingbot/2.0; +http://www.bing.com/bingbot.htm) Chrome/116.0.1938.76 Safari/537.36"
40.77.167.30 - - [15/Jun/2025:20:05:11 +0200] "GET /templates/system/css/general.css HTTP/1.1" 200 2730 "-" "Mozilla/5.0 AppleWebKit/537.36 (KHTML, like Gecko; compatible; bingbot/2.0; +http://www.bing.com/bingbot.htm) Chrome/116.0.1938.76 Safari/537.36"
52.167.144.163 - - [15/Jun/2025:20:05:13 +0200] "GET /media/system/js/core.js HTTP/1.1" 200 4784 "-" "Mozilla/5.0 AppleWebKit/537.36 (KHTML, like Gecko; compatible; bingbot/2.0; +http://www.bing.com/bingbot.htm) Chrome/116.0.1938.76 Safari/537.36"
52.167.144.163 - - [15/Jun/2025:20:05:14 +0200] "GET /media/system/js/mootools-more.js HTTP/1.1" 200 238331 "-" "Mozilla/5.0 AppleWebKit/537.36 (KHTML, like Gecko; compatible; bingbot/2.0; +http://www.bing.com/bingbot.htm) Chrome/116.0.1938.76 Safari/537.36"
52.167.144.163 - - [15/Jun/2025:20:05:15 +0200] "GET /templates/neutre/css/template.css HTTP/1.1" 200 68836 "-" "Mozilla/5.0 AppleWebKit/537.36 (KHTML, like Gecko; compatible; bingbot/2.0; +http://www.bing.com/bingbot.htm) Chrome/116.0.1938.76 Safari/537.36"
52.167.144.163 - - [15/Jun/2025:20:05:15 +0200] "GET /templates/neutre/css/template.responsive.css HTTP/1.1" 200 8238 "-" "Mozilla/5.0 AppleWebKit/537.36 (KHTML, like Gecko; compatible; bingbot/2.0; +http://www.bing.com/bingbot.htm) Chrome/116.0.1938.76 Safari/537.36"
52.167.144.163 - - [15/Jun/2025:20:05:15 +0200] "GET /templates/neutre/script.responsive.js HTTP/1.1" 200 15616 "-" "Mozilla/5.0 AppleWebKit/537.36 (KHTML, like Gecko; compatible; bingbot/2.0; +http://www.bing.com/bingbot.htm) Chrome/116.0.1938.76 Safari/537.36"
207.46.13.151 - - [15/Jun/2025:20:05:22 +0200] "GET /media/system/js/mootools-core.js HTTP/1.1" 200 96362 "-" "Mozilla/5.0 AppleWebKit/537.36 (KHTML, like Gecko; compatible; bingbot/2.0; +http://www.bing.com/bingbot.htm) Chrome/116.0.1938.76 Safari/537.36"
207.46.13.151 - - [15/Jun/2025:20:05:23 +0200] "GET /plugins/system/jcemediabox/css/jcemediabox.css?a3b640def3ef13678e19cfeeb7397c85 HTTP/1.1" 200 5791 "-" "Mozilla/5.0 AppleWebKit/537.36 (KHTML, like Gecko; compatible; bingbot/2.0; +http://www.bing.com/bingbot.htm) Chrome/116.0.1938.76 Safari/537.36"
207.46.13.151 - - [15/Jun/2025:20:05:23 +0200] "GET /plugins/system/jcemediabox/js/jcemediabox.js?fba42f665bbcc4047a23ba92244f4176 HTTP/1.1" 200 57539 "-" "Mozilla/5.0 AppleWebKit/537.36 (KHTML, like Gecko; compatible; bingbot/2.0; +http://www.bing.com/bingbot.htm) Chrome/116.0.1938.76 Safari/537.36"
207.46.13.151 - - [15/Jun/2025:20:05:23 +0200] "GET /templates/neutre/jquery.js HTTP/1.1" 200 92793 "-" "Mozilla/5.0 AppleWebKit/537.36 (KHTML, like Gecko; compatible; bingbot/2.0; +http://www.bing.com/bingbot.htm) Chrome/116.0.1938.76 Safari/537.36"
207.46.13.151 - - [15/Jun/2025:20:05:24 +0200] "GET /templates/system/css/system.css HTTP/1.1" 200 896 "-" "Mozilla/5.0 AppleWebKit/537.36 (KHTML, like Gecko; compatible; bingbot/2.0; +http://www.bing.com/bingbot.htm) Chrome/116.0.1938.76 Safari/537.36"
207.46.13.151 - - [15/Jun/2025:20:05:24 +0200] "GET /plugins/system/jcemediabox/themes/light/css/style.css?36c352a2b4ad8aa73f93eb9d76da8882 HTTP/1.1" 200 4357 "-" "Mozilla/5.0 AppleWebKit/537.36 (KHTML, like Gecko; compatible; bingbot/2.0; +http://www.bing.com/bingbot.htm) Chrome/116.0.1938.76 Safari/537.36"
216.73.216.92 - - [15/Jun/2025:20:05:37 +0200] "GET /serignan-34/10-Entreprise%20de%20peinture%20-34?format=feed&type=rss HTTP/1.1" 200 5865 "-" "Mozilla/5.0 AppleWebKit/537.36 (KHTML, like Gecko; compatible; ClaudeBot/1.0; +claudebot@anthropic.com)"
216.73.216.92 - - [15/Jun/2025:20:09:19 +0200] "GET /saint-clement-de-riviere-34/10-Entreprise%20de%20peinture%20-34?format=feed&type=rss HTTP/1.1" 200 5890 "-" "Mozilla/5.0 AppleWebKit/537.36 (KHTML, like Gecko; compatible; ClaudeBot/1.0; +claudebot@anthropic.com)"
216.73.216.92 - - [15/Jun/2025:20:09:20 +0200] "GET /component/search/?Itemid=140&format=opensearch&id=10 HTTP/1.1" 200 443 "-" "Mozilla/5.0 AppleWebKit/537.36 (KHTML, like Gecko; compatible; ClaudeBot/1.0; +claudebot@anthropic.com)"
43.166.247.155 - - [15/Jun/2025:20:09:34 +0200] "GET /component/mailto/?tmpl=component&template=neutre&link=e76cb8fb182dd533d46a3520bb769f04743acd13 HTTP/1.1" 200 1338 "-" "Mozilla/5.0 (iPhone; CPU iPhone OS 13_2_3 like Mac OS X) AppleWebKit/605.1.15 (KHTML, like Gecko) Version/13.0.3 Mobile/15E148 Safari/604.1"
216.73.216.92 - - [15/Jun/2025:20:10:03 +0200] "GET /component/search/?Itemid=136&format=opensearch&id=10 HTTP/1.1" 200 444 "-" "Mozilla/5.0 AppleWebKit/537.36 (KHTML, like Gecko; compatible; ClaudeBot/1.0; +claudebot@anthropic.com)"
216.73.216.92 - - [15/Jun/2025:20:10:43 +0200] "GET /serignan-34/10-Entreprise%20de%20peinture%20-34?format=feed&type=atom HTTP/1.1" 200 8389 "-" "Mozilla/5.0 AppleWebKit/537.36 (KHTML, like Gecko; compatible; ClaudeBot/1.0; +claudebot@anthropic.com)"
216.73.216.92 - - [15/Jun/2025:20:12:04 +0200] "GET /marsillargues-34/10-Entreprise%20de%20peinture%20-34?format=feed&type=atom HTTP/1.1" 200 8388 "-" "Mozilla/5.0 AppleWebKit/537.36 (KHTML, like Gecko; compatible; ClaudeBot/1.0; +claudebot@anthropic.com)"
216.73.216.92 - - [15/Jun/2025:20:12:05 +0200] "GET /palavas-les-flots-34/10-Entreprise%20de%20peinture%20-34?format=feed&type=rss HTTP/1.1" 200 5872 "-" "Mozilla/5.0 AppleWebKit/537.36 (KHTML, like Gecko; compatible; ClaudeBot/1.0; +claudebot@anthropic.com)"
216.73.216.92 - - [15/Jun/2025:20:13:37 +0200] "GET /robots.txt HTTP/1.1" 200 916 "-" "Mozilla/5.0 AppleWebKit/537.36 (KHTML, like Gecko; compatible; ClaudeBot/1.0; +claudebot@anthropic.com)"
216.73.216.92 - - [15/Jun/2025:20:13:37 +0200] "GET /baillargues-34/10-Entreprise%20de%20peinture%20-34?format=feed&type=atom HTTP/1.1" 200 8391 "-" "Mozilla/5.0 AppleWebKit/537.36 (KHTML, like Gecko; compatible; ClaudeBot/1.0; +claudebot@anthropic.com)"
216.73.216.92 - - [15/Jun/2025:20:13:37 +0200] "GET /lunel-34/10-Entreprise%20de%20peinture%20-34?format=feed&type=atom HTTP/1.1" 200 8386 "-" "Mozilla/5.0 AppleWebKit/537.36 (KHTML, like Gecko; compatible; ClaudeBot/1.0; +claudebot@anthropic.com)"
216.73.216.92 - - [15/Jun/2025:20:13:38 +0200] "GET /clapiers-34/10-Entreprise%20de%20peinture%20-34?format=feed&type=atom HTTP/1.1" 200 8386 "-" "Mozilla/5.0 AppleWebKit/537.36 (KHTML, like Gecko; compatible; ClaudeBot/1.0; +claudebot@anthropic.com)"
216.73.216.92 - - [15/Jun/2025:20:14:18 +0200] "GET /a/saint-jean-de-vedas-34/10-Entreprise%20de%20peinture%20-34 HTTP/1.1" 200 11841 "-" "Mozilla/5.0 AppleWebKit/537.36 (KHTML, like Gecko; compatible; ClaudeBot/1.0; +claudebot@anthropic.com)"
216.73.216.92 - - [15/Jun/2025:20:15:05 +0200] "GET /prestations/18-savoir-faire?format=feed&type=atom HTTP/1.1" 200 5696 "-" "Mozilla/5.0 AppleWebKit/537.36 (KHTML, like Gecko; compatible; ClaudeBot/1.0; +claudebot@anthropic.com)"
216.73.216.92 - - [15/Jun/2025:20:17:54 +0200] "GET /component/search/?Itemid=133&format=opensearch&id=10 HTTP/1.1" 200 443 "-" "Mozilla/5.0 AppleWebKit/537.36 (KHTML, like Gecko; compatible; ClaudeBot/1.0; +claudebot@anthropic.com)"
170.106.179.68 - - [15/Jun/2025:20:19:24 +0200] "GET /component/mailto/?tmpl=component&template=neutre&link=5ae24d12a224c12c25b2970752d5c8ff717256a8 HTTP/1.1" 200 1340 "-" "Mozilla/5.0 (iPhone; CPU iPhone OS 13_2_3 like Mac OS X) AppleWebKit/605.1.15 (KHTML, like Gecko) Version/13.0.3 Mobile/15E148 Safari/604.1"
216.73.216.92 - - [15/Jun/2025:20:20:30 +0200] "GET /component/search/?Itemid=147&format=opensearch&id=10 HTTP/1.1" 200 444 "-" "Mozilla/5.0 AppleWebKit/537.36 (KHTML, like Gecko; compatible; ClaudeBot/1.0; +claudebot@anthropic.com)"
216.73.216.92 - - [15/Jun/2025:20:20:30 +0200] "GET /a/villeneuve-les-maguelone-34/10-Entreprise%20de%20peinture%20-34 HTTP/1.1" 200 11448 "-" "Mozilla/5.0 AppleWebKit/537.36 (KHTML, like Gecko; compatible; ClaudeBot/1.0; +claudebot@anthropic.com)"
40.77.189.223 - - [15/Jun/2025:20:22:08 +0200] "GET /media/system/css/system.css HTTP/1.1" 200 1446 "http://www.entrerprisedepeinturemontpellier.com/templates/system/css/system.css" "Mozilla/5.0 AppleWebKit/537.36 (KHTML, like Gecko; compatible; bingbot/2.0; +http://www.bing.com/bingbot.htm) Chrome/112.0.0.0 Safari/537.36"
40.77.189.223 - - [15/Jun/2025:20:22:09 +0200] "GET /plugins/system/jcemediabox/themes/light/popup.html HTTP/1.1" 200 1093 "http://www.entrerprisedepeinturemontpellier.com/" "Mozilla/5.0 AppleWebKit/537.36 (KHTML, like Gecko; compatible; bingbot/2.0; +http://www.bing.com/bingbot.htm) Chrome/112.0.0.0 Safari/537.36"
40.77.189.223 - - [15/Jun/2025:20:22:09 +0200] "GET /plugins/system/jcemediabox/themes/light/tooltip.html HTTP/1.1" 200 958 "http://www.entrerprisedepeinturemontpellier.com/" "Mozilla/5.0 AppleWebKit/537.36 (KHTML, like Gecko; compatible; bingbot/2.0; +http://www.bing.com/bingbot.htm) Chrome/112.0.0.0 Safari/537.36"
216.73.216.92 - - [15/Jun/2025:20:22:46 +0200] "GET /sete-34/10-Entreprise%20de%20peinture%20-34?format=feed&type=atom HTTP/1.1" 200 8386 "-" "Mozilla/5.0 AppleWebKit/537.36 (KHTML, like Gecko; compatible; ClaudeBot/1.0; +claudebot@anthropic.com)"
216.73.216.92 - - [15/Jun/2025:20:23:28 +0200] "GET /grabels-34/10-Entreprise%20de%20peinture%20-34?format=feed&type=rss HTTP/1.1" 200 5862 "-" "Mozilla/5.0 AppleWebKit/537.36 (KHTML, like Gecko; compatible; ClaudeBot/1.0; +claudebot@anthropic.com)"
216.73.216.92 - - [15/Jun/2025:20:24:11 +0200] "GET /bedarieux-34/10-Entreprise%20de%20peinture%20-34?format=feed&type=rss HTTP/1.1" 200 5864 "-" "Mozilla/5.0 AppleWebKit/537.36 (KHTML, like Gecko; compatible; ClaudeBot/1.0; +claudebot@anthropic.com)"
216.73.216.92 - - [15/Jun/2025:20:24:54 +0200] "GET /component/search/?Itemid=116&format=opensearch&id=10 HTTP/1.1" 200 444 "-" "Mozilla/5.0 AppleWebKit/537.36 (KHTML, like Gecko; compatible; ClaudeBot/1.0; +claudebot@anthropic.com)"
43.166.7.113 - - [15/Jun/2025:20:25:14 +0200] "GET /component/mailto/?tmpl=component&template=neutre&link=fed14cea910ee7546e91f981a347517989615876 HTTP/1.1" 200 1339 "-" "Mozilla/5.0 (iPhone; CPU iPhone OS 13_2_3 like Mac OS X) AppleWebKit/605.1.15 (KHTML, like Gecko) Version/13.0.3 Mobile/15E148 Safari/604.1"
216.73.216.92 - - [15/Jun/2025:20:28:08 +0200] "GET /component/search/?Itemid=132&format=opensearch&id=10 HTTP/1.1" 200 443 "-" "Mozilla/5.0 AppleWebKit/537.36 (KHTML, like Gecko; compatible; ClaudeBot/1.0; +claudebot@anthropic.com)"
154.47.20.213 - - [15/Jun/2025:20:29:05 +0200] "GET /wp-login.php HTTP/1.1" 404 1499 "-" "Mozilla/5.0 (Windows NT 10.0; Win64; x64) AppleWebKit/537.36 (KHTML, like Gecko) Chrome/91.0.4472.124 Safari/537.36"
216.73.216.92 - - [15/Jun/2025:20:30:25 +0200] "GET /component/search/?Itemid=124&format=opensearch&id=10 HTTP/1.1" 200 443 "-" "Mozilla/5.0 AppleWebKit/537.36 (KHTML, like Gecko; compatible; ClaudeBot/1.0; +claudebot@anthropic.com)"
216.73.216.92 - - [15/Jun/2025:20:30:25 +0200] "GET /a/saint-georges-d-orques-34/10-Entreprise%20de%20peinture%20-34 HTTP/1.1" 200 11447 "-" "Mozilla/5.0 AppleWebKit/537.36 (KHTML, like Gecko; compatible; ClaudeBot/1.0; +claudebot@anthropic.com)"
216.73.216.92 - - [15/Jun/2025:20:33:34 +0200] "GET /saint-jean-de-vedas-34/10-Entreprise%20de%20peinture%20-34?format=feed&type=atom HTTP/1.1" 200 8404 "-" "Mozilla/5.0 AppleWebKit/537.36 (KHTML, like Gecko; compatible; ClaudeBot/1.0; +claudebot@anthropic.com)"
216.73.216.92 - - [15/Jun/2025:20:33:34 +0200] "GET /component/search/?Itemid=139&format=opensearch&id=10 HTTP/1.1" 200 443 "-" "Mozilla/5.0 AppleWebKit/537.36 (KHTML, like Gecko; compatible; ClaudeBot/1.0; +claudebot@anthropic.com)"
216.73.216.92 - - [15/Jun/2025:20:35:26 +0200] "GET /component/search/?Itemid=111&format=opensearch&id=10 HTTP/1.1" 200 442 "-" "Mozilla/5.0 AppleWebKit/537.36 (KHTML, like Gecko; compatible; ClaudeBot/1.0; +claudebot@anthropic.com)"
43.130.71.237 - - [15/Jun/2025:20:35:48 +0200] "GET /prestations/technique-de-peinture-classique/18-savoir-faire HTTP/1.1" 200 7661 "-" "Mozilla/5.0 (iPhone; CPU iPhone OS 13_2_3 like Mac OS X) AppleWebKit/605.1.15 (KHTML, like Gecko) Version/13.0.3 Mobile/15E148 Safari/604.1"
43.131.36.84 - - [15/Jun/2025:20:43:51 +0200] "GET /component/mailto/ HTTP/1.1" 403 1493 "-" "Mozilla/5.0 (iPhone; CPU iPhone OS 13_2_3 like Mac OS X) AppleWebKit/605.1.15 (KHTML, like Gecko) Version/13.0.3 Mobile/15E148 Safari/604.1"
185.191.171.18 - - [15/Jun/2025:20:47:10 +0200] "GET /robots.txt HTTP/1.1" 200 916 "-" "Mozilla/5.0 (compatible; SemrushBot/7~bl; +http://www.semrush.com/bot.html)"
85.208.96.201 - - [15/Jun/2025:20:47:11 +0200] "GET /frontignan-34 HTTP/1.1" 200 9673 "-" "Mozilla/5.0 (compatible; SemrushBot/7~bl; +http://www.semrush.com/bot.html)"
43.166.253.94 - - [15/Jun/2025:20:56:35 +0200] "GET /index.php?option=com_search&searchword= HTTP/1.1" 200 4777 "-" "Mozilla/5.0 (iPhone; CPU iPhone OS 13_2_3 like Mac OS X) AppleWebKit/605.1.15 (KHTML, like Gecko) Version/13.0.3 Mobile/15E148 Safari/604.1"
207.46.13.151 - - [15/Jun/2025:20:59:29 +0200] "GET /a/pezenas-34/13-traitement HTTP/1.1" 200 6095 "-" "Mozilla/5.0 AppleWebKit/537.36 (KHTML, like Gecko; compatible; bingbot/2.0; +http://www.bing.com/bingbot.htm) Chrome/116.0.1938.76 Safari/537.36"
185.191.171.4 - - [15/Jun/2025:21:02:13 +0200] "GET /a/mauguio-34/49-envoi-commentaire HTTP/1.1" 200 5906 "-" "Mozilla/5.0 (compatible; SemrushBot/7~bl; +http://www.semrush.com/bot.html)"
114.119.134.116 - - [15/Jun/2025:21:04:59 +0200] "GET /fabregues-34/13-traitement/49-envoi-commentaire HTTP/1.1" 200 5918 "http://www.entrerprisedepeinturemontpellier.com/fabregues-34/13-traitement/49-envoi-commentaire?tmpl=component&print=1&page" "Mozilla/5.0 (Linux; Android 7.0;) AppleWebKit/537.36 (KHTML, like Gecko) Mobile Safari/537.36 (compatible; PetalBot;+https://webmaster.petalsearch.com/site/petalbot)"
114.119.143.68 - - [15/Jun/2025:21:06:49 +0200] "GET /mauguio-34 HTTP/1.1" 200 9669 "http://www.entrerprisedepeinturemontpellier.com/saint-gely-du-fesc-34/10-Entreprise%20de%20peinture%20-34" "Mozilla/5.0 (Linux; Android 7.0;) AppleWebKit/537.36 (KHTML, like Gecko) Mobile Safari/537.36 (compatible; PetalBot;+https://webmaster.petalsearch.com/site/petalbot)"
78.128.76.202 - - [15/Jun/2025:21:09:14 +0200] "GET / HTTP/1.1" 301 256 "-" "Mozilla/5.0 (Macintosh; Intel Mac OS X 14.5) AppleWebKit/618.3.5 (KHTML, like Gecko) Version/17.4 Safari/618.3.5"
78.128.76.202 - - [15/Jun/2025:21:09:15 +0200] "GET / HTTP/1.1" 200 9719 "http://entrerprisedepeinturemontpellier.com" "Mozilla/5.0 (Macintosh; Intel Mac OS X 14.5) AppleWebKit/618.3.5 (KHTML, like Gecko) Version/17.4 Safari/618.3.5"
13.74.159.12 - - [15/Jun/2025:22:57:50 +0200] "GET /wp-content/plugins/init-help/init.php HTTP/1.1" 301 265 "-" "-"
13.74.159.12 - - [15/Jun/2025:22:57:50 +0200] "GET /index.php HTTP/1.1" 200 30336 "-" "-"
13.74.159.12 - - [15/Jun/2025:22:57:51 +0200] "GET /zwso.php HTTP/1.1" 301 265 "-" "-"
13.74.159.12 - - [15/Jun/2025:22:57:51 +0200] "GET /index.php HTTP/1.1" 200 30113 "-" "-"
13.74.159.12 - - [15/Jun/2025:22:57:51 +0200] "GET /wp-includes/style-engine/wp-conflg.php HTTP/1.1" 301 265 "-" "-"
13.74.159.12 - - [15/Jun/2025:22:57:51 +0200] "GET /index.php HTTP/1.1" 200 30113 "-" "-"
13.74.159.12 - - [15/Jun/2025:22:57:51 +0200] "GET /wp-content/plugins/about.php HTTP/1.1" 301 265 "-" "-"
13.74.159.12 - - [15/Jun/2025:22:57:51 +0200] "GET /index.php HTTP/1.1" 200 30113 "-" "-"
13.74.159.12 - - [15/Jun/2025:22:57:51 +0200] "GET /wp-includes/ID3/index.php HTTP/1.1" 301 265 "-" "-"
13.74.159.12 - - [15/Jun/2025:22:57:51 +0200] "GET /index.php HTTP/1.1" 200 30113 "-" "-"
13.74.159.12 - - [15/Jun/2025:22:57:52 +0200] "GET /wp-content/plugins/index.php HTTP/1.1" 301 265 "-" "-"
13.74.159.12 - - [15/Jun/2025:22:57:52 +0200] "GET /index.php HTTP/1.1" 200 30113 "-" "-"
13.74.159.12 - - [15/Jun/2025:22:57:52 +0200] "GET /wp-admin/network/index.php HTTP/1.1" 301 265 "-" "-"
13.74.159.12 - - [15/Jun/2025:22:57:52 +0200] "GET /index.php HTTP/1.1" 200 30113 "-" "-"
13.74.159.12 - - [15/Jun/2025:22:57:52 +0200] "GET /wp-includes/IXR/index.php HTTP/1.1" 301 265 "-" "-"
13.74.159.12 - - [15/Jun/2025:22:57:52 +0200] "GET /index.php HTTP/1.1" 200 30113 "-" "-"
