65.21.113.246 - - [19/Jun/2025:19:54:46 +0200] "GET /a/saint-georges-d-orques-34 HTTP/1.1" 200 9636 "-" "Mozilla/5.0 (compatible; AwarioBot/1.0; +https://awario.com/bots.html)"
65.21.113.246 - - [19/Jun/2025:19:54:53 +0200] "GET /robots.txt HTTP/1.1" 200 916 "-" "Mozilla/5.0 (compatible; AwarioBot/1.0; +https://awario.com/bots.html)"
65.21.113.246 - - [19/Jun/2025:19:54:53 +0200] "GET /a/saint-jean-de-vedas-34 HTTP/1.1" 200 9938 "-" "Mozilla/5.0 (compatible; AwarioBot/1.0; +https://awario.com/bots.html)"
65.21.113.246 - - [19/Jun/2025:19:54:58 +0200] "GET /a/serignan-34 HTTP/1.1" 200 9615 "-" "Mozilla/5.0 (compatible; AwarioBot/1.0; +https://awario.com/bots.html)"
65.21.113.246 - - [19/Jun/2025:19:55:05 +0200] "GET /a/sete-34 HTTP/1.1" 200 9613 "-" "Mozilla/5.0 (compatible; AwarioBot/1.0; +https://awario.com/bots.html)"
65.21.113.246 - - [19/Jun/2025:19:55:12 +0200] "GET /a/vendargues-34 HTTP/1.1" 200 9624 "-" "Mozilla/5.0 (compatible; AwarioBot/1.0; +https://awario.com/bots.html)"
65.21.113.246 - - [19/Jun/2025:19:55:18 +0200] "GET /a/vias-34 HTTP/1.1" 200 9611 "-" "Mozilla/5.0 (compatible; AwarioBot/1.0; +https://awario.com/bots.html)"
65.21.113.246 - - [19/Jun/2025:19:55:24 +0200] "GET /a/villeneuve-les-maguelone-34 HTTP/1.1" 200 9637 "-" "Mozilla/5.0 (compatible; AwarioBot/1.0; +https://awario.com/bots.html)"
65.21.113.246 - - [19/Jun/2025:19:55:28 +0200] "GET /agde-34/10-Entreprise%20de%20peinture%20-34 HTTP/1.1" 200 15788 "-" "Mozilla/5.0 (compatible; AwarioBot/1.0; +https://awario.com/bots.html)"
65.21.113.246 - - [19/Jun/2025:19:55:32 +0200] "GET /baillargues-34/10-Entreprise%20de%20peinture%20-34 HTTP/1.1" 200 11439 "-" "Mozilla/5.0 (compatible; AwarioBot/1.0; +https://awario.com/bots.html)"
65.21.113.246 - - [19/Jun/2025:19:55:37 +0200] "GET /balaruc-les-bains-34/10-Entreprise%20de%20peinture%20-34 HTTP/1.1" 200 11527 "-" "Mozilla/5.0 (compatible; AwarioBot/1.0; +https://awario.com/bots.html)"
65.21.113.246 - - [19/Jun/2025:19:55:42 +0200] "GET /bedarieux-34/10-Entreprise%20de%20peinture%20-34 HTTP/1.1" 200 12441 "-" "Mozilla/5.0 (compatible; AwarioBot/1.0; +https://awario.com/bots.html)"
65.21.113.246 - - [19/Jun/2025:19:55:47 +0200] "GET /beziers-34/10-Entreprise%20de%20peinture%20-34 HTTP/1.1" 200 12437 "-" "Mozilla/5.0 (compatible; AwarioBot/1.0; +https://awario.com/bots.html)"
65.21.113.246 - - [19/Jun/2025:19:55:52 +0200] "GET /blog?format=feed&type=atom HTTP/1.1" 200 6566 "-" "Mozilla/5.0 (compatible; AwarioBot/1.0; +https://awario.com/bots.html)"
65.21.113.246 - - [19/Jun/2025:19:55:56 +0200] "GET /blog?format=feed&type=rss HTTP/1.1" 200 6187 "-" "Mozilla/5.0 (compatible; AwarioBot/1.0; +https://awario.com/bots.html)"
65.21.113.246 - - [19/Jun/2025:19:55:59 +0200] "GET /castelnau-le-lez-34/10-Entreprise%20de%20peinture%20-34 HTTP/1.1" 200 11504 "-" "Mozilla/5.0 (compatible; AwarioBot/1.0; +https://awario.com/bots.html)"
65.21.113.246 - - [19/Jun/2025:19:56:05 +0200] "GET /clapiers-34/10-Entreprise%20de%20peinture%20-34 HTTP/1.1" 200 11354 "-" "Mozilla/5.0 (compatible; AwarioBot/1.0; +https://awario.com/bots.html)"
65.21.113.246 - - [19/Jun/2025:19:56:08 +0200] "GET /component/mailto/?tmpl=component&template=neutre&link=000498b2e72d2f7265ec78868357ef7c0d5147b2 HTTP/1.1" 200 1341 "-" "Mozilla/5.0 (compatible; AwarioBot/1.0; +https://awario.com/bots.html)"
65.21.113.246 - - [19/Jun/2025:19:56:11 +0200] "GET /component/mailto/?tmpl=component&template=neutre&link=0702fb3084c90dca67e1da9f760c63fb8ecc862c HTTP/1.1" 200 1340 "-" "Mozilla/5.0 (compatible; AwarioBot/1.0; +https://awario.com/bots.html)"
65.21.113.246 - - [19/Jun/2025:19:56:16 +0200] "GET /component/mailto/?tmpl=component&template=neutre&link=0a5b2e1dcab01c45ea9bd7a84b7c7932e4c19800 HTTP/1.1" 200 1339 "-" "Mozilla/5.0 (compatible; AwarioBot/1.0; +https://awario.com/bots.html)"
65.21.113.246 - - [19/Jun/2025:19:56:21 +0200] "GET /component/mailto/?tmpl=component&template=neutre&link=0b4493ada387dfc5a5cab1aaaa2ab5540705e9df HTTP/1.1" 200 1336 "-" "Mozilla/5.0 (compatible; AwarioBot/1.0; +https://awario.com/bots.html)"
65.21.113.246 - - [19/Jun/2025:19:56:26 +0200] "GET /component/mailto/?tmpl=component&template=neutre&link=0b75439873cfd9ba84ef782aeabfc6779ae0162f HTTP/1.1" 200 1340 "-" "Mozilla/5.0 (compatible; AwarioBot/1.0; +https://awario.com/bots.html)"
65.21.113.246 - - [19/Jun/2025:19:56:31 +0200] "GET /component/mailto/?tmpl=component&template=neutre&link=126f81ba976049f99406cb6e668914e8bb8d65c7 HTTP/1.1" 200 1338 "-" "Mozilla/5.0 (compatible; AwarioBot/1.0; +https://awario.com/bots.html)"
65.21.113.246 - - [19/Jun/2025:19:56:35 +0200] "GET /component/mailto/?tmpl=component&template=neutre&link=140c7846ef89765dd7ae31191796a4009b382bfa HTTP/1.1" 200 1340 "-" "Mozilla/5.0 (compatible; AwarioBot/1.0; +https://awario.com/bots.html)"
65.21.113.246 - - [19/Jun/2025:19:56:41 +0200] "GET /component/mailto/?tmpl=component&template=neutre&link=19c4d8ebac380218f8a733a781ddb9a0188364b5 HTTP/1.1" 200 1341 "-" "Mozilla/5.0 (compatible; AwarioBot/1.0; +https://awario.com/bots.html)"
65.21.113.246 - - [19/Jun/2025:19:56:45 +0200] "GET /component/mailto/?tmpl=component&template=neutre&link=1f2fb9780ab571f1abc44aead589b076e5787c6e HTTP/1.1" 200 1341 "-" "Mozilla/5.0 (compatible; AwarioBot/1.0; +https://awario.com/bots.html)"
65.21.113.246 - - [19/Jun/2025:19:56:49 +0200] "GET /component/mailto/?tmpl=component&template=neutre&link=1fd5b879cb401864e1037ff4832915639b36b7f2 HTTP/1.1" 200 1341 "-" "Mozilla/5.0 (compatible; AwarioBot/1.0; +https://awario.com/bots.html)"
65.21.113.246 - - [19/Jun/2025:19:56:58 +0200] "GET /robots.txt HTTP/1.1" 200 916 "-" "Mozilla/5.0 (compatible; AwarioBot/1.0; +https://awario.com/bots.html)"
65.21.113.246 - - [19/Jun/2025:19:56:58 +0200] "GET /component/mailto/?tmpl=component&template=neutre&link=2bbe138960bb676e5f9a25b8e363d20e889ed8a1 HTTP/1.1" 200 1339 "-" "Mozilla/5.0 (compatible; AwarioBot/1.0; +https://awario.com/bots.html)"
65.21.113.246 - - [19/Jun/2025:19:57:07 +0200] "GET /component/mailto/?tmpl=component&template=neutre&link=34242bf4e6038ef36d62943fb36553682270ea82 HTTP/1.1" 200 1340 "-" "Mozilla/5.0 (compatible; AwarioBot/1.0; +https://awario.com/bots.html)"
65.21.113.246 - - [19/Jun/2025:19:57:12 +0200] "GET /component/mailto/?tmpl=component&template=neutre&link=3b01bd3f8f4fec8f5f645080d6befd1738f46660 HTTP/1.1" 200 1337 "-" "Mozilla/5.0 (compatible; AwarioBot/1.0; +https://awario.com/bots.html)"
65.21.113.246 - - [19/Jun/2025:19:57:16 +0200] "GET /component/mailto/?tmpl=component&template=neutre&link=3e7b30f8f538a96dd38aed71949abdafabf826d3 HTTP/1.1" 200 1337 "-" "Mozilla/5.0 (compatible; AwarioBot/1.0; +https://awario.com/bots.html)"
65.21.113.246 - - [19/Jun/2025:19:57:20 +0200] "GET /component/mailto/?tmpl=component&template=neutre&link=3e8cf01967225b4959bdf27113f77d0b7a1fb516 HTTP/1.1" 200 1340 "-" "Mozilla/5.0 (compatible; AwarioBot/1.0; +https://awario.com/bots.html)"
65.21.113.246 - - [19/Jun/2025:19:57:24 +0200] "GET /component/mailto/?tmpl=component&template=neutre&link=41eb267d8cca3bc1c39536d2e2a9edb62f13cf45 HTTP/1.1" 200 1342 "-" "Mozilla/5.0 (compatible; AwarioBot/1.0; +https://awario.com/bots.html)"
65.21.113.246 - - [19/Jun/2025:19:57:28 +0200] "GET /component/mailto/?tmpl=component&template=neutre&link=45c205648c7eca916e8354f541a9236b76621879 HTTP/1.1" 200 1340 "-" "Mozilla/5.0 (compatible; AwarioBot/1.0; +https://awario.com/bots.html)"
65.21.113.246 - - [19/Jun/2025:19:57:32 +0200] "GET /component/mailto/?tmpl=component&template=neutre&link=4addd9c5864fc078c9737155a5bc3282ddce0638 HTTP/1.1" 200 1342 "-" "Mozilla/5.0 (compatible; AwarioBot/1.0; +https://awario.com/bots.html)"
65.21.113.246 - - [19/Jun/2025:19:57:36 +0200] "GET /component/mailto/?tmpl=component&template=neutre&link=503c56bafde0c41b50c6d3600c20459751afb661 HTTP/1.1" 200 1339 "-" "Mozilla/5.0 (compatible; AwarioBot/1.0; +https://awario.com/bots.html)"
65.21.113.246 - - [19/Jun/2025:19:57:40 +0200] "GET /component/mailto/?tmpl=component&template=neutre&link=5ae24d12a224c12c25b2970752d5c8ff717256a8 HTTP/1.1" 200 1343 "-" "Mozilla/5.0 (compatible; AwarioBot/1.0; +https://awario.com/bots.html)"
65.21.113.246 - - [19/Jun/2025:19:57:44 +0200] "GET /component/mailto/?tmpl=component&template=neutre&link=5d776b8214f74f17080e1bb5a6b70b4fcd5b426c HTTP/1.1" 200 1340 "-" "Mozilla/5.0 (compatible; AwarioBot/1.0; +https://awario.com/bots.html)"
65.21.113.246 - - [19/Jun/2025:19:57:48 +0200] "GET /component/mailto/?tmpl=component&template=neutre&link=6fff2a67a384e816f019c639467b05e4e1fb0a86 HTTP/1.1" 200 1340 "-" "Mozilla/5.0 (compatible; AwarioBot/1.0; +https://awario.com/bots.html)"
65.21.113.246 - - [19/Jun/2025:19:57:51 +0200] "GET /component/mailto/?tmpl=component&template=neutre&link=7951600a147ed9c53358fd2c5f58a4043efa682e HTTP/1.1" 200 1341 "-" "Mozilla/5.0 (compatible; AwarioBot/1.0; +https://awario.com/bots.html)"
65.21.113.246 - - [19/Jun/2025:19:57:55 +0200] "GET /component/mailto/?tmpl=component&template=neutre&link=7bee3db30ad807f312795ca35c4bbab5d0b76f0e HTTP/1.1" 200 1341 "-" "Mozilla/5.0 (compatible; AwarioBot/1.0; +https://awario.com/bots.html)"
66.249.66.192 - - [19/Jun/2025:19:57:56 +0200] "GET /component/mailto/?tmpl=component&template=neutre&link=c4283ba5382de4d95e720bae73e8fd9be3200cbd HTTP/1.1" 200 1338 "-" "Mozilla/5.0 (Linux; Android 6.0.1; Nexus 5X Build/MMB29P) AppleWebKit/537.36 (KHTML, like Gecko) Chrome/137.0.7151.103 Mobile Safari/537.36 (compatible; Googlebot/2.1; +http://www.google.com/bot.html)"
65.21.113.246 - - [19/Jun/2025:19:58:00 +0200] "GET /component/mailto/?tmpl=component&template=neutre&link=8158b71e7f53c2860b2885cb05e804da0705f565 HTTP/1.1" 200 1343 "-" "Mozilla/5.0 (compatible; AwarioBot/1.0; +https://awario.com/bots.html)"
18.97.14.82 - - [19/Jun/2025:19:58:03 +0200] "GET /palavas-les-flots-34 HTTP/1.1" 200 10409 "-" "CCBot/2.0 (https://commoncrawl.org/faq/)"
65.21.113.246 - - [19/Jun/2025:19:58:04 +0200] "GET /component/mailto/?tmpl=component&template=neutre&link=86945647771cdb23330b7a2b6da76df3d3295793 HTTP/1.1" 200 1341 "-" "Mozilla/5.0 (compatible; AwarioBot/1.0; +https://awario.com/bots.html)"
65.21.113.246 - - [19/Jun/2025:19:58:07 +0200] "GET /component/mailto/?tmpl=component&template=neutre&link=87a171801aa0822289c3cbe5b145de5e2e45ba8e HTTP/1.1" 200 1337 "-" "Mozilla/5.0 (compatible; AwarioBot/1.0; +https://awario.com/bots.html)"
65.21.113.246 - - [19/Jun/2025:19:58:11 +0200] "GET /component/mailto/?tmpl=component&template=neutre&link=8c2519fdf059ec4953b985e4f0cd4f8e1105c80c HTTP/1.1" 200 1338 "-" "Mozilla/5.0 (compatible; AwarioBot/1.0; +https://awario.com/bots.html)"
65.21.113.246 - - [19/Jun/2025:19:58:15 +0200] "GET /component/mailto/?tmpl=component&template=neutre&link=8c9dc6a3d442d05d5e85fed29806ced12d9c823e HTTP/1.1" 200 1340 "-" "Mozilla/5.0 (compatible; AwarioBot/1.0; +https://awario.com/bots.html)"
65.21.113.246 - - [19/Jun/2025:19:58:19 +0200] "GET /component/mailto/?tmpl=component&template=neutre&link=8e6748c435f23689032bc04a2735f23e14332c9f HTTP/1.1" 200 1340 "-" "Mozilla/5.0 (compatible; AwarioBot/1.0; +https://awario.com/bots.html)"
65.21.113.246 - - [19/Jun/2025:19:58:25 +0200] "GET /component/mailto/?tmpl=component&template=neutre&link=94f40eb6b0aae66a4f622668294852fdb1cf1fbe HTTP/1.1" 200 1340 "-" "Mozilla/5.0 (compatible; AwarioBot/1.0; +https://awario.com/bots.html)"
65.21.113.246 - - [19/Jun/2025:19:58:32 +0200] "GET /component/mailto/?tmpl=component&template=neutre&link=96e3a59c44067461fb9d18c6d17206c2df849fdd HTTP/1.1" 200 1339 "-" "Mozilla/5.0 (compatible; AwarioBot/1.0; +https://awario.com/bots.html)"
65.21.113.246 - - [19/Jun/2025:19:58:37 +0200] "GET /component/mailto/?tmpl=component&template=neutre&link=9aa241a848456fd485a35c0c1f2444a1b07e3c23 HTTP/1.1" 200 1340 "-" "Mozilla/5.0 (compatible; AwarioBot/1.0; +https://awario.com/bots.html)"
65.21.113.246 - - [19/Jun/2025:19:58:43 +0200] "GET /component/mailto/?tmpl=component&template=neutre&link=9b35fdf6c9d9c27557833a0608303cbb1c0bed8a HTTP/1.1" 200 1341 "-" "Mozilla/5.0 (compatible; AwarioBot/1.0; +https://awario.com/bots.html)"
65.21.113.246 - - [19/Jun/2025:19:58:47 +0200] "GET /component/mailto/?tmpl=component&template=neutre&link=9e8172975cb571e4dd8bd95c60c71127ac8550e2 HTTP/1.1" 200 1340 "-" "Mozilla/5.0 (compatible; AwarioBot/1.0; +https://awario.com/bots.html)"
65.21.113.246 - - [19/Jun/2025:19:58:50 +0200] "GET /component/mailto/?tmpl=component&template=neutre&link=9fee24f5c4625bcf93ce90499bb593353ef9f2bc HTTP/1.1" 200 1341 "-" "Mozilla/5.0 (compatible; AwarioBot/1.0; +https://awario.com/bots.html)"
65.21.113.246 - - [19/Jun/2025:19:58:54 +0200] "GET /component/mailto/?tmpl=component&template=neutre&link=abbaf6c71f6fd80e78c0a0b7a78b9545861b4ed0 HTTP/1.1" 200 1339 "-" "Mozilla/5.0 (compatible; AwarioBot/1.0; +https://awario.com/bots.html)"
65.21.113.246 - - [19/Jun/2025:19:58:58 +0200] "GET /component/mailto/?tmpl=component&template=neutre&link=ae3aff841980f4e19d799e28b9b15c654e5421fd HTTP/1.1" 200 1340 "-" "Mozilla/5.0 (compatible; AwarioBot/1.0; +https://awario.com/bots.html)"
65.21.113.246 - - [19/Jun/2025:19:59:02 +0200] "GET /robots.txt HTTP/1.1" 200 916 "-" "Mozilla/5.0 (compatible; AwarioBot/1.0; +https://awario.com/bots.html)"
65.21.113.246 - - [19/Jun/2025:19:59:02 +0200] "GET /component/mailto/?tmpl=component&template=neutre&link=af2f2d1619f9ce3c31da5493f440142d296a3f21 HTTP/1.1" 200 1339 "-" "Mozilla/5.0 (compatible; AwarioBot/1.0; +https://awario.com/bots.html)"
65.21.113.246 - - [19/Jun/2025:19:59:06 +0200] "GET /component/mailto/?tmpl=component&template=neutre&link=b59b43c4b4b700c0c4db082123cb12c433f87737 HTTP/1.1" 200 1343 "-" "Mozilla/5.0 (compatible; AwarioBot/1.0; +https://awario.com/bots.html)"
65.21.113.246 - - [19/Jun/2025:19:59:09 +0200] "GET /component/mailto/?tmpl=component&template=neutre&link=b92cb6757ea468943b15a6fea31dde6e88c31488 HTTP/1.1" 200 1339 "-" "Mozilla/5.0 (compatible; AwarioBot/1.0; +https://awario.com/bots.html)"
65.21.113.246 - - [19/Jun/2025:19:59:13 +0200] "GET /component/mailto/?tmpl=component&template=neutre&link=bef7920e5f36613c3c0a8df275ada415b89b44be HTTP/1.1" 200 1340 "-" "Mozilla/5.0 (compatible; AwarioBot/1.0; +https://awario.com/bots.html)"
65.21.113.246 - - [19/Jun/2025:19:59:18 +0200] "GET /component/mailto/?tmpl=component&template=neutre&link=c2503309a982cb2a4e1edf6a20aca8ec784ae768 HTTP/1.1" 200 1342 "-" "Mozilla/5.0 (compatible; AwarioBot/1.0; +https://awario.com/bots.html)"
65.21.113.246 - - [19/Jun/2025:19:59:21 +0200] "GET /component/mailto/?tmpl=component&template=neutre&link=c4283ba5382de4d95e720bae73e8fd9be3200cbd HTTP/1.1" 200 1337 "-" "Mozilla/5.0 (compatible; AwarioBot/1.0; +https://awario.com/bots.html)"
65.21.113.246 - - [19/Jun/2025:19:59:25 +0200] "GET /component/mailto/?tmpl=component&template=neutre&link=c7feec919437a549d5745a0c95d3b4d6621887d1 HTTP/1.1" 200 1340 "-" "Mozilla/5.0 (compatible; AwarioBot/1.0; +https://awario.com/bots.html)"
65.21.113.246 - - [19/Jun/2025:19:59:28 +0200] "GET /component/mailto/?tmpl=component&template=neutre&link=d192f980364a6efeee46b3edbe166d37bb690462 HTTP/1.1" 200 1339 "-" "Mozilla/5.0 (compatible; AwarioBot/1.0; +https://awario.com/bots.html)"
65.21.113.246 - - [19/Jun/2025:19:59:32 +0200] "GET /component/mailto/?tmpl=component&template=neutre&link=d3aef3cc30c672afc5ebba49e4191475f5a66638 HTTP/1.1" 200 1341 "-" "Mozilla/5.0 (compatible; AwarioBot/1.0; +https://awario.com/bots.html)"
65.21.113.246 - - [19/Jun/2025:19:59:37 +0200] "GET /component/mailto/?tmpl=component&template=neutre&link=da19448649b7128ba7f0188837a20b881c10d5a4 HTTP/1.1" 200 1341 "-" "Mozilla/5.0 (compatible; AwarioBot/1.0; +https://awario.com/bots.html)"
65.21.113.246 - - [19/Jun/2025:19:59:41 +0200] "GET /component/mailto/?tmpl=component&template=neutre&link=daa859e8860ebe5637d2703428051cda33669d28 HTTP/1.1" 200 1340 "-" "Mozilla/5.0 (compatible; AwarioBot/1.0; +https://awario.com/bots.html)"
65.21.113.246 - - [19/Jun/2025:19:59:45 +0200] "GET /component/mailto/?tmpl=component&template=neutre&link=e2487107917f96a146837a2117a162411f46d327 HTTP/1.1" 200 1342 "-" "Mozilla/5.0 (compatible; AwarioBot/1.0; +https://awario.com/bots.html)"
65.21.113.246 - - [19/Jun/2025:19:59:49 +0200] "GET /component/mailto/?tmpl=component&template=neutre&link=e76cb8fb182dd533d46a3520bb769f04743acd13 HTTP/1.1" 200 1336 "-" "Mozilla/5.0 (compatible; AwarioBot/1.0; +https://awario.com/bots.html)"
65.21.113.246 - - [19/Jun/2025:19:59:52 +0200] "GET /component/mailto/?tmpl=component&template=neutre&link=f5775300739dff7edc12cc33985832784e0cf889 HTTP/1.1" 200 1341 "-" "Mozilla/5.0 (compatible; AwarioBot/1.0; +https://awario.com/bots.html)"
65.21.113.246 - - [19/Jun/2025:19:59:59 +0200] "GET /component/mailto/?tmpl=component&template=neutre&link=fdfe5a5eb04d403ef72b23b37e328a12adfc7d7d HTTP/1.1" 200 1336 "-" "Mozilla/5.0 (compatible; AwarioBot/1.0; +https://awario.com/bots.html)"
65.21.113.246 - - [19/Jun/2025:20:00:03 +0200] "GET /component/mailto/?tmpl=component&template=neutre&link=fed14cea910ee7546e91f981a347517989615876 HTTP/1.1" 200 1341 "-" "Mozilla/5.0 (compatible; AwarioBot/1.0; +https://awario.com/bots.html)"
65.21.113.246 - - [19/Jun/2025:20:00:08 +0200] "GET /component/mailto/?tmpl=component&template=neutre&link=ff4f0f0ad0794e83d908005840e1f97508f2ed09 HTTP/1.1" 200 1340 "-" "Mozilla/5.0 (compatible; AwarioBot/1.0; +https://awario.com/bots.html)"
65.21.113.246 - - [19/Jun/2025:20:00:11 +0200] "GET /component/ninjarsssyndicator/?feed_id=2&format=raw HTTP/1.1" 200 18146 "-" "Mozilla/5.0 (compatible; AwarioBot/1.0; +https://awario.com/bots.html)"
18.97.14.82 - - [19/Jun/2025:20:00:12 +0200] "GET /a/lattes-34 HTTP/1.1" 200 9552 "-" "CCBot/2.0 (https://commoncrawl.org/faq/)"
65.21.113.246 - - [19/Jun/2025:20:00:15 +0200] "GET /component/ninjarsssyndicator/?feed_id=3&format=raw HTTP/1.1" 200 916 "-" "Mozilla/5.0 (compatible; AwarioBot/1.0; +https://awario.com/bots.html)"
65.21.113.246 - - [19/Jun/2025:20:00:23 +0200] "GET /contactez-nous/2-diverse HTTP/1.1" 200 8129 "-" "Mozilla/5.0 (compatible; AwarioBot/1.0; +https://awario.com/bots.html)"
65.21.113.246 - - [19/Jun/2025:20:00:26 +0200] "GET /cournonterral-34/10-Entreprise%20de%20peinture%20-34 HTTP/1.1" 200 11432 "-" "Mozilla/5.0 (compatible; AwarioBot/1.0; +https://awario.com/bots.html)"
65.21.113.246 - - [19/Jun/2025:20:00:30 +0200] "GET /cres-34/10-Entreprise%20de%20peinture%20-34 HTTP/1.1" 200 11517 "-" "Mozilla/5.0 (compatible; AwarioBot/1.0; +https://awario.com/bots.html)"
65.21.113.246 - - [19/Jun/2025:20:00:34 +0200] "GET /fabregues-34/10-Entreprise%20de%20peinture%20-34 HTTP/1.1" 200 11440 "-" "Mozilla/5.0 (compatible; AwarioBot/1.0; +https://awario.com/bots.html)"
65.21.113.246 - - [19/Jun/2025:20:00:38 +0200] "GET /frontignan-34/10-Entreprise%20de%20peinture%20-34 HTTP/1.1" 200 11517 "-" "Mozilla/5.0 (compatible; AwarioBot/1.0; +https://awario.com/bots.html)"
65.21.113.246 - - [19/Jun/2025:20:00:42 +0200] "GET /gigean-34/10-Entreprise%20de%20peinture%20-34 HTTP/1.1" 200 11427 "-" "Mozilla/5.0 (compatible; AwarioBot/1.0; +https://awario.com/bots.html)"
65.21.113.246 - - [19/Jun/2025:20:00:47 +0200] "GET /gignac-34/10-Entreprise%20de%20peinture%20-34 HTTP/1.1" 200 11428 "-" "Mozilla/5.0 (compatible; AwarioBot/1.0; +https://awario.com/bots.html)"
65.21.113.246 - - [19/Jun/2025:20:00:52 +0200] "GET /grabels-34/10-Entreprise%20de%20peinture%20-34 HTTP/1.1" 200 11432 "-" "Mozilla/5.0 (compatible; AwarioBot/1.0; +https://awario.com/bots.html)"
65.21.113.246 - - [19/Jun/2025:20:00:57 +0200] "GET /grande-motte-34/10-Entreprise%20de%20peinture%20-34 HTTP/1.1" 200 11526 "-" "Mozilla/5.0 (compatible; AwarioBot/1.0; +https://awario.com/bots.html)"
65.21.113.246 - - [19/Jun/2025:20:01:02 +0200] "GET /robots.txt HTTP/1.1" 200 916 "-" "Mozilla/5.0 (compatible; AwarioBot/1.0; +https://awario.com/bots.html)"
65.21.113.246 - - [19/Jun/2025:20:01:02 +0200] "GET /informations-legales/2-diverse HTTP/1.1" 200 8533 "-" "Mozilla/5.0 (compatible; AwarioBot/1.0; +https://awario.com/bots.html)"
65.21.113.246 - - [19/Jun/2025:20:01:07 +0200] "GET /juvignac-34/10-Entreprise%20de%20peinture%20-34 HTTP/1.1" 200 12443 "-" "Mozilla/5.0 (compatible; AwarioBot/1.0; +https://awario.com/bots.html)"
66.249.66.193 - - [19/Jun/2025:20:01:10 +0200] "GET /templates/system/css/system.css HTTP/1.1" 200 896 "http://www.entrerprisedepeinturemontpellier.com/component/mailto/?tmpl=component&template=neutre&link=c4283ba5382de4d95e720bae73e8fd9be3200cbd" "Mozilla/5.0 (Linux; Android 6.0.1; Nexus 5X Build/MMB29P) AppleWebKit/537.36 (KHTML, like Gecko) Chrome/137.0.7151.68 Mobile Safari/537.36 (compatible; Googlebot/2.1; +http://www.google.com/bot.html)"
65.21.113.246 - - [19/Jun/2025:20:01:12 +0200] "GET /lattes-34/10-Entreprise%20de%20peinture%20-34 HTTP/1.1" 200 11517 "-" "Mozilla/5.0 (compatible; AwarioBot/1.0; +https://awario.com/bots.html)"
65.21.113.246 - - [19/Jun/2025:20:01:17 +0200] "GET /lodeve-34/10-Entreprise%20de%20peinture%20-34 HTTP/1.1" 200 11518 "-" "Mozilla/5.0 (compatible; AwarioBot/1.0; +https://awario.com/bots.html)"
65.21.113.246 - - [19/Jun/2025:20:01:21 +0200] "GET /lunel-34/10-Entreprise%20de%20peinture%20-34 HTTP/1.1" 200 12430 "-" "Mozilla/5.0 (compatible; AwarioBot/1.0; +https://awario.com/bots.html)"
65.21.113.246 - - [19/Jun/2025:20:01:27 +0200] "GET /marseillan-34/10-Entreprise%20de%20peinture%20-34 HTTP/1.1" 200 11438 "-" "Mozilla/5.0 (compatible; AwarioBot/1.0; +https://awario.com/bots.html)"
18.97.14.82 - - [19/Jun/2025:20:01:31 +0200] "GET /a/agde-34/10-Entreprise%20de%20peinture%20-34 HTTP/1.1" 200 15536 "-" "CCBot/2.0 (https://commoncrawl.org/faq/)"
65.21.113.246 - - [19/Jun/2025:20:01:32 +0200] "GET /marsillargues-34/10-Entreprise%20de%20peinture%20-34 HTTP/1.1" 200 11438 "-" "Mozilla/5.0 (compatible; AwarioBot/1.0; +https://awario.com/bots.html)"
65.21.113.246 - - [19/Jun/2025:20:01:38 +0200] "GET /mauguio-34/10-Entreprise%20de%20peinture%20-34 HTTP/1.1" 200 11508 "-" "Mozilla/5.0 (compatible; AwarioBot/1.0; +https://awario.com/bots.html)"
65.21.113.246 - - [19/Jun/2025:20:01:42 +0200] "GET /meze-34/10-Entreprise%20de%20peinture%20-34 HTTP/1.1" 200 11515 "-" "Mozilla/5.0 (compatible; AwarioBot/1.0; +https://awario.com/bots.html)"
65.21.113.246 - - [19/Jun/2025:20:01:47 +0200] "GET /montpellier-34/10-Entreprise%20de%20peinture%20-34 HTTP/1.1" 200 11525 "-" "Mozilla/5.0 (compatible; AwarioBot/1.0; +https://awario.com/bots.html)"
65.21.113.246 - - [19/Jun/2025:20:01:52 +0200] "GET /palavas-les-flots-34/10-Entreprise%20de%20peinture%20-34 HTTP/1.1" 200 12161 "-" "Mozilla/5.0 (compatible; AwarioBot/1.0; +https://awario.com/bots.html)"
65.21.113.246 - - [19/Jun/2025:20:01:57 +0200] "GET /perols-34/10-Entreprise%20de%20peinture%20-34 HTTP/1.1" 200 11511 "-" "Mozilla/5.0 (compatible; AwarioBot/1.0; +https://awario.com/bots.html)"
65.21.113.246 - - [19/Jun/2025:20:02:02 +0200] "GET /pezenas-34/10-Entreprise%20de%20peinture%20-34 HTTP/1.1" 200 11523 "-" "Mozilla/5.0 (compatible; AwarioBot/1.0; +https://awario.com/bots.html)"
65.21.113.246 - - [19/Jun/2025:20:02:08 +0200] "GET /pignan-34/10-Entreprise%20de%20peinture%20-34 HTTP/1.1" 200 11428 "-" "Mozilla/5.0 (compatible; AwarioBot/1.0; +https://awario.com/bots.html)"
65.21.113.246 - - [19/Jun/2025:20:02:14 +0200] "GET /prestations/18-savoir-faire HTTP/1.1" 200 8677 "-" "Mozilla/5.0 (compatible; AwarioBot/1.0; +https://awario.com/bots.html)"
65.21.113.246 - - [19/Jun/2025:20:02:19 +0200] "GET /prestations/application-d-enduit-beton/18-savoir-faire HTTP/1.1" 200 7652 "-" "Mozilla/5.0 (compatible; AwarioBot/1.0; +https://awario.com/bots.html)"
65.21.113.246 - - [19/Jun/2025:20:02:24 +0200] "GET /prestations/la-peinture-a-l-eau-pour-l-exterieur/18-savoir-faire HTTP/1.1" 200 7660 "-" "Mozilla/5.0 (compatible; AwarioBot/1.0; +https://awario.com/bots.html)"
65.21.113.246 - - [19/Jun/2025:20:02:29 +0200] "GET /prestations/les-peintures-specifiques/18-savoir-faire HTTP/1.1" 200 7660 "-" "Mozilla/5.0 (compatible; AwarioBot/1.0; +https://awario.com/bots.html)"
65.21.113.246 - - [19/Jun/2025:20:02:33 +0200] "GET /prestations/outils-de-peinture/18-savoir-faire HTTP/1.1" 200 7653 "-" "Mozilla/5.0 (compatible; AwarioBot/1.0; +https://awario.com/bots.html)"
65.21.113.246 - - [19/Jun/2025:20:02:37 +0200] "GET /prestations/peinture-a-l-huile-pour-l-exterieur/18-savoir-faire HTTP/1.1" 200 7663 "-" "Mozilla/5.0 (compatible; AwarioBot/1.0; +https://awario.com/bots.html)"
65.21.113.246 - - [19/Jun/2025:20:02:42 +0200] "GET /prestations/peinture-a-la-chaux/18-savoir-faire HTTP/1.1" 200 7652 "-" "Mozilla/5.0 (compatible; AwarioBot/1.0; +https://awario.com/bots.html)"
65.21.113.246 - - [19/Jun/2025:20:02:47 +0200] "GET /prestations/peinture-decorative/18-savoir-faire HTTP/1.1" 200 7659 "-" "Mozilla/5.0 (compatible; AwarioBot/1.0; +https://awario.com/bots.html)"
65.21.113.246 - - [19/Jun/2025:20:02:52 +0200] "GET /prestations/pose-d-un-enduit-takelakt/18-savoir-faire HTTP/1.1" 200 7657 "-" "Mozilla/5.0 (compatible; AwarioBot/1.0; +https://awario.com/bots.html)"
65.21.113.246 - - [19/Jun/2025:20:02:56 +0200] "GET /prestations/technique-de-peinture-classique/18-savoir-faire HTTP/1.1" 200 7661 "-" "Mozilla/5.0 (compatible; AwarioBot/1.0; +https://awario.com/bots.html)"
65.21.113.246 - - [19/Jun/2025:20:03:00 +0200] "GET /prestations/technique-pour-peindre-l-interieur/18-savoir-faire HTTP/1.1" 200 7679 "-" "Mozilla/5.0 (compatible; AwarioBot/1.0; +https://awario.com/bots.html)"
65.21.113.246 - - [19/Jun/2025:20:03:05 +0200] "GET /robots.txt HTTP/1.1" 200 916 "-" "Mozilla/5.0 (compatible; AwarioBot/1.0; +https://awario.com/bots.html)"
65.21.113.246 - - [19/Jun/2025:20:03:05 +0200] "GET /saint-andre-de-sangonis-34/10-Entreprise%20de%20peinture%20-34 HTTP/1.1" 200 11448 "-" "Mozilla/5.0 (compatible; AwarioBot/1.0; +https://awario.com/bots.html)"
65.21.113.246 - - [19/Jun/2025:20:03:10 +0200] "GET /saint-clement-de-riviere-34/10-Entreprise%20de%20peinture%20-34 HTTP/1.1" 200 11451 "-" "Mozilla/5.0 (compatible; AwarioBot/1.0; +https://awario.com/bots.html)"
65.21.113.246 - - [19/Jun/2025:20:03:16 +0200] "GET /saint-gely-du-fesc-34/10-Entreprise%20de%20peinture%20-34 HTTP/1.1" 200 11529 "-" "Mozilla/5.0 (compatible; AwarioBot/1.0; +https://awario.com/bots.html)"
65.21.113.246 - - [19/Jun/2025:20:03:22 +0200] "GET /saint-georges-d-orques-34/10-Entreprise%20de%20peinture%20-34 HTTP/1.1" 200 11448 "-" "Mozilla/5.0 (compatible; AwarioBot/1.0; +https://awario.com/bots.html)"
65.21.113.246 - - [19/Jun/2025:20:03:28 +0200] "GET /saint-jean-de-vedas-34/10-Entreprise%20de%20peinture%20-34 HTTP/1.1" 200 11905 "-" "Mozilla/5.0 (compatible; AwarioBot/1.0; +https://awario.com/bots.html)"
65.21.113.246 - - [19/Jun/2025:20:03:33 +0200] "GET /selection-web?format=feed&type=atom HTTP/1.1" 200 1036 "-" "Mozilla/5.0 (compatible; AwarioBot/1.0; +https://awario.com/bots.html)"
65.21.113.246 - - [19/Jun/2025:20:03:36 +0200] "GET /selection-web?format=feed&type=rss HTTP/1.1" 200 952 "-" "Mozilla/5.0 (compatible; AwarioBot/1.0; +https://awario.com/bots.html)"
65.21.113.246 - - [19/Jun/2025:20:03:40 +0200] "GET /serignan-34/10-Entreprise%20de%20peinture%20-34 HTTP/1.1" 200 11523 "-" "Mozilla/5.0 (compatible; AwarioBot/1.0; +https://awario.com/bots.html)"
65.21.113.246 - - [19/Jun/2025:20:03:46 +0200] "GET /sete-34/10-Entreprise%20de%20peinture%20-34 HTTP/1.1" 200 11512 "-" "Mozilla/5.0 (compatible; AwarioBot/1.0; +https://awario.com/bots.html)"
65.21.113.246 - - [19/Jun/2025:20:03:53 +0200] "GET /vendargues-34/10-Entreprise%20de%20peinture%20-34 HTTP/1.1" 200 11443 "-" "Mozilla/5.0 (compatible; AwarioBot/1.0; +https://awario.com/bots.html)"
65.21.113.246 - - [19/Jun/2025:20:03:59 +0200] "GET /vias-34/10-Entreprise%20de%20peinture%20-34 HTTP/1.1" 200 11427 "-" "Mozilla/5.0 (compatible; AwarioBot/1.0; +https://awario.com/bots.html)"
65.21.113.246 - - [19/Jun/2025:20:04:04 +0200] "GET /villeneuve-les-maguelone-34/10-Entreprise%20de%20peinture%20-34 HTTP/1.1" 200 11537 "-" "Mozilla/5.0 (compatible; AwarioBot/1.0; +https://awario.com/bots.html)"
18.97.14.82 - - [19/Jun/2025:20:05:53 +0200] "GET /a/palavas-les-flots-34/13-traitement/49-envoi-commentaire HTTP/1.1" 200 5824 "-" "CCBot/2.0 (https://commoncrawl.org/faq/)"
18.97.14.82 - - [19/Jun/2025:20:09:13 +0200] "GET /saint-jean-de-vedas-34/10-Entreprise%20de%20peinture%20-34 HTTP/1.1" 200 11845 "-" "CCBot/2.0 (https://commoncrawl.org/faq/)"
85.208.96.212 - - [19/Jun/2025:20:13:20 +0200] "GET /robots.txt HTTP/1.1" 200 916 "-" "Mozilla/5.0 (compatible; SemrushBot/7~bl; +http://www.semrush.com/bot.html)"
85.208.96.210 - - [19/Jun/2025:20:13:20 +0200] "GET /prestations/peinture-decorative HTTP/1.1" 200 5209 "-" "Mozilla/5.0 (compatible; SemrushBot/7~bl; +http://www.semrush.com/bot.html)"
18.97.14.82 - - [19/Jun/2025:20:16:21 +0200] "GET /blog/88-la-location-d-une-benne-un-service-pratique HTTP/1.1" 200 7813 "-" "CCBot/2.0 (https://commoncrawl.org/faq/)"
18.97.14.82 - - [19/Jun/2025:20:21:36 +0200] "GET / HTTP/1.1" 200 9718 "-" "CCBot/2.0 (https://commoncrawl.org/faq/)"
66.249.66.200 - - [19/Jun/2025:20:21:49 +0200] "GET /a/gignac-34?tmpl=component&print=1&page= HTTP/1.1" 200 4916 "-" "Mozilla/5.0 (Linux; Android 6.0.1; Nexus 5X Build/MMB29P) AppleWebKit/537.36 (KHTML, like Gecko) Chrome/137.0.7151.103 Mobile Safari/537.36 (compatible; Googlebot/2.1; +http://www.google.com/bot.html)"
185.191.171.5 - - [19/Jun/2025:20:23:51 +0200] "GET /a/vendargues-34/13-traitement HTTP/1.1" 200 6101 "-" "Mozilla/5.0 (compatible; SemrushBot/7~bl; +http://www.semrush.com/bot.html)"
18.97.14.82 - - [19/Jun/2025:20:24:13 +0200] "GET /a/baillargues-34 HTTP/1.1" 200 9623 "-" "CCBot/2.0 (https://commoncrawl.org/faq/)"
185.191.171.14 - - [19/Jun/2025:20:30:37 +0200] "GET /a/serignan-34/index.php?id=49&option=com_content&view=article HTTP/1.1" 200 5919 "-" "Mozilla/5.0 (compatible; SemrushBot/7~bl; +http://www.semrush.com/bot.html)"
18.97.14.82 - - [19/Jun/2025:20:35:33 +0200] "GET /perols-34 HTTP/1.1" 200 9668 "-" "CCBot/2.0 (https://commoncrawl.org/faq/)"
18.97.14.82 - - [19/Jun/2025:20:37:03 +0200] "GET /cres-34 HTTP/1.1" 200 9670 "-" "CCBot/2.0 (https://commoncrawl.org/faq/)"
18.97.14.82 - - [19/Jun/2025:20:40:57 +0200] "GET /montpellier-34 HTTP/1.1" 200 9687 "-" "CCBot/2.0 (https://commoncrawl.org/faq/)"
18.97.14.82 - - [19/Jun/2025:20:43:18 +0200] "GET /lunel-34 HTTP/1.1" 200 10432 "-" "CCBot/2.0 (https://commoncrawl.org/faq/)"
18.97.14.82 - - [19/Jun/2025:20:47:43 +0200] "GET /component/ninjarsssyndicator/?feed_id=1&format=raw HTTP/1.1" 200 3325 "-" "CCBot/2.0 (https://commoncrawl.org/faq/)"
18.97.14.82 - - [19/Jun/2025:20:52:30 +0200] "GET /grabels-34 HTTP/1.1" 200 9616 "-" "CCBot/2.0 (https://commoncrawl.org/faq/)"
103.148.25.242 - - [19/Jun/2025:20:58:41 +0200] "GET /wp-admin/setup-config.php?step=1 HTTP/1.1" 404 1499 "-" "Apache/2.4.34 (Ubuntu) OpenSSL/1.1.1 (internal dummy connection)"
103.148.25.242 - - [19/Jun/2025:20:58:41 +0200] "GET /wordpress/wp-admin/setup-config.php?step=1 HTTP/1.1" 404 1499 "-" "Apache/2.4.34 (Ubuntu) OpenSSL/1.1.1 (internal dummy connection)"
18.97.14.82 - - [19/Jun/2025:21:00:02 +0200] "GET /a/cres-34/10-Entreprise%20de%20peinture%20-34 HTTP/1.1" 200 11420 "-" "CCBot/2.0 (https://commoncrawl.org/faq/)"
18.97.14.82 - - [19/Jun/2025:21:07:05 +0200] "GET /saint-gely-du-fesc-34 HTTP/1.1" 200 9695 "-" "CCBot/2.0 (https://commoncrawl.org/faq/)"
18.97.14.82 - - [19/Jun/2025:21:12:44 +0200] "GET /juvignac-34 HTTP/1.1" 200 10439 "-" "CCBot/2.0 (https://commoncrawl.org/faq/)"
18.97.14.82 - - [19/Jun/2025:21:20:32 +0200] "GET /villeneuve-les-maguelone-34 HTTP/1.1" 200 9703 "-" "CCBot/2.0 (https://commoncrawl.org/faq/)"
54.36.148.85 - - [19/Jun/2025:21:23:36 +0200] "GET / HTTP/1.1" 200 9719 "-" "Mozilla/5.0 (compatible; AhrefsBot/7.0; +http://ahrefs.com/robot/)"
202.8.42.155 - - [19/Jun/2025:21:23:37 +0200] "GET /templates/neutre/css/template.css HTTP/1.1" 200 68836 "http://www.entrerprisedepeinturemontpellier.com/" "Mozilla/5.0 (compatible; AhrefsBot/7.0; +http://ahrefs.com/robot/)"
18.97.14.82 - - [19/Jun/2025:21:24:20 +0200] "GET /saint-clement-de-riviere-34 HTTP/1.1" 200 9633 "-" "CCBot/2.0 (https://commoncrawl.org/faq/)"
87.236.176.62 - - [19/Jun/2025:21:25:08 +0200] "GET / HTTP/1.1" 301 256 "-" "Mozilla/5.0 (compatible; InternetMeasurement/1.0; +https://internet-measurement.com/)"
87.236.176.62 - - [19/Jun/2025:21:25:08 +0200] "GET / HTTP/1.1" 200 9664 "http://entrerprisedepeinturemontpellier.com" "Mozilla/5.0 (compatible; InternetMeasurement/1.0; +https://internet-measurement.com/)"
185.247.137.88 - - [19/Jun/2025:21:25:09 +0200] "GET /favicon.ico HTTP/1.1" 404 1490 "-" "Mozilla/5.0 (compatible; InternetMeasurement/1.0; +https://internet-measurement.com/)"
167.99.234.119 - - [19/Jun/2025:21:25:09 +0200] "GET /favicon.ico HTTP/1.1" 404 1490 "-" "Mozilla/5.0 (compatible; InternetMeasurement/1.0; +https://internet-measurement.com/)"
18.97.14.82 - - [19/Jun/2025:21:27:13 +0200] "GET /component/mailto/?tmpl=component&template=neutre&link=fdfe5a5eb04d403ef72b23b37e328a12adfc7d7d HTTP/1.1" 200 1338 "-" "CCBot/2.0 (https://commoncrawl.org/faq/)"
18.97.14.82 - - [19/Jun/2025:21:30:37 +0200] "GET /frontignan-34 HTTP/1.1" 200 9674 "-" "CCBot/2.0 (https://commoncrawl.org/faq/)"
18.97.14.82 - - [19/Jun/2025:21:31:33 +0200] "GET /selection-web HTTP/1.1" 200 5614 "-" "CCBot/2.0 (https://commoncrawl.org/faq/)"
185.191.171.3 - - [19/Jun/2025:21:31:51 +0200] "GET /robots.txt HTTP/1.1" 200 916 "-" "Mozilla/5.0 (compatible; SemrushBot/7~bl; +http://www.semrush.com/bot.html)"
185.191.171.10 - - [19/Jun/2025:21:31:52 +0200] "GET /lattes-34/10-Entreprise%20de%20peinture%20-34 HTTP/1.1" 200 11517 "-" "Mozilla/5.0 (compatible; SemrushBot/7~bl; +http://www.semrush.com/bot.html)"
66.249.66.4 - - [19/Jun/2025:21:40:58 +0200] "GET /utility/ueditor/net?action=catchimage HTTP/1.1" 301 283 "-" "Mozilla/5.0 (Linux; Android 6.0.1; Nexus 5X Build/MMB29P) AppleWebKit/537.36 (KHTML, like Gecko) Chrome/137.0.7151.103 Mobile Safari/537.36 (compatible; Googlebot/2.1; +http://www.google.com/bot.html)"
66.249.66.192 - - [19/Jun/2025:21:40:59 +0200] "GET /index.php?action=catchimage HTTP/1.1" 200 9720 "-" "Mozilla/5.0 (Linux; Android 6.0.1; Nexus 5X Build/MMB29P) AppleWebKit/537.36 (KHTML, like Gecko) Chrome/137.0.7151.103 Mobile Safari/537.36 (compatible; Googlebot/2.1; +http://www.google.com/bot.html)"
85.208.96.206 - - [19/Jun/2025:21:41:56 +0200] "GET /a/gignac-34 HTTP/1.1" 200 9615 "-" "Mozilla/5.0 (compatible; SemrushBot/7~bl; +http://www.semrush.com/bot.html)"
114.119.142.156 - - [19/Jun/2025:22:17:01 +0200] "GET /a/pignan-34/13-traitement/49-envoi-commentaire?tmpl=component&print=1&page HTTP/1.1" 200 1072 "http://www.entrerprisedepeinturemontpellier.com/a/pignan-34/13-traitement/49-envoi-commentaire" "Mozilla/5.0 (Linux; Android 7.0;) AppleWebKit/537.36 (KHTML, like Gecko) Mobile Safari/537.36 (compatible; PetalBot;+https://webmaster.petalsearch.com/site/petalbot)"
85.208.96.194 - - [19/Jun/2025:22:21:46 +0200] "GET /agde-34/13-traitement HTTP/1.1" 200 6089 "-" "Mozilla/5.0 (compatible; SemrushBot/7~bl; +http://www.semrush.com/bot.html)"
85.208.96.205 - - [19/Jun/2025:22:23:10 +0200] "GET /clapiers-34/10-Entreprise%20de%20peinture%20-34 HTTP/1.1" 200 11438 "-" "Mozilla/5.0 (compatible; SemrushBot/7~bl; +http://www.semrush.com/bot.html)"
66.249.66.200 - - [19/Jun/2025:22:43:20 +0200] "GET /a/clapiers-34 HTTP/1.1" 200 9616 "-" "Mozilla/5.0 (Linux; Android 6.0.1; Nexus 5X Build/MMB29P) AppleWebKit/537.36 (KHTML, like Gecko) Chrome/137.0.7151.103 Mobile Safari/537.36 (compatible; Googlebot/2.1; +http://www.google.com/bot.html)"
85.208.96.209 - - [19/Jun/2025:22:45:44 +0200] "GET /robots.txt HTTP/1.1" 200 916 "-" "Mozilla/5.0 (compatible; SemrushBot/7~bl; +http://www.semrush.com/bot.html)"
185.191.171.7 - - [19/Jun/2025:22:45:44 +0200] "GET /a/sete-34/10-Entreprise%20de%20peinture%20-34 HTTP/1.1" 200 11421 "-" "Mozilla/5.0 (compatible; SemrushBot/7~bl; +http://www.semrush.com/bot.html)"
66.249.66.192 - - [19/Jun/2025:23:02:55 +0200] "GET /selection-web/60-D%C3%A9molition?tmpl=component&print=1&layout=default&page= HTTP/1.1" 200 972 "-" "Mozilla/5.0 (Linux; Android 6.0.1; Nexus 5X Build/MMB29P) AppleWebKit/537.36 (KHTML, like Gecko) Chrome/137.0.7151.103 Mobile Safari/537.36 (compatible; Googlebot/2.1; +http://www.google.com/bot.html)"
208.100.26.247 - - [19/Jun/2025:23:03:15 +0200] "GET / HTTP/1.1" 200 9719 "-" "Mozilla/5.0 (compatible; MSIE 10.0; Windows NT 6.3; WOW64; Trident/6.0)"
43.130.139.177 - - [19/Jun/2025:23:09:17 +0200] "GET / HTTP/1.1" 301 256 "-" "Mozilla/5.0 (iPhone; CPU iPhone OS 13_2_3 like Mac OS X) AppleWebKit/605.1.15 (KHTML, like Gecko) Version/13.0.3 Mobile/15E148 Safari/604.1"
43.130.139.177 - - [19/Jun/2025:23:09:18 +0200] "GET / HTTP/1.1" 200 9664 "http://entrerprisedepeinturemontpellier.com" "Mozilla/5.0 (iPhone; CPU iPhone OS 13_2_3 like Mac OS X) AppleWebKit/605.1.15 (KHTML, like Gecko) Version/13.0.3 Mobile/15E148 Safari/604.1"
66.249.66.200 - - [19/Jun/2025:23:10:33 +0200] "GET / HTTP/1.1" 200 9664 "-" "Mozilla/5.0 (Linux; Android 6.0.1; Nexus 5X Build/MMB29P) AppleWebKit/537.36 (KHTML, like Gecko) Chrome/137.0.7151.103 Mobile Safari/537.36 (compatible; Googlebot/2.1; +http://www.google.com/bot.html)"
85.208.96.210 - - [19/Jun/2025:23:15:00 +0200] "GET /prestations/peinture-decorative/18-savoir-faire HTTP/1.1" 200 7659 "-" "Mozilla/5.0 (compatible; SemrushBot/7~bl; +http://www.semrush.com/bot.html)"
54.36.148.190 - - [19/Jun/2025:23:19:29 +0200] "GET /index.php?option=com_xmap&view=xml&tmpl=component&id=1 HTTP/1.1" 200 1568 "-" "Mozilla/5.0 (compatible; AhrefsBot/7.0; +http://ahrefs.com/robot/)"
185.191.171.8 - - [19/Jun/2025:23:19:53 +0200] "GET /a/cournonterral-34 HTTP/1.1" 200 9618 "-" "Mozilla/5.0 (compatible; SemrushBot/7~bl; +http://www.semrush.com/bot.html)"
66.249.66.193 - - [19/Jun/2025:23:21:27 +0200] "GET /cres-34 HTTP/1.1" 200 9669 "-" "Mozilla/5.0 (Linux; Android 6.0.1; Nexus 5X Build/MMB29P) AppleWebKit/537.36 (KHTML, like Gecko) Chrome/137.0.7151.103 Mobile Safari/537.36 (compatible; Googlebot/2.1; +http://www.google.com/bot.html)"
43.166.245.250 - - [19/Jun/2025:23:24:03 +0200] "GET /serignan-34 HTTP/1.1" 200 9678 "-" "Mozilla/5.0 (iPhone; CPU iPhone OS 13_2_3 like Mac OS X) AppleWebKit/605.1.15 (KHTML, like Gecko) Version/13.0.3 Mobile/15E148 Safari/604.1"
34.61.115.219 - - [19/Jun/2025:23:26:12 +0200] "HEAD /wordpress HTTP/1.1" 301 - "-" "Mozilla/5.0 (Windows NT 10.0; Win64; x64) AppleWebKit/537.36 (KHTML, like Gecko) Chrome/74.0.3729.169 Safari/537.36"
34.61.115.219 - - [19/Jun/2025:23:26:12 +0200] "HEAD /index.php HTTP/1.1" 200 - "http://entrerprisedepeinturemontpellier.com/wordpress" "Mozilla/5.0 (Windows NT 10.0; Win64; x64) AppleWebKit/537.36 (KHTML, like Gecko) Chrome/74.0.3729.169 Safari/537.36"
34.61.115.219 - - [19/Jun/2025:23:26:13 +0200] "HEAD / HTTP/1.1" 301 - "-" "Mozilla/5.0 (Windows NT 10.0; Win64; x64) AppleWebKit/537.36 (KHTML, like Gecko) Chrome/74.0.3729.169 Safari/537.36"
34.61.115.219 - - [19/Jun/2025:23:26:13 +0200] "HEAD / HTTP/1.1" 200 - "http://entrerprisedepeinturemontpellier.com/" "Mozilla/5.0 (Windows NT 10.0; Win64; x64) AppleWebKit/537.36 (KHTML, like Gecko) Chrome/74.0.3729.169 Safari/537.36"
34.61.115.219 - - [19/Jun/2025:23:26:13 +0200] "HEAD /wp HTTP/1.1" 301 - "-" "Mozilla/5.0 (Windows NT 10.0; Win64; x64) AppleWebKit/537.36 (KHTML, like Gecko) Chrome/74.0.3729.169 Safari/537.36"
34.61.115.219 - - [19/Jun/2025:23:26:13 +0200] "HEAD /index.php HTTP/1.1" 200 - "http://entrerprisedepeinturemontpellier.com/wp" "Mozilla/5.0 (Windows NT 10.0; Win64; x64) AppleWebKit/537.36 (KHTML, like Gecko) Chrome/74.0.3729.169 Safari/537.36"
34.61.115.219 - - [19/Jun/2025:23:26:13 +0200] "HEAD /bc HTTP/1.1" 301 - "-" "Mozilla/5.0 (Windows NT 10.0; Win64; x64) AppleWebKit/537.36 (KHTML, like Gecko) Chrome/74.0.3729.169 Safari/537.36"
34.61.115.219 - - [19/Jun/2025:23:26:13 +0200] "HEAD /index.php HTTP/1.1" 200 - "http://entrerprisedepeinturemontpellier.com/bc" "Mozilla/5.0 (Windows NT 10.0; Win64; x64) AppleWebKit/537.36 (KHTML, like Gecko) Chrome/74.0.3729.169 Safari/537.36"
34.61.115.219 - - [19/Jun/2025:23:26:14 +0200] "HEAD /bk HTTP/1.1" 301 - "-" "Mozilla/5.0 (Windows NT 10.0; Win64; x64) AppleWebKit/537.36 (KHTML, like Gecko) Chrome/74.0.3729.169 Safari/537.36"
34.61.115.219 - - [19/Jun/2025:23:26:14 +0200] "HEAD /index.php HTTP/1.1" 200 - "http://entrerprisedepeinturemontpellier.com/bk" "Mozilla/5.0 (Windows NT 10.0; Win64; x64) AppleWebKit/537.36 (KHTML, like Gecko) Chrome/74.0.3729.169 Safari/537.36"
34.61.115.219 - - [19/Jun/2025:23:26:14 +0200] "HEAD /backup HTTP/1.1" 301 - "-" "Mozilla/5.0 (Windows NT 10.0; Win64; x64) AppleWebKit/537.36 (KHTML, like Gecko) Chrome/74.0.3729.169 Safari/537.36"
34.61.115.219 - - [19/Jun/2025:23:26:14 +0200] "HEAD /index.php HTTP/1.1" 200 - "http://entrerprisedepeinturemontpellier.com/backup" "Mozilla/5.0 (Windows NT 10.0; Win64; x64) AppleWebKit/537.36 (KHTML, like Gecko) Chrome/74.0.3729.169 Safari/537.36"
34.61.115.219 - - [19/Jun/2025:23:26:15 +0200] "HEAD /old HTTP/1.1" 301 - "-" "Mozilla/5.0 (Windows NT 10.0; Win64; x64) AppleWebKit/537.36 (KHTML, like Gecko) Chrome/74.0.3729.169 Safari/537.36"
34.61.115.219 - - [19/Jun/2025:23:26:15 +0200] "HEAD /index.php HTTP/1.1" 200 - "http://entrerprisedepeinturemontpellier.com/old" "Mozilla/5.0 (Windows NT 10.0; Win64; x64) AppleWebKit/537.36 (KHTML, like Gecko) Chrome/74.0.3729.169 Safari/537.36"
34.61.115.219 - - [19/Jun/2025:23:26:15 +0200] "HEAD /new HTTP/1.1" 301 - "-" "Mozilla/5.0 (Windows NT 10.0; Win64; x64) AppleWebKit/537.36 (KHTML, like Gecko) Chrome/74.0.3729.169 Safari/537.36"
34.61.115.219 - - [19/Jun/2025:23:26:15 +0200] "HEAD /index.php HTTP/1.1" 200 - "http://entrerprisedepeinturemontpellier.com/new" "Mozilla/5.0 (Windows NT 10.0; Win64; x64) AppleWebKit/537.36 (KHTML, like Gecko) Chrome/74.0.3729.169 Safari/537.36"
34.61.115.219 - - [19/Jun/2025:23:26:15 +0200] "HEAD /main HTTP/1.1" 301 - "-" "Mozilla/5.0 (Windows NT 10.0; Win64; x64) AppleWebKit/537.36 (KHTML, like Gecko) Chrome/74.0.3729.169 Safari/537.36"
34.61.115.219 - - [19/Jun/2025:23:26:16 +0200] "HEAD /index.php HTTP/1.1" 200 - "http://entrerprisedepeinturemontpellier.com/main" "Mozilla/5.0 (Windows NT 10.0; Win64; x64) AppleWebKit/537.36 (KHTML, like Gecko) Chrome/74.0.3729.169 Safari/537.36"
34.61.115.219 - - [19/Jun/2025:23:26:16 +0200] "HEAD /home HTTP/1.1" 301 - "-" "Mozilla/5.0 (Windows NT 10.0; Win64; x64) AppleWebKit/537.36 (KHTML, like Gecko) Chrome/74.0.3729.169 Safari/537.36"
34.61.115.219 - - [19/Jun/2025:23:26:16 +0200] "HEAD /index.php HTTP/1.1" 200 - "http://entrerprisedepeinturemontpellier.com/home" "Mozilla/5.0 (Windows NT 10.0; Win64; x64) AppleWebKit/537.36 (KHTML, like Gecko) Chrome/74.0.3729.169 Safari/537.36"
66.249.66.200 - - [19/Jun/2025:23:27:16 +0200] "GET /templates/neutre/script.responsive.js HTTP/1.1" 200 15616 "http://www.entrerprisedepeinturemontpellier.com/cres-34" "Mozilla/5.0 (Linux; Android 6.0.1; Nexus 5X Build/MMB29P) AppleWebKit/537.36 (KHTML, like Gecko) Chrome/137.0.7151.68 Mobile Safari/537.36 (compatible; Googlebot/2.1; +http://www.google.com/bot.html)"
170.106.180.153 - - [19/Jun/2025:23:32:33 +0200] "GET /balaruc-les-bains-34 HTTP/1.1" 200 9693 "-" "Mozilla/5.0 (iPhone; CPU iPhone OS 13_2_3 like Mac OS X) AppleWebKit/605.1.15 (KHTML, like Gecko) Version/13.0.3 Mobile/15E148 Safari/604.1"
66.249.66.192 - - [19/Jun/2025:23:37:48 +0200] "GET / HTTP/1.1" 200 9664 "-" "Mozilla/5.0 (Linux; Android 6.0.1; Nexus 5X Build/MMB29P) AppleWebKit/537.36 (KHTML, like Gecko) Chrome/137.0.7151.103 Mobile Safari/537.36 (compatible; Googlebot/2.1; +http://www.google.com/bot.html)"
170.205.30.108 - - [19/Jun/2025:23:37:51 +0200] "GET /gdftps.php HTTP/1.1" 301 265 "-" "Mozlila/5.0 (Linux; Android 7.0; SM-G892A Bulid/NRD90M; wv) AppleWebKit/537.36 (KHTML, like Gecko) Version/4.0 Chrome/60.0.3112.107 Moblie Safari/537.36"
170.205.30.108 - - [19/Jun/2025:23:37:55 +0200] "GET /index.php HTTP/1.1" 200 9667 "-" "Mozlila/5.0 (Linux; Android 7.0; SM-G892A Bulid/NRD90M; wv) AppleWebKit/537.36 (KHTML, like Gecko) Version/4.0 Chrome/60.0.3112.107 Moblie Safari/537.36"
170.205.30.108 - - [19/Jun/2025:23:37:59 +0200] "GET /userfuns.php HTTP/1.1" 301 265 "-" "Mozlila/5.0 (Linux; Android 7.0; SM-G892A Bulid/NRD90M; wv) AppleWebKit/537.36 (KHTML, like Gecko) Version/4.0 Chrome/60.0.3112.107 Moblie Safari/537.36"
170.205.30.108 - - [19/Jun/2025:23:38:02 +0200] "GET /index.php HTTP/1.1" 200 9667 "-" "Mozlila/5.0 (Linux; Android 7.0; SM-G892A Bulid/NRD90M; wv) AppleWebKit/537.36 (KHTML, like Gecko) Version/4.0 Chrome/60.0.3112.107 Moblie Safari/537.36"
40.77.167.60 - - [19/Jun/2025:23:38:53 +0200] "GET /a/clermont-l-herault-34/13-traitement/49-envoi-commentaire?tmpl=component&print=1 HTTP/1.1" 200 1080 "-" "Mozilla/5.0 AppleWebKit/537.36 (KHTML, like Gecko; compatible; bingbot/2.0; +http://www.bing.com/bingbot.htm) Chrome/116.0.1938.76 Safari/537.36"
43.166.136.202 - - [19/Jun/2025:23:44:13 +0200] "GET /lattes-34 HTTP/1.1" 200 9678 "-" "Mozilla/5.0 (iPhone; CPU iPhone OS 13_2_3 like Mac OS X) AppleWebKit/605.1.15 (KHTML, like Gecko) Version/13.0.3 Mobile/15E148 Safari/604.1"
114.119.142.156 - - [19/Jun/2025:23:46:16 +0200] "GET /a/montpellier-34 HTTP/1.1" 200 9624 "http://www.entrerprisedepeinturemontpellier.com/a/montpellier-34" "Mozilla/5.0 (Linux; Android 7.0;) AppleWebKit/537.36 (KHTML, like Gecko) Mobile Safari/537.36 (compatible; PetalBot;+https://webmaster.petalsearch.com/site/petalbot)"
43.130.105.21 - - [19/Jun/2025:23:53:58 +0200] "GET /prestations/pose-d-un-enduit-takelakt HTTP/1.1" 200 5318 "-" "Mozilla/5.0 (iPhone; CPU iPhone OS 13_2_3 like Mac OS X) AppleWebKit/605.1.15 (KHTML, like Gecko) Version/13.0.3 Mobile/15E148 Safari/604.1"
43.157.147.3 - - [20/Jun/2025:00:02:15 +0200] "GET /frontignan-34 HTTP/1.1" 200 9674 "-" "Mozilla/5.0 (iPhone; CPU iPhone OS 13_2_3 like Mac OS X) AppleWebKit/605.1.15 (KHTML, like Gecko) Version/13.0.3 Mobile/15E148 Safari/604.1"
185.191.171.8 - - [20/Jun/2025:00:03:49 +0200] "GET /robots.txt HTTP/1.1" 200 916 "-" "Mozilla/5.0 (compatible; SemrushBot/7~bl; +http://www.semrush.com/bot.html)"
185.191.171.16 - - [20/Jun/2025:00:03:49 +0200] "GET /castelnau-le-lez-34 HTTP/1.1" 200 9687 "-" "Mozilla/5.0 (compatible; SemrushBot/7~bl; +http://www.semrush.com/bot.html)"
17.241.227.155 - - [20/Jun/2025:00:14:12 +0200] "GET /montpellier-34 HTTP/1.1" 200 9686 "-" "Mozilla/5.0 (Macintosh; Intel Mac OS X 10_15_7) AppleWebKit/605.1.15 (KHTML, like Gecko) Version/17.4 Safari/605.1.15 (Applebot/0.1; +http://www.apple.com/go/applebot)"
43.131.243.61 - - [20/Jun/2025:00:14:40 +0200] "GET /meze-34 HTTP/1.1" 200 9673 "-" "Mozilla/5.0 (iPhone; CPU iPhone OS 13_2_3 like Mac OS X) AppleWebKit/605.1.15 (KHTML, like Gecko) Version/13.0.3 Mobile/15E148 Safari/604.1"
43.153.79.218 - - [20/Jun/2025:00:14:51 +0200] "GET / HTTP/1.1" 200 9718 "-" "Mozilla/5.0 (iPhone; CPU iPhone OS 13_2_3 like Mac OS X) AppleWebKit/605.1.15 (KHTML, like Gecko) Version/13.0.3 Mobile/15E148 Safari/604.1"
43.130.47.33 - - [20/Jun/2025:00:24:25 +0200] "GET /a/serignan-34?tmpl=component&print=1&page= HTTP/1.1" 200 4919 "-" "Mozilla/5.0 (iPhone; CPU iPhone OS 13_2_3 like Mac OS X) AppleWebKit/605.1.15 (KHTML, like Gecko) Version/13.0.3 Mobile/15E148 Safari/604.1"
35.233.134.144 - - [20/Jun/2025:00:28:09 +0200] "HEAD /wordpress HTTP/1.1" 404 - "-" "Mozilla/5.0 (Windows NT 10.0; Win64; x64) AppleWebKit/537.36 (KHTML, like Gecko) Chrome/74.0.3729.169 Safari/537.36"
35.233.134.144 - - [20/Jun/2025:00:28:09 +0200] "HEAD / HTTP/1.1" 200 - "-" "Mozilla/5.0 (Windows NT 10.0; Win64; x64) AppleWebKit/537.36 (KHTML, like Gecko) Chrome/74.0.3729.169 Safari/537.36"
35.233.134.144 - - [20/Jun/2025:00:28:09 +0200] "HEAD /wp HTTP/1.1" 404 - "-" "Mozilla/5.0 (Windows NT 10.0; Win64; x64) AppleWebKit/537.36 (KHTML, like Gecko) Chrome/74.0.3729.169 Safari/537.36"
35.233.134.144 - - [20/Jun/2025:00:28:10 +0200] "HEAD /bc HTTP/1.1" 404 - "-" "Mozilla/5.0 (Windows NT 10.0; Win64; x64) AppleWebKit/537.36 (KHTML, like Gecko) Chrome/74.0.3729.169 Safari/537.36"
35.233.134.144 - - [20/Jun/2025:00:28:10 +0200] "HEAD /bk HTTP/1.1" 404 - "-" "Mozilla/5.0 (Windows NT 10.0; Win64; x64) AppleWebKit/537.36 (KHTML, like Gecko) Chrome/74.0.3729.169 Safari/537.36"
35.233.134.144 - - [20/Jun/2025:00:28:10 +0200] "HEAD /backup HTTP/1.1" 404 - "-" "Mozilla/5.0 (Windows NT 10.0; Win64; x64) AppleWebKit/537.36 (KHTML, like Gecko) Chrome/74.0.3729.169 Safari/537.36"
35.233.134.144 - - [20/Jun/2025:00:28:11 +0200] "HEAD /old HTTP/1.1" 404 - "-" "Mozilla/5.0 (Windows NT 10.0; Win64; x64) AppleWebKit/537.36 (KHTML, like Gecko) Chrome/74.0.3729.169 Safari/537.36"
35.233.134.144 - - [20/Jun/2025:00:28:11 +0200] "HEAD /new HTTP/1.1" 404 - "-" "Mozilla/5.0 (Windows NT 10.0; Win64; x64) AppleWebKit/537.36 (KHTML, like Gecko) Chrome/74.0.3729.169 Safari/537.36"
35.233.134.144 - - [20/Jun/2025:00:28:11 +0200] "HEAD /main HTTP/1.1" 404 - "-" "Mozilla/5.0 (Windows NT 10.0; Win64; x64) AppleWebKit/537.36 (KHTML, like Gecko) Chrome/74.0.3729.169 Safari/537.36"
35.233.134.144 - - [20/Jun/2025:00:28:12 +0200] "HEAD /home HTTP/1.1" 404 - "-" "Mozilla/5.0 (Windows NT 10.0; Win64; x64) AppleWebKit/537.36 (KHTML, like Gecko) Chrome/74.0.3729.169 Safari/537.36"
114.119.142.156 - - [20/Jun/2025:00:31:00 +0200] "GET /component/mailto?tmpl=component&template=neutre&link=6c22ad10baeeb0b6b5e89d1be1ed8df22317aba2 HTTP/1.1" 200 1339 "http://www.entrerprisedepeinturemontpellier.com/a/balaruc-les-bains-34/13-traitement/49-envoi-commentaire" "Mozilla/5.0 (Linux; Android 7.0;) AppleWebKit/537.36 (KHTML, like Gecko) Mobile Safari/537.36 (compatible; PetalBot;+https://webmaster.petalsearch.com/site/petalbot)"
43.163.206.70 - - [20/Jun/2025:00:33:19 +0200] "GET /component/mailto/?tmpl=component&template=neutre&link=126f81ba976049f99406cb6e668914e8bb8d65c7 HTTP/1.1" 200 1342 "-" "Mozilla/5.0 (iPhone; CPU iPhone OS 13_2_3 like Mac OS X) AppleWebKit/605.1.15 (KHTML, like Gecko) Version/13.0.3 Mobile/15E148 Safari/604.1"
