138.246.239.98 - - [22/Jun/2025:03:57:22 +0200] "GET /robots.txt HTTP/1.1" 200 916 "-" "Owler (ows.eu/owler)"
138.246.239.98 - - [22/Jun/2025:03:57:22 +0200] "GET /blog/88-la-location-d-une-benne-un-service-pratique HTTP/1.1" 200 7813 "-" "Owler (ows.eu/owler)"
185.26.150.103 - - [22/Jun/2025:03:57:41 +0200] "GET /wp-login.php HTTP/1.1" 301 265 "http://entrerprisedepeinturemontpellier.com" "Mozilla/5.0 (Macintosh; Intel Mac OS X 10_15_7) AppleWebKit/537.36 (KHTML, like Gecko) Chrome/126.0.0.0 Safari/537.36"
185.26.150.103 - - [22/Jun/2025:03:57:41 +0200] "GET /index.php HTTP/1.1" 200 9721 "http://entrerprisedepeinturemontpellier.com" "Mozilla/5.0 (Macintosh; Intel Mac OS X 10_15_7) AppleWebKit/537.36 (KHTML, like Gecko) Chrome/126.0.0.0 Safari/537.36"
66.249.66.193 - - [22/Jun/2025:04:00:55 +0200] "GET /robots.txt HTTP/1.1" 200 916 "-" "Mozilla/5.0 (compatible; Googlebot/2.1; +http://www.google.com/bot.html)"
66.249.66.200 - - [22/Jun/2025:04:00:56 +0200] "GET / HTTP/1.1" 200 9664 "-" "Mozilla/5.0 (Linux; Android 6.0.1; Nexus 5X Build/MMB29P) AppleWebKit/537.36 (KHTML, like Gecko) Chrome/137.0.7151.103 Mobile Safari/537.36 (compatible; Googlebot/2.1; +http://www.google.com/bot.html)"
66.249.66.200 - - [22/Jun/2025:04:00:59 +0200] "GET /plugins/system/jcemediabox/themes/light/tooltip.html HTTP/1.1" 200 958 "http://www.entrerprisedepeinturemontpellier.com/" "Mozilla/5.0 (Linux; Android 6.0.1; Nexus 5X Build/MMB29P) AppleWebKit/537.36 (KHTML, like Gecko) Chrome/137.0.7151.68 Mobile Safari/537.36 (compatible; Googlebot/2.1; +http://www.google.com/bot.html)"
66.249.66.193 - - [22/Jun/2025:04:00:59 +0200] "GET /plugins/system/jcemediabox/themes/light/popup.html HTTP/1.1" 200 1093 "http://www.entrerprisedepeinturemontpellier.com/" "Mozilla/5.0 (Linux; Android 6.0.1; Nexus 5X Build/MMB29P) AppleWebKit/537.36 (KHTML, like Gecko) Chrome/137.0.7151.68 Mobile Safari/537.36 (compatible; Googlebot/2.1; +http://www.google.com/bot.html)"
185.220.101.37 - - [22/Jun/2025:04:09:38 +0200] "GET / HTTP/1.1" 200 30104 "http://www.entrerprisedepeinturemontpellier.com" "Mozilla/5.0 (Windows NT 10.0; WOW64) AppleWebKit/537.36 (KHTML, like Gecko) Chrome/84.0.4138.0 Safari/537.36"
66.249.66.192 - - [22/Jun/2025:04:24:29 +0200] "GET / HTTP/1.1" 200 9718 "-" "Mozilla/5.0 (Linux; Android 6.0.1; Nexus 5X Build/MMB29P) AppleWebKit/537.36 (KHTML, like Gecko) Chrome/137.0.7151.103 Mobile Safari/537.36 (compatible; Googlebot/2.1; +http://www.google.com/bot.html)"
66.249.66.192 - - [22/Jun/2025:04:24:35 +0200] "GET /templates/system/css/system.css HTTP/1.1" 200 896 "http://www.entrerprisedepeinturemontpellier.com/" "Mozilla/5.0 (Linux; Android 6.0.1; Nexus 5X Build/MMB29P) AppleWebKit/537.36 (KHTML, like Gecko) Chrome/137.0.7151.68 Mobile Safari/537.36 (compatible; Googlebot/2.1; +http://www.google.com/bot.html)"
66.249.66.192 - - [22/Jun/2025:04:24:35 +0200] "GET /qrcode/qrcode.js HTTP/1.1" 200 32907 "http://www.entrerprisedepeinturemontpellier.com/" "Mozilla/5.0 (Linux; Android 6.0.1; Nexus 5X Build/MMB29P) AppleWebKit/537.36 (KHTML, like Gecko) Chrome/137.0.7151.68 Mobile Safari/537.36 (compatible; Googlebot/2.1; +http://www.google.com/bot.html)"
66.249.66.192 - - [22/Jun/2025:04:32:40 +0200] "GET /cres-34 HTTP/1.1" 200 9670 "-" "Mozilla/5.0 (Linux; Android 6.0.1; Nexus 5X Build/MMB29P) AppleWebKit/537.36 (KHTML, like Gecko) Chrome/137.0.7151.103 Mobile Safari/537.36 (compatible; Googlebot/2.1; +http://www.google.com/bot.html)"
110.172.98.2 - - [22/Jun/2025:04:43:20 +0200] "GET / HTTP/1.1" 301 256 "-" "Mozilla/5.0 (Windows NT 10.0; Win64; x64) AppleWebKit/537.36 (KHTML, like Gecko) Chrome/79.0.3945.130 Safari/537.36"
114.119.141.27 - - [22/Jun/2025:04:44:18 +0200] "GET /prestations/peinture-decorative?tmpl=component&print=1&page HTTP/1.1" 200 1521 "http://www.entrerprisedepeinturemontpellier.com/prestations/peinture-decorative" "Mozilla/5.0 (Linux; Android 7.0;) AppleWebKit/537.36 (KHTML, like Gecko) Mobile Safari/537.36 (compatible; PetalBot;+https://webmaster.petalsearch.com/site/petalbot)"
114.119.134.159 - - [22/Jun/2025:04:45:42 +0200] "GET /a/juvignac-34/13-traitement/49-envoi-commentaire HTTP/1.1" 200 5916 "http://www.entrerprisedepeinturemontpellier.com/a/juvignac-34/13-traitement" "Mozilla/5.0 (Linux; Android 7.0;) AppleWebKit/537.36 (KHTML, like Gecko) Mobile Safari/537.36 (compatible; PetalBot;+https://webmaster.petalsearch.com/site/petalbot)"
186.179.62.237 - - [22/Jun/2025:04:57:21 +0200] "GET / HTTP/1.1" 200 9719 "-" "Mozilla/5.0 (Linux x86_64; rv:114.0) Gecko/20100101 Firefox/114.0"
186.179.62.237 - - [22/Jun/2025:04:57:22 +0200] "POST /index.php?option=com_content&view=article&id=49 HTTP/1.1" 200 4763 "http://www.entrerprisedepeinturemontpellier.com/" "Mozilla/5.0 (Linux x86_64; rv:114.0) Gecko/20100101 Firefox/114.0"
69.171.249.3 - - [22/Jun/2025:05:03:34 +0200] "GET /robots.txt HTTP/1.1" 206 916 "-" "facebookexternalhit/1.1 (+http://www.facebook.com/externalhit_uatext.php)"
57.141.0.30 - - [22/Jun/2025:05:03:34 +0200] "GET /index.php?option=com_xmap&view=xml&tmpl=component&id=1 HTTP/1.1" 200 13938 "-" "meta-externalagent/1.1 (+https://developers.facebook.com/docs/sharing/webmasters/crawler)"
69.171.249.7 - - [22/Jun/2025:05:03:36 +0200] "GET /robots.txt HTTP/1.1" 206 916 "-" "facebookexternalhit/1.1 (+http://www.facebook.com/externalhit_uatext.php)"
45.88.97.96 - - [22/Jun/2025:05:07:41 +0200] "GET /wp-login.php HTTP/1.1" 404 1499 "-" "Mozilla/5.0 (Windows NT 10.0; Win64; x64) AppleWebKit/537.36 (KHTML, like Gecko) Chrome/91.0.4472.124 Safari/537.36"
114.119.141.27 - - [22/Jun/2025:05:40:50 +0200] "GET /marseillan-34 HTTP/1.1" 200 9682 "http://www.entrerprisedepeinturemontpellier.com/selection-web/55-Artisan%20du%20b%C3%A2timent" "Mozilla/5.0 (Linux; Android 7.0;) AppleWebKit/537.36 (KHTML, like Gecko) Mobile Safari/537.36 (compatible; PetalBot;+https://webmaster.petalsearch.com/site/petalbot)"
114.119.134.159 - - [22/Jun/2025:05:42:15 +0200] "GET /cournonterral-34/13-traitement HTTP/1.1" 200 6098 "http://www.entrerprisedepeinturemontpellier.com/cournonterral-34/13-traitement/49-envoi-commentaire?tmpl=component&print=1&page" "Mozilla/5.0 (Linux; Android 7.0;) AppleWebKit/537.36 (KHTML, like Gecko) Mobile Safari/537.36 (compatible; PetalBot;+https://webmaster.petalsearch.com/site/petalbot)"
148.251.121.91 - - [22/Jun/2025:05:47:07 +0200] "GET /robots.txt HTTP/1.1" 301 266 "-" "DomainStatsBot/1.0 (https://domainstats.com/pages/our-bot)"
148.251.121.91 - - [22/Jun/2025:05:47:07 +0200] "HEAD / HTTP/1.1" 301 - "-" "DomainStatsBot/1.0 (https://domainstats.com/pages/our-bot)"
148.251.121.91 - - [22/Jun/2025:05:47:07 +0200] "HEAD /HTTP://www.entrerprisedepeinturemontpellier.com/ HTTP/1.1" 301 - "-" "DomainStatsBot/1.0 (https://domainstats.com/pages/our-bot)"
148.251.121.91 - - [22/Jun/2025:05:47:07 +0200] "HEAD /HTTP://www.entrerprisedepeinturemontpellier.com/index.php HTTP/1.1" 301 - "-" "DomainStatsBot/1.0 (https://domainstats.com/pages/our-bot)"
148.251.121.91 - - [22/Jun/2025:05:47:07 +0200] "GET /robots.txt HTTP/1.1" 301 266 "-" "DomainStatsBot/1.0 (https://domainstats.com/pages/our-bot)"
148.251.121.91 - - [22/Jun/2025:05:47:07 +0200] "GET /HTTP://www.entrerprisedepeinturemontpellier.com/index.php HTTP/1.1" 301 265 "-" "DomainStatsBot/1.0 (https://domainstats.com/pages/our-bot)"
148.251.121.91 - - [22/Jun/2025:05:47:07 +0200] "GET /robots.txt HTTP/1.1" 301 266 "-" "DomainStatsBot/1.0 (https://domainstats.com/pages/our-bot)"
148.251.121.91 - - [22/Jun/2025:05:47:07 +0200] "GET /HTTP://www.entrerprisedepeinturemontpellier.com/index.php HTTP/1.1" 301 265 "-" "DomainStatsBot/1.0 (https://domainstats.com/pages/our-bot)"
148.251.121.91 - - [22/Jun/2025:05:47:07 +0200] "GET /robots.txt HTTP/1.1" 301 266 "-" "DomainStatsBot/1.0 (https://domainstats.com/pages/our-bot)"
148.251.121.91 - - [22/Jun/2025:05:47:07 +0200] "GET /HTTP://www.entrerprisedepeinturemontpellier.com/index.php HTTP/1.1" 301 265 "-" "DomainStatsBot/1.0 (https://domainstats.com/pages/our-bot)"
148.251.121.91 - - [22/Jun/2025:05:47:07 +0200] "GET /robots.txt HTTP/1.1" 301 266 "-" "DomainStatsBot/1.0 (https://domainstats.com/pages/our-bot)"
148.251.121.91 - - [22/Jun/2025:05:47:07 +0200] "GET /HTTP://www.entrerprisedepeinturemontpellier.com/index.php HTTP/1.1" 301 265 "-" "DomainStatsBot/1.0 (https://domainstats.com/pages/our-bot)"
4.227.36.127 - - [22/Jun/2025:06:26:08 +0200] "GET /robots.txt HTTP/1.1" 200 916 "-" "Mozilla/5.0 AppleWebKit/537.36 (KHTML, like Gecko; compatible; GPTBot/1.2; +https://openai.com/gptbot)"
20.171.207.218 - - [22/Jun/2025:06:26:08 +0200] "GET /index.php?id=1&option=com_xmap&tmpl=component&view=xml HTTP/1.1" 200 1568 "-" "Mozilla/5.0 AppleWebKit/537.36 (KHTML, like Gecko; compatible; GPTBot/1.2; +https://openai.com/gptbot)"
66.249.66.200 - - [22/Jun/2025:06:45:36 +0200] "GET /a/lunel-34/10-Entreprise%20de%20peinture%20-34?format=feed&type=rss HTTP/1.1" 200 5862 "-" "Mozilla/5.0 (Linux; Android 6.0.1; Nexus 5X Build/MMB29P) AppleWebKit/537.36 (KHTML, like Gecko) Chrome/137.0.7151.103 Mobile Safari/537.36 (compatible; Googlebot/2.1; +http://www.google.com/bot.html)"
66.249.66.192 - - [22/Jun/2025:06:48:12 +0200] "GET /cournonterral-34 HTTP/1.1" 200 9625 "-" "Mozilla/5.0 (Linux; Android 6.0.1; Nexus 5X Build/MMB29P) AppleWebKit/537.36 (KHTML, like Gecko) Chrome/137.0.7151.103 Mobile Safari/537.36 (compatible; Googlebot/2.1; +http://www.google.com/bot.html)"
66.249.66.193 - - [22/Jun/2025:06:48:15 +0200] "GET /media/system/css/system.css HTTP/1.1" 200 1446 "http://www.entrerprisedepeinturemontpellier.com/templates/system/css/system.css" "Mozilla/5.0 (Linux; Android 6.0.1; Nexus 5X Build/MMB29P) AppleWebKit/537.36 (KHTML, like Gecko) Chrome/137.0.7151.68 Mobile Safari/537.36 (compatible; Googlebot/2.1; +http://www.google.com/bot.html)"
51.68.236.71 - - [22/Jun/2025:06:53:05 +0200] "GET /robots.txt HTTP/1.1" 200 916 "-" "Mozilla/5.0 (compatible; MJ12bot/v2.0.2; http://mj12bot.com/)"
51.68.236.71 - - [22/Jun/2025:06:53:05 +0200] "GET / HTTP/1.1" 200 9719 "-" "Mozilla/5.0 (compatible; MJ12bot/v2.0.2; http://mj12bot.com/)"
51.222.253.12 - - [22/Jun/2025:07:05:20 +0200] "GET /robots.txt HTTP/1.1" 200 916 "-" "Mozilla/5.0 (compatible; AhrefsBot/7.0; +http://ahrefs.com/robot/)"
54.36.148.60 - - [22/Jun/2025:07:13:59 +0200] "GET /index.php?option=com_xmap&view=xml&tmpl=component&id=1 HTTP/1.1" 200 1568 "-" "Mozilla/5.0 (compatible; AhrefsBot/7.0; +http://ahrefs.com/robot/)"
147.182.162.166 - - [22/Jun/2025:07:20:12 +0200] "GET / HTTP/1.1" 200 9718 "-" "Mozilla/5.0 (X11; Linux x86_64; rv:137.0) Gecko/20100101 Firefox/137.0"
147.182.162.166 - - [22/Jun/2025:07:20:13 +0200] "GET /favicon.ico HTTP/1.1" 404 1490 "http://www.entrerprisedepeinturemontpellier.com/" "Mozilla/5.0 (X11; Linux x86_64; rv:137.0) Gecko/20100101 Firefox/137.0"
147.182.162.166 - - [22/Jun/2025:07:20:13 +0200] "GET /ads.txt HTTP/1.1" 404 1490 "-" "Mozilla/5.0 (X11; Linux x86_64; rv:137.0) Gecko/20100101 Firefox/137.0"
66.249.66.193 - - [22/Jun/2025:07:29:19 +0200] "GET /cres-34 HTTP/1.1" 200 9670 "-" "Mozilla/5.0 (Linux; Android 6.0.1; Nexus 5X Build/MMB29P) AppleWebKit/537.36 (KHTML, like Gecko) Chrome/137.0.7151.103 Mobile Safari/537.36 (compatible; Googlebot/2.1; +http://www.google.com/bot.html)"
66.249.66.200 - - [22/Jun/2025:07:48:12 +0200] "GET /a/cres-34 HTTP/1.1" 200 9605 "-" "Mozilla/5.0 (Linux; Android 6.0.1; Nexus 5X Build/MMB29P) AppleWebKit/537.36 (KHTML, like Gecko) Chrome/137.0.7151.103 Mobile Safari/537.36 (compatible; Googlebot/2.1; +http://www.google.com/bot.html)"
66.249.66.192 - - [22/Jun/2025:07:48:19 +0200] "GET /templates/neutre/css/template.css HTTP/1.1" 200 68836 "http://www.entrerprisedepeinturemontpellier.com/a/cres-34" "Mozilla/5.0 (Linux; Android 6.0.1; Nexus 5X Build/MMB29P) AppleWebKit/537.36 (KHTML, like Gecko) Chrome/137.0.7151.68 Mobile Safari/537.36 (compatible; Googlebot/2.1; +http://www.google.com/bot.html)"
114.119.143.68 - - [22/Jun/2025:08:01:30 +0200] "GET /saint-georges-d-orques-34/10-Entreprise%20de%20peinture%20-34 HTTP/1.1" 200 11448 "http://www.entrerprisedepeinturemontpellier.com/saint-georges-d-orques-34" "Mozilla/5.0 (Linux; Android 7.0;) AppleWebKit/537.36 (KHTML, like Gecko) Mobile Safari/537.36 (compatible; PetalBot;+https://webmaster.petalsearch.com/site/petalbot)"
40.77.167.157 - - [22/Jun/2025:08:16:58 +0200] "GET /mauguio-34/49-envoi-commentaire?tmpl=component&print=1 HTTP/1.1" 200 1066 "-" "Mozilla/5.0 AppleWebKit/537.36 (KHTML, like Gecko; compatible; bingbot/2.0; +http://www.bing.com/bingbot.htm) Chrome/116.0.1938.76 Safari/537.36"
43.128.156.124 - - [22/Jun/2025:08:53:07 +0200] "GET / HTTP/1.1" 301 256 "-" "Mozilla/5.0 (iPhone; CPU iPhone OS 13_2_3 like Mac OS X) AppleWebKit/605.1.15 (KHTML, like Gecko) Version/13.0.3 Mobile/15E148 Safari/604.1"
43.128.156.124 - - [22/Jun/2025:08:53:09 +0200] "GET / HTTP/1.1" 200 9719 "http://entrerprisedepeinturemontpellier.com" "Mozilla/5.0 (iPhone; CPU iPhone OS 13_2_3 like Mac OS X) AppleWebKit/605.1.15 (KHTML, like Gecko) Version/13.0.3 Mobile/15E148 Safari/604.1"
216.244.66.200 - - [22/Jun/2025:09:03:34 +0200] "GET /robots.txt HTTP/1.1" 200 916 "-" "Mozilla/5.0 (compatible; DotBot/1.2; +https://opensiteexplorer.org/dotbot; help@moz.com)"
49.51.243.95 - - [22/Jun/2025:09:06:44 +0200] "GET /component/mailto/?tmpl=component&template=neutre&link=96f24e417d5902281affb0dbea5400f4b5c490be HTTP/1.1" 200 1337 "-" "Mozilla/5.0 (iPhone; CPU iPhone OS 13_2_3 like Mac OS X) AppleWebKit/605.1.15 (KHTML, like Gecko) Version/13.0.3 Mobile/15E148 Safari/604.1"
216.244.66.200 - - [22/Jun/2025:09:11:05 +0200] "GET /serignan-34 HTTP/1.1" 200 30108 "-" "Mozilla/5.0 (compatible; DotBot/1.2; +https://opensiteexplorer.org/dotbot; help@moz.com)"
43.155.140.157 - - [22/Jun/2025:09:16:15 +0200] "GET /component/search/?format=opensearch HTTP/1.1" 200 432 "-" "Mozilla/5.0 (iPhone; CPU iPhone OS 13_2_3 like Mac OS X) AppleWebKit/605.1.15 (KHTML, like Gecko) Version/13.0.3 Mobile/15E148 Safari/604.1"
216.244.66.200 - - [22/Jun/2025:09:20:45 +0200] "GET /component/mailto/?tmpl=component&template=neutre&link=000498b2e72d2f7265ec78868357ef7c0d5147b2 HTTP/1.1" 200 3478 "-" "Mozilla/5.0 (compatible; DotBot/1.2; +https://opensiteexplorer.org/dotbot; help@moz.com)"
216.244.66.200 - - [22/Jun/2025:09:22:38 +0200] "GET /a/saint-andre-de-sangonis-34/10-Entreprise%20de%20peinture%20-34 HTTP/1.1" 200 79791 "-" "Mozilla/5.0 (compatible; DotBot/1.2; +https://opensiteexplorer.org/dotbot; help@moz.com)"
216.244.66.200 - - [22/Jun/2025:09:22:46 +0200] "GET /a/serignan-34/10-Entreprise%20de%20peinture%20-34 HTTP/1.1" 200 79581 "-" "Mozilla/5.0 (compatible; DotBot/1.2; +https://opensiteexplorer.org/dotbot; help@moz.com)"
216.244.66.200 - - [22/Jun/2025:09:51:52 +0200] "GET /robots.txt HTTP/1.1" 200 916 "-" "Mozilla/5.0 (compatible; DotBot/1.2; +https://opensiteexplorer.org/dotbot; help@moz.com)"
43.153.47.201 - - [22/Jun/2025:09:54:52 +0200] "GET / HTTP/1.1" 200 9719 "-" "Mozilla/5.0 (iPhone; CPU iPhone OS 13_2_3 like Mac OS X) AppleWebKit/605.1.15 (KHTML, like Gecko) Version/13.0.3 Mobile/15E148 Safari/604.1"
216.244.66.200 - - [22/Jun/2025:10:02:49 +0200] "GET /a/marsillargues-34 HTTP/1.1" 200 30089 "-" "Mozilla/5.0 (compatible; DotBot/1.2; +https://opensiteexplorer.org/dotbot; help@moz.com)"
216.244.66.200 - - [22/Jun/2025:10:13:38 +0200] "GET /prestations/application-d-enduit-beton?tmpl=component&print=1&page= HTTP/1.1" 200 3686 "-" "Mozilla/5.0 (compatible; DotBot/1.2; +https://opensiteexplorer.org/dotbot; help@moz.com)"
51.68.107.141 - - [22/Jun/2025:10:30:00 +0200] "GET /robots.txt HTTP/1.1" 301 266 "-" "Mozilla/5.0 (compatible; MJ12bot/v2.0.2; http://mj12bot.com/)"
51.68.107.141 - - [22/Jun/2025:10:30:00 +0200] "GET /robots.txt HTTP/1.1" 200 916 "-" "Mozilla/5.0 (compatible; MJ12bot/v2.0.2; http://mj12bot.com/)"
51.68.107.141 - - [22/Jun/2025:10:30:00 +0200] "GET / HTTP/1.1" 301 256 "-" "Mozilla/5.0 (compatible; MJ12bot/v2.0.2; http://mj12bot.com/)"
51.68.107.141 - - [22/Jun/2025:10:30:00 +0200] "GET / HTTP/1.1" 200 9718 "-" "Mozilla/5.0 (compatible; MJ12bot/v2.0.2; http://mj12bot.com/)"
52.167.144.198 - - [22/Jun/2025:10:44:21 +0200] "GET /component/mailto/?tmpl=component&template=neutre&link=c7feec919437a549d5745a0c95d3b4d6621887d1 HTTP/1.1" 200 1339 "-" "Mozilla/5.0 AppleWebKit/537.36 (KHTML, like Gecko; compatible; bingbot/2.0; +http://www.bing.com/bingbot.htm) Chrome/116.0.1938.76 Safari/537.36"
86.50.228.95 - - [22/Jun/2025:10:50:28 +0200] "GET /robots.txt HTTP/1.1" 200 916 "-" "Owler (ows.eu/owler)"
86.50.228.95 - - [22/Jun/2025:10:50:28 +0200] "GET /serignan-34 HTTP/1.1" 200 9678 "-" "Owler (ows.eu/owler)"
185.191.171.4 - - [22/Jun/2025:11:25:34 +0200] "GET /robots.txt HTTP/1.1" 200 916 "-" "Mozilla/5.0 (compatible; SemrushBot/7~bl; +http://www.semrush.com/bot.html)"
185.191.171.10 - - [22/Jun/2025:11:25:34 +0200] "GET /a/palavas-les-flots-34/10-Entreprise%20de%20peinture%20-34 HTTP/1.1" 200 12240 "-" "Mozilla/5.0 (compatible; SemrushBot/7~bl; +http://www.semrush.com/bot.html)"
216.244.66.200 - - [22/Jun/2025:11:28:26 +0200] "GET /robots.txt HTTP/1.1" 200 916 "-" "Mozilla/5.0 (compatible; DotBot/1.2; +https://opensiteexplorer.org/dotbot; help@moz.com)"
216.244.66.200 - - [22/Jun/2025:11:51:06 +0200] "GET /a/frontignan-34/10-Entreprise%20de%20peinture%20-34 HTTP/1.1" 200 79605 "-" "Mozilla/5.0 (compatible; DotBot/1.2; +https://opensiteexplorer.org/dotbot; help@moz.com)"
46.105.39.50 - - [22/Jun/2025:12:02:32 +0200] "GET /robots.txt HTTP/1.1" 200 916 "-" "Mozilla/5.0 (compatible; MJ12bot/v2.0.2; http://mj12bot.com/)"
46.105.39.50 - - [22/Jun/2025:12:02:32 +0200] "GET / HTTP/1.1" 200 9719 "-" "Mozilla/5.0 (compatible; MJ12bot/v2.0.2; http://mj12bot.com/)"
114.119.133.116 - - [22/Jun/2025:12:38:04 +0200] "GET /selection-web/56-Carreleur?tmpl=component&print=1&layout=default&page HTTP/1.1" 200 970 "http://www.entrerprisedepeinturemontpellier.com/selection-web/56-Carreleur" "Mozilla/5.0 (Linux; Android 7.0;) AppleWebKit/537.36 (KHTML, like Gecko) Mobile Safari/537.36 (compatible; PetalBot;+https://webmaster.petalsearch.com/site/petalbot)"
114.119.133.116 - - [22/Jun/2025:12:39:21 +0200] "GET /a/fabregues-34/13-traitement HTTP/1.1" 200 6095 "http://www.entrerprisedepeinturemontpellier.com/a/fabregues-34/13-traitement/49-envoi-commentaire?tmpl=component&print=1&page" "Mozilla/5.0 (Linux; Android 7.0;) AppleWebKit/537.36 (KHTML, like Gecko) Mobile Safari/537.36 (compatible; PetalBot;+https://webmaster.petalsearch.com/site/petalbot)"
66.249.66.200 - - [22/Jun/2025:12:44:15 +0200] "GET /sete-34 HTTP/1.1" 200 9670 "-" "Mozilla/5.0 (Linux; Android 6.0.1; Nexus 5X Build/MMB29P) AppleWebKit/537.36 (KHTML, like Gecko) Chrome/137.0.7151.103 Mobile Safari/537.36 (compatible; Googlebot/2.1; +http://www.google.com/bot.html)"
87.250.224.35 - - [22/Jun/2025:12:51:43 +0200] "GET /robots.txt HTTP/1.1" 200 916 "-" "Mozilla/5.0 (compatible; YandexBot/3.0; +http://yandex.com/bots)"
213.180.203.2 - - [22/Jun/2025:12:51:43 +0200] "GET /index.php?option=com_xmap&view=xml&tmpl=component&id=1 HTTP/1.1" 200 1568 "-" "Mozilla/5.0 (compatible; YandexBot/3.0; +http://yandex.com/bots)"
85.208.96.193 - - [22/Jun/2025:13:08:40 +0200] "GET /robots.txt HTTP/1.1" 200 916 "-" "Mozilla/5.0 (compatible; SemrushBot/7~bl; +http://www.semrush.com/bot.html)"
85.208.96.204 - - [22/Jun/2025:13:08:40 +0200] "GET /saint-gely-du-fesc-34/index.php?id=49&option=com_content&view=article HTTP/1.1" 200 5920 "-" "Mozilla/5.0 (compatible; SemrushBot/7~bl; +http://www.semrush.com/bot.html)"
66.249.66.193 - - [22/Jun/2025:13:11:04 +0200] "GET /selection-web/55-Artisan%20du%20b%C3%A2timent HTTP/1.1" 200 5804 "-" "Mozilla/5.0 (Linux; Android 6.0.1; Nexus 5X Build/MMB29P) AppleWebKit/537.36 (KHTML, like Gecko) Chrome/137.0.7151.103 Mobile Safari/537.36 (compatible; Googlebot/2.1; +http://www.google.com/bot.html)"
45.88.97.160 - - [22/Jun/2025:13:11:40 +0200] "GET / HTTP/1.1" 200 9718 "-" "Mozilla/5.0 (Windows; U; Windows NT 6.1; en-US; rv:1.9.1.5) Gecko/20091102 Firefox/3.5.5 (.NET CLR 3.5.30729)"
85.208.96.209 - - [22/Jun/2025:13:13:37 +0200] "GET /meze-34/13-traitement/49-envoi-commentaire HTTP/1.1" 200 5920 "-" "Mozilla/5.0 (compatible; SemrushBot/7~bl; +http://www.semrush.com/bot.html)"
216.244.66.200 - - [22/Jun/2025:13:20:11 +0200] "GET /robots.txt HTTP/1.1" 200 916 "-" "Mozilla/5.0 (compatible; DotBot/1.2; +https://opensiteexplorer.org/dotbot; help@moz.com)"
54.36.148.233 - - [22/Jun/2025:13:26:05 +0200] "GET /index.php?option=com_xmap&view=xml&tmpl=component&id=1 HTTP/1.1" 200 1568 "-" "Mozilla/5.0 (compatible; AhrefsBot/7.0; +http://ahrefs.com/robot/)"
185.191.171.4 - - [22/Jun/2025:13:26:30 +0200] "GET /a/saint-andre-de-sangonis-34/13-traitement HTTP/1.1" 200 6099 "-" "Mozilla/5.0 (compatible; SemrushBot/7~bl; +http://www.semrush.com/bot.html)"
66.249.66.192 - - [22/Jun/2025:13:29:11 +0200] "GET /gignac-34 HTTP/1.1" 200 9617 "-" "Mozilla/5.0 (Linux; Android 6.0.1; Nexus 5X Build/MMB29P) AppleWebKit/537.36 (KHTML, like Gecko) Chrome/137.0.7151.103 Mobile Safari/537.36 (compatible; Googlebot/2.1; +http://www.google.com/bot.html)"
216.244.66.200 - - [22/Jun/2025:13:29:53 +0200] "GET /a/lattes-34 HTTP/1.1" 200 29914 "-" "Mozilla/5.0 (compatible; DotBot/1.2; +https://opensiteexplorer.org/dotbot; help@moz.com)"
191.101.61.20 - - [22/Jun/2025:13:32:46 +0200] "GET / HTTP/1.1" 200 9719 "-" "Mozilla/5.0 (Windows; U; Windows NT 6.1; en-US; rv:1.9.1.5) Gecko/20091102 Firefox/3.5.5 (.NET CLR 3.5.30729)"
185.191.171.4 - - [22/Jun/2025:13:40:57 +0200] "GET /marsillargues-34/13-traitement HTTP/1.1" 200 6102 "-" "Mozilla/5.0 (compatible; SemrushBot/7~bl; +http://www.semrush.com/bot.html)"
216.244.66.200 - - [22/Jun/2025:13:49:20 +0200] "GET /a/perols-34?tmpl=component&print=1&page= HTTP/1.1" 200 13290 "-" "Mozilla/5.0 (compatible; DotBot/1.2; +https://opensiteexplorer.org/dotbot; help@moz.com)"
102.129.223.92 - - [22/Jun/2025:13:51:58 +0200] "GET / HTTP/1.1" 200 9718 "-" "Mozilla/5.0 (Linux x86_64; rv:114.0) Gecko/20100101 Firefox/114.0"
102.129.223.92 - - [22/Jun/2025:13:51:59 +0200] "POST /index.php?option=com_content&view=article&id=49 HTTP/1.1" 200 4763 "HTTP://www.entrerprisedepeinturemontpellier.com/" "Mozilla/5.0 (Linux x86_64; rv:114.0) Gecko/20100101 Firefox/114.0"
185.191.171.16 - - [22/Jun/2025:13:53:38 +0200] "GET /mauguio-34 HTTP/1.1" 200 9669 "-" "Mozilla/5.0 (compatible; SemrushBot/7~bl; +http://www.semrush.com/bot.html)"
66.249.66.200 - - [22/Jun/2025:13:55:26 +0200] "GET /component/users/administrator/index.php?option=com_plugins&view=plugins&filter_folder=captcha HTTP/1.1" 404 1496 "-" "Mozilla/5.0 (Linux; Android 6.0.1; Nexus 5X Build/MMB29P) AppleWebKit/537.36 (KHTML, like Gecko) Chrome/137.0.7151.103 Mobile Safari/537.36 (compatible; Googlebot/2.1; +http://www.google.com/bot.html)"
94.23.203.52 - - [22/Jun/2025:13:59:15 +0200] "GET /robots.txt HTTP/1.1" 200 916 "-" "Mozilla/5.0 (compatible; MJ12bot/v1.4.8; http://mj12bot.com/)"
94.23.203.52 - - [22/Jun/2025:13:59:17 +0200] "GET /?tmpl=component&print=1&page=/ HTTP/1.1" 200 4863 "-" "Mozilla/5.0 (compatible; MJ12bot/v1.4.8; http://mj12bot.com/)"
216.244.66.200 - - [22/Jun/2025:14:06:38 +0200] "GET /robots.txt HTTP/1.1" 200 916 "-" "Mozilla/5.0 (compatible; DotBot/1.2; +https://opensiteexplorer.org/dotbot; help@moz.com)"
66.249.66.3 - - [22/Jun/2025:14:08:58 +0200] "GET /robots.txt HTTP/1.1" 301 266 "-" "Mozilla/5.0 (compatible; Googlebot/2.1; +http://www.google.com/bot.html)"
66.249.66.192 - - [22/Jun/2025:14:08:58 +0200] "GET /robots.txt HTTP/1.1" 200 916 "-" "Mozilla/5.0 (compatible; Googlebot/2.1; +http://www.google.com/bot.html)"
216.244.66.200 - - [22/Jun/2025:14:13:21 +0200] "GET /pignan-34 HTTP/1.1" 200 29866 "-" "Mozilla/5.0 (compatible; DotBot/1.2; +https://opensiteexplorer.org/dotbot; help@moz.com)"
57.141.0.6 - - [22/Jun/2025:14:29:57 +0200] "GET /index.php?option=com_xmap&view=xml&tmpl=component&id=1 HTTP/1.1" 200 13938 "-" "meta-externalagent/1.1 (+https://developers.facebook.com/docs/sharing/webmasters/crawler)"
66.249.66.200 - - [22/Jun/2025:14:51:32 +0200] "GET /cournonterral-34 HTTP/1.1" 200 9625 "-" "Mozilla/5.0 (Linux; Android 6.0.1; Nexus 5X Build/MMB29P) AppleWebKit/537.36 (KHTML, like Gecko) Chrome/137.0.7151.103 Mobile Safari/537.36 (compatible; Googlebot/2.1; +http://www.google.com/bot.html)"
66.249.66.200 - - [22/Jun/2025:14:51:34 +0200] "GET /qrcode/qrcode.js HTTP/1.1" 200 32907 "http://www.entrerprisedepeinturemontpellier.com/cournonterral-34" "Mozilla/5.0 (Linux; Android 6.0.1; Nexus 5X Build/MMB29P) AppleWebKit/537.36 (KHTML, like Gecko) Chrome/137.0.7151.68 Mobile Safari/537.36 (compatible; Googlebot/2.1; +http://www.google.com/bot.html)"
216.244.66.200 - - [22/Jun/2025:14:53:20 +0200] "GET /robots.txt HTTP/1.1" 200 916 "-" "Mozilla/5.0 (compatible; DotBot/1.2; +https://opensiteexplorer.org/dotbot; help@moz.com)"
216.244.66.200 - - [22/Jun/2025:15:02:58 +0200] "GET /a/cournonterral-34 HTTP/1.1" 200 30089 "-" "Mozilla/5.0 (compatible; DotBot/1.2; +https://opensiteexplorer.org/dotbot; help@moz.com)"
216.244.66.200 - - [22/Jun/2025:15:10:10 +0200] "GET /a/perols-34/10-Entreprise%20de%20peinture%20-34 HTTP/1.1" 200 79553 "-" "Mozilla/5.0 (compatible; DotBot/1.2; +https://opensiteexplorer.org/dotbot; help@moz.com)"
66.249.66.193 - - [22/Jun/2025:15:10:26 +0200] "GET / HTTP/1.1" 200 9718 "-" "Mozilla/5.0 (Linux; Android 6.0.1; Nexus 5X Build/MMB29P) AppleWebKit/537.36 (KHTML, like Gecko) Chrome/137.0.7151.103 Mobile Safari/537.36 (compatible; Googlebot/2.1; +http://www.google.com/bot.html)"
216.244.66.200 - - [22/Jun/2025:15:10:33 +0200] "GET /prestations/technique-pour-peindre-l-interieur?tmpl=component&print=1&page= HTTP/1.1" 200 3700 "-" "Mozilla/5.0 (compatible; DotBot/1.2; +https://opensiteexplorer.org/dotbot; help@moz.com)"
66.249.66.192 - - [22/Jun/2025:15:10:41 +0200] "GET /qrcode/qrcode.js HTTP/1.1" 200 32907 "http://www.entrerprisedepeinturemontpellier.com/" "Mozilla/5.0 (Linux; Android 6.0.1; Nexus 5X Build/MMB29P) AppleWebKit/537.36 (KHTML, like Gecko) Chrome/137.0.7151.68 Mobile Safari/537.36 (compatible; Googlebot/2.1; +http://www.google.com/bot.html)"
84.239.47.145 - - [22/Jun/2025:15:15:51 +0200] "GET /robots.txt HTTP/1.1" 200 916 "-" "panscient.com"
84.239.47.145 - - [22/Jun/2025:15:15:52 +0200] "GET / HTTP/1.1" 200 9663 "-" "panscient.com"
84.239.47.145 - - [22/Jun/2025:15:15:53 +0200] "GET /contactez-nous?tmpl=component&print=1&page= HTTP/1.1" 200 2755 "-" "panscient.com"
84.239.47.145 - - [22/Jun/2025:15:15:55 +0200] "GET /informations-legales?tmpl=component&print=1&page= HTTP/1.1" 200 2348 "-" "panscient.com"
84.239.47.145 - - [22/Jun/2025:15:15:56 +0200] "GET /contactez-nous/2-diverse HTTP/1.1" 200 8129 "-" "panscient.com"
84.239.47.145 - - [22/Jun/2025:15:15:58 +0200] "GET /contactez-nous HTTP/1.1" 200 6459 "-" "panscient.com"
84.239.47.145 - - [22/Jun/2025:15:16:00 +0200] "GET /prestations HTTP/1.1" 200 6432 "-" "panscient.com"
84.239.47.145 - - [22/Jun/2025:15:16:03 +0200] "GET /prestations/18-savoir-faire HTTP/1.1" 200 8604 "-" "panscient.com"
84.239.47.145 - - [22/Jun/2025:15:16:10 +0200] "GET /informations-legales HTTP/1.1" 200 6594 "-" "panscient.com"
84.239.47.145 - - [22/Jun/2025:15:16:13 +0200] "GET /informations-legales/2-diverse HTTP/1.1" 200 8470 "-" "panscient.com"
84.239.47.145 - - [22/Jun/2025:15:16:16 +0200] "GET /serignan-34 HTTP/1.1" 200 9678 "-" "panscient.com"
84.239.47.145 - - [22/Jun/2025:15:16:19 +0200] "GET /prestations/outils-de-peinture?tmpl=component&print=1&page= HTTP/1.1" 200 1591 "-" "panscient.com"
84.239.47.145 - - [22/Jun/2025:15:16:23 +0200] "GET /serignan-34 HTTP/1.1" 200 9619 "-" "panscient.com"
84.239.47.145 - - [22/Jun/2025:15:16:25 +0200] "GET /plan-du-site HTTP/1.1" 200 5939 "-" "panscient.com"
84.239.47.145 - - [22/Jun/2025:15:16:26 +0200] "GET /prestations/la-peinture-a-l-eau-pour-l-exterieur HTTP/1.1" 200 5305 "-" "panscient.com"
84.239.47.145 - - [22/Jun/2025:15:16:29 +0200] "GET /saint-georges-d-orques-34 HTTP/1.1" 200 9639 "-" "panscient.com"
84.239.47.145 - - [22/Jun/2025:15:16:30 +0200] "GET /balaruc-les-bains-34 HTTP/1.1" 200 9692 "-" "panscient.com"
84.239.47.145 - - [22/Jun/2025:15:16:32 +0200] "GET /a/saint-georges-d-orques-34 HTTP/1.1" 200 9636 "-" "panscient.com"
85.208.96.204 - - [22/Jun/2025:15:26:29 +0200] "GET /robots.txt HTTP/1.1" 200 916 "-" "Mozilla/5.0 (compatible; SemrushBot/7~bl; +http://www.semrush.com/bot.html)"
185.191.171.14 - - [22/Jun/2025:15:26:30 +0200] "GET /a/balaruc-les-bains-34/13-traitement HTTP/1.1" 200 6097 "-" "Mozilla/5.0 (compatible; SemrushBot/7~bl; +http://www.semrush.com/bot.html)"
216.24.213.241 - - [22/Jun/2025:15:37:09 +0200] "GET /wp-login.php HTTP/1.1" 404 1499 "-" "Mozilla/5.0 (Windows NT 10.0; Win64; x64) AppleWebKit/537.36 (KHTML, like Gecko) Chrome/91.0.4472.124 Safari/537.36"
3.129.11.238 - - [22/Jun/2025:16:06:07 +0200] "GET /robots.txt HTTP/1.1" 200 916 "-" "Mozilla/5.0 (Macintosh; Intel Mac OS X 10_15_7) AppleWebKit/537.36 (KHTML, like Gecko) Chrome/131.0.0.0 Safari/537.36; ClaudeBot/1.0; +claudebot@anthropic.com)"
3.129.11.238 - - [22/Jun/2025:16:06:07 +0200] "GET /mauguio-34 HTTP/1.1" 200 9669 "-" "Mozilla/5.0 (Macintosh; Intel Mac OS X 10_15_7) AppleWebKit/537.36 (KHTML, like Gecko) Chrome/131.0.0.0 Safari/537.36; ClaudeBot/1.0; +claudebot@anthropic.com)"
3.129.11.238 - - [22/Jun/2025:16:06:07 +0200] "GET /plugins/system/jcemediabox/css/jcemediabox.css?a3b640def3ef13678e19cfeeb7397c85 HTTP/1.1" 200 5791 "http://www.entrerprisedepeinturemontpellier.com/mauguio-34" "Mozilla/5.0 (Macintosh; Intel Mac OS X 10_15_7) AppleWebKit/537.36 (KHTML, like Gecko) Chrome/131.0.0.0 Safari/537.36; ClaudeBot/1.0; +claudebot@anthropic.com)"
3.129.11.238 - - [22/Jun/2025:16:06:07 +0200] "GET /templates/system/css/system.css HTTP/1.1" 200 896 "http://www.entrerprisedepeinturemontpellier.com/mauguio-34" "Mozilla/5.0 (Macintosh; Intel Mac OS X 10_15_7) AppleWebKit/537.36 (KHTML, like Gecko) Chrome/131.0.0.0 Safari/537.36; ClaudeBot/1.0; +claudebot@anthropic.com)"
3.129.11.238 - - [22/Jun/2025:16:06:07 +0200] "GET /plugins/system/jcemediabox/themes/light/css/style.css?36c352a2b4ad8aa73f93eb9d76da8882 HTTP/1.1" 200 4357 "http://www.entrerprisedepeinturemontpellier.com/mauguio-34" "Mozilla/5.0 (Macintosh; Intel Mac OS X 10_15_7) AppleWebKit/537.36 (KHTML, like Gecko) Chrome/131.0.0.0 Safari/537.36; ClaudeBot/1.0; +claudebot@anthropic.com)"
3.129.11.238 - - [22/Jun/2025:16:06:08 +0200] "GET /templates/system/css/general.css HTTP/1.1" 200 2730 "http://www.entrerprisedepeinturemontpellier.com/mauguio-34" "Mozilla/5.0 (Macintosh; Intel Mac OS X 10_15_7) AppleWebKit/537.36 (KHTML, like Gecko) Chrome/131.0.0.0 Safari/537.36; ClaudeBot/1.0; +claudebot@anthropic.com)"
3.129.11.238 - - [22/Jun/2025:16:06:08 +0200] "GET /templates/neutre/css/template.responsive.css HTTP/1.1" 200 8238 "http://www.entrerprisedepeinturemontpellier.com/mauguio-34" "Mozilla/5.0 (Macintosh; Intel Mac OS X 10_15_7) AppleWebKit/537.36 (KHTML, like Gecko) Chrome/131.0.0.0 Safari/537.36; ClaudeBot/1.0; +claudebot@anthropic.com)"
3.129.11.238 - - [22/Jun/2025:16:06:08 +0200] "GET /media/system/js/caption.js HTTP/1.1" 200 733 "http://www.entrerprisedepeinturemontpellier.com/mauguio-34" "Mozilla/5.0 (Macintosh; Intel Mac OS X 10_15_7) AppleWebKit/537.36 (KHTML, like Gecko) Chrome/131.0.0.0 Safari/537.36; ClaudeBot/1.0; +claudebot@anthropic.com)"
3.129.11.238 - - [22/Jun/2025:16:06:08 +0200] "GET /media/system/js/core.js HTTP/1.1" 200 4784 "http://www.entrerprisedepeinturemontpellier.com/mauguio-34" "Mozilla/5.0 (Macintosh; Intel Mac OS X 10_15_7) AppleWebKit/537.36 (KHTML, like Gecko) Chrome/131.0.0.0 Safari/537.36; ClaudeBot/1.0; +claudebot@anthropic.com)"
3.129.11.238 - - [22/Jun/2025:16:06:08 +0200] "GET /templates/neutre/css/template.css HTTP/1.1" 200 68836 "http://www.entrerprisedepeinturemontpellier.com/mauguio-34" "Mozilla/5.0 (Macintosh; Intel Mac OS X 10_15_7) AppleWebKit/537.36 (KHTML, like Gecko) Chrome/131.0.0.0 Safari/537.36; ClaudeBot/1.0; +claudebot@anthropic.com)"
3.129.11.238 - - [22/Jun/2025:16:06:08 +0200] "GET /media/system/js/mootools-core.js HTTP/1.1" 200 96362 "http://www.entrerprisedepeinturemontpellier.com/mauguio-34" "Mozilla/5.0 (Macintosh; Intel Mac OS X 10_15_7) AppleWebKit/537.36 (KHTML, like Gecko) Chrome/131.0.0.0 Safari/537.36; ClaudeBot/1.0; +claudebot@anthropic.com)"
3.129.11.238 - - [22/Jun/2025:16:06:08 +0200] "GET /templates/neutre/script.js HTTP/1.1" 200 44910 "http://www.entrerprisedepeinturemontpellier.com/mauguio-34" "Mozilla/5.0 (Macintosh; Intel Mac OS X 10_15_7) AppleWebKit/537.36 (KHTML, like Gecko) Chrome/131.0.0.0 Safari/537.36; ClaudeBot/1.0; +claudebot@anthropic.com)"
3.129.11.238 - - [22/Jun/2025:16:06:08 +0200] "GET /plugins/system/jcemediabox/js/jcemediabox.js?fba42f665bbcc4047a23ba92244f4176 HTTP/1.1" 200 57539 "http://www.entrerprisedepeinturemontpellier.com/mauguio-34" "Mozilla/5.0 (Macintosh; Intel Mac OS X 10_15_7) AppleWebKit/537.36 (KHTML, like Gecko) Chrome/131.0.0.0 Safari/537.36; ClaudeBot/1.0; +claudebot@anthropic.com)"
3.129.11.238 - - [22/Jun/2025:16:06:08 +0200] "GET /templates/neutre/script.responsive.js HTTP/1.1" 200 15616 "http://www.entrerprisedepeinturemontpellier.com/mauguio-34" "Mozilla/5.0 (Macintosh; Intel Mac OS X 10_15_7) AppleWebKit/537.36 (KHTML, like Gecko) Chrome/131.0.0.0 Safari/537.36; ClaudeBot/1.0; +claudebot@anthropic.com)"
3.129.11.238 - - [22/Jun/2025:16:06:08 +0200] "GET /templates/neutre/jquery.js HTTP/1.1" 200 92793 "http://www.entrerprisedepeinturemontpellier.com/mauguio-34" "Mozilla/5.0 (Macintosh; Intel Mac OS X 10_15_7) AppleWebKit/537.36 (KHTML, like Gecko) Chrome/131.0.0.0 Safari/537.36; ClaudeBot/1.0; +claudebot@anthropic.com)"
3.129.11.238 - - [22/Jun/2025:16:06:08 +0200] "GET /qrcode/qrcode.js HTTP/1.1" 200 32907 "http://www.entrerprisedepeinturemontpellier.com/mauguio-34" "Mozilla/5.0 (Macintosh; Intel Mac OS X 10_15_7) AppleWebKit/537.36 (KHTML, like Gecko) Chrome/131.0.0.0 Safari/537.36; ClaudeBot/1.0; +claudebot@anthropic.com)"
3.129.11.238 - - [22/Jun/2025:16:06:08 +0200] "GET /media/system/js/mootools-more.js HTTP/1.1" 200 238331 "http://www.entrerprisedepeinturemontpellier.com/mauguio-34" "Mozilla/5.0 (Macintosh; Intel Mac OS X 10_15_7) AppleWebKit/537.36 (KHTML, like Gecko) Chrome/131.0.0.0 Safari/537.36; ClaudeBot/1.0; +claudebot@anthropic.com)"
3.129.11.238 - - [22/Jun/2025:16:06:08 +0200] "GET /images/contactimg.png HTTP/1.1" 200 3540 "http://www.entrerprisedepeinturemontpellier.com/mauguio-34" "Mozilla/5.0 (Macintosh; Intel Mac OS X 10_15_7) AppleWebKit/537.36 (KHTML, like Gecko) Chrome/131.0.0.0 Safari/537.36; ClaudeBot/1.0; +claudebot@anthropic.com)"
3.129.11.238 - - [22/Jun/2025:16:06:08 +0200] "GET /media/system/css/system.css HTTP/1.1" 200 1446 "http://www.entrerprisedepeinturemontpellier.com/mauguio-34" "Mozilla/5.0 (Macintosh; Intel Mac OS X 10_15_7) AppleWebKit/537.36 (KHTML, like Gecko) Chrome/131.0.0.0 Safari/537.36; ClaudeBot/1.0; +claudebot@anthropic.com)"
3.129.11.238 - - [22/Jun/2025:16:06:08 +0200] "GET /media/system/images/arrow.png HTTP/1.1" 200 118 "http://www.entrerprisedepeinturemontpellier.com/mauguio-34" "Mozilla/5.0 (Macintosh; Intel Mac OS X 10_15_7) AppleWebKit/537.36 (KHTML, like Gecko) Chrome/131.0.0.0 Safari/537.36; ClaudeBot/1.0; +claudebot@anthropic.com)"
3.129.11.238 - - [22/Jun/2025:16:06:09 +0200] "GET /images/entreprisepeinturemontpellier/artisanpeintre.jpg HTTP/1.1" 200 56696 "http://www.entrerprisedepeinturemontpellier.com/mauguio-34" "Mozilla/5.0 (Macintosh; Intel Mac OS X 10_15_7) AppleWebKit/537.36 (KHTML, like Gecko) Chrome/131.0.0.0 Safari/537.36; ClaudeBot/1.0; +claudebot@anthropic.com)"
3.129.11.238 - - [22/Jun/2025:16:06:09 +0200] "GET /images/rss_32-2.png HTTP/1.1" 200 1653 "http://www.entrerprisedepeinturemontpellier.com/mauguio-34" "Mozilla/5.0 (Macintosh; Intel Mac OS X 10_15_7) AppleWebKit/537.36 (KHTML, like Gecko) Chrome/131.0.0.0 Safari/537.36; ClaudeBot/1.0; +claudebot@anthropic.com)"
3.129.11.238 - - [22/Jun/2025:16:06:09 +0200] "GET /images/logosmall.png HTTP/1.1" 200 1558 "http://www.entrerprisedepeinturemontpellier.com/mauguio-34" "Mozilla/5.0 (Macintosh; Intel Mac OS X 10_15_7) AppleWebKit/537.36 (KHTML, like Gecko) Chrome/131.0.0.0 Safari/537.36; ClaudeBot/1.0; +claudebot@anthropic.com)"
3.129.11.238 - - [22/Jun/2025:16:06:09 +0200] "GET /templates/neutre/images/page.png HTTP/1.1" 200 1712 "http://www.entrerprisedepeinturemontpellier.com/templates/neutre/css/template.css" "Mozilla/5.0 (Macintosh; Intel Mac OS X 10_15_7) AppleWebKit/537.36 (KHTML, like Gecko) Chrome/131.0.0.0 Safari/537.36; ClaudeBot/1.0; +claudebot@anthropic.com)"
3.129.11.238 - - [22/Jun/2025:16:06:09 +0200] "GET /templates/neutre/images/nav.png HTTP/1.1" 200 104 "http://www.entrerprisedepeinturemontpellier.com/templates/neutre/css/template.css" "Mozilla/5.0 (Macintosh; Intel Mac OS X 10_15_7) AppleWebKit/537.36 (KHTML, like Gecko) Chrome/131.0.0.0 Safari/537.36; ClaudeBot/1.0; +claudebot@anthropic.com)"
3.129.11.238 - - [22/Jun/2025:16:06:09 +0200] "GET /templates/neutre/images/menuseparator.png HTTP/1.1" 200 319 "http://www.entrerprisedepeinturemontpellier.com/templates/neutre/css/template.css" "Mozilla/5.0 (Macintosh; Intel Mac OS X 10_15_7) AppleWebKit/537.36 (KHTML, like Gecko) Chrome/131.0.0.0 Safari/537.36; ClaudeBot/1.0; +claudebot@anthropic.com)"
3.129.11.238 - - [22/Jun/2025:16:06:09 +0200] "GET /templates/neutre/images/header.jpg HTTP/1.1" 200 32564 "http://www.entrerprisedepeinturemontpellier.com/templates/neutre/css/template.css" "Mozilla/5.0 (Macintosh; Intel Mac OS X 10_15_7) AppleWebKit/537.36 (KHTML, like Gecko) Chrome/131.0.0.0 Safari/537.36; ClaudeBot/1.0; +claudebot@anthropic.com)"
3.129.11.238 - - [22/Jun/2025:16:06:09 +0200] "GET /templates/neutre/images/logoentreprise.png HTTP/1.1" 200 8814 "http://www.entrerprisedepeinturemontpellier.com/templates/neutre/css/template.css" "Mozilla/5.0 (Macintosh; Intel Mac OS X 10_15_7) AppleWebKit/537.36 (KHTML, like Gecko) Chrome/131.0.0.0 Safari/537.36; ClaudeBot/1.0; +claudebot@anthropic.com)"
3.129.11.238 - - [22/Jun/2025:16:06:09 +0200] "GET /templates/neutre/images/spacer.gif HTTP/1.1" 200 43 "http://www.entrerprisedepeinturemontpellier.com/templates/neutre/css/template.css" "Mozilla/5.0 (Macintosh; Intel Mac OS X 10_15_7) AppleWebKit/537.36 (KHTML, like Gecko) Chrome/131.0.0.0 Safari/537.36; ClaudeBot/1.0; +claudebot@anthropic.com)"
3.129.11.238 - - [22/Jun/2025:16:06:09 +0200] "GET /templates/neutre/images/postdateicon.png HTTP/1.1" 200 261 "http://www.entrerprisedepeinturemontpellier.com/templates/neutre/css/template.css" "Mozilla/5.0 (Macintosh; Intel Mac OS X 10_15_7) AppleWebKit/537.36 (KHTML, like Gecko) Chrome/131.0.0.0 Safari/537.36; ClaudeBot/1.0; +claudebot@anthropic.com)"
3.129.11.238 - - [22/Jun/2025:16:06:09 +0200] "GET /templates/neutre/images/blockbullets.png HTTP/1.1" 200 216 "http://www.entrerprisedepeinturemontpellier.com/templates/neutre/css/template.css" "Mozilla/5.0 (Macintosh; Intel Mac OS X 10_15_7) AppleWebKit/537.36 (KHTML, like Gecko) Chrome/131.0.0.0 Safari/537.36; ClaudeBot/1.0; +claudebot@anthropic.com)"
3.129.11.238 - - [22/Jun/2025:16:06:09 +0200] "GET /plugins/system/jcemediabox/themes/light/popup.html HTTP/1.1" 200 1093 "http://www.entrerprisedepeinturemontpellier.com/mauguio-34" "Mozilla/5.0 (Macintosh; Intel Mac OS X 10_15_7) AppleWebKit/537.36 (KHTML, like Gecko) Chrome/131.0.0.0 Safari/537.36; ClaudeBot/1.0; +claudebot@anthropic.com)"
3.129.11.238 - - [22/Jun/2025:16:06:09 +0200] "GET /plugins/system/jcemediabox/themes/light/tooltip.html HTTP/1.1" 200 958 "http://www.entrerprisedepeinturemontpellier.com/mauguio-34" "Mozilla/5.0 (Macintosh; Intel Mac OS X 10_15_7) AppleWebKit/537.36 (KHTML, like Gecko) Chrome/131.0.0.0 Safari/537.36; ClaudeBot/1.0; +claudebot@anthropic.com)"
3.129.11.238 - - [22/Jun/2025:16:06:09 +0200] "GET /templates/neutre/images/postbullets.png HTTP/1.1" 200 119 "http://www.entrerprisedepeinturemontpellier.com/templates/neutre/css/template.css" "Mozilla/5.0 (Macintosh; Intel Mac OS X 10_15_7) AppleWebKit/537.36 (KHTML, like Gecko) Chrome/131.0.0.0 Safari/537.36; ClaudeBot/1.0; +claudebot@anthropic.com)"
3.129.11.238 - - [22/Jun/2025:16:06:09 +0200] "GET /templates/neutre/images/star_5.png HTTP/1.1" 200 971 "http://www.entrerprisedepeinturemontpellier.com/templates/neutre/css/template.css" "Mozilla/5.0 (Macintosh; Intel Mac OS X 10_15_7) AppleWebKit/537.36 (KHTML, like Gecko) Chrome/131.0.0.0 Safari/537.36; ClaudeBot/1.0; +claudebot@anthropic.com)"
3.129.11.238 - - [22/Jun/2025:16:06:09 +0200] "GET /templates/neutre/images/objetexte.png HTTP/1.1" 200 70383 "http://www.entrerprisedepeinturemontpellier.com/templates/neutre/css/template.css" "Mozilla/5.0 (Macintosh; Intel Mac OS X 10_15_7) AppleWebKit/537.36 (KHTML, like Gecko) Chrome/131.0.0.0 Safari/537.36; ClaudeBot/1.0; +claudebot@anthropic.com)"
3.129.11.238 - - [22/Jun/2025:16:06:09 +0200] "GET /templates/neutre/images/footer.png HTTP/1.1" 200 101 "http://www.entrerprisedepeinturemontpellier.com/templates/neutre/css/template.css" "Mozilla/5.0 (Macintosh; Intel Mac OS X 10_15_7) AppleWebKit/537.36 (KHTML, like Gecko) Chrome/131.0.0.0 Safari/537.36; ClaudeBot/1.0; +claudebot@anthropic.com)"
3.129.11.238 - - [22/Jun/2025:16:06:09 +0200] "GET /templates/neutre/images/postcategoryicon.png HTTP/1.1" 200 150 "http://www.entrerprisedepeinturemontpellier.com/templates/neutre/css/template.css" "Mozilla/5.0 (Macintosh; Intel Mac OS X 10_15_7) AppleWebKit/537.36 (KHTML, like Gecko) Chrome/131.0.0.0 Safari/537.36; ClaudeBot/1.0; +claudebot@anthropic.com)"
3.129.11.238 - - [22/Jun/2025:16:06:31 +0200] "GET /blog/86-conseils-creation-salon-chaleureux-et-convivial HTTP/1.1" 200 7951 "http://www.entrerprisedepeinturemontpellier.com/mauguio-34" "Mozilla/5.0 (Macintosh; Intel Mac OS X 10_15_7) AppleWebKit/537.36 (KHTML, like Gecko) Chrome/131.0.0.0 Safari/537.36; ClaudeBot/1.0; +claudebot@anthropic.com)"
3.129.11.238 - - [22/Jun/2025:16:06:32 +0200] "GET /plugins/system/jcemediabox/css/jcemediabox.css?a3b640def3ef13678e19cfeeb7397c85 HTTP/1.1" 200 5791 "http://www.entrerprisedepeinturemontpellier.com/blog/86-conseils-creation-salon-chaleureux-et-convivial" "Mozilla/5.0 (Macintosh; Intel Mac OS X 10_15_7) AppleWebKit/537.36 (KHTML, like Gecko) Chrome/131.0.0.0 Safari/537.36; ClaudeBot/1.0; +claudebot@anthropic.com)"
3.129.11.238 - - [22/Jun/2025:16:06:32 +0200] "GET /templates/system/css/general.css HTTP/1.1" 200 2730 "http://www.entrerprisedepeinturemontpellier.com/blog/86-conseils-creation-salon-chaleureux-et-convivial" "Mozilla/5.0 (Macintosh; Intel Mac OS X 10_15_7) AppleWebKit/537.36 (KHTML, like Gecko) Chrome/131.0.0.0 Safari/537.36; ClaudeBot/1.0; +claudebot@anthropic.com)"
3.129.11.238 - - [22/Jun/2025:16:06:32 +0200] "GET /plugins/system/jcemediabox/themes/light/css/style.css?36c352a2b4ad8aa73f93eb9d76da8882 HTTP/1.1" 200 4357 "http://www.entrerprisedepeinturemontpellier.com/blog/86-conseils-creation-salon-chaleureux-et-convivial" "Mozilla/5.0 (Macintosh; Intel Mac OS X 10_15_7) AppleWebKit/537.36 (KHTML, like Gecko) Chrome/131.0.0.0 Safari/537.36; ClaudeBot/1.0; +claudebot@anthropic.com)"
3.129.11.238 - - [22/Jun/2025:16:06:32 +0200] "GET /templates/system/css/system.css HTTP/1.1" 200 896 "http://www.entrerprisedepeinturemontpellier.com/blog/86-conseils-creation-salon-chaleureux-et-convivial" "Mozilla/5.0 (Macintosh; Intel Mac OS X 10_15_7) AppleWebKit/537.36 (KHTML, like Gecko) Chrome/131.0.0.0 Safari/537.36; ClaudeBot/1.0; +claudebot@anthropic.com)"
3.129.11.238 - - [22/Jun/2025:16:06:32 +0200] "GET /templates/neutre/css/template.responsive.css HTTP/1.1" 200 8238 "http://www.entrerprisedepeinturemontpellier.com/blog/86-conseils-creation-salon-chaleureux-et-convivial" "Mozilla/5.0 (Macintosh; Intel Mac OS X 10_15_7) AppleWebKit/537.36 (KHTML, like Gecko) Chrome/131.0.0.0 Safari/537.36; ClaudeBot/1.0; +claudebot@anthropic.com)"
3.129.11.238 - - [22/Jun/2025:16:06:32 +0200] "GET /media/system/js/core.js HTTP/1.1" 200 4784 "http://www.entrerprisedepeinturemontpellier.com/blog/86-conseils-creation-salon-chaleureux-et-convivial" "Mozilla/5.0 (Macintosh; Intel Mac OS X 10_15_7) AppleWebKit/537.36 (KHTML, like Gecko) Chrome/131.0.0.0 Safari/537.36; ClaudeBot/1.0; +claudebot@anthropic.com)"
3.129.11.238 - - [22/Jun/2025:16:06:32 +0200] "GET /media/system/js/caption.js HTTP/1.1" 200 733 "http://www.entrerprisedepeinturemontpellier.com/blog/86-conseils-creation-salon-chaleureux-et-convivial" "Mozilla/5.0 (Macintosh; Intel Mac OS X 10_15_7) AppleWebKit/537.36 (KHTML, like Gecko) Chrome/131.0.0.0 Safari/537.36; ClaudeBot/1.0; +claudebot@anthropic.com)"
3.129.11.238 - - [22/Jun/2025:16:06:32 +0200] "GET /templates/neutre/css/template.css HTTP/1.1" 200 68836 "http://www.entrerprisedepeinturemontpellier.com/blog/86-conseils-creation-salon-chaleureux-et-convivial" "Mozilla/5.0 (Macintosh; Intel Mac OS X 10_15_7) AppleWebKit/537.36 (KHTML, like Gecko) Chrome/131.0.0.0 Safari/537.36; ClaudeBot/1.0; +claudebot@anthropic.com)"
3.129.11.238 - - [22/Jun/2025:16:06:32 +0200] "GET /media/system/js/mootools-core.js HTTP/1.1" 200 96362 "http://www.entrerprisedepeinturemontpellier.com/blog/86-conseils-creation-salon-chaleureux-et-convivial" "Mozilla/5.0 (Macintosh; Intel Mac OS X 10_15_7) AppleWebKit/537.36 (KHTML, like Gecko) Chrome/131.0.0.0 Safari/537.36; ClaudeBot/1.0; +claudebot@anthropic.com)"
3.129.11.238 - - [22/Jun/2025:16:06:32 +0200] "GET /templates/neutre/script.js HTTP/1.1" 200 44910 "http://www.entrerprisedepeinturemontpellier.com/blog/86-conseils-creation-salon-chaleureux-et-convivial" "Mozilla/5.0 (Macintosh; Intel Mac OS X 10_15_7) AppleWebKit/537.36 (KHTML, like Gecko) Chrome/131.0.0.0 Safari/537.36; ClaudeBot/1.0; +claudebot@anthropic.com)"
3.129.11.238 - - [22/Jun/2025:16:06:32 +0200] "GET /plugins/system/jcemediabox/js/jcemediabox.js?fba42f665bbcc4047a23ba92244f4176 HTTP/1.1" 200 57539 "http://www.entrerprisedepeinturemontpellier.com/blog/86-conseils-creation-salon-chaleureux-et-convivial" "Mozilla/5.0 (Macintosh; Intel Mac OS X 10_15_7) AppleWebKit/537.36 (KHTML, like Gecko) Chrome/131.0.0.0 Safari/537.36; ClaudeBot/1.0; +claudebot@anthropic.com)"
3.129.11.238 - - [22/Jun/2025:16:06:33 +0200] "GET /templates/neutre/script.responsive.js HTTP/1.1" 200 15616 "http://www.entrerprisedepeinturemontpellier.com/blog/86-conseils-creation-salon-chaleureux-et-convivial" "Mozilla/5.0 (Macintosh; Intel Mac OS X 10_15_7) AppleWebKit/537.36 (KHTML, like Gecko) Chrome/131.0.0.0 Safari/537.36; ClaudeBot/1.0; +claudebot@anthropic.com)"
3.129.11.238 - - [22/Jun/2025:16:06:32 +0200] "GET /templates/neutre/jquery.js HTTP/1.1" 200 92793 "http://www.entrerprisedepeinturemontpellier.com/blog/86-conseils-creation-salon-chaleureux-et-convivial" "Mozilla/5.0 (Macintosh; Intel Mac OS X 10_15_7) AppleWebKit/537.36 (KHTML, like Gecko) Chrome/131.0.0.0 Safari/537.36; ClaudeBot/1.0; +claudebot@anthropic.com)"
3.129.11.238 - - [22/Jun/2025:16:06:33 +0200] "GET /qrcode/qrcode.js HTTP/1.1" 200 32907 "http://www.entrerprisedepeinturemontpellier.com/blog/86-conseils-creation-salon-chaleureux-et-convivial" "Mozilla/5.0 (Macintosh; Intel Mac OS X 10_15_7) AppleWebKit/537.36 (KHTML, like Gecko) Chrome/131.0.0.0 Safari/537.36; ClaudeBot/1.0; +claudebot@anthropic.com)"
3.129.11.238 - - [22/Jun/2025:16:06:32 +0200] "GET /media/system/js/mootools-more.js HTTP/1.1" 200 238331 "http://www.entrerprisedepeinturemontpellier.com/blog/86-conseils-creation-salon-chaleureux-et-convivial" "Mozilla/5.0 (Macintosh; Intel Mac OS X 10_15_7) AppleWebKit/537.36 (KHTML, like Gecko) Chrome/131.0.0.0 Safari/537.36; ClaudeBot/1.0; +claudebot@anthropic.com)"
3.129.11.238 - - [22/Jun/2025:16:06:33 +0200] "GET /images/contactimg.png HTTP/1.1" 200 3540 "http://www.entrerprisedepeinturemontpellier.com/blog/86-conseils-creation-salon-chaleureux-et-convivial" "Mozilla/5.0 (Macintosh; Intel Mac OS X 10_15_7) AppleWebKit/537.36 (KHTML, like Gecko) Chrome/131.0.0.0 Safari/537.36; ClaudeBot/1.0; +claudebot@anthropic.com)"
3.129.11.238 - - [22/Jun/2025:16:06:33 +0200] "GET /media/system/css/system.css HTTP/1.1" 200 1446 "http://www.entrerprisedepeinturemontpellier.com/blog/86-conseils-creation-salon-chaleureux-et-convivial" "Mozilla/5.0 (Macintosh; Intel Mac OS X 10_15_7) AppleWebKit/537.36 (KHTML, like Gecko) Chrome/131.0.0.0 Safari/537.36; ClaudeBot/1.0; +claudebot@anthropic.com)"
3.129.11.238 - - [22/Jun/2025:16:06:33 +0200] "GET /media/system/images/arrow.png HTTP/1.1" 200 118 "http://www.entrerprisedepeinturemontpellier.com/blog/86-conseils-creation-salon-chaleureux-et-convivial" "Mozilla/5.0 (Macintosh; Intel Mac OS X 10_15_7) AppleWebKit/537.36 (KHTML, like Gecko) Chrome/131.0.0.0 Safari/537.36; ClaudeBot/1.0; +claudebot@anthropic.com)"
3.129.11.238 - - [22/Jun/2025:16:06:33 +0200] "GET /images/rss_32-2.png HTTP/1.1" 200 1653 "http://www.entrerprisedepeinturemontpellier.com/blog/86-conseils-creation-salon-chaleureux-et-convivial" "Mozilla/5.0 (Macintosh; Intel Mac OS X 10_15_7) AppleWebKit/537.36 (KHTML, like Gecko) Chrome/131.0.0.0 Safari/537.36; ClaudeBot/1.0; +claudebot@anthropic.com)"
3.129.11.238 - - [22/Jun/2025:16:06:33 +0200] "GET /images/logosmall.png HTTP/1.1" 200 1558 "http://www.entrerprisedepeinturemontpellier.com/blog/86-conseils-creation-salon-chaleureux-et-convivial" "Mozilla/5.0 (Macintosh; Intel Mac OS X 10_15_7) AppleWebKit/537.36 (KHTML, like Gecko) Chrome/131.0.0.0 Safari/537.36; ClaudeBot/1.0; +claudebot@anthropic.com)"
3.129.11.238 - - [22/Jun/2025:16:06:33 +0200] "GET /images/salon.jpg HTTP/1.1" 200 68725 "http://www.entrerprisedepeinturemontpellier.com/blog/86-conseils-creation-salon-chaleureux-et-convivial" "Mozilla/5.0 (Macintosh; Intel Mac OS X 10_15_7) AppleWebKit/537.36 (KHTML, like Gecko) Chrome/131.0.0.0 Safari/537.36; ClaudeBot/1.0; +claudebot@anthropic.com)"
