66.249.77.100 - - [30/Nov/2025:03:18:11 +0100] "GET /index.php?option=com_xmap&view=xml&tmpl=component&id=1 HTTP/1.1" 200 1383 "-" "Mozilla/5.0 (compatible; Googlebot/2.1; +http://www.google.com/bot.html)"
116.76.36.121 - - [30/Nov/2025:03:35:25 +0100] "GET /robots.txt HTTP/1.1" 301 246 "-" "Mozilla/5.0 (Windows NT 10.0; WOW64) AppleWebKit/537.36 (KHTML, like Gecko) Chrome/89.0.2856.45 Safari/537.36 QIHU 360SE"
111.221.212.230 - - [30/Nov/2025:03:35:26 +0100] "GET /robots.txt HTTP/1.1" 200 896 "-" "Mozilla/5.0 (Windows NT 10.0; WOW64) AppleWebKit/537.36 (KHTML, like Gecko) Chrome/89.0.2856.45 Safari/537.36 QIHU 360SE"
43.130.228.73 - - [30/Nov/2025:03:41:25 +0100] "GET / HTTP/1.1" 200 43624 "-" "Mozilla/5.0 (iPhone; CPU iPhone OS 13_2_3 like Mac OS X) AppleWebKit/605.1.15 (KHTML, like Gecko) Version/13.0.3 Mobile/15E148 Safari/604.1"
52.167.144.167 - - [30/Nov/2025:04:17:50 +0100] "GET /?option=com_search&searchword=aulnay-sous-bois HTTP/1.1" 301 292 "-" "Mozilla/5.0 AppleWebKit/537.36 (KHTML, like Gecko; compatible; bingbot/2.0; +http://www.bing.com/bingbot.htm) Chrome/116.0.1938.76 Safari/537.36"
40.77.167.67 - - [30/Nov/2025:04:18:01 +0100] "GET /?option=com_search&%3bsearchword=aulnay-sous-bois HTTP/1.1" 200 24803 "-" "Mozilla/5.0 AppleWebKit/537.36 (KHTML, like Gecko; compatible; bingbot/2.0; +http://www.bing.com/bingbot.htm) Chrome/116.0.1938.76 Safari/537.36"
216.244.66.198 - - [30/Nov/2025:04:28:00 +0100] "GET /robots.txt HTTP/1.1" 200 896 "-" "Mozilla/5.0 (compatible; DotBot/1.2; +https://opensiteexplorer.org/dotbot; help@moz.com)"
173.252.70.112 - - [30/Nov/2025:04:40:14 +0100] "GET /robots.txt HTTP/1.1" 206 896 "-" "facebookexternalhit/1.1 (+http://www.facebook.com/externalhit_uatext.php)"
216.244.66.198 - - [30/Nov/2025:04:47:03 +0100] "GET /entretiendujardin/coubron-93/10-Paysagiste%20-93?format=feed&type=atom HTTP/1.1" 200 162774 "-" "Mozilla/5.0 (compatible; DotBot/1.2; +https://opensiteexplorer.org/dotbot; help@moz.com)"
66.249.77.99 - - [30/Nov/2025:04:48:19 +0100] "GET /?tmpl=component&print=1&page= HTTP/1.1" 200 19212 "-" "Mozilla/5.0 (Linux; Android 6.0.1; Nexus 5X Build/MMB29P) AppleWebKit/537.36 (KHTML, like Gecko) Chrome/141.0.7390.122 Mobile Safari/537.36 (compatible; Googlebot/2.1; +http://www.google.com/bot.html)"
66.249.77.100 - - [30/Nov/2025:04:48:26 +0100] "GET /templates/neutre/css/print.css HTTP/1.1" 200 6700 "http://www.paysagiste93.com/?tmpl=component&print=1&page=" "Mozilla/5.0 (Linux; Android 6.0.1; Nexus 5X Build/MMB29P) AppleWebKit/537.36 (KHTML, like Gecko) Chrome/141.0.7390.122 Mobile Safari/537.36 (compatible; Googlebot/2.1; +http://www.google.com/bot.html)"
66.249.77.101 - - [30/Nov/2025:04:51:30 +0100] "GET /component/mailto/?tmpl=component&template=neutre&link=d2a629451b977d1b3e910c1c3a04b26d60b136ba HTTP/1.1" 200 4269 "-" "Mozilla/5.0 (Linux; Android 6.0.1; Nexus 5X Build/MMB29P) AppleWebKit/537.36 (KHTML, like Gecko) Chrome/141.0.7390.122 Mobile Safari/537.36 (compatible; Googlebot/2.1; +http://www.google.com/bot.html)"
66.249.77.99 - - [30/Nov/2025:04:52:02 +0100] "GET /component/mailto/?tmpl=component&template=neutre&link=2ce56f01329366e780bd503401ac1c1a98cca9ac HTTP/1.1" 200 4269 "-" "Mozilla/5.0 (Linux; Android 6.0.1; Nexus 5X Build/MMB29P) AppleWebKit/537.36 (KHTML, like Gecko) Chrome/141.0.7390.122 Mobile Safari/537.36 (compatible; Googlebot/2.1; +http://www.google.com/bot.html)"
54.234.169.252 - - [30/Nov/2025:05:00:29 +0100] "GET / HTTP/1.1" 301 236 "-" "Mozilla/5.0 (Windows NT 10.0; Win64; x64) AppleWebKit/537.36 (KHTML, like Gecko) Chrome/86.0.4240.75 Safari/537.36"
54.234.169.252 - - [30/Nov/2025:05:00:30 +0100] "GET / HTTP/1.1" 200 43624 "-" "Mozilla/5.0 (Windows NT 10.0; Win64; x64) AppleWebKit/537.36 (KHTML, like Gecko) Chrome/86.0.4240.75 Safari/537.36"
216.244.66.198 - - [30/Nov/2025:05:12:13 +0100] "GET /robots.txt HTTP/1.1" 200 896 "-" "Mozilla/5.0 (compatible; DotBot/1.2; +https://opensiteexplorer.org/dotbot; help@moz.com)"
66.249.77.101 - - [30/Nov/2025:05:15:15 +0100] "GET /component/search/?searchword=paysagiste&limitstart=0 HTTP/1.1" 200 36423 "-" "Mozilla/5.0 (Linux; Android 6.0.1; Nexus 5X Build/MMB29P) AppleWebKit/537.36 (KHTML, like Gecko) Chrome/141.0.7390.122 Mobile Safari/537.36 (compatible; Googlebot/2.1; +http://www.google.com/bot.html)"
66.249.77.99 - - [30/Nov/2025:05:15:28 +0100] "GET /component/search/?searchword=pour&limitstart=0 HTTP/1.1" 200 36353 "-" "Mozilla/5.0 (Linux; Android 6.0.1; Nexus 5X Build/MMB29P) AppleWebKit/537.36 (KHTML, like Gecko) Chrome/141.0.7390.122 Mobile Safari/537.36 (compatible; Googlebot/2.1; +http://www.google.com/bot.html)"
66.249.77.99 - - [30/Nov/2025:05:15:55 +0100] "GET /component/search/?searchword=pelouse&limitstart=0 HTTP/1.1" 200 36576 "-" "Mozilla/5.0 (Linux; Android 6.0.1; Nexus 5X Build/MMB29P) AppleWebKit/537.36 (KHTML, like Gecko) Chrome/141.0.7390.122 Mobile Safari/537.36 (compatible; Googlebot/2.1; +http://www.google.com/bot.html)"
66.249.77.101 - - [30/Nov/2025:05:16:43 +0100] "GET /contactez-nous/2-diverse?format=feed&type=atom HTTP/1.1" 200 17086 "-" "Mozilla/5.0 (Linux; Android 6.0.1; Nexus 5X Build/MMB29P) AppleWebKit/537.36 (KHTML, like Gecko) Chrome/141.0.7390.122 Mobile Safari/537.36 (compatible; Googlebot/2.1; +http://www.google.com/bot.html)"
66.249.77.99 - - [30/Nov/2025:05:22:48 +0100] "GET /contactez-nous/2-diverse?format=feed&type=rss HTTP/1.1" 200 8411 "-" "Mozilla/5.0 (Linux; Android 6.0.1; Nexus 5X Build/MMB29P) AppleWebKit/537.36 (KHTML, like Gecko) Chrome/141.0.7390.122 Mobile Safari/537.36 (compatible; Googlebot/2.1; +http://www.google.com/bot.html)"
66.249.77.99 - - [30/Nov/2025:05:22:52 +0100] "GET /informations-legales/2-diverse HTTP/1.1" 200 39836 "-" "Mozilla/5.0 (Linux; Android 6.0.1; Nexus 5X Build/MMB29P) AppleWebKit/537.36 (KHTML, like Gecko) Chrome/141.0.7390.122 Mobile Safari/537.36 (compatible; Googlebot/2.1; +http://www.google.com/bot.html)"
81.167.26.57 - - [30/Nov/2025:05:25:51 +0100] "GET /robots.txt HTTP/1.1" 200 896 "-" "Mozilla/5.0 (compatible; MJ12bot/v1.4.8; http://mj12bot.com/)"
81.167.26.57 - - [30/Nov/2025:05:25:53 +0100] "GET /selection-web/60-Organisme%20de%20formation%20professionnelle?tmpl=component&print=1&layout=default&page= HTTP/1.1" 200 3888 "-" "Mozilla/5.0 (compatible; MJ12bot/v1.4.8; http://mj12bot.com/)"
66.249.77.100 - - [30/Nov/2025:05:28:38 +0100] "GET /component/search/?searchword=pour&start=40 HTTP/1.1" 200 28728 "-" "Mozilla/5.0 (Linux; Android 6.0.1; Nexus 5X Build/MMB29P) AppleWebKit/537.36 (KHTML, like Gecko) Chrome/141.0.7390.122 Mobile Safari/537.36 (compatible; Googlebot/2.1; +http://www.google.com/bot.html)"
66.249.77.100 - - [30/Nov/2025:05:32:55 +0100] "GET /informations-legales HTTP/1.1" 200 28511 "-" "Mozilla/5.0 (Linux; Android 6.0.1; Nexus 5X Build/MMB29P) AppleWebKit/537.36 (KHTML, like Gecko) Chrome/141.0.7390.122 Mobile Safari/537.36 (compatible; Googlebot/2.1; +http://www.google.com/bot.html)"
110.249.201.59 - - [30/Nov/2025:05:36:32 +0100] "GET /robots.txt HTTP/1.1" 200 896 "-" "Mozilla/5.0 (Linux; Android 5.0) AppleWebKit/537.36 (KHTML, like Gecko) Mobile Safari/537.36 (compatible; Bytespider; https://zhanzhang.toutiao.com/)"
192.204.141.99 - - [30/Nov/2025:05:36:41 +0100] "GET /entretiendujardin/vaujours-93/10-Paysagiste%20-93 HTTP/1.1" 200 114414 "-" "Mozilla/5.0 (iPhone; CPU iPhone OS 11_0 like Mac OS X) AppleWebKit/537.36 (KHTML, like Gecko) Chrome/44.0.6344.1200 Mobile Safari/537.36"
216.244.66.198 - - [30/Nov/2025:05:37:45 +0100] "GET /entretiendujardin/bobigny-93/10-Paysagiste%20-93?format=feed&type=atom HTTP/1.1" 200 162774 "-" "Mozilla/5.0 (compatible; DotBot/1.2; +https://opensiteexplorer.org/dotbot; help@moz.com)"
216.244.66.198 - - [30/Nov/2025:05:37:51 +0100] "GET /entretiendujardin/pantin-93/10-Paysagiste%20-93?format=feed&type=atom HTTP/1.1" 200 162771 "-" "Mozilla/5.0 (compatible; DotBot/1.2; +https://opensiteexplorer.org/dotbot; help@moz.com)"
216.244.66.198 - - [30/Nov/2025:05:37:56 +0100] "GET /entretiendujardin/tremblay-en-france-93/10-Paysagiste%20-93?format=feed&type=rss HTTP/1.1" 200 75437 "-" "Mozilla/5.0 (compatible; DotBot/1.2; +https://opensiteexplorer.org/dotbot; help@moz.com)"
66.249.77.100 - - [30/Nov/2025:05:41:16 +0100] "GET /component/search/?searchword=dans&limitstart=0 HTTP/1.1" 200 36463 "-" "Mozilla/5.0 (Linux; Android 6.0.1; Nexus 5X Build/MMB29P) AppleWebKit/537.36 (KHTML, like Gecko) Chrome/141.0.7390.122 Mobile Safari/537.36 (compatible; Googlebot/2.1; +http://www.google.com/bot.html)"
66.249.77.100 - - [30/Nov/2025:05:41:26 +0100] "GET /component/search/?searchword=paysagiste&start=20 HTTP/1.1" 200 37250 "-" "Mozilla/5.0 (Linux; Android 6.0.1; Nexus 5X Build/MMB29P) AppleWebKit/537.36 (KHTML, like Gecko) Chrome/141.0.7390.122 Mobile Safari/537.36 (compatible; Googlebot/2.1; +http://www.google.com/bot.html)"
66.249.77.99 - - [30/Nov/2025:05:42:50 +0100] "GET /component/search/?searchword=paysagiste&start=40 HTTP/1.1" 200 28309 "-" "Mozilla/5.0 (Linux; Android 6.0.1; Nexus 5X Build/MMB29P) AppleWebKit/537.36 (KHTML, like Gecko) Chrome/141.0.7390.122 Mobile Safari/537.36 (compatible; Googlebot/2.1; +http://www.google.com/bot.html)"
66.249.77.100 - - [30/Nov/2025:05:44:25 +0100] "GET /entretiendujardin/bobigny-93 HTTP/1.1" 200 43014 "-" "Mozilla/5.0 (Linux; Android 6.0.1; Nexus 5X Build/MMB29P) AppleWebKit/537.36 (KHTML, like Gecko) Chrome/141.0.7390.122 Mobile Safari/537.36 (compatible; Googlebot/2.1; +http://www.google.com/bot.html)"
66.249.77.100 - - [30/Nov/2025:05:47:45 +0100] "GET /entretiendujardin/blanc-mesnil-93 HTTP/1.1" 200 43144 "-" "Mozilla/5.0 (Linux; Android 6.0.1; Nexus 5X Build/MMB29P) AppleWebKit/537.36 (KHTML, like Gecko) Chrome/141.0.7390.122 Mobile Safari/537.36 (compatible; Googlebot/2.1; +http://www.google.com/bot.html)"
66.249.77.101 - - [30/Nov/2025:05:48:40 +0100] "GET /component/search/?searchword=pelouse&start=20 HTTP/1.1" 200 36580 "-" "Mozilla/5.0 (Linux; Android 6.0.1; Nexus 5X Build/MMB29P) AppleWebKit/537.36 (KHTML, like Gecko) Chrome/141.0.7390.122 Mobile Safari/537.36 (compatible; Googlebot/2.1; +http://www.google.com/bot.html)"
66.249.77.100 - - [30/Nov/2025:05:48:49 +0100] "GET /blog?format=feed&type=atom HTTP/1.1" 200 24890 "-" "Mozilla/5.0 (Linux; Android 6.0.1; Nexus 5X Build/MMB29P) AppleWebKit/537.36 (KHTML, like Gecko) Chrome/141.0.7390.122 Mobile Safari/537.36 (compatible; Googlebot/2.1; +http://www.google.com/bot.html)"
66.249.77.99 - - [30/Nov/2025:05:53:16 +0100] "GET /selection-web?format=feed&type=atom HTTP/1.1" 200 7996 "-" "Mozilla/5.0 (Linux; Android 6.0.1; Nexus 5X Build/MMB29P) AppleWebKit/537.36 (KHTML, like Gecko) Chrome/141.0.7390.122 Mobile Safari/537.36 (compatible; Googlebot/2.1; +http://www.google.com/bot.html)"
216.244.66.198 - - [30/Nov/2025:05:56:25 +0100] "GET /robots.txt HTTP/1.1" 200 896 "-" "Mozilla/5.0 (compatible; DotBot/1.2; +https://opensiteexplorer.org/dotbot; help@moz.com)"
66.249.77.100 - - [30/Nov/2025:06:00:50 +0100] "GET /selection-web?format=feed&type=rss HTTP/1.1" 200 5856 "-" "Mozilla/5.0 (Linux; Android 6.0.1; Nexus 5X Build/MMB29P) AppleWebKit/537.36 (KHTML, like Gecko) Chrome/141.0.7390.122 Mobile Safari/537.36 (compatible; Googlebot/2.1; +http://www.google.com/bot.html)"
45.153.34.41 - - [30/Nov/2025:06:00:56 +0100] "GET /.git/config HTTP/1.1" 301 245 "-" "Mozilla/5.0 (Macintosh; Intel Mac OS X 10_11_2) AppleWebKit/601.3.9 (KHTML, like Gecko) Version/9.0.2 Safari/601.3.9"
66.249.77.101 - - [30/Nov/2025:06:04:00 +0100] "GET /component/search/?searchword=contactez-nous&limitstart=0 HTTP/1.1" 200 35757 "-" "Mozilla/5.0 (Linux; Android 6.0.1; Nexus 5X Build/MMB29P) AppleWebKit/537.36 (KHTML, like Gecko) Chrome/141.0.7390.122 Mobile Safari/537.36 (compatible; Googlebot/2.1; +http://www.google.com/bot.html)"
66.249.77.100 - - [30/Nov/2025:06:04:28 +0100] "GET /component/mailto/?tmpl=component&template=neutre&link=3be64df102d6c887e48d672b3a8451e04b142d02 HTTP/1.1" 200 4269 "-" "Mozilla/5.0 (Linux; Android 6.0.1; Nexus 5X Build/MMB29P) AppleWebKit/537.36 (KHTML, like Gecko) Chrome/141.0.7390.122 Mobile Safari/537.36 (compatible; Googlebot/2.1; +http://www.google.com/bot.html)"
66.249.77.99 - - [30/Nov/2025:06:08:44 +0100] "GET /component/mailto/?tmpl=component&template=neutre&link=88533b97bebb5f047ad5489278565e9d5717382a HTTP/1.1" 200 4269 "-" "Mozilla/5.0 (Linux; Android 6.0.1; Nexus 5X Build/MMB29P) AppleWebKit/537.36 (KHTML, like Gecko) Chrome/141.0.7390.122 Mobile Safari/537.36 (compatible; Googlebot/2.1; +http://www.google.com/bot.html)"
66.249.77.99 - - [30/Nov/2025:06:09:34 +0100] "GET /component/search/?searchword=cr%C3%A9er&limitstart=0 HTTP/1.1" 200 36543 "-" "Mozilla/5.0 (Linux; Android 6.0.1; Nexus 5X Build/MMB29P) AppleWebKit/537.36 (KHTML, like Gecko) Chrome/141.0.7390.122 Mobile Safari/537.36 (compatible; Googlebot/2.1; +http://www.google.com/bot.html)"
66.249.77.99 - - [30/Nov/2025:06:12:53 +0100] "GET /component/search/?searchword=pour&start=20 HTTP/1.1" 200 36445 "-" "Mozilla/5.0 (Linux; Android 6.0.1; Nexus 5X Build/MMB29P) AppleWebKit/537.36 (KHTML, like Gecko) Chrome/141.0.7390.122 Mobile Safari/537.36 (compatible; Googlebot/2.1; +http://www.google.com/bot.html)"
66.249.77.99 - - [30/Nov/2025:06:12:57 +0100] "GET /component/mailto/?tmpl=component&template=neutre&link=97ef73fe16232e0ef84ba229717681594af35c8c HTTP/1.1" 200 4269 "-" "Mozilla/5.0 (Linux; Android 6.0.1; Nexus 5X Build/MMB29P) AppleWebKit/537.36 (KHTML, like Gecko) Chrome/141.0.7390.122 Mobile Safari/537.36 (compatible; Googlebot/2.1; +http://www.google.com/bot.html)"
216.244.66.198 - - [30/Nov/2025:06:14:49 +0100] "GET /entretiendujardin/gagny-93/10-Paysagiste%20-93?format=feed&type=atom HTTP/1.1" 200 162768 "-" "Mozilla/5.0 (compatible; DotBot/1.2; +https://opensiteexplorer.org/dotbot; help@moz.com)"
66.249.77.99 - - [30/Nov/2025:06:15:01 +0100] "GET /entretiendujardin/blanc-mesnil-93/10-Paysagiste%20-93?format=feed&type=rss HTTP/1.1" 200 75419 "-" "Mozilla/5.0 (Linux; Android 6.0.1; Nexus 5X Build/MMB29P) AppleWebKit/537.36 (KHTML, like Gecko) Chrome/141.0.7390.122 Mobile Safari/537.36 (compatible; Googlebot/2.1; +http://www.google.com/bot.html)"
157.55.39.9 - - [30/Nov/2025:06:17:05 +0100] "GET /14-home HTTP/1.1" 301 232 "-" "Mozilla/5.0 AppleWebKit/537.36 (KHTML, like Gecko; compatible; bingbot/2.0; +http://www.bing.com/bingbot.htm) Chrome/116.0.1938.76 Safari/537.36"
157.55.39.9 - - [30/Nov/2025:06:17:05 +0100] "GET / HTTP/1.1" 301 236 "-" "Mozilla/5.0 AppleWebKit/537.36 (KHTML, like Gecko; compatible; bingbot/2.0; +http://www.bing.com/bingbot.htm) Chrome/116.0.1938.76 Safari/537.36"
157.55.39.60 - - [30/Nov/2025:06:17:15 +0100] "GET / HTTP/1.1" 200 43624 "-" "Mozilla/5.0 AppleWebKit/537.36 (KHTML, like Gecko; compatible; bingbot/2.0; +http://www.bing.com/bingbot.htm) Chrome/116.0.1938.76 Safari/537.36"
66.249.77.99 - - [30/Nov/2025:06:18:56 +0100] "GET /entretiendujardin/blanc-mesnil-93/10-Paysagiste%20-93 HTTP/1.1" 200 114474 "-" "Mozilla/5.0 (Linux; Android 6.0.1; Nexus 5X Build/MMB29P) AppleWebKit/537.36 (KHTML, like Gecko) Chrome/141.0.7390.122 Mobile Safari/537.36 (compatible; Googlebot/2.1; +http://www.google.com/bot.html)"
66.249.77.101 - - [30/Nov/2025:06:20:37 +0100] "GET /component/mailto/?tmpl=component&template=neutre&link=e74b2595a8c10ba950e2f1bc13a7de1537151a0a HTTP/1.1" 200 4269 "-" "Mozilla/5.0 (Linux; Android 6.0.1; Nexus 5X Build/MMB29P) AppleWebKit/537.36 (KHTML, like Gecko) Chrome/141.0.7390.122 Mobile Safari/537.36 (compatible; Googlebot/2.1; +http://www.google.com/bot.html)"
66.249.77.100 - - [30/Nov/2025:06:24:29 +0100] "GET /selection-web HTTP/1.1" 200 26972 "-" "Mozilla/5.0 (Linux; Android 6.0.1; Nexus 5X Build/MMB29P) AppleWebKit/537.36 (KHTML, like Gecko) Chrome/141.0.7390.122 Mobile Safari/537.36 (compatible; Googlebot/2.1; +http://www.google.com/bot.html)"
66.249.77.99 - - [30/Nov/2025:06:30:50 +0100] "GET /component/mailto/?tmpl=component&template=neutre&link=d90e3ff746ae321d505f525e97586905af292efb HTTP/1.1" 200 4269 "-" "Mozilla/5.0 (Linux; Android 6.0.1; Nexus 5X Build/MMB29P) AppleWebKit/537.36 (KHTML, like Gecko) Chrome/141.0.7390.122 Mobile Safari/537.36 (compatible; Googlebot/2.1; +http://www.google.com/bot.html)"
66.249.77.99 - - [30/Nov/2025:06:31:56 +0100] "GET /component/mailto/?tmpl=component&template=neutre&link=29e3b0b81412452349a25e39fd099f1bac974863 HTTP/1.1" 200 4269 "-" "Mozilla/5.0 (Linux; Android 6.0.1; Nexus 5X Build/MMB29P) AppleWebKit/537.36 (KHTML, like Gecko) Chrome/141.0.7390.122 Mobile Safari/537.36 (compatible; Googlebot/2.1; +http://www.google.com/bot.html)"
66.249.77.99 - - [30/Nov/2025:06:33:44 +0100] "GET /component/mailto/?tmpl=component&template=neutre&link=5b7b3eed900a7f9b8629b6327ad9772cfe8b6606 HTTP/1.1" 200 4269 "-" "Mozilla/5.0 (Linux; Android 6.0.1; Nexus 5X Build/MMB29P) AppleWebKit/537.36 (KHTML, like Gecko) Chrome/141.0.7390.122 Mobile Safari/537.36 (compatible; Googlebot/2.1; +http://www.google.com/bot.html)"
66.249.77.99 - - [30/Nov/2025:06:34:52 +0100] "GET /component/mailto/?tmpl=component&template=neutre&link=c938a7a8ef1e93ed9520cc968d34fd1d5650482d HTTP/1.1" 200 4269 "-" "Mozilla/5.0 (Linux; Android 6.0.1; Nexus 5X Build/MMB29P) AppleWebKit/537.36 (KHTML, like Gecko) Chrome/141.0.7390.122 Mobile Safari/537.36 (compatible; Googlebot/2.1; +http://www.google.com/bot.html)"
66.249.77.100 - - [30/Nov/2025:06:34:55 +0100] "GET /entretiendujardin/romainville-93 HTTP/1.1" 200 43118 "-" "Mozilla/5.0 (Linux; Android 6.0.1; Nexus 5X Build/MMB29P) AppleWebKit/537.36 (KHTML, like Gecko) Chrome/141.0.7390.122 Mobile Safari/537.36 (compatible; Googlebot/2.1; +http://www.google.com/bot.html)"
66.249.77.99 - - [30/Nov/2025:06:36:43 +0100] "GET /entretiendujardin/rosny-sous-bois-93 HTTP/1.1" 200 43222 "-" "Mozilla/5.0 (Linux; Android 6.0.1; Nexus 5X Build/MMB29P) AppleWebKit/537.36 (KHTML, like Gecko) Chrome/141.0.7390.122 Mobile Safari/537.36 (compatible; Googlebot/2.1; +http://www.google.com/bot.html)"
66.249.77.100 - - [30/Nov/2025:06:37:29 +0100] "GET /contactez-nous HTTP/1.1" 200 28375 "-" "Mozilla/5.0 (Linux; Android 6.0.1; Nexus 5X Build/MMB29P) AppleWebKit/537.36 (KHTML, like Gecko) Chrome/141.0.7390.122 Mobile Safari/537.36 (compatible; Googlebot/2.1; +http://www.google.com/bot.html)"
66.249.77.99 - - [30/Nov/2025:06:37:50 +0100] "GET /component/search/?searchword=cr%C3%A9er&start=40 HTTP/1.1" 200 26399 "-" "Mozilla/5.0 (Linux; Android 6.0.1; Nexus 5X Build/MMB29P) AppleWebKit/537.36 (KHTML, like Gecko) Chrome/141.0.7390.122 Mobile Safari/537.36 (compatible; Googlebot/2.1; +http://www.google.com/bot.html)"
66.249.77.100 - - [30/Nov/2025:06:39:59 +0100] "GET /entretiendujardin/bobigny-93/10-Paysagiste%20-93 HTTP/1.1" 200 114399 "-" "Mozilla/5.0 (Linux; Android 6.0.1; Nexus 5X Build/MMB29P) AppleWebKit/537.36 (KHTML, like Gecko) Chrome/141.0.7390.122 Mobile Safari/537.36 (compatible; Googlebot/2.1; +http://www.google.com/bot.html)"
66.249.77.99 - - [30/Nov/2025:06:40:04 +0100] "GET /component/search/?searchword=cr%C3%A9er&start=20 HTTP/1.1" 200 36586 "-" "Mozilla/5.0 (Linux; Android 6.0.1; Nexus 5X Build/MMB29P) AppleWebKit/537.36 (KHTML, like Gecko) Chrome/141.0.7390.122 Mobile Safari/537.36 (compatible; Googlebot/2.1; +http://www.google.com/bot.html)"
66.249.77.101 - - [30/Nov/2025:06:40:44 +0100] "GET /component/search/?searchword=formation&start=40 HTTP/1.1" 200 27641 "-" "Mozilla/5.0 (Linux; Android 6.0.1; Nexus 5X Build/MMB29P) AppleWebKit/537.36 (KHTML, like Gecko) Chrome/141.0.7390.122 Mobile Safari/537.36 (compatible; Googlebot/2.1; +http://www.google.com/bot.html)"
66.249.77.100 - - [30/Nov/2025:06:44:38 +0100] "GET /component/search/?searchword=formation&start=20 HTTP/1.1" 200 36626 "-" "Mozilla/5.0 (Linux; Android 6.0.1; Nexus 5X Build/MMB29P) AppleWebKit/537.36 (KHTML, like Gecko) Chrome/141.0.7390.122 Mobile Safari/537.36 (compatible; Googlebot/2.1; +http://www.google.com/bot.html)"
66.249.77.100 - - [30/Nov/2025:06:44:59 +0100] "GET /entretiendujardin/romainville-93/10-Paysagiste%20-93 HTTP/1.1" 200 114459 "-" "Mozilla/5.0 (Linux; Android 6.0.1; Nexus 5X Build/MMB29P) AppleWebKit/537.36 (KHTML, like Gecko) Chrome/141.0.7390.122 Mobile Safari/537.36 (compatible; Googlebot/2.1; +http://www.google.com/bot.html)"
66.249.77.101 - - [30/Nov/2025:06:47:16 +0100] "GET /component/search/?searchword=contactez-nous&start=20 HTTP/1.1" 200 36119 "-" "Mozilla/5.0 (Linux; Android 6.0.1; Nexus 5X Build/MMB29P) AppleWebKit/537.36 (KHTML, like Gecko) Chrome/141.0.7390.122 Mobile Safari/537.36 (compatible; Googlebot/2.1; +http://www.google.com/bot.html)"
66.249.77.99 - - [30/Nov/2025:06:47:45 +0100] "GET /component/search/?searchword=contactez-nous&start=40 HTTP/1.1" 200 25805 "-" "Mozilla/5.0 (Linux; Android 6.0.1; Nexus 5X Build/MMB29P) AppleWebKit/537.36 (KHTML, like Gecko) Chrome/141.0.7390.122 Mobile Safari/537.36 (compatible; Googlebot/2.1; +http://www.google.com/bot.html)"
66.249.77.99 - - [30/Nov/2025:06:51:29 +0100] "GET /component/search/?searchword=dans&start=40 HTTP/1.1" 200 28137 "-" "Mozilla/5.0 (Linux; Android 6.0.1; Nexus 5X Build/MMB29P) AppleWebKit/537.36 (KHTML, like Gecko) Chrome/141.0.7390.122 Mobile Safari/537.36 (compatible; Googlebot/2.1; +http://www.google.com/bot.html)"
66.249.77.100 - - [30/Nov/2025:06:51:33 +0100] "GET /component/search/?searchword=dans&start=20 HTTP/1.1" 200 36507 "-" "Mozilla/5.0 (Linux; Android 6.0.1; Nexus 5X Build/MMB29P) AppleWebKit/537.36 (KHTML, like Gecko) Chrome/141.0.7390.122 Mobile Safari/537.36 (compatible; Googlebot/2.1; +http://www.google.com/bot.html)"
66.249.77.99 - - [30/Nov/2025:06:54:43 +0100] "GET /component/content/category/2-diverse?format=feed&type=rss HTTP/1.1" 200 8497 "-" "Mozilla/5.0 (Linux; Android 6.0.1; Nexus 5X Build/MMB29P) AppleWebKit/537.36 (KHTML, like Gecko) Chrome/141.0.7390.122 Mobile Safari/537.36 (compatible; Googlebot/2.1; +http://www.google.com/bot.html)"
66.249.77.101 - - [30/Nov/2025:06:54:47 +0100] "GET /entretiendujardin/noisy-le-sec-93 HTTP/1.1" 200 43144 "-" "Mozilla/5.0 (Linux; Android 6.0.1; Nexus 5X Build/MMB29P) AppleWebKit/537.36 (KHTML, like Gecko) Chrome/141.0.7390.122 Mobile Safari/537.36 (compatible; Googlebot/2.1; +http://www.google.com/bot.html)"
66.249.77.101 - - [30/Nov/2025:06:56:34 +0100] "GET /entretiendujardin/pantin-93 HTTP/1.1" 200 42984 "-" "Mozilla/5.0 (Linux; Android 6.0.1; Nexus 5X Build/MMB29P) AppleWebKit/537.36 (KHTML, like Gecko) Chrome/141.0.7390.122 Mobile Safari/537.36 (compatible; Googlebot/2.1; +http://www.google.com/bot.html)"
66.249.77.99 - - [30/Nov/2025:06:57:53 +0100] "GET /entretiendujardin/raincy-93 HTTP/1.1" 200 42988 "-" "Mozilla/5.0 (Linux; Android 6.0.1; Nexus 5X Build/MMB29P) AppleWebKit/537.36 (KHTML, like Gecko) Chrome/141.0.7390.122 Mobile Safari/537.36 (compatible; Googlebot/2.1; +http://www.google.com/bot.html)"
66.249.77.100 - - [30/Nov/2025:07:00:29 +0100] "GET /entretiendujardin/romainville-93/10-Paysagiste%20-93?format=feed&type=rss HTTP/1.1" 200 75416 "-" "Mozilla/5.0 (Linux; Android 6.0.1; Nexus 5X Build/MMB29P) AppleWebKit/537.36 (KHTML, like Gecko) Chrome/141.0.7390.122 Mobile Safari/537.36 (compatible; Googlebot/2.1; +http://www.google.com/bot.html)"
66.249.77.99 - - [30/Nov/2025:07:00:57 +0100] "GET /component/content/category/10-Paysagiste%20-93?format=feed&type=rss HTTP/1.1" 200 75440 "-" "Mozilla/5.0 (Linux; Android 6.0.1; Nexus 5X Build/MMB29P) AppleWebKit/537.36 (KHTML, like Gecko) Chrome/141.0.7390.122 Mobile Safari/537.36 (compatible; Googlebot/2.1; +http://www.google.com/bot.html)"
66.249.77.100 - - [30/Nov/2025:07:05:46 +0100] "GET /component/mailto/?tmpl=component&template=neutre&link=e31b08adbca5977a8bdd8dda63ec42069b11565e HTTP/1.1" 200 4269 "-" "Mozilla/5.0 (Linux; Android 6.0.1; Nexus 5X Build/MMB29P) AppleWebKit/537.36 (KHTML, like Gecko) Chrome/141.0.7390.122 Mobile Safari/537.36 (compatible; Googlebot/2.1; +http://www.google.com/bot.html)"
66.249.77.100 - - [30/Nov/2025:07:05:49 +0100] "GET /component/mailto/?tmpl=component&template=neutre&link=ddcfd9e0fb658e77aa44c0c55b0b5c96d20e7e47 HTTP/1.1" 200 4269 "-" "Mozilla/5.0 (Linux; Android 6.0.1; Nexus 5X Build/MMB29P) AppleWebKit/537.36 (KHTML, like Gecko) Chrome/141.0.7390.122 Mobile Safari/537.36 (compatible; Googlebot/2.1; +http://www.google.com/bot.html)"
66.249.77.101 - - [30/Nov/2025:07:06:30 +0100] "GET /component/mailto/?tmpl=component&template=neutre&link=3b432a02364a932cfc06b660c27e7956eab35aa3 HTTP/1.1" 200 4269 "-" "Mozilla/5.0 (Linux; Android 6.0.1; Nexus 5X Build/MMB29P) AppleWebKit/537.36 (KHTML, like Gecko) Chrome/141.0.7390.122 Mobile Safari/537.36 (compatible; Googlebot/2.1; +http://www.google.com/bot.html)"
66.249.77.99 - - [30/Nov/2025:07:06:38 +0100] "GET /entretiendujardin/lilas-93 HTTP/1.1" 200 42966 "-" "Mozilla/5.0 (Linux; Android 6.0.1; Nexus 5X Build/MMB29P) AppleWebKit/537.36 (KHTML, like Gecko) Chrome/141.0.7390.122 Mobile Safari/537.36 (compatible; Googlebot/2.1; +http://www.google.com/bot.html)"
66.249.77.100 - - [30/Nov/2025:07:06:39 +0100] "GET /entretiendujardin/lilas-93/10-Paysagiste%20-93?format=feed&type=atom HTTP/1.1" 200 162768 "-" "Mozilla/5.0 (Linux; Android 6.0.1; Nexus 5X Build/MMB29P) AppleWebKit/537.36 (KHTML, like Gecko) Chrome/141.0.7390.122 Mobile Safari/537.36 (compatible; Googlebot/2.1; +http://www.google.com/bot.html)"
66.249.77.100 - - [30/Nov/2025:07:08:15 +0100] "GET /entretiendujardin/coubron-93 HTTP/1.1" 200 43014 "-" "Mozilla/5.0 (Linux; Android 6.0.1; Nexus 5X Build/MMB29P) AppleWebKit/537.36 (KHTML, like Gecko) Chrome/141.0.7390.122 Mobile Safari/537.36 (compatible; Googlebot/2.1; +http://www.google.com/bot.html)"
66.249.77.101 - - [30/Nov/2025:07:08:35 +0100] "GET /entretiendujardin/pavillons-sous-bois-93 HTTP/1.1" 200 43326 "-" "Mozilla/5.0 (Linux; Android 6.0.1; Nexus 5X Build/MMB29P) AppleWebKit/537.36 (KHTML, like Gecko) Chrome/141.0.7390.122 Mobile Safari/537.36 (compatible; Googlebot/2.1; +http://www.google.com/bot.html)"
66.249.77.100 - - [30/Nov/2025:07:08:53 +0100] "GET /entretiendujardin/tremblay-en-france-93 HTTP/1.1" 200 43300 "-" "Mozilla/5.0 (Linux; Android 6.0.1; Nexus 5X Build/MMB29P) AppleWebKit/537.36 (KHTML, like Gecko) Chrome/141.0.7390.122 Mobile Safari/537.36 (compatible; Googlebot/2.1; +http://www.google.com/bot.html)"
66.249.77.101 - - [30/Nov/2025:07:09:29 +0100] "GET /entretiendujardin/dugny-93 HTTP/1.1" 200 42962 "-" "Mozilla/5.0 (Linux; Android 6.0.1; Nexus 5X Build/MMB29P) AppleWebKit/537.36 (KHTML, like Gecko) Chrome/141.0.7390.122 Mobile Safari/537.36 (compatible; Googlebot/2.1; +http://www.google.com/bot.html)"
66.249.77.100 - - [30/Nov/2025:07:09:35 +0100] "GET /entretiendujardin/bourget-93 HTTP/1.1" 200 43014 "-" "Mozilla/5.0 (Linux; Android 6.0.1; Nexus 5X Build/MMB29P) AppleWebKit/537.36 (KHTML, like Gecko) Chrome/141.0.7390.122 Mobile Safari/537.36 (compatible; Googlebot/2.1; +http://www.google.com/bot.html)"
66.249.77.100 - - [30/Nov/2025:07:10:50 +0100] "GET /entretiendujardin/neuilly-plaisance-93 HTTP/1.1" 200 43274 "-" "Mozilla/5.0 (Linux; Android 6.0.1; Nexus 5X Build/MMB29P) AppleWebKit/537.36 (KHTML, like Gecko) Chrome/141.0.7390.122 Mobile Safari/537.36 (compatible; Googlebot/2.1; +http://www.google.com/bot.html)"
66.249.77.99 - - [30/Nov/2025:07:11:02 +0100] "GET /blog HTTP/1.1" 200 40522 "-" "Mozilla/5.0 (Linux; Android 6.0.1; Nexus 5X Build/MMB29P) AppleWebKit/537.36 (KHTML, like Gecko) Chrome/141.0.7390.122 Mobile Safari/537.36 (compatible; Googlebot/2.1; +http://www.google.com/bot.html)"
66.249.77.100 - - [30/Nov/2025:07:12:17 +0100] "GET /component/mailto/?tmpl=component&template=neutre&link=e0fc9e6aa1da6baff9e71b52fd345f64903b411e HTTP/1.1" 200 4269 "-" "Mozilla/5.0 (Linux; Android 6.0.1; Nexus 5X Build/MMB29P) AppleWebKit/537.36 (KHTML, like Gecko) Chrome/141.0.7390.122 Mobile Safari/537.36 (compatible; Googlebot/2.1; +http://www.google.com/bot.html)"
66.249.77.99 - - [30/Nov/2025:07:12:37 +0100] "GET /component/mailto/?tmpl=component&template=neutre&link=034c0524ba610f270b0ba4b126ff1bdb4a653c13 HTTP/1.1" 200 4269 "-" "Mozilla/5.0 (Linux; Android 6.0.1; Nexus 5X Build/MMB29P) AppleWebKit/537.36 (KHTML, like Gecko) Chrome/141.0.7390.122 Mobile Safari/537.36 (compatible; Googlebot/2.1; +http://www.google.com/bot.html)"
66.249.77.99 - - [30/Nov/2025:07:17:16 +0100] "GET /component/mailto/?tmpl=component&template=neutre&link=b517ca3b122183e0d5c479e329b4bd2ffcb76e71 HTTP/1.1" 200 4269 "-" "Mozilla/5.0 (Linux; Android 6.0.1; Nexus 5X Build/MMB29P) AppleWebKit/537.36 (KHTML, like Gecko) Chrome/141.0.7390.122 Mobile Safari/537.36 (compatible; Googlebot/2.1; +http://www.google.com/bot.html)"
66.249.77.100 - - [30/Nov/2025:07:19:25 +0100] "GET /entretiendujardin/tremblay-en-france-93/10-Paysagiste%20-93?format=feed&type=atom HTTP/1.1" 200 162807 "-" "Mozilla/5.0 (Linux; Android 6.0.1; Nexus 5X Build/MMB29P) AppleWebKit/537.36 (KHTML, like Gecko) Chrome/141.0.7390.122 Mobile Safari/537.36 (compatible; Googlebot/2.1; +http://www.google.com/bot.html)"
216.244.66.198 - - [30/Nov/2025:07:24:55 +0100] "GET /robots.txt HTTP/1.1" 200 896 "-" "Mozilla/5.0 (compatible; DotBot/1.2; +https://opensiteexplorer.org/dotbot; help@moz.com)"
66.249.77.99 - - [30/Nov/2025:07:25:44 +0100] "GET /entretiendujardin/drancy-93/10-Paysagiste%20-93?format=feed&type=rss HTTP/1.1" 200 75401 "-" "Mozilla/5.0 (Linux; Android 6.0.1; Nexus 5X Build/MMB29P) AppleWebKit/537.36 (KHTML, like Gecko) Chrome/141.0.7390.122 Mobile Safari/537.36 (compatible; Googlebot/2.1; +http://www.google.com/bot.html)"
66.249.77.99 - - [30/Nov/2025:07:26:15 +0100] "GET /entretiendujardin/rosny-sous-bois-93/10-Paysagiste%20-93 HTTP/1.1" 200 114519 "-" "Mozilla/5.0 (Linux; Android 6.0.1; Nexus 5X Build/MMB29P) AppleWebKit/537.36 (KHTML, like Gecko) Chrome/141.0.7390.122 Mobile Safari/537.36 (compatible; Googlebot/2.1; +http://www.google.com/bot.html)"
46.105.38.210 - - [30/Nov/2025:07:26:57 +0100] "GET /robots.txt HTTP/1.1" 301 246 "-" "Mozilla/5.0 (compatible; MJ12bot/v2.0.4; http://mj12bot.com/)"
46.105.38.210 - - [30/Nov/2025:07:26:57 +0100] "GET /robots.txt HTTP/1.1" 200 896 "-" "Mozilla/5.0 (compatible; MJ12bot/v2.0.4; http://mj12bot.com/)"
46.105.38.210 - - [30/Nov/2025:07:26:57 +0100] "GET / HTTP/1.1" 301 236 "-" "Mozilla/5.0 (compatible; MJ12bot/v2.0.4; http://mj12bot.com/)"
46.105.38.210 - - [30/Nov/2025:07:26:57 +0100] "GET / HTTP/1.1" 200 43624 "-" "Mozilla/5.0 (compatible; MJ12bot/v2.0.4; http://mj12bot.com/)"
66.249.77.100 - - [30/Nov/2025:07:29:50 +0100] "GET /entretiendujardin/raincy-93/10-Paysagiste%20-93?format=feed&type=rss HTTP/1.1" 200 75401 "-" "Mozilla/5.0 (Linux; Android 6.0.1; Nexus 5X Build/MMB29P) AppleWebKit/537.36 (KHTML, like Gecko) Chrome/141.0.7390.122 Mobile Safari/537.36 (compatible; Googlebot/2.1; +http://www.google.com/bot.html)"
85.208.98.23 - - [30/Nov/2025:07:29:58 +0100] "GET /robots.txt HTTP/1.1" 200 896 "-" "Mozilla/5.0 (compatible; SemrushBot-BA; +http://www.semrush.com/bot.html)"
85.208.98.24 - - [30/Nov/2025:07:30:20 +0100] "GET /blog/72-fleurs-de-cbd-en-france HTTP/1.1" 200 31192 "-" "Mozilla/5.0 (compatible; SemrushBot-BA; +http://www.semrush.com/bot.html)"
66.249.77.100 - - [30/Nov/2025:07:31:29 +0100] "GET /entretiendujardin/raincy-93/10-Paysagiste%20-93?format=feed&type=atom HTTP/1.1" 200 162771 "-" "Mozilla/5.0 (Linux; Android 6.0.1; Nexus 5X Build/MMB29P) AppleWebKit/537.36 (KHTML, like Gecko) Chrome/141.0.7390.122 Mobile Safari/537.36 (compatible; Googlebot/2.1; +http://www.google.com/bot.html)"
66.249.77.100 - - [30/Nov/2025:07:34:31 +0100] "GET /entretiendujardin/tremblay-en-france-93/10-Paysagiste%20-93?format=feed&type=rss HTTP/1.1" 200 75437 "-" "Mozilla/5.0 (Linux; Android 6.0.1; Nexus 5X Build/MMB29P) AppleWebKit/537.36 (KHTML, like Gecko) Chrome/141.0.7390.122 Mobile Safari/537.36 (compatible; Googlebot/2.1; +http://www.google.com/bot.html)"
185.247.137.161 - - [30/Nov/2025:07:36:09 +0100] "GET / HTTP/1.1" 301 236 "-" "Mozilla/5.0 (compatible; InternetMeasurement/1.0; +https://internet-measurement.com/)"
185.247.137.161 - - [30/Nov/2025:07:36:09 +0100] "GET / HTTP/1.1" 200 43624 "http://paysagiste93.com" "Mozilla/5.0 (compatible; InternetMeasurement/1.0; +https://internet-measurement.com/)"
185.247.137.77 - - [30/Nov/2025:07:36:13 +0100] "GET /favicon.ico HTTP/1.1" 404 1490 "-" "Mozilla/5.0 (compatible; InternetMeasurement/1.0; +https://internet-measurement.com/)"
162.243.114.171 - - [30/Nov/2025:07:36:14 +0100] "GET /favicon.ico HTTP/1.1" 404 1490 "-" "Mozilla/5.0 (compatible; InternetMeasurement/1.0; +https://internet-measurement.com/)"
66.249.77.99 - - [30/Nov/2025:07:39:29 +0100] "GET /entretiendujardin/bourget-93/10-Paysagiste%20-93?format=feed&type=rss HTTP/1.1" 200 75404 "-" "Mozilla/5.0 (Linux; Android 6.0.1; Nexus 5X Build/MMB29P) AppleWebKit/537.36 (KHTML, like Gecko) Chrome/141.0.7390.122 Mobile Safari/537.36 (compatible; Googlebot/2.1; +http://www.google.com/bot.html)"
66.249.77.100 - - [30/Nov/2025:07:39:38 +0100] "GET /entretiendujardin/bourget-93/10-Paysagiste%20-93?format=feed&type=atom HTTP/1.1" 200 162774 "-" "Mozilla/5.0 (Linux; Android 6.0.1; Nexus 5X Build/MMB29P) AppleWebKit/537.36 (KHTML, like Gecko) Chrome/141.0.7390.122 Mobile Safari/537.36 (compatible; Googlebot/2.1; +http://www.google.com/bot.html)"
66.249.77.99 - - [30/Nov/2025:07:39:53 +0100] "GET /entretiendujardin/neuilly-plaisance-93/10-Paysagiste%20-93?format=feed&type=rss HTTP/1.1" 200 75434 "-" "Mozilla/5.0 (Linux; Android 6.0.1; Nexus 5X Build/MMB29P) AppleWebKit/537.36 (KHTML, like Gecko) Chrome/141.0.7390.122 Mobile Safari/537.36 (compatible; Googlebot/2.1; +http://www.google.com/bot.html)"
66.249.77.99 - - [30/Nov/2025:07:39:57 +0100] "GET /entretiendujardin/dugny-93/10-Paysagiste%20-93?format=feed&type=rss HTTP/1.1" 200 75398 "-" "Mozilla/5.0 (Linux; Android 6.0.1; Nexus 5X Build/MMB29P) AppleWebKit/537.36 (KHTML, like Gecko) Chrome/141.0.7390.122 Mobile Safari/537.36 (compatible; Googlebot/2.1; +http://www.google.com/bot.html)"
66.249.77.101 - - [30/Nov/2025:07:42:30 +0100] "GET /entretiendujardin/dugny-93/10-Paysagiste%20-93?format=feed&type=atom HTTP/1.1" 200 162768 "-" "Mozilla/5.0 (Linux; Android 6.0.1; Nexus 5X Build/MMB29P) AppleWebKit/537.36 (KHTML, like Gecko) Chrome/141.0.7390.122 Mobile Safari/537.36 (compatible; Googlebot/2.1; +http://www.google.com/bot.html)"
66.249.77.99 - - [30/Nov/2025:07:44:31 +0100] "GET /entretiendujardin/villepinte-93 HTTP/1.1" 200 43092 "-" "Mozilla/5.0 (Linux; Android 6.0.1; Nexus 5X Build/MMB29P) AppleWebKit/537.36 (KHTML, like Gecko) Chrome/141.0.7390.122 Mobile Safari/537.36 (compatible; Googlebot/2.1; +http://www.google.com/bot.html)"
85.208.98.23 - - [30/Nov/2025:07:45:27 +0100] "GET /robots.txt HTTP/1.1" 200 896 "-" "Mozilla/5.0 (compatible; SemrushBot-BA; +http://www.semrush.com/bot.html)"
85.208.98.22 - - [30/Nov/2025:07:45:51 +0100] "GET /blog HTTP/1.1" 200 40522 "-" "Mozilla/5.0 (compatible; SemrushBot-BA; +http://www.semrush.com/bot.html)"
66.249.77.99 - - [30/Nov/2025:07:47:47 +0100] "GET /entretiendujardin/courneuve-93 HTTP/1.1" 200 43066 "-" "Mozilla/5.0 (Linux; Android 6.0.1; Nexus 5X Build/MMB29P) AppleWebKit/537.36 (KHTML, like Gecko) Chrome/141.0.7390.122 Mobile Safari/537.36 (compatible; Googlebot/2.1; +http://www.google.com/bot.html)"
216.244.66.198 - - [30/Nov/2025:07:48:05 +0100] "GET /entretiendujardin/gournay-sur-marne-93/10-Paysagiste%20-93?format=feed&type=atom HTTP/1.1" 200 162804 "-" "Mozilla/5.0 (compatible; DotBot/1.2; +https://opensiteexplorer.org/dotbot; help@moz.com)"
66.249.77.101 - - [30/Nov/2025:07:48:53 +0100] "GET /component/content/category/9-informations?format=feed&type=atom HTTP/1.1" 200 1059 "-" "Mozilla/5.0 (Linux; Android 6.0.1; Nexus 5X Build/MMB29P) AppleWebKit/537.36 (KHTML, like Gecko) Chrome/141.0.7390.122 Mobile Safari/537.36 (compatible; Googlebot/2.1; +http://www.google.com/bot.html)"
66.249.77.99 - - [30/Nov/2025:07:49:02 +0100] "GET /entretiendujardin/drancy-93 HTTP/1.1" 200 42988 "-" "Mozilla/5.0 (Linux; Android 6.0.1; Nexus 5X Build/MMB29P) AppleWebKit/537.36 (KHTML, like Gecko) Chrome/141.0.7390.122 Mobile Safari/537.36 (compatible; Googlebot/2.1; +http://www.google.com/bot.html)"
66.249.77.99 - - [30/Nov/2025:07:49:16 +0100] "GET /blog/72-fleurs-de-cbd-en-france HTTP/1.1" 200 31192 "-" "Mozilla/5.0 (Linux; Android 6.0.1; Nexus 5X Build/MMB29P) AppleWebKit/537.36 (KHTML, like Gecko) Chrome/141.0.7390.122 Mobile Safari/537.36 (compatible; Googlebot/2.1; +http://www.google.com/bot.html)"
66.249.77.100 - - [30/Nov/2025:07:54:37 +0100] "GET /entretiendujardin/villemomble-93 HTTP/1.1" 200 43118 "-" "Mozilla/5.0 (Linux; Android 6.0.1; Nexus 5X Build/MMB29P) AppleWebKit/537.36 (KHTML, like Gecko) Chrome/141.0.7390.122 Mobile Safari/537.36 (compatible; Googlebot/2.1; +http://www.google.com/bot.html)"
66.249.77.100 - - [30/Nov/2025:07:56:45 +0100] "GET /entretiendujardin/saint-denis-93 HTTP/1.1" 200 43118 "-" "Mozilla/5.0 (Linux; Android 6.0.1; Nexus 5X Build/MMB29P) AppleWebKit/537.36 (KHTML, like Gecko) Chrome/141.0.7390.122 Mobile Safari/537.36 (compatible; Googlebot/2.1; +http://www.google.com/bot.html)"
66.249.77.99 - - [30/Nov/2025:08:03:26 +0100] "GET /entretiendujardin/pantin-93/10-Paysagiste%20-93 HTTP/1.1" 200 114380 "-" "Mozilla/5.0 (Linux; Android 6.0.1; Nexus 5X Build/MMB29P) AppleWebKit/537.36 (KHTML, like Gecko) Chrome/141.0.7390.122 Mobile Safari/537.36 (compatible; Googlebot/2.1; +http://www.google.com/bot.html)"
66.249.77.101 - - [30/Nov/2025:08:06:56 +0100] "GET /component/content/category/10-Paysagiste%20-93 HTTP/1.1" 200 109273 "-" "Mozilla/5.0 (Linux; Android 6.0.1; Nexus 5X Build/MMB29P) AppleWebKit/537.36 (KHTML, like Gecko) Chrome/141.0.7390.122 Mobile Safari/537.36 (compatible; Googlebot/2.1; +http://www.google.com/bot.html)"
66.249.77.100 - - [30/Nov/2025:08:08:37 +0100] "GET /entretiendujardin/lilas-93/10-Paysagiste%20-93 HTTP/1.1" 200 114373 "-" "Mozilla/5.0 (Linux; Android 6.0.1; Nexus 5X Build/MMB29P) AppleWebKit/537.36 (KHTML, like Gecko) Chrome/141.0.7390.122 Mobile Safari/537.36 (compatible; Googlebot/2.1; +http://www.google.com/bot.html)"
66.249.77.100 - - [30/Nov/2025:08:08:42 +0100] "GET /entretiendujardin/noisy-le-sec-93/10-Paysagiste%20-93 HTTP/1.1" 200 114474 "-" "Mozilla/5.0 (Linux; Android 6.0.1; Nexus 5X Build/MMB29P) AppleWebKit/537.36 (KHTML, like Gecko) Chrome/141.0.7390.122 Mobile Safari/537.36 (compatible; Googlebot/2.1; +http://www.google.com/bot.html)"
66.249.77.100 - - [30/Nov/2025:08:15:57 +0100] "GET /component/content/category/9-informations HTTP/1.1" 200 21719 "-" "Mozilla/5.0 (Linux; Android 6.0.1; Nexus 5X Build/MMB29P) AppleWebKit/537.36 (KHTML, like Gecko) Chrome/141.0.7390.122 Mobile Safari/537.36 (compatible; Googlebot/2.1; +http://www.google.com/bot.html)"
66.249.77.99 - - [30/Nov/2025:08:17:52 +0100] "GET /entretiendujardin/noisy-le-sec-93/10-Paysagiste%20-93?format=feed&type=rss HTTP/1.1" 200 75419 "-" "Mozilla/5.0 (Linux; Android 6.0.1; Nexus 5X Build/MMB29P) AppleWebKit/537.36 (KHTML, like Gecko) Chrome/141.0.7390.122 Mobile Safari/537.36 (compatible; Googlebot/2.1; +http://www.google.com/bot.html)"
66.249.77.99 - - [30/Nov/2025:08:18:54 +0100] "GET /entretiendujardin/drancy-93/10-Paysagiste%20-93 HTTP/1.1" 200 114384 "-" "Mozilla/5.0 (Linux; Android 6.0.1; Nexus 5X Build/MMB29P) AppleWebKit/537.36 (KHTML, like Gecko) Chrome/141.0.7390.122 Mobile Safari/537.36 (compatible; Googlebot/2.1; +http://www.google.com/bot.html)"
66.249.77.99 - - [30/Nov/2025:08:19:27 +0100] "GET /entretiendujardin/tremblay-en-france-93/10-Paysagiste%20-93 HTTP/1.1" 200 114564 "-" "Mozilla/5.0 (Linux; Android 6.0.1; Nexus 5X Build/MMB29P) AppleWebKit/537.36 (KHTML, like Gecko) Chrome/141.0.7390.122 Mobile Safari/537.36 (compatible; Googlebot/2.1; +http://www.google.com/bot.html)"
66.249.77.99 - - [30/Nov/2025:08:20:47 +0100] "GET /entretiendujardin/coubron-93/10-Paysagiste%20-93 HTTP/1.1" 200 114399 "-" "Mozilla/5.0 (Linux; Android 6.0.1; Nexus 5X Build/MMB29P) AppleWebKit/537.36 (KHTML, like Gecko) Chrome/141.0.7390.122 Mobile Safari/537.36 (compatible; Googlebot/2.1; +http://www.google.com/bot.html)"
66.249.77.100 - - [30/Nov/2025:08:20:52 +0100] "GET /entretiendujardin/bourget-93/10-Paysagiste%20-93 HTTP/1.1" 200 114399 "-" "Mozilla/5.0 (Linux; Android 6.0.1; Nexus 5X Build/MMB29P) AppleWebKit/537.36 (KHTML, like Gecko) Chrome/141.0.7390.122 Mobile Safari/537.36 (compatible; Googlebot/2.1; +http://www.google.com/bot.html)"
66.249.77.101 - - [30/Nov/2025:08:21:36 +0100] "GET /component/ninjarsssyndicator/?feed_id=1&format=raw HTTP/1.1" 200 6993 "-" "Mozilla/5.0 (Linux; Android 6.0.1; Nexus 5X Build/MMB29P) AppleWebKit/537.36 (KHTML, like Gecko) Chrome/141.0.7390.122 Mobile Safari/537.36 (compatible; Googlebot/2.1; +http://www.google.com/bot.html)"
157.55.39.200 - - [30/Nov/2025:08:22:19 +0100] "GET /?option=com_search&searchword=bondy HTTP/1.1" 301 281 "-" "Mozilla/5.0 AppleWebKit/537.36 (KHTML, like Gecko; compatible; bingbot/2.0; +http://www.bing.com/bingbot.htm) Chrome/116.0.1938.76 Safari/537.36"
157.55.39.203 - - [30/Nov/2025:08:22:29 +0100] "GET /?option=com_search&%3bsearchword=bondy HTTP/1.1" 200 24750 "-" "Mozilla/5.0 AppleWebKit/537.36 (KHTML, like Gecko; compatible; bingbot/2.0; +http://www.bing.com/bingbot.htm) Chrome/116.0.1938.76 Safari/537.36"
66.249.77.99 - - [30/Nov/2025:08:26:00 +0100] "GET /entretiendujardin/dugny-93/10-Paysagiste%20-93 HTTP/1.1" 200 114369 "-" "Mozilla/5.0 (Linux; Android 6.0.1; Nexus 5X Build/MMB29P) AppleWebKit/537.36 (KHTML, like Gecko) Chrome/141.0.7390.122 Mobile Safari/537.36 (compatible; Googlebot/2.1; +http://www.google.com/bot.html)"
47.128.96.18 - - [30/Nov/2025:08:26:26 +0100] "GET /robots.txt HTTP/1.1" 200 896 "-" "-"
66.249.77.100 - - [30/Nov/2025:08:26:26 +0100] "GET /entretiendujardin/raincy-93/10-Paysagiste%20-93 HTTP/1.1" 200 114384 "-" "Mozilla/5.0 (Linux; Android 6.0.1; Nexus 5X Build/MMB29P) AppleWebKit/537.36 (KHTML, like Gecko) Chrome/141.0.7390.122 Mobile Safari/537.36 (compatible; Googlebot/2.1; +http://www.google.com/bot.html)"
66.249.77.100 - - [30/Nov/2025:08:26:39 +0100] "GET /entretiendujardin/neuilly-plaisance-93/10-Paysagiste%20-93 HTTP/1.1" 200 114549 "-" "Mozilla/5.0 (Linux; Android 6.0.1; Nexus 5X Build/MMB29P) AppleWebKit/537.36 (KHTML, like Gecko) Chrome/141.0.7390.122 Mobile Safari/537.36 (compatible; Googlebot/2.1; +http://www.google.com/bot.html)"
47.128.96.143 - - [30/Nov/2025:08:27:12 +0100] "GET /media/mod_pwebcontact/css/bootstrap.css HTTP/1.1" 200 13926 "http://www.paysagiste93.com/entretiendujardin/vaujours-93/10-Paysagiste%20-93" "Mozilla/5.0 (Linux; Android 5.0) AppleWebKit/537.36 (KHTML, like Gecko) Mobile Safari/537.36 (compatible; TikTokSpider; ttspider-feedback@tiktok.com)"
47.128.96.143 - - [30/Nov/2025:08:27:12 +0100] "GET /media/system/css/modal.css HTTP/1.1" 200 2823 "http://www.paysagiste93.com/entretiendujardin/vaujours-93/10-Paysagiste%20-93" "Mozilla/5.0 (Linux; Android 5.0) AppleWebKit/537.36 (KHTML, like Gecko) Mobile Safari/537.36 (compatible; TikTokSpider; ttspider-feedback@tiktok.com)"
47.128.96.143 - - [30/Nov/2025:08:27:12 +0100] "GET /plugins/system/jcemediabox/css/jcemediabox.css?a3b640def3ef13678e19cfeeb7397c85 HTTP/1.1" 200 5791 "http://www.paysagiste93.com/entretiendujardin/vaujours-93/10-Paysagiste%20-93" "Mozilla/5.0 (Linux; Android 5.0) AppleWebKit/537.36 (KHTML, like Gecko) Mobile Safari/537.36 (compatible; TikTokSpider; ttspider-feedback@tiktok.com)"
47.128.96.143 - - [30/Nov/2025:08:27:12 +0100] "GET /plugins/system/jcemediabox/themes/light/css/style.css?36c352a2b4ad8aa73f93eb9d76da8882 HTTP/1.1" 200 4357 "http://www.paysagiste93.com/entretiendujardin/vaujours-93/10-Paysagiste%20-93" "Mozilla/5.0 (Linux; Android 5.0) AppleWebKit/537.36 (KHTML, like Gecko) Mobile Safari/537.36 (compatible; TikTokSpider; ttspider-feedback@tiktok.com)"
47.128.96.143 - - [30/Nov/2025:08:27:08 +0100] "GET /entretiendujardin/vaujours-93/10-Paysagiste%20-93 HTTP/1.1" 200 114414 "-" "Mozilla/5.0 (Linux; Android 5.0) AppleWebKit/537.36 (KHTML, like Gecko) Mobile Safari/537.36 (compatible; TikTokSpider; ttspider-feedback@tiktok.com)"
47.128.96.143 - - [30/Nov/2025:08:27:12 +0100] "GET /media/mod_pwebcontact/css/toggler/lightblue.css HTTP/1.1" 200 3724 "http://www.paysagiste93.com/entretiendujardin/vaujours-93/10-Paysagiste%20-93" "Mozilla/5.0 (Linux; Android 5.0) AppleWebKit/537.36 (KHTML, like Gecko) Mobile Safari/537.36 (compatible; TikTokSpider; ttspider-feedback@tiktok.com)"
47.128.96.143 - - [30/Nov/2025:08:27:12 +0100] "GET /media/mod_pwebcontact/css/form/orange.css HTTP/1.1" 200 5566 "http://www.paysagiste93.com/entretiendujardin/vaujours-93/10-Paysagiste%20-93" "Mozilla/5.0 (Linux; Android 5.0) AppleWebKit/537.36 (KHTML, like Gecko) Mobile Safari/537.36 (compatible; TikTokSpider; ttspider-feedback@tiktok.com)"
47.128.96.143 - - [30/Nov/2025:08:27:12 +0100] "GET /media/mod_pwebcontact/css/animations.css HTTP/1.1" 200 26025 "http://www.paysagiste93.com/entretiendujardin/vaujours-93/10-Paysagiste%20-93" "Mozilla/5.0 (Linux; Android 5.0) AppleWebKit/537.36 (KHTML, like Gecko) Mobile Safari/537.36 (compatible; TikTokSpider; ttspider-feedback@tiktok.com)"
47.128.96.143 - - [30/Nov/2025:08:27:13 +0100] "GET /media/mod_pwebcontact/css/background/lightgray.css HTTP/1.1" 200 2866 "http://www.paysagiste93.com/entretiendujardin/vaujours-93/10-Paysagiste%20-93" "Mozilla/5.0 (Linux; Android 5.0) AppleWebKit/537.36 (KHTML, like Gecko) Mobile Safari/537.36 (compatible; TikTokSpider; ttspider-feedback@tiktok.com)"
47.128.96.143 - - [30/Nov/2025:08:27:12 +0100] "GET /media/mod_pwebcontact/css/layout.css HTTP/1.1" 200 35741 "http://www.paysagiste93.com/entretiendujardin/vaujours-93/10-Paysagiste%20-93" "Mozilla/5.0 (Linux; Android 5.0) AppleWebKit/537.36 (KHTML, like Gecko) Mobile Safari/537.36 (compatible; TikTokSpider; ttspider-feedback@tiktok.com)"
47.128.96.143 - - [30/Nov/2025:08:27:13 +0100] "GET /templates/system/css/system.css HTTP/1.1" 200 896 "http://www.paysagiste93.com/entretiendujardin/vaujours-93/10-Paysagiste%20-93" "Mozilla/5.0 (Linux; Android 5.0) AppleWebKit/537.36 (KHTML, like Gecko) Mobile Safari/537.36 (compatible; TikTokSpider; ttspider-feedback@tiktok.com)"
47.128.96.143 - - [30/Nov/2025:08:27:13 +0100] "GET /cache/mod_pwebcontact/16717e83a3f98200f504d2874c9df347.css HTTP/1.1" 200 2295 "http://www.paysagiste93.com/entretiendujardin/vaujours-93/10-Paysagiste%20-93" "Mozilla/5.0 (Linux; Android 5.0) AppleWebKit/537.36 (KHTML, like Gecko) Mobile Safari/537.36 (compatible; TikTokSpider; ttspider-feedback@tiktok.com)"
47.128.96.143 - - [30/Nov/2025:08:27:13 +0100] "GET /templates/system/css/general.css HTTP/1.1" 200 2730 "http://www.paysagiste93.com/entretiendujardin/vaujours-93/10-Paysagiste%20-93" "Mozilla/5.0 (Linux; Android 5.0) AppleWebKit/537.36 (KHTML, like Gecko) Mobile Safari/537.36 (compatible; TikTokSpider; ttspider-feedback@tiktok.com)"
47.128.96.143 - - [30/Nov/2025:08:27:13 +0100] "GET /templates/neutre/css/template.responsive.css HTTP/1.1" 200 8238 "http://www.paysagiste93.com/entretiendujardin/vaujours-93/10-Paysagiste%20-93" "Mozilla/5.0 (Linux; Android 5.0) AppleWebKit/537.36 (KHTML, like Gecko) Mobile Safari/537.36 (compatible; TikTokSpider; ttspider-feedback@tiktok.com)"
47.128.96.143 - - [30/Nov/2025:08:27:13 +0100] "GET /images/contactimg.png HTTP/1.1" 206 500 "http://www.paysagiste93.com/entretiendujardin/vaujours-93/10-Paysagiste%20-93" "Mozilla/5.0 (Linux; Android 5.0) AppleWebKit/537.36 (KHTML, like Gecko) Mobile Safari/537.36 (compatible; TikTokSpider; ttspider-feedback@tiktok.com)"
47.128.96.143 - - [30/Nov/2025:08:27:13 +0100] "GET /media/system/images/arrow.png HTTP/1.1" 206 118 "http://www.paysagiste93.com/entretiendujardin/vaujours-93/10-Paysagiste%20-93" "Mozilla/5.0 (Linux; Android 5.0) AppleWebKit/537.36 (KHTML, like Gecko) Mobile Safari/537.36 (compatible; TikTokSpider; ttspider-feedback@tiktok.com)"
47.128.96.143 - - [30/Nov/2025:08:27:13 +0100] "GET /templates/neutre/css/template.css HTTP/1.1" 200 68431 "http://www.paysagiste93.com/entretiendujardin/vaujours-93/10-Paysagiste%20-93" "Mozilla/5.0 (Linux; Android 5.0) AppleWebKit/537.36 (KHTML, like Gecko) Mobile Safari/537.36 (compatible; TikTokSpider; ttspider-feedback@tiktok.com)"
47.128.96.143 - - [30/Nov/2025:08:27:13 +0100] "GET /images/paysagiste93/jardin-sec.jpg HTTP/1.1" 206 500 "http://www.paysagiste93.com/entretiendujardin/vaujours-93/10-Paysagiste%20-93" "Mozilla/5.0 (Linux; Android 5.0) AppleWebKit/537.36 (KHTML, like Gecko) Mobile Safari/537.36 (compatible; TikTokSpider; ttspider-feedback@tiktok.com)"
47.128.96.143 - - [30/Nov/2025:08:27:13 +0100] "GET /media/system/css/system.css HTTP/1.1" 200 1446 "http://www.paysagiste93.com/templates/system/css/system.css" "Mozilla/5.0 (Linux; Android 5.0) AppleWebKit/537.36 (KHTML, like Gecko) Mobile Safari/537.36 (compatible; TikTokSpider; ttspider-feedback@tiktok.com)"
47.128.96.143 - - [30/Nov/2025:08:27:13 +0100] "GET /images/rss_32-2.png HTTP/1.1" 206 500 "http://www.paysagiste93.com/entretiendujardin/vaujours-93/10-Paysagiste%20-93" "Mozilla/5.0 (Linux; Android 5.0) AppleWebKit/537.36 (KHTML, like Gecko) Mobile Safari/537.36 (compatible; TikTokSpider; ttspider-feedback@tiktok.com)"
47.128.96.143 - - [30/Nov/2025:08:27:13 +0100] "GET /images/logosmall.png HTTP/1.1" 206 500 "http://www.paysagiste93.com/entretiendujardin/vaujours-93/10-Paysagiste%20-93" "Mozilla/5.0 (Linux; Android 5.0) AppleWebKit/537.36 (KHTML, like Gecko) Mobile Safari/537.36 (compatible; TikTokSpider; ttspider-feedback@tiktok.com)"
47.128.96.143 - - [30/Nov/2025:08:27:13 +0100] "GET /templates/neutre/images/object1481438740.png HTTP/1.1" 206 500 "http://www.paysagiste93.com/templates/neutre/css/template.css" "Mozilla/5.0 (Linux; Android 5.0) AppleWebKit/537.36 (KHTML, like Gecko) Mobile Safari/537.36 (compatible; TikTokSpider; ttspider-feedback@tiktok.com)"
