31.129.170.42 - - [05/Dec/2025:05:10:15 +0100] "GET /component/mailto/?tmpl=component&template=neutre&link=3834f18d70251d6d8a6642ac485e5633f93c0028 HTTP/1.0" 200 4269 "-" "Mozilla/5.0 (Windows NT 10.0; Win64; x64) AppleWebKit/537.36 (KHTML, like Gecko) Chrome/118.0.0.0 Safari/537.36"
66.249.69.227 - - [05/Dec/2025:05:14:59 +0100] "GET /component/search/?searchword=pour&limitstart=0 HTTP/1.1" 200 36353 "-" "Mozilla/5.0 (Linux; Android 6.0.1; Nexus 5X Build/MMB29P) AppleWebKit/537.36 (KHTML, like Gecko) Chrome/141.0.7390.122 Mobile Safari/537.36 (compatible; Googlebot/2.1; +http://www.google.com/bot.html)"
141.95.54.157 - - [05/Dec/2025:05:25:32 +0100] "GET /?option=com_search&%3Bsearchword=noisy-le-grand HTTP/1.1" 200 24798 "-" "Mozilla/5.0 (Windows NT 10.0; Win64; x64) AppleWebKit/537.36 (KHTML, like Gecko) Chrome/139.0.0.0 Safari/537.36"
51.91.254.43 - - [05/Dec/2025:05:25:50 +0100] "GET /?option=com_search&%3Bsearchword=animalerie HTTP/1.1" 200 24791 "-" "Mozilla/5.0 (Windows NT 10.0; Win64; x64) AppleWebKit/537.36 (KHTML, like Gecko) Chrome/139.0.0.0 Safari/537.36"
176.34.238.214 - - [05/Dec/2025:05:29:36 +0100] "GET /?option=com_search&searchword=pantin HTTP/1.1" 200 24756 "http://www.paysagiste93.com/" "Mozilla/5.0 (Macintosh; Intel Mac OS X 10_15_5) AppleWebKit/537.36 (KHTML, like Gecko) Chrome/83.0.4103.61 Safari/537.36"
176.34.238.214 - - [05/Dec/2025:05:29:56 +0100] "GET /?option=com_search&searchword=lilas HTTP/1.1" 200 24750 "http://www.paysagiste93.com/" "Mozilla/5.0 (Macintosh; Intel Mac OS X 10_15_5) AppleWebKit/537.36 (KHTML, like Gecko) Chrome/83.0.4103.61 Safari/537.36"
176.34.238.214 - - [05/Dec/2025:05:30:03 +0100] "GET /?option=com_search&searchword=noisy-le-grand HTTP/1.1" 200 24798 "http://www.paysagiste93.com/" "Mozilla/5.0 (Macintosh; Intel Mac OS X 10_15_5) AppleWebKit/537.36 (KHTML, like Gecko) Chrome/83.0.4103.61 Safari/537.36"
216.24.213.79 - - [05/Dec/2025:05:33:12 +0100] "GET / HTTP/1.1" 200 43624 "-" "Mozilla/5.0 (Windows; U; Windows NT 6.1; en-US; rv:1.9.1.5) Gecko/20091102 Firefox/3.5.5 (.NET CLR 3.5.30729)"
176.151.35.146 - - [05/Dec/2025:05:33:36 +0100] "GET /?option=com_search&searchword=contactez-nous HTTP/1.1" 200 35711 "-" "python-requests/2.31.0"
176.151.35.146 - - [05/Dec/2025:05:33:36 +0100] "GET /?option=com_search&searchword=contactez-nous HTTP/1.1" 200 35711 "-" "Mozilla/5.0 (Windows NT 10.0; Win64; x64) AppleWebKit/537.36 (KHTML, like Gecko) Chrome/135.0.0.0 Safari/537.36 Edg/135.0.0.0"
43.133.139.6 - - [05/Dec/2025:05:35:40 +0100] "GET / HTTP/1.1" 200 43624 "-" "Mozilla/5.0 (iPhone; CPU iPhone OS 13_2_3 like Mac OS X) AppleWebKit/605.1.15 (KHTML, like Gecko) Version/13.0.3 Mobile/15E148 Safari/604.1"
52.167.144.166 - - [05/Dec/2025:05:36:29 +0100] "GET /entretiendujardin/coubron-93 HTTP/1.1" 200 43014 "-" "Mozilla/5.0 AppleWebKit/537.36 (KHTML, like Gecko; compatible; bingbot/2.0; +http://www.bing.com/bingbot.htm) Chrome/116.0.1938.76 Safari/537.36"
216.244.66.198 - - [05/Dec/2025:05:39:41 +0100] "GET /robots.txt HTTP/1.1" 200 896 "-" "Mozilla/5.0 (compatible; DotBot/1.2; +https://opensiteexplorer.org/dotbot; help@moz.com)"
182.42.111.213 - - [05/Dec/2025:05:41:51 +0100] "GET / HTTP/1.1" 301 236 "-" "Mozilla/5.0 (iPhone; CPU iPhone OS 13_2_3 like Mac OS X) AppleWebKit/605.1.15 (KHTML, like Gecko) Version/13.0.3 Mobile/15E148 Safari/604.1"
182.42.111.213 - - [05/Dec/2025:05:41:53 +0100] "GET / HTTP/1.1" 200 43624 "http://paysagiste93.com" "Mozilla/5.0 (iPhone; CPU iPhone OS 13_2_3 like Mac OS X) AppleWebKit/605.1.15 (KHTML, like Gecko) Version/13.0.3 Mobile/15E148 Safari/604.1"
40.77.167.76 - - [05/Dec/2025:05:47:10 +0100] "GET /entretiendujardin/rosny-sous-bois-93 HTTP/1.1" 200 43222 "-" "Mozilla/5.0 AppleWebKit/537.36 (KHTML, like Gecko; compatible; bingbot/2.0; +http://www.bing.com/bingbot.htm) Chrome/116.0.1938.76 Safari/537.36"
216.244.66.198 - - [05/Dec/2025:05:55:04 +0100] "GET /entretiendujardin/courneuve-93/10-Paysagiste%20-93?format=feed&type=rss HTTP/1.1" 200 75410 "-" "Mozilla/5.0 (compatible; DotBot/1.2; +https://opensiteexplorer.org/dotbot; help@moz.com)"
217.182.92.119 - - [05/Dec/2025:05:57:45 +0100] "GET /entretiendujardin/noisy-le-sec-93 HTTP/1.1" 200 43144 "-" "Mozilla/5.0 (compatible; HaloBot/1.0)"
66.249.69.229 - - [05/Dec/2025:06:07:51 +0100] "GET /component/content/category/9-informations?format=feed&type=atom HTTP/1.1" 200 1059 "-" "Mozilla/5.0 (Linux; Android 6.0.1; Nexus 5X Build/MMB29P) AppleWebKit/537.36 (KHTML, like Gecko) Chrome/141.0.7390.122 Mobile Safari/537.36 (compatible; Googlebot/2.1; +http://www.google.com/bot.html)"
176.151.35.146 - - [05/Dec/2025:06:18:27 +0100] "GET /?option=com_search&searchword=contactez-nous HTTP/1.1" 200 35711 "-" "python-requests/2.31.0"
176.151.35.146 - - [05/Dec/2025:06:18:31 +0100] "GET /?option=com_search&searchword=contactez-nous HTTP/1.1" 200 35711 "-" "Mozilla/5.0 (Macintosh; Intel Mac OS X 10_15_7) AppleWebKit/605.1.15 (KHTML, like Gecko) Version/18.3.1 Safari/605.1.15"
216.244.66.198 - - [05/Dec/2025:06:23:53 +0100] "GET /robots.txt HTTP/1.1" 200 896 "-" "Mozilla/5.0 (compatible; DotBot/1.2; +https://opensiteexplorer.org/dotbot; help@moz.com)"
66.249.69.227 - - [05/Dec/2025:06:29:54 +0100] "GET /component/search/?searchword=paysagiste&limitstart=0 HTTP/1.1" 200 36423 "-" "Mozilla/5.0 (Linux; Android 6.0.1; Nexus 5X Build/MMB29P) AppleWebKit/537.36 (KHTML, like Gecko) Chrome/141.0.7390.122 Mobile Safari/537.36 (compatible; Googlebot/2.1; +http://www.google.com/bot.html)"
66.249.69.227 - - [05/Dec/2025:06:31:53 +0100] "GET /component/search/?searchword=pelouse&limitstart=0 HTTP/1.1" 200 36576 "-" "Mozilla/5.0 (Linux; Android 6.0.1; Nexus 5X Build/MMB29P) AppleWebKit/537.36 (KHTML, like Gecko) Chrome/141.0.7390.122 Mobile Safari/537.36 (compatible; Googlebot/2.1; +http://www.google.com/bot.html)"
66.249.69.227 - - [05/Dec/2025:06:32:13 +0100] "GET /informations-legales/2-diverse HTTP/1.1" 200 39836 "-" "Mozilla/5.0 (Linux; Android 6.0.1; Nexus 5X Build/MMB29P) AppleWebKit/537.36 (KHTML, like Gecko) Chrome/141.0.7390.122 Mobile Safari/537.36 (compatible; Googlebot/2.1; +http://www.google.com/bot.html)"
66.249.69.229 - - [05/Dec/2025:06:32:27 +0100] "GET /component/search/?searchword=pour&start=40 HTTP/1.1" 200 28728 "-" "Mozilla/5.0 (Linux; Android 6.0.1; Nexus 5X Build/MMB29P) AppleWebKit/537.36 (KHTML, like Gecko) Chrome/141.0.7390.122 Mobile Safari/537.36 (compatible; Googlebot/2.1; +http://www.google.com/bot.html)"
66.249.69.228 - - [05/Dec/2025:06:35:53 +0100] "GET /contactez-nous/2-diverse?format=feed&type=rss HTTP/1.1" 200 8411 "-" "Mozilla/5.0 (Linux; Android 6.0.1; Nexus 5X Build/MMB29P) AppleWebKit/537.36 (KHTML, like Gecko) Chrome/141.0.7390.122 Mobile Safari/537.36 (compatible; Googlebot/2.1; +http://www.google.com/bot.html)"
40.77.167.22 - - [05/Dec/2025:06:36:54 +0100] "GET /entretiendujardin/saint-denis-93 HTTP/1.1" 200 43118 "-" "Mozilla/5.0 AppleWebKit/537.36 (KHTML, like Gecko; compatible; bingbot/2.0; +http://www.bing.com/bingbot.htm) Chrome/116.0.1938.76 Safari/537.36"
216.244.66.198 - - [05/Dec/2025:06:37:04 +0100] "GET /entretiendujardin/montfermeil-93/10-Paysagiste%20-93?format=feed&type=rss HTTP/1.1" 200 75416 "-" "Mozilla/5.0 (compatible; DotBot/1.2; +https://opensiteexplorer.org/dotbot; help@moz.com)"
66.249.69.229 - - [05/Dec/2025:06:39:24 +0100] "GET /contactez-nous/2-diverse?format=feed&type=atom HTTP/1.1" 200 17086 "-" "Mozilla/5.0 (Linux; Android 6.0.1; Nexus 5X Build/MMB29P) AppleWebKit/537.36 (KHTML, like Gecko) Chrome/141.0.7390.122 Mobile Safari/537.36 (compatible; Googlebot/2.1; +http://www.google.com/bot.html)"
51.68.107.148 - - [05/Dec/2025:06:40:04 +0100] "GET /robots.txt HTTP/1.1" 200 896 "-" "Mozilla/5.0 (compatible; MJ12bot/v2.0.4; http://mj12bot.com/)"
51.68.107.148 - - [05/Dec/2025:06:40:04 +0100] "GET / HTTP/1.1" 200 43624 "-" "Mozilla/5.0 (compatible; MJ12bot/v2.0.4; http://mj12bot.com/)"
66.249.69.229 - - [05/Dec/2025:06:42:26 +0100] "GET /selection-web HTTP/1.1" 200 26972 "-" "Mozilla/5.0 (Linux; Android 6.0.1; Nexus 5X Build/MMB29P) AppleWebKit/537.36 (KHTML, like Gecko) Chrome/141.0.7390.122 Mobile Safari/537.36 (compatible; Googlebot/2.1; +http://www.google.com/bot.html)"
91.216.107.46 - - [05/Dec/2025:06:50:51 +0100] "GET /.well-known/acme-challenge/721681f14236f4470e82e1a5ce40840c.txt HTTP/1.1" 301 245 "-" "Lwspanel"
91.216.107.46 - - [05/Dec/2025:06:50:51 +0100] "GET /index.php HTTP/1.1" 200 43642 "-" "Lwspanel"
91.216.107.46 - - [05/Dec/2025:06:50:55 +0100] "GET /.well-known/acme-challenge/721681f14236f4470e82e1a5ce40840c.txt HTTP/1.1" 404 1490 "-" "Lwspanel"
157.55.39.49 - - [05/Dec/2025:06:54:43 +0100] "GET /entretiendujardin/clichy-sous-bois-93 HTTP/1.1" 200 43248 "-" "Mozilla/5.0 AppleWebKit/537.36 (KHTML, like Gecko; compatible; bingbot/2.0; +http://www.bing.com/bingbot.htm) Chrome/116.0.1938.76 Safari/537.36"
66.249.69.228 - - [05/Dec/2025:07:15:44 +0100] "GET /entretiendujardin/stains-93 HTTP/1.1" 200 42988 "-" "Mozilla/5.0 (Linux; Android 6.0.1; Nexus 5X Build/MMB29P) AppleWebKit/537.36 (KHTML, like Gecko) Chrome/141.0.7390.122 Mobile Safari/537.36 (compatible; Googlebot/2.1; +http://www.google.com/bot.html)"
47.81.35.192 - - [05/Dec/2025:07:29:45 +0100] "GET / HTTP/1.1" 200 43624 "-" "Mozilla/5.0 (Macintosh; Intel Mac OS X 10_15_7) AppleWebKit/537.36 (KHTML, like Gecko) Chrome/131.0.0.0 Safari/537.36"
157.55.39.6 - - [05/Dec/2025:07:29:43 +0100] "GET /entretiendujardin/sevran-93 HTTP/1.1" 200 42988 "-" "Mozilla/5.0 AppleWebKit/537.36 (KHTML, like Gecko; compatible; bingbot/2.0; +http://www.bing.com/bingbot.htm) Chrome/116.0.1938.76 Safari/537.36"
5.252.55.178 - - [05/Dec/2025:08:02:23 +0100] "GET / HTTP/1.1" 301 236 "-" "-"
116.179.32.236 - - [05/Dec/2025:08:05:39 +0100] "GET /entretiendujardin/saint-denis-93 HTTP/1.1" 200 43118 "-" "Mozilla/5.0 (compatible; Baiduspider/2.0; +http://www.baidu.com/search/spider.html)"
116.179.37.133 - - [05/Dec/2025:08:05:47 +0100] "GET /media/system/js/modal.js HTTP/1.1" 200 9756 "http://www.paysagiste93.com/entretiendujardin/saint-denis-93" "Mozilla/5.0 (compatible; Baiduspider-render/2.0; +http://www.baidu.com/search/spider.html)"
116.179.37.61 - - [05/Dec/2025:08:05:47 +0100] "GET /media/system/js/caption.js HTTP/1.1" 200 733 "http://www.paysagiste93.com/entretiendujardin/saint-denis-93" "Mozilla/5.0 (compatible; Baiduspider-render/2.0; +http://www.baidu.com/search/spider.html)"
116.179.37.130 - - [05/Dec/2025:08:05:47 +0100] "GET /media/system/js/core.js HTTP/1.1" 200 4784 "http://www.paysagiste93.com/entretiendujardin/saint-denis-93" "Mozilla/5.0 (compatible; Baiduspider-render/2.0; +http://www.baidu.com/search/spider.html)"
116.179.37.165 - - [05/Dec/2025:08:05:47 +0100] "GET /templates/neutre/css/template.css HTTP/1.1" 200 68431 "http://www.paysagiste93.com/entretiendujardin/saint-denis-93" "Mozilla/5.0 (compatible; Baiduspider-render/2.0; +http://www.baidu.com/search/spider.html)"
116.179.37.109 - - [05/Dec/2025:08:05:47 +0100] "GET /templates/neutre/script.js HTTP/1.1" 200 44910 "http://www.paysagiste93.com/entretiendujardin/saint-denis-93" "Mozilla/5.0 (compatible; Baiduspider-render/2.0; +http://www.baidu.com/search/spider.html)"
116.179.37.251 - - [05/Dec/2025:08:05:47 +0100] "GET /plugins/system/jcemediabox/js/jcemediabox.js?fba42f665bbcc4047a23ba92244f4176 HTTP/1.1" 200 57539 "http://www.paysagiste93.com/entretiendujardin/saint-denis-93" "Mozilla/5.0 (compatible; Baiduspider-render/2.0; +http://www.baidu.com/search/spider.html)"
116.179.37.157 - - [05/Dec/2025:08:05:47 +0100] "GET /media/system/js/mootools-core.js HTTP/1.1" 200 96362 "http://www.paysagiste93.com/entretiendujardin/saint-denis-93" "Mozilla/5.0 (compatible; Baiduspider-render/2.0; +http://www.baidu.com/search/spider.html)"
116.179.37.49 - - [05/Dec/2025:08:05:51 +0100] "GET /media/jui/js/jquery.min.js HTTP/1.1" 200 95786 "http://www.paysagiste93.com/entretiendujardin/saint-denis-93" "Mozilla/5.0 (compatible; Baiduspider-render/2.0; +http://www.baidu.com/search/spider.html)"
116.179.37.173 - - [05/Dec/2025:08:05:56 +0100] "GET /templates/neutre/images/menuseparator.png HTTP/1.1" 200 99 "http://www.paysagiste93.com/templates/neutre/css/template.css" "Mozilla/5.0 (compatible; Baiduspider-render/2.0; +http://www.baidu.com/search/spider.html)"
116.179.37.5 - - [05/Dec/2025:08:05:56 +0100] "GET /plugins/system/jcemediabox/themes/light/popup.html HTTP/1.1" 200 1093 "http://www.paysagiste93.com/entretiendujardin/saint-denis-93" "Mozilla/5.0 (compatible; Baiduspider-render/2.0; +http://www.baidu.com/search/spider.html)"
116.179.37.55 - - [05/Dec/2025:08:05:56 +0100] "GET /plugins/system/jcemediabox/themes/light/tooltip.html HTTP/1.1" 200 958 "http://www.paysagiste93.com/entretiendujardin/saint-denis-93" "Mozilla/5.0 (compatible; Baiduspider-render/2.0; +http://www.baidu.com/search/spider.html)"
66.249.69.229 - - [05/Dec/2025:08:06:24 +0100] "GET /component/search/?searchword=dans&limitstart=0 HTTP/1.1" 200 36463 "-" "Mozilla/5.0 (Linux; Android 6.0.1; Nexus 5X Build/MMB29P) AppleWebKit/537.36 (KHTML, like Gecko) Chrome/141.0.7390.122 Mobile Safari/537.36 (compatible; Googlebot/2.1; +http://www.google.com/bot.html)"
66.249.69.228 - - [05/Dec/2025:08:06:44 +0100] "GET /component/search/?searchword=paysagiste&start=20 HTTP/1.1" 200 37250 "-" "Mozilla/5.0 (Linux; Android 6.0.1; Nexus 5X Build/MMB29P) AppleWebKit/537.36 (KHTML, like Gecko) Chrome/141.0.7390.122 Mobile Safari/537.36 (compatible; Googlebot/2.1; +http://www.google.com/bot.html)"
40.77.167.132 - - [05/Dec/2025:08:07:32 +0100] "GET /entretiendujardin/coubron-93/13-traitement/49-envoi-commentaire HTTP/1.1" 200 27588 "-" "Mozilla/5.0 AppleWebKit/537.36 (KHTML, like Gecko; compatible; bingbot/2.0; +http://www.bing.com/bingbot.htm) Chrome/116.0.1938.76 Safari/537.36"
66.249.69.228 - - [05/Dec/2025:08:08:23 +0100] "GET /component/search/?searchword=paysagiste&start=40 HTTP/1.1" 200 28309 "-" "Mozilla/5.0 (Linux; Android 6.0.1; Nexus 5X Build/MMB29P) AppleWebKit/537.36 (KHTML, like Gecko) Chrome/141.0.7390.122 Mobile Safari/537.36 (compatible; Googlebot/2.1; +http://www.google.com/bot.html)"
66.249.69.228 - - [05/Dec/2025:08:08:58 +0100] "GET /blog?format=feed&type=atom HTTP/1.1" 200 24890 "-" "Mozilla/5.0 (Linux; Android 6.0.1; Nexus 5X Build/MMB29P) AppleWebKit/537.36 (KHTML, like Gecko) Chrome/141.0.7390.122 Mobile Safari/537.36 (compatible; Googlebot/2.1; +http://www.google.com/bot.html)"
66.249.69.229 - - [05/Dec/2025:08:09:35 +0100] "GET /selection-web?format=feed&type=atom HTTP/1.1" 200 7996 "-" "Mozilla/5.0 (Linux; Android 6.0.1; Nexus 5X Build/MMB29P) AppleWebKit/537.36 (KHTML, like Gecko) Chrome/141.0.7390.122 Mobile Safari/537.36 (compatible; Googlebot/2.1; +http://www.google.com/bot.html)"
66.249.69.228 - - [05/Dec/2025:08:10:42 +0100] "GET /selection-web?format=feed&type=rss HTTP/1.1" 200 5856 "-" "Mozilla/5.0 (Linux; Android 6.0.1; Nexus 5X Build/MMB29P) AppleWebKit/537.36 (KHTML, like Gecko) Chrome/141.0.7390.122 Mobile Safari/537.36 (compatible; Googlebot/2.1; +http://www.google.com/bot.html)"
66.249.69.227 - - [05/Dec/2025:08:11:47 +0100] "GET /component/search/?searchword=pelouse&start=20 HTTP/1.1" 200 36580 "-" "Mozilla/5.0 (Linux; Android 6.0.1; Nexus 5X Build/MMB29P) AppleWebKit/537.36 (KHTML, like Gecko) Chrome/141.0.7390.122 Mobile Safari/537.36 (compatible; Googlebot/2.1; +http://www.google.com/bot.html)"
66.249.69.227 - - [05/Dec/2025:08:12:23 +0100] "GET /component/mailto/?tmpl=component&template=neutre&link=88533b97bebb5f047ad5489278565e9d5717382a HTTP/1.1" 200 4269 "-" "Mozilla/5.0 (Linux; Android 6.0.1; Nexus 5X Build/MMB29P) AppleWebKit/537.36 (KHTML, like Gecko) Chrome/141.0.7390.122 Mobile Safari/537.36 (compatible; Googlebot/2.1; +http://www.google.com/bot.html)"
66.249.69.229 - - [05/Dec/2025:08:14:13 +0100] "GET /component/mailto/?tmpl=component&template=neutre&link=3be64df102d6c887e48d672b3a8451e04b142d02 HTTP/1.1" 200 4269 "-" "Mozilla/5.0 (Linux; Android 6.0.1; Nexus 5X Build/MMB29P) AppleWebKit/537.36 (KHTML, like Gecko) Chrome/141.0.7390.122 Mobile Safari/537.36 (compatible; Googlebot/2.1; +http://www.google.com/bot.html)"
66.249.69.229 - - [05/Dec/2025:08:15:27 +0100] "GET /informations-legales HTTP/1.1" 200 28511 "-" "Mozilla/5.0 (Linux; Android 6.0.1; Nexus 5X Build/MMB29P) AppleWebKit/537.36 (KHTML, like Gecko) Chrome/141.0.7390.122 Mobile Safari/537.36 (compatible; Googlebot/2.1; +http://www.google.com/bot.html)"
217.113.194.226 - - [05/Dec/2025:08:18:24 +0100] "GET /robots.txt HTTP/1.1" 200 896 "-" "Mozilla/5.0 (compatible; Barkrowler/0.9; +https://babbar.tech/crawler)"
217.113.194.226 - - [05/Dec/2025:08:18:53 +0100] "GET / HTTP/1.1" 200 43624 "-" "Mozilla/5.0 (compatible; Barkrowler/0.9; +https://babbar.tech/crawler)"
52.167.144.216 - - [05/Dec/2025:08:19:20 +0100] "GET /entretiendujardin/bourget-93 HTTP/1.1" 200 43014 "-" "Mozilla/5.0 AppleWebKit/537.36 (KHTML, like Gecko; compatible; bingbot/2.0; +http://www.bing.com/bingbot.htm) Chrome/116.0.1938.76 Safari/537.36"
217.113.194.119 - - [05/Dec/2025:08:19:28 +0100] "GET /?tmpl=component&print=1&page= HTTP/1.1" 200 19212 "-" "Mozilla/5.0 (compatible; Barkrowler/0.9; +https://babbar.tech/crawler)"
217.113.194.120 - - [05/Dec/2025:08:20:00 +0100] "GET /component/search/?format=opensearch HTTP/1.1" 200 716 "-" "Mozilla/5.0 (compatible; Barkrowler/0.9; +https://babbar.tech/crawler)"
66.249.69.229 - - [05/Dec/2025:08:20:27 +0100] "GET /component/mailto/?tmpl=component&template=neutre&link=d90e3ff746ae321d505f525e97586905af292efb HTTP/1.1" 200 4269 "-" "Mozilla/5.0 (Linux; Android 6.0.1; Nexus 5X Build/MMB29P) AppleWebKit/537.36 (KHTML, like Gecko) Chrome/141.0.7390.122 Mobile Safari/537.36 (compatible; Googlebot/2.1; +http://www.google.com/bot.html)"
66.249.69.228 - - [05/Dec/2025:08:20:32 +0100] "GET /component/mailto/?tmpl=component&template=neutre&link=29e3b0b81412452349a25e39fd099f1bac974863 HTTP/1.1" 200 4269 "-" "Mozilla/5.0 (Linux; Android 6.0.1; Nexus 5X Build/MMB29P) AppleWebKit/537.36 (KHTML, like Gecko) Chrome/141.0.7390.122 Mobile Safari/537.36 (compatible; Googlebot/2.1; +http://www.google.com/bot.html)"
217.113.194.118 - - [05/Dec/2025:08:20:33 +0100] "GET /entretiendujardin/dugny-93 HTTP/1.1" 200 42962 "-" "Mozilla/5.0 (compatible; Barkrowler/0.9; +https://babbar.tech/crawler)"
217.113.194.115 - - [05/Dec/2025:08:21:11 +0100] "GET /entretiendujardin/bourget-93 HTTP/1.1" 200 43014 "-" "Mozilla/5.0 (compatible; Barkrowler/0.9; +https://babbar.tech/crawler)"
217.113.194.119 - - [05/Dec/2025:08:21:43 +0100] "GET /component/search/?Itemid=194&format=opensearch HTTP/1.1" 200 731 "-" "Mozilla/5.0 (compatible; Barkrowler/0.9; +https://babbar.tech/crawler)"
217.113.194.112 - - [05/Dec/2025:08:22:15 +0100] "GET /component/search/?Itemid=222&format=opensearch HTTP/1.1" 200 731 "-" "Mozilla/5.0 (compatible; Barkrowler/0.9; +https://babbar.tech/crawler)"
23.94.28.87 - - [05/Dec/2025:08:22:23 +0100] "GET /component/mailto/?tmpl=component&template=neutre&link=3834f18d70251d6d8a6642ac485e5633f93c0028 HTTP/1.1" 200 4269 "http://www.paysagiste93.com/" "Mozilla/5.0 (Windows NT 10.0; Win64; x64; Xbox; Xbox One) AppleWebKit/537.36 (KHTML, like Gecko) Chrome/114.0.0.0 Safari/537.36 Edge/44.18363.8131"
23.94.28.87 - - [05/Dec/2025:08:22:31 +0100] "GET /index.php?option=com_easyblog&view=dashboard&layout=write HTTP/1.1" 404 1496 "http://www.paysagiste93.com/component/mailto/?tmpl=component&template=neutre&link=3834f18d70251d6d8a6642ac485e5633f93c0028" "Mozilla/5.0 (Windows NT 10.0; Win64; x64; Xbox; Xbox One) AppleWebKit/537.36 (KHTML, like Gecko) Chrome/114.0.0.0 Safari/537.36 Edge/44.18363.8131"
66.249.69.229 - - [05/Dec/2025:08:22:45 +0100] "GET /component/mailto/?tmpl=component&template=neutre&link=5b7b3eed900a7f9b8629b6327ad9772cfe8b6606 HTTP/1.1" 200 4269 "-" "Mozilla/5.0 (Linux; Android 6.0.1; Nexus 5X Build/MMB29P) AppleWebKit/537.36 (KHTML, like Gecko) Chrome/141.0.7390.122 Mobile Safari/537.36 (compatible; Googlebot/2.1; +http://www.google.com/bot.html)"
217.113.194.117 - - [05/Dec/2025:08:22:49 +0100] "GET /component/search/?Itemid=211&format=opensearch HTTP/1.1" 200 731 "-" "Mozilla/5.0 (compatible; Barkrowler/0.9; +https://babbar.tech/crawler)"
154.54.249.204 - - [05/Dec/2025:08:23:21 +0100] "GET /component/search/?Itemid=216&format=opensearch HTTP/1.1" 200 731 "-" "Mozilla/5.0 (compatible; Barkrowler/0.9; +https://babbar.tech/crawler)"
154.54.249.204 - - [05/Dec/2025:08:23:50 +0100] "GET /component/search/?Itemid=202&format=opensearch HTTP/1.1" 200 731 "-" "Mozilla/5.0 (compatible; Barkrowler/0.9; +https://babbar.tech/crawler)"
52.167.144.216 - - [05/Dec/2025:08:23:50 +0100] "GET /entretiendujardin/stains-93 HTTP/1.1" 200 42988 "-" "Mozilla/5.0 AppleWebKit/537.36 (KHTML, like Gecko; compatible; bingbot/2.0; +http://www.bing.com/bingbot.htm) Chrome/116.0.1938.76 Safari/537.36"
217.113.194.226 - - [05/Dec/2025:08:24:24 +0100] "GET /component/search/?Itemid=207&format=opensearch HTTP/1.1" 200 731 "-" "Mozilla/5.0 (compatible; Barkrowler/0.9; +https://babbar.tech/crawler)"
217.113.194.112 - - [05/Dec/2025:08:24:56 +0100] "GET /component/search/?Itemid=215&format=opensearch HTTP/1.1" 200 731 "-" "Mozilla/5.0 (compatible; Barkrowler/0.9; +https://babbar.tech/crawler)"
66.249.69.228 - - [05/Dec/2025:08:25:00 +0100] "GET /component/mailto/?tmpl=component&template=neutre&link=c938a7a8ef1e93ed9520cc968d34fd1d5650482d HTTP/1.1" 200 4269 "-" "Mozilla/5.0 (Linux; Android 6.0.1; Nexus 5X Build/MMB29P) AppleWebKit/537.36 (KHTML, like Gecko) Chrome/141.0.7390.122 Mobile Safari/537.36 (compatible; Googlebot/2.1; +http://www.google.com/bot.html)"
66.249.69.227 - - [05/Dec/2025:08:25:13 +0100] "GET /entretiendujardin/romainville-93 HTTP/1.1" 200 43118 "-" "Mozilla/5.0 (Linux; Android 6.0.1; Nexus 5X Build/MMB29P) AppleWebKit/537.36 (KHTML, like Gecko) Chrome/141.0.7390.122 Mobile Safari/537.36 (compatible; Googlebot/2.1; +http://www.google.com/bot.html)"
217.113.194.121 - - [05/Dec/2025:08:25:28 +0100] "GET /component/search/?Itemid=219&format=opensearch HTTP/1.1" 200 731 "-" "Mozilla/5.0 (compatible; Barkrowler/0.9; +https://babbar.tech/crawler)"
66.249.69.229 - - [05/Dec/2025:08:25:50 +0100] "GET /entretiendujardin/rosny-sous-bois-93 HTTP/1.1" 200 43222 "-" "Mozilla/5.0 (Linux; Android 6.0.1; Nexus 5X Build/MMB29P) AppleWebKit/537.36 (KHTML, like Gecko) Chrome/141.0.7390.122 Mobile Safari/537.36 (compatible; Googlebot/2.1; +http://www.google.com/bot.html)"
217.113.194.118 - - [05/Dec/2025:08:25:57 +0100] "GET /component/search/?Itemid=220&format=opensearch HTTP/1.1" 200 731 "-" "Mozilla/5.0 (compatible; Barkrowler/0.9; +https://babbar.tech/crawler)"
217.113.194.226 - - [05/Dec/2025:08:26:29 +0100] "GET /component/search/?Itemid=218&format=opensearch HTTP/1.1" 200 731 "-" "Mozilla/5.0 (compatible; Barkrowler/0.9; +https://babbar.tech/crawler)"
66.249.69.228 - - [05/Dec/2025:08:26:50 +0100] "GET /entretiendujardin/blanc-mesnil-93/10-Paysagiste%20-93?format=feed&type=rss HTTP/1.1" 200 75419 "-" "Mozilla/5.0 (Linux; Android 6.0.1; Nexus 5X Build/MMB29P) AppleWebKit/537.36 (KHTML, like Gecko) Chrome/141.0.7390.122 Mobile Safari/537.36 (compatible; Googlebot/2.1; +http://www.google.com/bot.html)"
217.113.194.119 - - [05/Dec/2025:08:27:02 +0100] "GET /component/search/?Itemid=193&format=opensearch HTTP/1.1" 200 731 "-" "Mozilla/5.0 (compatible; Barkrowler/0.9; +https://babbar.tech/crawler)"
217.113.194.112 - - [05/Dec/2025:08:27:31 +0100] "GET /component/search/?Itemid=158&format=opensearch HTTP/1.1" 200 731 "-" "Mozilla/5.0 (compatible; Barkrowler/0.9; +https://babbar.tech/crawler)"
217.113.194.121 - - [05/Dec/2025:08:28:03 +0100] "GET /component/search/?Itemid=190&format=opensearch HTTP/1.1" 200 731 "-" "Mozilla/5.0 (compatible; Barkrowler/0.9; +https://babbar.tech/crawler)"
154.54.249.204 - - [05/Dec/2025:08:28:36 +0100] "GET /component/search/?Itemid=182&format=opensearch HTTP/1.1" 200 731 "-" "Mozilla/5.0 (compatible; Barkrowler/0.9; +https://babbar.tech/crawler)"
217.113.194.114 - - [05/Dec/2025:08:29:09 +0100] "GET /component/search/?Itemid=200&format=opensearch HTTP/1.1" 200 731 "-" "Mozilla/5.0 (compatible; Barkrowler/0.9; +https://babbar.tech/crawler)"
66.249.69.228 - - [05/Dec/2025:08:29:31 +0100] "GET /entretiendujardin/blanc-mesnil-93/10-Paysagiste%20-93 HTTP/1.1" 200 114474 "-" "Mozilla/5.0 (Linux; Android 6.0.1; Nexus 5X Build/MMB29P) AppleWebKit/537.36 (KHTML, like Gecko) Chrome/141.0.7390.122 Mobile Safari/537.36 (compatible; Googlebot/2.1; +http://www.google.com/bot.html)"
217.113.194.226 - - [05/Dec/2025:08:29:43 +0100] "GET /component/search/?Itemid=210&format=opensearch HTTP/1.1" 200 731 "-" "Mozilla/5.0 (compatible; Barkrowler/0.9; +https://babbar.tech/crawler)"
217.113.194.121 - - [05/Dec/2025:08:30:16 +0100] "GET /component/search/?Itemid=191&format=opensearch HTTP/1.1" 200 731 "-" "Mozilla/5.0 (compatible; Barkrowler/0.9; +https://babbar.tech/crawler)"
66.249.69.229 - - [05/Dec/2025:08:30:43 +0100] "GET /component/mailto/?tmpl=component&template=neutre&link=e74b2595a8c10ba950e2f1bc13a7de1537151a0a HTTP/1.1" 200 4269 "-" "Mozilla/5.0 (Linux; Android 6.0.1; Nexus 5X Build/MMB29P) AppleWebKit/537.36 (KHTML, like Gecko) Chrome/141.0.7390.122 Mobile Safari/537.36 (compatible; Googlebot/2.1; +http://www.google.com/bot.html)"
66.249.69.227 - - [05/Dec/2025:08:30:47 +0100] "GET /entretiendujardin/bobigny-93 HTTP/1.1" 200 43014 "-" "Mozilla/5.0 (Linux; Android 6.0.1; Nexus 5X Build/MMB29P) AppleWebKit/537.36 (KHTML, like Gecko) Chrome/141.0.7390.122 Mobile Safari/537.36 (compatible; Googlebot/2.1; +http://www.google.com/bot.html)"
217.113.194.117 - - [05/Dec/2025:08:30:49 +0100] "GET /component/search/?Itemid=214&format=opensearch HTTP/1.1" 200 731 "-" "Mozilla/5.0 (compatible; Barkrowler/0.9; +https://babbar.tech/crawler)"
156.241.246.73 - - [05/Dec/2025:08:31:09 +0100] "GET /contactez-nous HTTP/1.1" 200 28375 "-" "Mozilla/5.0 (Macintosh; Intel Mac OS X 12_5) AppleWebKit/537.36 (KHTML, like Gecko) Chrome/114.0.0.0 YaBrowser/22.7.0 Yowser/2.5 Safari/537.36"
156.241.246.73 - - [05/Dec/2025:08:31:11 +0100] "POST /contactez-nous HTTP/1.1" 200 28375 "http://www.paysagiste93.com/contactez-nous" "Mozilla/5.0 (Macintosh; Intel Mac OS X 12_5) AppleWebKit/537.36 (KHTML, like Gecko) Chrome/114.0.0.0 YaBrowser/22.7.0 Yowser/2.5 Safari/537.36"
217.113.194.117 - - [05/Dec/2025:08:31:22 +0100] "GET /component/search/?Itemid=196&format=opensearch HTTP/1.1" 200 731 "-" "Mozilla/5.0 (compatible; Barkrowler/0.9; +https://babbar.tech/crawler)"
217.113.194.116 - - [05/Dec/2025:08:31:56 +0100] "GET /component/search/?Itemid=183&format=opensearch HTTP/1.1" 200 731 "-" "Mozilla/5.0 (compatible; Barkrowler/0.9; +https://babbar.tech/crawler)"
66.249.69.228 - - [05/Dec/2025:08:32:13 +0100] "GET /entretiendujardin/blanc-mesnil-93 HTTP/1.1" 200 43144 "-" "Mozilla/5.0 (Linux; Android 6.0.1; Nexus 5X Build/MMB29P) AppleWebKit/537.36 (KHTML, like Gecko) Chrome/141.0.7390.122 Mobile Safari/537.36 (compatible; Googlebot/2.1; +http://www.google.com/bot.html)"
217.113.194.114 - - [05/Dec/2025:08:32:28 +0100] "GET /component/search/?Itemid=212&format=opensearch HTTP/1.1" 200 731 "-" "Mozilla/5.0 (compatible; Barkrowler/0.9; +https://babbar.tech/crawler)"
217.113.194.116 - - [05/Dec/2025:08:33:04 +0100] "GET /component/search/?Itemid=187&format=opensearch HTTP/1.1" 200 731 "-" "Mozilla/5.0 (compatible; Barkrowler/0.9; +https://babbar.tech/crawler)"
66.249.69.227 - - [05/Dec/2025:08:33:32 +0100] "GET /component/content/category/2-diverse?format=feed&type=rss HTTP/1.1" 200 8497 "-" "Mozilla/5.0 (Linux; Android 6.0.1; Nexus 5X Build/MMB29P) AppleWebKit/537.36 (KHTML, like Gecko) Chrome/141.0.7390.122 Mobile Safari/537.36 (compatible; Googlebot/2.1; +http://www.google.com/bot.html)"
217.113.194.118 - - [05/Dec/2025:08:33:38 +0100] "GET /component/search/?Itemid=197&format=opensearch HTTP/1.1" 200 731 "-" "Mozilla/5.0 (compatible; Barkrowler/0.9; +https://babbar.tech/crawler)"
66.249.69.228 - - [05/Dec/2025:08:33:37 +0100] "GET /component/search/?searchword=contactez-nous&limitstart=0 HTTP/1.1" 200 35757 "-" "Mozilla/5.0 (Linux; Android 6.0.1; Nexus 5X Build/MMB29P) AppleWebKit/537.36 (KHTML, like Gecko) Chrome/141.0.7390.122 Mobile Safari/537.36 (compatible; Googlebot/2.1; +http://www.google.com/bot.html)"
217.113.194.226 - - [05/Dec/2025:08:34:10 +0100] "GET /component/search/?Itemid=185&format=opensearch HTTP/1.1" 200 731 "-" "Mozilla/5.0 (compatible; Barkrowler/0.9; +https://babbar.tech/crawler)"
217.113.194.121 - - [05/Dec/2025:08:34:43 +0100] "GET /component/search/?Itemid=213&format=opensearch HTTP/1.1" 200 731 "-" "Mozilla/5.0 (compatible; Barkrowler/0.9; +https://babbar.tech/crawler)"
66.249.69.227 - - [05/Dec/2025:08:34:44 +0100] "GET /component/search/?searchword=pelouse&start=40 HTTP/1.1" 200 25864 "-" "Mozilla/5.0 (Linux; Android 6.0.1; Nexus 5X Build/MMB29P) AppleWebKit/537.36 (KHTML, like Gecko) Chrome/141.0.7390.122 Mobile Safari/537.36 (compatible; Googlebot/2.1; +http://www.google.com/bot.html)"
217.113.194.118 - - [05/Dec/2025:08:35:12 +0100] "GET /component/search/?Itemid=189&format=opensearch HTTP/1.1" 200 731 "-" "Mozilla/5.0 (compatible; Barkrowler/0.9; +https://babbar.tech/crawler)"
217.113.194.225 - - [05/Dec/2025:08:35:45 +0100] "GET /component/search/?Itemid=201&format=opensearch HTTP/1.1" 200 731 "-" "Mozilla/5.0 (compatible; Barkrowler/0.9; +https://babbar.tech/crawler)"
217.113.194.112 - - [05/Dec/2025:08:36:18 +0100] "GET /component/search/?Itemid=184&format=opensearch HTTP/1.1" 200 731 "-" "Mozilla/5.0 (compatible; Barkrowler/0.9; +https://babbar.tech/crawler)"
66.249.69.229 - - [05/Dec/2025:08:36:36 +0100] "GET /entretiendujardin/romainville-93/10-Paysagiste%20-93?format=feed&type=rss HTTP/1.1" 200 75416 "-" "Mozilla/5.0 (Linux; Android 6.0.1; Nexus 5X Build/MMB29P) AppleWebKit/537.36 (KHTML, like Gecko) Chrome/141.0.7390.122 Mobile Safari/537.36 (compatible; Googlebot/2.1; +http://www.google.com/bot.html)"
66.249.69.227 - - [05/Dec/2025:08:36:50 +0100] "GET /component/content/category/10-Paysagiste%20-93?format=feed&type=rss HTTP/1.1" 200 75440 "-" "Mozilla/5.0 (Linux; Android 6.0.1; Nexus 5X Build/MMB29P) AppleWebKit/537.36 (KHTML, like Gecko) Chrome/141.0.7390.122 Mobile Safari/537.36 (compatible; Googlebot/2.1; +http://www.google.com/bot.html)"
217.113.194.121 - - [05/Dec/2025:08:36:52 +0100] "GET /component/search/?Itemid=223&format=opensearch HTTP/1.1" 200 731 "-" "Mozilla/5.0 (compatible; Barkrowler/0.9; +https://babbar.tech/crawler)"
217.113.194.116 - - [05/Dec/2025:08:37:25 +0100] "GET /component/search/?Itemid=204&format=opensearch HTTP/1.1" 200 731 "-" "Mozilla/5.0 (compatible; Barkrowler/0.9; +https://babbar.tech/crawler)"
66.249.69.227 - - [05/Dec/2025:08:37:26 +0100] "GET /component/search/?searchword=pour&start=20 HTTP/1.1" 200 36445 "-" "Mozilla/5.0 (Linux; Android 6.0.1; Nexus 5X Build/MMB29P) AppleWebKit/537.36 (KHTML, like Gecko) Chrome/141.0.7390.122 Mobile Safari/537.36 (compatible; Googlebot/2.1; +http://www.google.com/bot.html)"
66.249.69.228 - - [05/Dec/2025:08:37:47 +0100] "GET /component/mailto/?tmpl=component&template=neutre&link=97ef73fe16232e0ef84ba229717681594af35c8c HTTP/1.1" 200 4269 "-" "Mozilla/5.0 (Linux; Android 6.0.1; Nexus 5X Build/MMB29P) AppleWebKit/537.36 (KHTML, like Gecko) Chrome/141.0.7390.122 Mobile Safari/537.36 (compatible; Googlebot/2.1; +http://www.google.com/bot.html)"
217.113.194.117 - - [05/Dec/2025:08:37:58 +0100] "GET /component/search/?Itemid=192&format=opensearch HTTP/1.1" 200 731 "-" "Mozilla/5.0 (compatible; Barkrowler/0.9; +https://babbar.tech/crawler)"
44.221.105.234 - - [05/Dec/2025:08:38:00 +0100] "GET /robots.txt HTTP/1.1" 200 896 "-" "Mozilla/5.0 AppleWebKit/537.36 (KHTML, like Gecko; compatible; Amazonbot/0.1; +https://developer.amazon.com/support/amazonbot) Chrome/119.0.6045.214 Safari/537.36"
34.233.219.155 - - [05/Dec/2025:08:38:02 +0100] "GET /entretiendujardin/vaujours-93 HTTP/1.1" 200 43040 "-" "Mozilla/5.0 AppleWebKit/537.36 (KHTML, like Gecko; compatible; Amazonbot/0.1; +https://developer.amazon.com/support/amazonbot) Chrome/119.0.6045.214 Safari/537.36"
217.113.194.112 - - [05/Dec/2025:08:38:31 +0100] "GET /component/search/?Itemid=203&format=opensearch HTTP/1.1" 200 731 "-" "Mozilla/5.0 (compatible; Barkrowler/0.9; +https://babbar.tech/crawler)"
154.54.249.204 - - [05/Dec/2025:08:39:05 +0100] "GET /component/search/?Itemid=205&format=opensearch HTTP/1.1" 200 731 "-" "Mozilla/5.0 (compatible; Barkrowler/0.9; +https://babbar.tech/crawler)"
217.113.194.113 - - [05/Dec/2025:08:39:37 +0100] "GET /component/search/?Itemid=195&format=opensearch HTTP/1.1" 200 731 "-" "Mozilla/5.0 (compatible; Barkrowler/0.9; +https://babbar.tech/crawler)"
217.113.194.225 - - [05/Dec/2025:08:40:10 +0100] "GET /component/search/?Itemid=199&format=opensearch HTTP/1.1" 200 731 "-" "Mozilla/5.0 (compatible; Barkrowler/0.9; +https://babbar.tech/crawler)"
217.113.194.225 - - [05/Dec/2025:08:40:44 +0100] "GET /component/search/?Itemid=166&format=opensearch HTTP/1.1" 200 731 "-" "Mozilla/5.0 (compatible; Barkrowler/0.9; +https://babbar.tech/crawler)"
217.113.194.119 - - [05/Dec/2025:08:41:17 +0100] "GET /component/search/?Itemid=206&format=opensearch HTTP/1.1" 200 731 "-" "Mozilla/5.0 (compatible; Barkrowler/0.9; +https://babbar.tech/crawler)"
66.249.69.227 - - [05/Dec/2025:08:41:44 +0100] "GET /entretiendujardin/lilas-93/10-Paysagiste%20-93?format=feed&type=atom HTTP/1.1" 200 162768 "-" "Mozilla/5.0 (Linux; Android 6.0.1; Nexus 5X Build/MMB29P) AppleWebKit/537.36 (KHTML, like Gecko) Chrome/141.0.7390.122 Mobile Safari/537.36 (compatible; Googlebot/2.1; +http://www.google.com/bot.html)"
217.113.194.112 - - [05/Dec/2025:08:41:50 +0100] "GET /component/search/?Itemid=208&format=opensearch HTTP/1.1" 200 731 "-" "Mozilla/5.0 (compatible; Barkrowler/0.9; +https://babbar.tech/crawler)"
217.113.194.113 - - [05/Dec/2025:08:42:22 +0100] "GET /component/search/?Itemid=217&format=opensearch HTTP/1.1" 200 731 "-" "Mozilla/5.0 (compatible; Barkrowler/0.9; +https://babbar.tech/crawler)"
217.113.194.113 - - [05/Dec/2025:08:42:55 +0100] "GET /component/search/?Itemid=198&format=opensearch HTTP/1.1" 200 731 "-" "Mozilla/5.0 (compatible; Barkrowler/0.9; +https://babbar.tech/crawler)"
66.249.69.227 - - [05/Dec/2025:08:42:57 +0100] "GET /entretiendujardin/pavillons-sous-bois-93 HTTP/1.1" 200 43326 "-" "Mozilla/5.0 (Linux; Android 6.0.1; Nexus 5X Build/MMB29P) AppleWebKit/537.36 (KHTML, like Gecko) Chrome/141.0.7390.122 Mobile Safari/537.36 (compatible; Googlebot/2.1; +http://www.google.com/bot.html)"
217.113.194.226 - - [05/Dec/2025:08:43:24 +0100] "GET /component/search/?Itemid=238&format=opensearch HTTP/1.1" 200 731 "-" "Mozilla/5.0 (compatible; Barkrowler/0.9; +https://babbar.tech/crawler)"
66.249.69.228 - - [05/Dec/2025:08:43:45 +0100] "GET /entretiendujardin/pantin-93 HTTP/1.1" 200 42984 "-" "Mozilla/5.0 (Linux; Android 6.0.1; Nexus 5X Build/MMB29P) AppleWebKit/537.36 (KHTML, like Gecko) Chrome/141.0.7390.122 Mobile Safari/537.36 (compatible; Googlebot/2.1; +http://www.google.com/bot.html)"
217.113.194.118 - - [05/Dec/2025:08:44:00 +0100] "GET /component/search/?Itemid=209&format=opensearch HTTP/1.1" 200 731 "-" "Mozilla/5.0 (compatible; Barkrowler/0.9; +https://babbar.tech/crawler)"
217.113.194.117 - - [05/Dec/2025:08:44:37 +0100] "GET /entretiendujardin/pantin-93 HTTP/1.1" 200 42984 "-" "Mozilla/5.0 (compatible; Barkrowler/0.9; +https://babbar.tech/crawler)"
66.249.69.229 - - [05/Dec/2025:08:44:42 +0100] "GET /entretiendujardin/tremblay-en-france-93 HTTP/1.1" 200 43300 "-" "Mozilla/5.0 (Linux; Android 6.0.1; Nexus 5X Build/MMB29P) AppleWebKit/537.36 (KHTML, like Gecko) Chrome/141.0.7390.122 Mobile Safari/537.36 (compatible; Googlebot/2.1; +http://www.google.com/bot.html)"
66.249.69.227 - - [05/Dec/2025:08:44:53 +0100] "GET /entretiendujardin/dugny-93 HTTP/1.1" 200 42962 "-" "Mozilla/5.0 (Linux; Android 6.0.1; Nexus 5X Build/MMB29P) AppleWebKit/537.36 (KHTML, like Gecko) Chrome/141.0.7390.122 Mobile Safari/537.36 (compatible; Googlebot/2.1; +http://www.google.com/bot.html)"
66.249.69.227 - - [05/Dec/2025:08:45:13 +0100] "GET /entretiendujardin/noisy-le-sec-93 HTTP/1.1" 200 43144 "-" "Mozilla/5.0 (Linux; Android 6.0.1; Nexus 5X Build/MMB29P) AppleWebKit/537.36 (KHTML, like Gecko) Chrome/141.0.7390.122 Mobile Safari/537.36 (compatible; Googlebot/2.1; +http://www.google.com/bot.html)"
217.113.194.112 - - [05/Dec/2025:08:45:16 +0100] "GET /entretiendujardin/coubron-93 HTTP/1.1" 200 43014 "-" "Mozilla/5.0 (compatible; Barkrowler/0.9; +https://babbar.tech/crawler)"
66.249.69.229 - - [05/Dec/2025:08:45:26 +0100] "GET /entretiendujardin/neuilly-plaisance-93 HTTP/1.1" 200 43274 "-" "Mozilla/5.0 (Linux; Android 6.0.1; Nexus 5X Build/MMB29P) AppleWebKit/537.36 (KHTML, like Gecko) Chrome/141.0.7390.122 Mobile Safari/537.36 (compatible; Googlebot/2.1; +http://www.google.com/bot.html)"
217.113.194.225 - - [05/Dec/2025:08:45:50 +0100] "GET /entretiendujardin/saint-ouen-93 HTTP/1.1" 200 43092 "-" "Mozilla/5.0 (compatible; Barkrowler/0.9; +https://babbar.tech/crawler)"
66.249.69.228 - - [05/Dec/2025:08:46:24 +0100] "GET /entretiendujardin/raincy-93 HTTP/1.1" 200 42988 "-" "Mozilla/5.0 (Linux; Android 6.0.1; Nexus 5X Build/MMB29P) AppleWebKit/537.36 (KHTML, like Gecko) Chrome/141.0.7390.122 Mobile Safari/537.36 (compatible; Googlebot/2.1; +http://www.google.com/bot.html)"
217.113.194.117 - - [05/Dec/2025:08:46:24 +0100] "GET /entretiendujardin/bobigny-93 HTTP/1.1" 200 43014 "-" "Mozilla/5.0 (compatible; Barkrowler/0.9; +https://babbar.tech/crawler)"
66.249.69.227 - - [05/Dec/2025:08:46:27 +0100] "GET /entretiendujardin/bourget-93 HTTP/1.1" 200 43014 "-" "Mozilla/5.0 (Linux; Android 6.0.1; Nexus 5X Build/MMB29P) AppleWebKit/537.36 (KHTML, like Gecko) Chrome/141.0.7390.122 Mobile Safari/537.36 (compatible; Googlebot/2.1; +http://www.google.com/bot.html)"
217.113.194.117 - - [05/Dec/2025:08:46:58 +0100] "GET /entretiendujardin/saint-denis-93 HTTP/1.1" 200 43118 "-" "Mozilla/5.0 (compatible; Barkrowler/0.9; +https://babbar.tech/crawler)"
217.113.194.114 - - [05/Dec/2025:08:47:33 +0100] "GET /entretiendujardin/bagnolet-93 HTTP/1.1" 200 43040 "-" "Mozilla/5.0 (compatible; Barkrowler/0.9; +https://babbar.tech/crawler)"
217.113.194.119 - - [05/Dec/2025:08:48:06 +0100] "GET /entretiendujardin/sevran-93 HTTP/1.1" 200 42988 "-" "Mozilla/5.0 (compatible; Barkrowler/0.9; +https://babbar.tech/crawler)"
217.113.194.121 - - [05/Dec/2025:08:48:41 +0100] "GET /component/search/?Itemid=221&format=opensearch HTTP/1.1" 200 731 "-" "Mozilla/5.0 (compatible; Barkrowler/0.9; +https://babbar.tech/crawler)"
217.113.194.119 - - [05/Dec/2025:08:49:11 +0100] "GET /component/search/?Itemid=102&format=opensearch HTTP/1.1" 200 731 "-" "Mozilla/5.0 (compatible; Barkrowler/0.9; +https://babbar.tech/crawler)"
217.113.194.112 - - [05/Dec/2025:08:49:39 +0100] "GET /component/search/?Itemid=188&format=opensearch HTTP/1.1" 200 731 "-" "Mozilla/5.0 (compatible; Barkrowler/0.9; +https://babbar.tech/crawler)"
217.113.194.116 - - [05/Dec/2025:08:50:09 +0100] "GET /component/search/?Itemid=186&format=opensearch HTTP/1.1" 200 731 "-" "Mozilla/5.0 (compatible; Barkrowler/0.9; +https://babbar.tech/crawler)"
66.249.69.227 - - [05/Dec/2025:08:50:42 +0100] "GET /entretiendujardin/coubron-93 HTTP/1.1" 200 43014 "-" "Mozilla/5.0 (Linux; Android 6.0.1; Nexus 5X Build/MMB29P) AppleWebKit/537.36 (KHTML, like Gecko) Chrome/141.0.7390.122 Mobile Safari/537.36 (compatible; Googlebot/2.1; +http://www.google.com/bot.html)"
217.113.194.112 - - [05/Dec/2025:08:50:41 +0100] "GET /entretiendujardin/villepinte-93 HTTP/1.1" 200 43092 "-" "Mozilla/5.0 (compatible; Barkrowler/0.9; +https://babbar.tech/crawler)"
217.113.194.112 - - [05/Dec/2025:08:51:16 +0100] "GET /entretiendujardin/noisy-le-sec-93 HTTP/1.1" 200 43144 "-" "Mozilla/5.0 (compatible; Barkrowler/0.9; +https://babbar.tech/crawler)"
66.249.69.228 - - [05/Dec/2025:08:51:26 +0100] "GET /contactez-nous HTTP/1.1" 200 28375 "-" "Mozilla/5.0 (Linux; Android 6.0.1; Nexus 5X Build/MMB29P) AppleWebKit/537.36 (KHTML, like Gecko) Chrome/141.0.7390.122 Mobile Safari/537.36 (compatible; Googlebot/2.1; +http://www.google.com/bot.html)"
217.113.194.112 - - [05/Dec/2025:08:51:46 +0100] "GET /entretiendujardin/noisy-le-grand-93 HTTP/1.1" 200 43196 "-" "Mozilla/5.0 (compatible; Barkrowler/0.9; +https://babbar.tech/crawler)"
217.113.194.116 - - [05/Dec/2025:08:52:19 +0100] "GET /entretiendujardin/montfermeil-93 HTTP/1.1" 200 43118 "-" "Mozilla/5.0 (compatible; Barkrowler/0.9; +https://babbar.tech/crawler)"
217.113.194.225 - - [05/Dec/2025:08:52:53 +0100] "GET /component/search/?searchword=achat&format=opensearch HTTP/1.1" 200 737 "-" "Mozilla/5.0 (compatible; Barkrowler/0.9; +https://babbar.tech/crawler)"
217.113.194.117 - - [05/Dec/2025:08:53:22 +0100] "GET /component/search/?searchword=jardin&format=opensearch HTTP/1.1" 200 738 "-" "Mozilla/5.0 (compatible; Barkrowler/0.9; +https://babbar.tech/crawler)"
66.249.69.229 - - [05/Dec/2025:08:53:28 +0100] "GET /component/search/?searchword=cr%C3%A9er&start=20 HTTP/1.1" 200 36586 "-" "Mozilla/5.0 (Linux; Android 6.0.1; Nexus 5X Build/MMB29P) AppleWebKit/537.36 (KHTML, like Gecko) Chrome/141.0.7390.122 Mobile Safari/537.36 (compatible; Googlebot/2.1; +http://www.google.com/bot.html)"
66.249.69.227 - - [05/Dec/2025:08:53:36 +0100] "GET /component/search/?searchword=cr%C3%A9er&start=40 HTTP/1.1" 200 26399 "-" "Mozilla/5.0 (Linux; Android 6.0.1; Nexus 5X Build/MMB29P) AppleWebKit/537.36 (KHTML, like Gecko) Chrome/141.0.7390.122 Mobile Safari/537.36 (compatible; Googlebot/2.1; +http://www.google.com/bot.html)"
66.249.69.227 - - [05/Dec/2025:08:53:37 +0100] "GET /component/search/?searchword=formation&start=20 HTTP/1.1" 200 36626 "-" "Mozilla/5.0 (Linux; Android 6.0.1; Nexus 5X Build/MMB29P) AppleWebKit/537.36 (KHTML, like Gecko) Chrome/141.0.7390.122 Mobile Safari/537.36 (compatible; Googlebot/2.1; +http://www.google.com/bot.html)"
217.113.194.115 - - [05/Dec/2025:08:53:51 +0100] "GET /component/search/?searchword=france&format=opensearch HTTP/1.1" 200 738 "-" "Mozilla/5.0 (compatible; Barkrowler/0.9; +https://babbar.tech/crawler)"
217.113.194.225 - - [05/Dec/2025:08:54:21 +0100] "GET /component/search/?searchword=dans&format=opensearch HTTP/1.1" 200 736 "-" "Mozilla/5.0 (compatible; Barkrowler/0.9; +https://babbar.tech/crawler)"
66.249.69.227 - - [05/Dec/2025:08:54:25 +0100] "GET /component/search/?searchword=formation&start=40 HTTP/1.1" 200 27641 "-" "Mozilla/5.0 (Linux; Android 6.0.1; Nexus 5X Build/MMB29P) AppleWebKit/537.36 (KHTML, like Gecko) Chrome/141.0.7390.122 Mobile Safari/537.36 (compatible; Googlebot/2.1; +http://www.google.com/bot.html)"
217.113.194.112 - - [05/Dec/2025:08:54:50 +0100] "GET /component/search/?searchword=pratique&format=opensearch HTTP/1.1" 200 740 "-" "Mozilla/5.0 (compatible; Barkrowler/0.9; +https://babbar.tech/crawler)"
66.249.69.227 - - [05/Dec/2025:08:54:52 +0100] "GET /entretiendujardin/drancy-93/10-Paysagiste%20-93?format=feed&type=rss HTTP/1.1" 200 75401 "-" "Mozilla/5.0 (Linux; Android 6.0.1; Nexus 5X Build/MMB29P) AppleWebKit/537.36 (KHTML, like Gecko) Chrome/141.0.7390.122 Mobile Safari/537.36 (compatible; Googlebot/2.1; +http://www.google.com/bot.html)"
66.249.69.228 - - [05/Dec/2025:08:54:53 +0100] "GET /component/search/?searchword=contactez-nous&start=40 HTTP/1.1" 200 25805 "-" "Mozilla/5.0 (Linux; Android 6.0.1; Nexus 5X Build/MMB29P) AppleWebKit/537.36 (KHTML, like Gecko) Chrome/141.0.7390.122 Mobile Safari/537.36 (compatible; Googlebot/2.1; +http://www.google.com/bot.html)"
66.249.69.228 - - [05/Dec/2025:08:54:58 +0100] "GET /component/search/?searchword=contactez-nous&start=20 HTTP/1.1" 200 36119 "-" "Mozilla/5.0 (Linux; Android 6.0.1; Nexus 5X Build/MMB29P) AppleWebKit/537.36 (KHTML, like Gecko) Chrome/141.0.7390.122 Mobile Safari/537.36 (compatible; Googlebot/2.1; +http://www.google.com/bot.html)"
217.113.194.114 - - [05/Dec/2025:08:55:19 +0100] "GET /component/search/?searchword=centre&format=opensearch HTTP/1.1" 200 738 "-" "Mozilla/5.0 (compatible; Barkrowler/0.9; +https://babbar.tech/crawler)"
66.249.69.229 - - [05/Dec/2025:08:55:26 +0100] "GET /entretiendujardin/raincy-93/10-Paysagiste%20-93?format=feed&type=atom HTTP/1.1" 200 162771 "-" "Mozilla/5.0 (Linux; Android 6.0.1; Nexus 5X Build/MMB29P) AppleWebKit/537.36 (KHTML, like Gecko) Chrome/141.0.7390.122 Mobile Safari/537.36 (compatible; Googlebot/2.1; +http://www.google.com/bot.html)"
217.113.194.226 - - [05/Dec/2025:08:55:52 +0100] "GET /component/search/?searchword=pour&format=opensearch HTTP/1.1" 200 736 "-" "Mozilla/5.0 (compatible; Barkrowler/0.9; +https://babbar.tech/crawler)"
217.113.194.114 - - [05/Dec/2025:08:56:22 +0100] "GET /component/search/?searchword=divers&format=opensearch HTTP/1.1" 200 738 "-" "Mozilla/5.0 (compatible; Barkrowler/0.9; +https://babbar.tech/crawler)"
217.113.194.115 - - [05/Dec/2025:08:56:51 +0100] "GET /component/search/?searchword=vente&format=opensearch HTTP/1.1" 200 737 "-" "Mozilla/5.0 (compatible; Barkrowler/0.9; +https://babbar.tech/crawler)"
217.113.194.121 - - [05/Dec/2025:08:57:25 +0100] "GET /component/search/?searchword=guide&format=opensearch HTTP/1.1" 200 737 "-" "Mozilla/5.0 (compatible; Barkrowler/0.9; +https://babbar.tech/crawler)"
217.113.194.119 - - [05/Dec/2025:08:57:57 +0100] "GET /entretiendujardin/villetaneuse-93 HTTP/1.1" 200 43144 "-" "Mozilla/5.0 (compatible; Barkrowler/0.9; +https://babbar.tech/crawler)"
217.113.194.121 - - [05/Dec/2025:08:58:30 +0100] "GET /entretiendujardin/ile-saint-denis-93 HTTP/1.1" 200 43242 "-" "Mozilla/5.0 (compatible; Barkrowler/0.9; +https://babbar.tech/crawler)"
217.113.194.121 - - [05/Dec/2025:08:59:03 +0100] "GET /component/search/?searchword=artisan&format=opensearch HTTP/1.1" 200 739 "-" "Mozilla/5.0 (compatible; Barkrowler/0.9; +https://babbar.tech/crawler)"
217.113.194.112 - - [05/Dec/2025:08:59:32 +0100] "GET /component/search/?searchword=votre&format=opensearch HTTP/1.1" 200 737 "-" "Mozilla/5.0 (compatible; Barkrowler/0.9; +https://babbar.tech/crawler)"
66.249.69.229 - - [05/Dec/2025:08:59:48 +0100] "GET /component/search/?searchword=cr%C3%A9er&limitstart=0 HTTP/1.1" 200 36543 "-" "Mozilla/5.0 (Linux; Android 6.0.1; Nexus 5X Build/MMB29P) AppleWebKit/537.36 (KHTML, like Gecko) Chrome/141.0.7390.122 Mobile Safari/537.36 (compatible; Googlebot/2.1; +http://www.google.com/bot.html)"
217.113.194.225 - - [05/Dec/2025:09:00:02 +0100] "GET /component/search/?searchword=fleurs&format=opensearch HTTP/1.1" 200 738 "-" "Mozilla/5.0 (compatible; Barkrowler/0.9; +https://babbar.tech/crawler)"
66.249.69.228 - - [05/Dec/2025:09:00:27 +0100] "GET /entretiendujardin/raincy-93/10-Paysagiste%20-93?format=feed&type=rss HTTP/1.1" 200 75401 "-" "Mozilla/5.0 (Linux; Android 6.0.1; Nexus 5X Build/MMB29P) AppleWebKit/537.36 (KHTML, like Gecko) Chrome/141.0.7390.122 Mobile Safari/537.36 (compatible; Googlebot/2.1; +http://www.google.com/bot.html)"
217.113.194.116 - - [05/Dec/2025:09:00:30 +0100] "GET /component/search/?searchword=marchand&format=opensearch HTTP/1.1" 200 740 "-" "Mozilla/5.0 (compatible; Barkrowler/0.9; +https://babbar.tech/crawler)"
217.113.194.112 - - [05/Dec/2025:09:00:59 +0100] "GET /component/search/?searchword=pelouse&format=opensearch HTTP/1.1" 200 739 "-" "Mozilla/5.0 (compatible; Barkrowler/0.9; +https://babbar.tech/crawler)"
217.113.194.112 - - [05/Dec/2025:09:01:27 +0100] "GET /component/search/?searchword=biens&format=opensearch HTTP/1.1" 200 737 "-" "Mozilla/5.0 (compatible; Barkrowler/0.9; +https://babbar.tech/crawler)"
217.113.194.119 - - [05/Dec/2025:09:01:58 +0100] "GET /component/search/?searchword=equestre&format=opensearch HTTP/1.1" 200 740 "-" "Mozilla/5.0 (compatible; Barkrowler/0.9; +https://babbar.tech/crawler)"
217.113.194.115 - - [05/Dec/2025:09:02:27 +0100] "GET /component/search/?searchword=lilas&format=opensearch HTTP/1.1" 200 737 "-" "Mozilla/5.0 (compatible; Barkrowler/0.9; +https://babbar.tech/crawler)"
217.113.194.117 - - [05/Dec/2025:09:02:57 +0100] "GET /component/search/?searchword=arrosage&format=opensearch HTTP/1.1" 200 740 "-" "Mozilla/5.0 (compatible; Barkrowler/0.9; +https://babbar.tech/crawler)"
217.113.194.121 - - [05/Dec/2025:09:03:28 +0100] "GET /component/search/?Itemid=194&id=10&format=opensearch HTTP/1.1" 200 741 "-" "Mozilla/5.0 (compatible; Barkrowler/0.9; +https://babbar.tech/crawler)"
154.54.249.204 - - [05/Dec/2025:09:04:01 +0100] "GET /component/search/?Itemid=222&id=10&format=opensearch HTTP/1.1" 200 741 "-" "Mozilla/5.0 (compatible; Barkrowler/0.9; +https://babbar.tech/crawler)"
217.113.194.112 - - [05/Dec/2025:09:04:30 +0100] "GET /component/search/?Itemid=211&id=10&format=opensearch HTTP/1.1" 200 741 "-" "Mozilla/5.0 (compatible; Barkrowler/0.9; +https://babbar.tech/crawler)"
217.113.194.121 - - [05/Dec/2025:09:05:04 +0100] "GET /component/search/?Itemid=216&id=10&format=opensearch HTTP/1.1" 200 741 "-" "Mozilla/5.0 (compatible; Barkrowler/0.9; +https://babbar.tech/crawler)"
217.113.194.116 - - [05/Dec/2025:09:05:32 +0100] "GET /component/search/?Itemid=202&id=10&format=opensearch HTTP/1.1" 200 741 "-" "Mozilla/5.0 (compatible; Barkrowler/0.9; +https://babbar.tech/crawler)"
217.113.194.121 - - [05/Dec/2025:09:06:00 +0100] "GET /component/search/?Itemid=207&id=10&format=opensearch HTTP/1.1" 200 741 "-" "Mozilla/5.0 (compatible; Barkrowler/0.9; +https://babbar.tech/crawler)"
217.113.194.114 - - [05/Dec/2025:09:06:27 +0100] "GET /component/search/?Itemid=219&id=10&format=opensearch HTTP/1.1" 200 741 "-" "Mozilla/5.0 (compatible; Barkrowler/0.9; +https://babbar.tech/crawler)"
217.113.194.226 - - [05/Dec/2025:09:06:55 +0100] "GET /component/search/?Itemid=220&id=10&format=opensearch HTTP/1.1" 200 741 "-" "Mozilla/5.0 (compatible; Barkrowler/0.9; +https://babbar.tech/crawler)"
217.113.194.225 - - [05/Dec/2025:09:07:23 +0100] "GET /component/search/?Itemid=218&id=10&format=opensearch HTTP/1.1" 200 741 "-" "Mozilla/5.0 (compatible; Barkrowler/0.9; +https://babbar.tech/crawler)"
