202.8.42.12 - - [18/Jun/2025:20:42:49 +0200] "GET /media/jui/js/jquery-noconflict.js HTTP/1.1" 200 21 "http://www.paysagiste93.com/" "Mozilla/5.0 (compatible; AhrefsBot/7.0; +http://ahrefs.com/robot/)"
202.8.42.12 - - [18/Jun/2025:20:42:49 +0200] "GET /templates/neutre/script.js HTTP/1.1" 200 44910 "http://www.paysagiste93.com/" "Mozilla/5.0 (compatible; AhrefsBot/7.0; +http://ahrefs.com/robot/)"
202.8.42.12 - - [18/Jun/2025:20:42:49 +0200] "GET /media/jui/js/jquery.min.js HTTP/1.1" 200 95786 "http://www.paysagiste93.com/" "Mozilla/5.0 (compatible; AhrefsBot/7.0; +http://ahrefs.com/robot/)"
202.8.42.12 - - [18/Jun/2025:20:42:49 +0200] "GET /media/system/js/caption.js HTTP/1.1" 200 733 "http://www.paysagiste93.com/" "Mozilla/5.0 (compatible; AhrefsBot/7.0; +http://ahrefs.com/robot/)"
202.8.42.12 - - [18/Jun/2025:20:42:49 +0200] "GET /media/system/js/core.js HTTP/1.1" 200 4784 "http://www.paysagiste93.com/" "Mozilla/5.0 (compatible; AhrefsBot/7.0; +http://ahrefs.com/robot/)"
202.8.42.12 - - [18/Jun/2025:20:42:49 +0200] "GET /media/system/js/modal.js HTTP/1.1" 200 9756 "http://www.paysagiste93.com/" "Mozilla/5.0 (compatible; AhrefsBot/7.0; +http://ahrefs.com/robot/)"
202.8.42.12 - - [18/Jun/2025:20:42:49 +0200] "GET /media/mod_pwebcontact/js/jquery.validate.min.js?v=1.13.0 HTTP/1.1" 200 21584 "http://www.paysagiste93.com/" "Mozilla/5.0 (compatible; AhrefsBot/7.0; +http://ahrefs.com/robot/)"
202.8.42.12 - - [18/Jun/2025:20:42:49 +0200] "GET /plugins/system/jcemediabox/js/jcemediabox.js?fba42f665bbcc4047a23ba92244f4176 HTTP/1.1" 200 57539 "http://www.paysagiste93.com/" "Mozilla/5.0 (compatible; AhrefsBot/7.0; +http://ahrefs.com/robot/)"
202.8.42.12 - - [18/Jun/2025:20:42:49 +0200] "GET /qrcode/qrcode.js HTTP/1.1" 200 32907 "http://www.paysagiste93.com/" "Mozilla/5.0 (compatible; AhrefsBot/7.0; +http://ahrefs.com/robot/)"
202.8.42.12 - - [18/Jun/2025:20:42:49 +0200] "GET /media/system/js/mootools-core.js HTTP/1.1" 200 96362 "http://www.paysagiste93.com/" "Mozilla/5.0 (compatible; AhrefsBot/7.0; +http://ahrefs.com/robot/)"
202.8.42.12 - - [18/Jun/2025:20:42:49 +0200] "GET /media/system/js/mootools-more.js HTTP/1.1" 200 238331 "http://www.paysagiste93.com/" "Mozilla/5.0 (compatible; AhrefsBot/7.0; +http://ahrefs.com/robot/)"
202.8.42.12 - - [18/Jun/2025:20:42:49 +0200] "GET /media/system/css/system.css HTTP/1.1" 200 1446 "http://www.paysagiste93.com/templates/system/css/system.css" "Mozilla/5.0 (compatible; AhrefsBot/7.0; +http://ahrefs.com/robot/)"
202.8.42.12 - - [18/Jun/2025:20:42:50 +0200] "GET /plugins/system/jcemediabox/themes/light/tooltip.html HTTP/1.1" 200 958 "http://www.paysagiste93.com/" "Mozilla/5.0 (compatible; AhrefsBot/7.0; +http://ahrefs.com/robot/)"
202.8.42.12 - - [18/Jun/2025:20:42:50 +0200] "GET /plugins/system/jcemediabox/themes/light/popup.html HTTP/1.1" 200 1093 "http://www.paysagiste93.com/" "Mozilla/5.0 (compatible; AhrefsBot/7.0; +http://ahrefs.com/robot/)"
85.208.96.212 - - [18/Jun/2025:20:45:20 +0200] "GET /entretiendujardin/neuilly-plaisance-93/13-traitement/49-envoi-commentaire HTTP/1.1" 200 27698 "-" "Mozilla/5.0 (compatible; SemrushBot/7~bl; +http://www.semrush.com/bot.html)"
216.244.66.198 - - [18/Jun/2025:21:08:20 +0200] "GET /robots.txt HTTP/1.1" 200 896 "-" "Mozilla/5.0 (compatible; DotBot/1.2; +https://opensiteexplorer.org/dotbot; help@moz.com)"
216.73.216.62 - - [18/Jun/2025:21:12:41 +0200] "GET /%C2%A0 HTTP/1.1" 404 1490 "-" "Mozilla/5.0 AppleWebKit/537.36 (KHTML, like Gecko; compatible; ClaudeBot/1.0; +claudebot@anthropic.com)"
34.74.248.16 - - [18/Jun/2025:21:18:14 +0200] "GET /?option=com_search&searchword=%C3%A9pinay-sur-seine HTTP/1.0" 200 24808 "-" "ZoominfoBot (zoominfobot at zoominfo dot com)"
216.244.66.198 - - [18/Jun/2025:21:18:21 +0200] "GET /entretiendujardin/stains-93/10-Paysagiste%20-93?format=feed&type=atom HTTP/1.1" 200 162771 "-" "Mozilla/5.0 (compatible; DotBot/1.2; +https://opensiteexplorer.org/dotbot; help@moz.com)"
216.73.216.62 - - [18/Jun/2025:21:23:44 +0200] "GET /component/mailto/?link=8440f5053e543015faba2aebda95359a66a14bc5&template=neutre&tmpl=component HTTP/1.1" 200 4269 "-" "Mozilla/5.0 AppleWebKit/537.36 (KHTML, like Gecko; compatible; ClaudeBot/1.0; +claudebot@anthropic.com)"
34.59.185.78 - - [18/Jun/2025:21:26:45 +0200] "GET / HTTP/1.1" 301 236 "-" "Mozilla/5.0 (Windows NT 10.0; Win64; x64) AppleWebKit/537.36 (KHTML, like Gecko) Chrome/123.0.0.0 Safari/537.36"
34.59.185.78 - - [18/Jun/2025:21:26:46 +0200] "GET / HTTP/1.1" 200 43624 "-" "Mozilla/5.0 (Windows NT 10.0; Win64; x64) AppleWebKit/537.36 (KHTML, like Gecko) Chrome/123.0.0.0 Safari/537.36"
104.168.135.67 - - [18/Jun/2025:21:26:36 +0200] "GET /contactez-nous HTTP/1.1" 200 28375 "-" "Mozilla/5.0 (Windows NT 10.0; Win64; x64) AppleWebKit/537.36 (KHTML, like Gecko) Chrome/114.0.0.0 Safari/537.36 OPR/89.0.4447.51"
104.168.135.67 - - [18/Jun/2025:21:27:11 +0200] "POST /contactez-nous HTTP/1.1" 200 28375 "http://www.paysagiste93.com/contactez-nous" "Mozilla/5.0 (Windows NT 10.0; Win64; x64) AppleWebKit/537.36 (KHTML, like Gecko) Chrome/114.0.0.0 Safari/537.36 OPR/89.0.4447.51"
34.74.248.16 - - [18/Jun/2025:21:32:21 +0200] "GET /?option=com_search&searchword=pour HTTP/1.0" 200 36307 "-" "ZoominfoBot (zoominfobot at zoominfo dot com)"
34.74.248.16 - - [18/Jun/2025:21:36:01 +0200] "GET /?option=com_search&searchword=d'animaux HTTP/1.0" 200 24571 "-" "ZoominfoBot (zoominfobot at zoominfo dot com)"
34.74.248.16 - - [18/Jun/2025:21:53:22 +0200] "GET /?option=com_search&searchword=saint-ouen HTTP/1.0" 200 24774 "-" "ZoominfoBot (zoominfobot at zoominfo dot com)"
31.56.133.42 - - [18/Jun/2025:22:01:29 +0200] "GET /entretiendujardin/epinay-sur-seine-93 HTTP/1.1" 200 43268 "-" "Mozilla/5.0 (X11; Linux x86_64) AppleWebKit/537.36 (KHTML, like Gecko) Chrome/134.0.0.0 Safari/537.3"
34.74.248.16 - - [18/Jun/2025:22:13:39 +0200] "GET /?option=com_search&searchword=organisme HTTP/1.0" 200 24554 "-" "ZoominfoBot (zoominfobot at zoominfo dot com)"
216.73.216.62 - - [18/Jun/2025:22:35:48 +0200] "GET /robots.txt HTTP/1.1" 200 896 "-" "Mozilla/5.0 AppleWebKit/537.36 (KHTML, like Gecko; compatible; ClaudeBot/1.0; +claudebot@anthropic.com)"
216.73.216.62 - - [18/Jun/2025:22:35:48 +0200] "GET /selection-web/58-Menuisier?layout=default&print=1&tmpl=component HTTP/1.1" 200 3766 "-" "Mozilla/5.0 AppleWebKit/537.36 (KHTML, like Gecko; compatible; ClaudeBot/1.0; +claudebot@anthropic.com)"
35.233.253.36 - - [18/Jun/2025:22:45:15 +0200] "HEAD /wordpress HTTP/1.1" 301 - "-" "Mozilla/5.0 (Windows NT 10.0; Win64; x64) AppleWebKit/537.36 (KHTML, like Gecko) Chrome/74.0.3729.169 Safari/537.36"
35.233.253.36 - - [18/Jun/2025:22:45:16 +0200] "HEAD /index.php HTTP/1.1" 200 - "http://paysagiste93.com/wordpress" "Mozilla/5.0 (Windows NT 10.0; Win64; x64) AppleWebKit/537.36 (KHTML, like Gecko) Chrome/74.0.3729.169 Safari/537.36"
35.233.253.36 - - [18/Jun/2025:22:45:19 +0200] "HEAD / HTTP/1.1" 301 - "-" "Mozilla/5.0 (Windows NT 10.0; Win64; x64) AppleWebKit/537.36 (KHTML, like Gecko) Chrome/74.0.3729.169 Safari/537.36"
35.233.253.36 - - [18/Jun/2025:22:45:19 +0200] "HEAD / HTTP/1.1" 200 - "http://paysagiste93.com/" "Mozilla/5.0 (Windows NT 10.0; Win64; x64) AppleWebKit/537.36 (KHTML, like Gecko) Chrome/74.0.3729.169 Safari/537.36"
35.233.253.36 - - [18/Jun/2025:22:45:20 +0200] "HEAD /wp HTTP/1.1" 301 - "-" "Mozilla/5.0 (Windows NT 10.0; Win64; x64) AppleWebKit/537.36 (KHTML, like Gecko) Chrome/74.0.3729.169 Safari/537.36"
35.233.253.36 - - [18/Jun/2025:22:45:20 +0200] "HEAD /index.php HTTP/1.1" 200 - "http://paysagiste93.com/wp" "Mozilla/5.0 (Windows NT 10.0; Win64; x64) AppleWebKit/537.36 (KHTML, like Gecko) Chrome/74.0.3729.169 Safari/537.36"
35.233.253.36 - - [18/Jun/2025:22:45:21 +0200] "HEAD /bc HTTP/1.1" 301 - "-" "Mozilla/5.0 (Windows NT 10.0; Win64; x64) AppleWebKit/537.36 (KHTML, like Gecko) Chrome/74.0.3729.169 Safari/537.36"
35.233.253.36 - - [18/Jun/2025:22:45:21 +0200] "HEAD /index.php HTTP/1.1" 200 - "http://paysagiste93.com/bc" "Mozilla/5.0 (Windows NT 10.0; Win64; x64) AppleWebKit/537.36 (KHTML, like Gecko) Chrome/74.0.3729.169 Safari/537.36"
35.233.253.36 - - [18/Jun/2025:22:45:21 +0200] "HEAD /bk HTTP/1.1" 301 - "-" "Mozilla/5.0 (Windows NT 10.0; Win64; x64) AppleWebKit/537.36 (KHTML, like Gecko) Chrome/74.0.3729.169 Safari/537.36"
35.233.253.36 - - [18/Jun/2025:22:45:21 +0200] "HEAD /index.php HTTP/1.1" 200 - "http://paysagiste93.com/bk" "Mozilla/5.0 (Windows NT 10.0; Win64; x64) AppleWebKit/537.36 (KHTML, like Gecko) Chrome/74.0.3729.169 Safari/537.36"
35.233.253.36 - - [18/Jun/2025:22:45:22 +0200] "HEAD /backup HTTP/1.1" 301 - "-" "Mozilla/5.0 (Windows NT 10.0; Win64; x64) AppleWebKit/537.36 (KHTML, like Gecko) Chrome/74.0.3729.169 Safari/537.36"
35.233.253.36 - - [18/Jun/2025:22:45:22 +0200] "HEAD /index.php HTTP/1.1" 200 - "http://paysagiste93.com/backup" "Mozilla/5.0 (Windows NT 10.0; Win64; x64) AppleWebKit/537.36 (KHTML, like Gecko) Chrome/74.0.3729.169 Safari/537.36"
35.233.253.36 - - [18/Jun/2025:22:45:23 +0200] "HEAD /old HTTP/1.1" 301 - "-" "Mozilla/5.0 (Windows NT 10.0; Win64; x64) AppleWebKit/537.36 (KHTML, like Gecko) Chrome/74.0.3729.169 Safari/537.36"
35.233.253.36 - - [18/Jun/2025:22:45:23 +0200] "HEAD /index.php HTTP/1.1" 200 - "http://paysagiste93.com/old" "Mozilla/5.0 (Windows NT 10.0; Win64; x64) AppleWebKit/537.36 (KHTML, like Gecko) Chrome/74.0.3729.169 Safari/537.36"
35.233.253.36 - - [18/Jun/2025:22:45:23 +0200] "HEAD /new HTTP/1.1" 301 - "-" "Mozilla/5.0 (Windows NT 10.0; Win64; x64) AppleWebKit/537.36 (KHTML, like Gecko) Chrome/74.0.3729.169 Safari/537.36"
35.233.253.36 - - [18/Jun/2025:22:45:23 +0200] "HEAD /index.php HTTP/1.1" 200 - "http://paysagiste93.com/new" "Mozilla/5.0 (Windows NT 10.0; Win64; x64) AppleWebKit/537.36 (KHTML, like Gecko) Chrome/74.0.3729.169 Safari/537.36"
35.233.253.36 - - [18/Jun/2025:22:45:24 +0200] "HEAD /main HTTP/1.1" 301 - "-" "Mozilla/5.0 (Windows NT 10.0; Win64; x64) AppleWebKit/537.36 (KHTML, like Gecko) Chrome/74.0.3729.169 Safari/537.36"
35.233.253.36 - - [18/Jun/2025:22:45:24 +0200] "HEAD /index.php HTTP/1.1" 200 - "http://paysagiste93.com/main" "Mozilla/5.0 (Windows NT 10.0; Win64; x64) AppleWebKit/537.36 (KHTML, like Gecko) Chrome/74.0.3729.169 Safari/537.36"
35.233.253.36 - - [18/Jun/2025:22:45:24 +0200] "HEAD /home HTTP/1.1" 301 - "-" "Mozilla/5.0 (Windows NT 10.0; Win64; x64) AppleWebKit/537.36 (KHTML, like Gecko) Chrome/74.0.3729.169 Safari/537.36"
35.233.253.36 - - [18/Jun/2025:22:45:25 +0200] "HEAD /index.php HTTP/1.1" 200 - "http://paysagiste93.com/home" "Mozilla/5.0 (Windows NT 10.0; Win64; x64) AppleWebKit/537.36 (KHTML, like Gecko) Chrome/74.0.3729.169 Safari/537.36"
124.226.222.66 - - [18/Jun/2025:22:47:22 +0200] "GET / HTTP/1.1" 200 43624 "-" "Mozilla/5.0 (iPhone; CPU iPhone OS 13_2_3 like Mac OS X) AppleWebKit/605.1.15 (KHTML, like Gecko) Version/13.0.3 Mobile/15E148 Safari/604.1"
85.208.96.197 - - [18/Jun/2025:22:49:26 +0200] "GET /robots.txt HTTP/1.1" 200 896 "-" "Mozilla/5.0 (compatible; SemrushBot/7~bl; +http://www.semrush.com/bot.html)"
185.191.171.3 - - [18/Jun/2025:22:49:26 +0200] "GET /entretiendujardin/saint-ouen-93/13-traitement/49-envoi-commentaire HTTP/1.1" 200 27621 "-" "Mozilla/5.0 (compatible; SemrushBot/7~bl; +http://www.semrush.com/bot.html)"
216.73.216.62 - - [18/Jun/2025:22:51:32 +0200] "GET /component/mailto/?link=eb0f7cbc98db5f62c1a67a36f207eb36861d4e34&template=neutre&tmpl=component HTTP/1.1" 200 4269 "-" "Mozilla/5.0 AppleWebKit/537.36 (KHTML, like Gecko; compatible; ClaudeBot/1.0; +claudebot@anthropic.com)"
85.208.96.202 - - [18/Jun/2025:22:58:00 +0200] "GET /entretiendujardin/vaujours-93/index.php?id=49&option=com_content&view=article HTTP/1.1" 200 27564 "-" "Mozilla/5.0 (compatible; SemrushBot/7~bl; +http://www.semrush.com/bot.html)"
34.74.248.16 - - [18/Jun/2025:23:04:18 +0200] "GET /?option=com_search&searchword=formation HTTP/1.0" 200 35929 "-" "ZoominfoBot (zoominfobot at zoominfo dot com)"
43.165.65.75 - - [18/Jun/2025:23:07:47 +0200] "GET / HTTP/1.1" 301 236 "-" "Mozilla/5.0 (iPhone; CPU iPhone OS 13_2_3 like Mac OS X) AppleWebKit/605.1.15 (KHTML, like Gecko) Version/13.0.3 Mobile/15E148 Safari/604.1"
43.165.65.75 - - [18/Jun/2025:23:07:48 +0200] "GET / HTTP/1.1" 200 43624 "http://paysagiste93.com" "Mozilla/5.0 (iPhone; CPU iPhone OS 13_2_3 like Mac OS X) AppleWebKit/605.1.15 (KHTML, like Gecko) Version/13.0.3 Mobile/15E148 Safari/604.1"
216.73.216.62 - - [18/Jun/2025:23:15:57 +0200] "GET /selection-web/56-macon?layout=default&print=1&tmpl=component HTTP/1.1" 200 3752 "-" "Mozilla/5.0 AppleWebKit/537.36 (KHTML, like Gecko; compatible; ClaudeBot/1.0; +claudebot@anthropic.com)"
108.128.152.228 - - [18/Jun/2025:23:25:54 +0200] "GET /entretiendujardin/stains-93 HTTP/1.1" 200 42988 "http://www.paysagiste93.com/index.php?option=com_xmap&view=xml&tmpl=component&id=1" "Mozilla/5.0 (Macintosh; Intel Mac OS X 10_15_5) AppleWebKit/537.36 (KHTML, like Gecko) Chrome/83.0.4103.61 Safari/537.36"
108.128.152.228 - - [18/Jun/2025:23:26:25 +0200] "GET /entretiendujardin/tremblay-en-france-93 HTTP/1.1" 200 43300 "http://www.paysagiste93.com/index.php?option=com_xmap&view=xml&tmpl=component&id=1" "Mozilla/5.0 (Macintosh; Intel Mac OS X 10_15_5) AppleWebKit/537.36 (KHTML, like Gecko) Chrome/83.0.4103.61 Safari/537.36"
108.128.152.228 - - [18/Jun/2025:23:26:37 +0200] "GET /entretiendujardin/villepinte-93 HTTP/1.1" 200 43092 "http://www.paysagiste93.com/index.php?option=com_xmap&view=xml&tmpl=component&id=1" "Mozilla/5.0 (Macintosh; Intel Mac OS X 10_15_5) AppleWebKit/537.36 (KHTML, like Gecko) Chrome/83.0.4103.61 Safari/537.36"
108.128.152.228 - - [18/Jun/2025:23:26:47 +0200] "GET /entretiendujardin/courneuve-93 HTTP/1.1" 200 43066 "http://www.paysagiste93.com/index.php?option=com_xmap&view=xml&tmpl=component&id=1" "Mozilla/5.0 (Macintosh; Intel Mac OS X 10_15_5) AppleWebKit/537.36 (KHTML, like Gecko) Chrome/83.0.4103.61 Safari/537.36"
108.128.152.228 - - [18/Jun/2025:23:26:51 +0200] "GET /entretiendujardin/gagny-93 HTTP/1.1" 200 42962 "http://www.paysagiste93.com/index.php?option=com_xmap&view=xml&tmpl=component&id=1" "Mozilla/5.0 (Macintosh; Intel Mac OS X 10_15_5) AppleWebKit/537.36 (KHTML, like Gecko) Chrome/83.0.4103.61 Safari/537.36"
108.128.152.228 - - [18/Jun/2025:23:27:01 +0200] "GET /entretiendujardin/noisy-le-sec-93 HTTP/1.1" 200 43144 "http://www.paysagiste93.com/index.php?option=com_xmap&view=xml&tmpl=component&id=1" "Mozilla/5.0 (Macintosh; Intel Mac OS X 10_15_5) AppleWebKit/537.36 (KHTML, like Gecko) Chrome/83.0.4103.61 Safari/537.36"
108.128.152.228 - - [18/Jun/2025:23:27:29 +0200] "GET /entretiendujardin/rosny-sous-bois-93 HTTP/1.1" 200 43222 "http://www.paysagiste93.com/index.php?option=com_xmap&view=xml&tmpl=component&id=1" "Mozilla/5.0 (Macintosh; Intel Mac OS X 10_15_5) AppleWebKit/537.36 (KHTML, like Gecko) Chrome/83.0.4103.61 Safari/537.36"
108.128.152.228 - - [18/Jun/2025:23:27:40 +0200] "GET /entretiendujardin/livry-gargan-93 HTTP/1.1" 200 43144 "http://www.paysagiste93.com/index.php?option=com_xmap&view=xml&tmpl=component&id=1" "Mozilla/5.0 (Macintosh; Intel Mac OS X 10_15_5) AppleWebKit/537.36 (KHTML, like Gecko) Chrome/83.0.4103.61 Safari/537.36"
108.128.152.228 - - [18/Jun/2025:23:27:49 +0200] "GET /entretiendujardin/saint-ouen-93 HTTP/1.1" 200 43092 "http://www.paysagiste93.com/index.php?option=com_xmap&view=xml&tmpl=component&id=1" "Mozilla/5.0 (Macintosh; Intel Mac OS X 10_15_5) AppleWebKit/537.36 (KHTML, like Gecko) Chrome/83.0.4103.61 Safari/537.36"
108.128.152.228 - - [18/Jun/2025:23:27:57 +0200] "GET /entretiendujardin/bobigny-93 HTTP/1.1" 200 43014 "http://www.paysagiste93.com/index.php?option=com_xmap&view=xml&tmpl=component&id=1" "Mozilla/5.0 (Macintosh; Intel Mac OS X 10_15_5) AppleWebKit/537.36 (KHTML, like Gecko) Chrome/83.0.4103.61 Safari/537.36"
108.128.152.228 - - [18/Jun/2025:23:28:07 +0200] "GET /entretiendujardin/blanc-mesnil-93 HTTP/1.1" 200 43144 "http://www.paysagiste93.com/index.php?option=com_xmap&view=xml&tmpl=component&id=1" "Mozilla/5.0 (Macintosh; Intel Mac OS X 10_15_5) AppleWebKit/537.36 (KHTML, like Gecko) Chrome/83.0.4103.61 Safari/537.36"
108.128.152.228 - - [18/Jun/2025:23:28:36 +0200] "GET /entretiendujardin/sevran-93 HTTP/1.1" 200 42988 "http://www.paysagiste93.com/index.php?option=com_xmap&view=xml&tmpl=component&id=1" "Mozilla/5.0 (Macintosh; Intel Mac OS X 10_15_5) AppleWebKit/537.36 (KHTML, like Gecko) Chrome/83.0.4103.61 Safari/537.36"
108.128.152.228 - - [18/Jun/2025:23:28:45 +0200] "GET /entretiendujardin/epinay-sur-seine-93 HTTP/1.1" 200 43268 "http://www.paysagiste93.com/index.php?option=com_xmap&view=xml&tmpl=component&id=1" "Mozilla/5.0 (Macintosh; Intel Mac OS X 10_15_5) AppleWebKit/537.36 (KHTML, like Gecko) Chrome/83.0.4103.61 Safari/537.36"
108.128.152.228 - - [18/Jun/2025:23:28:54 +0200] "GET /entretiendujardin/pantin-93 HTTP/1.1" 200 42984 "http://www.paysagiste93.com/index.php?option=com_xmap&view=xml&tmpl=component&id=1" "Mozilla/5.0 (Macintosh; Intel Mac OS X 10_15_5) AppleWebKit/537.36 (KHTML, like Gecko) Chrome/83.0.4103.61 Safari/537.36"
34.74.248.16 - - [18/Jun/2025:23:33:02 +0200] "GET /?option=com_search&searchword=animalerie HTTP/1.0" 200 24791 "-" "ZoominfoBot (zoominfobot at zoominfo dot com)"
34.74.248.16 - - [18/Jun/2025:23:43:35 +0200] "GET /?option=com_search&searchword=achat HTTP/1.0" 200 24559 "-" "ZoominfoBot (zoominfobot at zoominfo dot com)"
54.36.148.58 - - [18/Jun/2025:23:44:21 +0200] "GET / HTTP/1.1" 200 43624 "-" "Mozilla/5.0 (compatible; AhrefsBot/7.0; +http://ahrefs.com/robot/)"
216.244.66.198 - - [18/Jun/2025:23:46:36 +0200] "GET /robots.txt HTTP/1.1" 200 896 "-" "Mozilla/5.0 (compatible; DotBot/1.2; +https://opensiteexplorer.org/dotbot; help@moz.com)"
216.73.216.62 - - [18/Jun/2025:23:46:54 +0200] "GET /robots.txt HTTP/1.1" 200 896 "-" "Mozilla/5.0 AppleWebKit/537.36 (KHTML, like Gecko; compatible; ClaudeBot/1.0; +claudebot@anthropic.com)"
216.73.216.62 - - [18/Jun/2025:23:46:54 +0200] "GET /component/mailto/?link=46f79d76610f315f2103b65a76a8677aff972e0c&template=neutre&tmpl=component HTTP/1.1" 200 4269 "-" "Mozilla/5.0 AppleWebKit/537.36 (KHTML, like Gecko; compatible; ClaudeBot/1.0; +claudebot@anthropic.com)"
34.74.248.16 - - [18/Jun/2025:23:48:08 +0200] "GET /?option=com_search&searchword=divers HTTP/1.0" 200 24770 "-" "ZoominfoBot (zoominfobot at zoominfo dot com)"
216.244.66.198 - - [18/Jun/2025:23:59:59 +0200] "GET /entretiendujardin/lilas-93/10-Paysagiste%20-93?format=feed&type=atom HTTP/1.1" 200 162768 "-" "Mozilla/5.0 (compatible; DotBot/1.2; +https://opensiteexplorer.org/dotbot; help@moz.com)"
85.208.96.200 - - [19/Jun/2025:00:04:06 +0200] "GET /robots.txt HTTP/1.1" 200 896 "-" "Mozilla/5.0 (compatible; SemrushBot/7~bl; +http://www.semrush.com/bot.html)"
85.208.96.203 - - [19/Jun/2025:00:04:06 +0200] "GET /entretiendujardin/rosny-sous-bois-93/13-traitement/49-envoi-commentaire HTTP/1.1" 200 27676 "-" "Mozilla/5.0 (compatible; SemrushBot/7~bl; +http://www.semrush.com/bot.html)"
216.73.216.62 - - [19/Jun/2025:00:09:50 +0200] "GET /selection-web/62-divers?layout=default&print=1&tmpl=component HTTP/1.1" 200 3754 "-" "Mozilla/5.0 AppleWebKit/537.36 (KHTML, like Gecko; compatible; ClaudeBot/1.0; +claudebot@anthropic.com)"
216.73.216.62 - - [19/Jun/2025:00:11:40 +0200] "GET /component/mailto/?link=7e145311d98c024c8f2359d87c282862a44da168&template=neutre&tmpl=component HTTP/1.1" 200 4269 "-" "Mozilla/5.0 AppleWebKit/537.36 (KHTML, like Gecko; compatible; ClaudeBot/1.0; +claudebot@anthropic.com)"
85.208.96.197 - - [19/Jun/2025:00:24:41 +0200] "GET /entretiendujardin/pavillons-sous-bois-93/10-Paysagiste%20-93 HTTP/1.1" 200 114579 "-" "Mozilla/5.0 (compatible; SemrushBot/7~bl; +http://www.semrush.com/bot.html)"
186.179.61.49 - - [19/Jun/2025:00:25:40 +0200] "GET / HTTP/1.1" 200 43624 "-" "Mozilla/5.0 (Windows NT 10.0; Win64; x64) AppleWebKit/537.36 (KHTML, like Gecko) Chrome/114.0.0.0 Safari/537.36 Vivaldi/5.3.2679.68"
186.179.61.49 - - [19/Jun/2025:00:25:42 +0200] "POST / HTTP/1.1" 200 43624 "http://www.paysagiste93.com/" "Mozilla/5.0 (Windows NT 10.0; Win64; x64) AppleWebKit/537.36 (KHTML, like Gecko) Chrome/114.0.0.0 Safari/537.36 Vivaldi/5.3.2679.68"
216.73.216.62 - - [19/Jun/2025:00:26:32 +0200] "GET /selection-web/55-centre-equestre-et-assimile?layout=default&print=1&tmpl=component HTTP/1.1" 200 3840 "-" "Mozilla/5.0 AppleWebKit/537.36 (KHTML, like Gecko; compatible; ClaudeBot/1.0; +claudebot@anthropic.com)"
43.133.62.221 - - [19/Jun/2025:00:27:14 +0200] "GET / HTTP/1.1" 301 236 "https://google.com" "Mozilla/5.0 (Macintosh; Intel Mac OS X 10_15_7) AppleWebKit/537.36 (KHTML, like Gecko) Chrome/119.0.0.0 Safari/537.36"
43.133.62.221 - - [19/Jun/2025:00:27:15 +0200] "GET http://www.paysagiste93.com/ HTTP/1.1" 404 1490 "https://google.com" "Mozilla/5.0 (Macintosh; Intel Mac OS X 10_15_7) AppleWebKit/537.36 (KHTML, like Gecko) Chrome/119.0.0.0 Safari/537.36"
34.74.248.16 - - [19/Jun/2025:00:33:00 +0200] "GET /?option=com_search&searchword=professionnelle HTTP/1.0" 200 24572 "-" "ZoominfoBot (zoominfobot at zoominfo dot com)"
185.191.171.16 - - [19/Jun/2025:00:40:38 +0200] "GET /entretiendujardin/epinay-sur-seine-93 HTTP/1.1" 200 43268 "-" "Mozilla/5.0 (compatible; SemrushBot/7~bl; +http://www.semrush.com/bot.html)"
37.67.148.203 - - [19/Jun/2025:00:45:27 +0200] "GET / HTTP/1.1" 200 43624 "-" "Mozilla/5.0 (Windows NT 10.0; Win64; x64) AppleWebKit/537.36 (KHTML, like Gecko) Chrome/115.0.0.0 Safari/537.36"
37.67.148.203 - - [19/Jun/2025:00:45:31 +0200] "GET /media/system/css/modal.css HTTP/1.1" 200 2823 "http://www.paysagiste93.com/" "Mozilla/5.0 (Windows NT 10.0; Win64; x64) AppleWebKit/537.36 (KHTML, like Gecko) Chrome/115.0.0.0 Safari/537.36"
37.67.148.203 - - [19/Jun/2025:00:45:31 +0200] "GET /plugins/system/jcemediabox/themes/light/css/style.css?36c352a2b4ad8aa73f93eb9d76da8882 HTTP/1.1" 200 4357 "http://www.paysagiste93.com/" "Mozilla/5.0 (Windows NT 10.0; Win64; x64) AppleWebKit/537.36 (KHTML, like Gecko) Chrome/115.0.0.0 Safari/537.36"
37.67.148.203 - - [19/Jun/2025:00:45:31 +0200] "GET /plugins/system/jcemediabox/css/jcemediabox.css?a3b640def3ef13678e19cfeeb7397c85 HTTP/1.1" 200 5791 "http://www.paysagiste93.com/" "Mozilla/5.0 (Windows NT 10.0; Win64; x64) AppleWebKit/537.36 (KHTML, like Gecko) Chrome/115.0.0.0 Safari/537.36"
37.67.148.203 - - [19/Jun/2025:00:45:31 +0200] "GET /media/mod_pwebcontact/css/bootstrap.css HTTP/1.1" 200 13926 "http://www.paysagiste93.com/" "Mozilla/5.0 (Windows NT 10.0; Win64; x64) AppleWebKit/537.36 (KHTML, like Gecko) Chrome/115.0.0.0 Safari/537.36"
37.67.148.203 - - [19/Jun/2025:00:45:31 +0200] "GET /media/mod_pwebcontact/css/background/lightgray.css HTTP/1.1" 200 2866 "http://www.paysagiste93.com/" "Mozilla/5.0 (Windows NT 10.0; Win64; x64) AppleWebKit/537.36 (KHTML, like Gecko) Chrome/115.0.0.0 Safari/537.36"
37.67.148.203 - - [19/Jun/2025:00:45:31 +0200] "GET /media/mod_pwebcontact/css/form/orange.css HTTP/1.1" 200 5566 "http://www.paysagiste93.com/" "Mozilla/5.0 (Windows NT 10.0; Win64; x64) AppleWebKit/537.36 (KHTML, like Gecko) Chrome/115.0.0.0 Safari/537.36"
37.67.148.203 - - [19/Jun/2025:00:45:31 +0200] "GET /media/mod_pwebcontact/css/toggler/lightblue.css HTTP/1.1" 200 3724 "http://www.paysagiste93.com/" "Mozilla/5.0 (Windows NT 10.0; Win64; x64) AppleWebKit/537.36 (KHTML, like Gecko) Chrome/115.0.0.0 Safari/537.36"
37.67.148.203 - - [19/Jun/2025:00:45:31 +0200] "GET /media/mod_pwebcontact/css/animations.css HTTP/1.1" 200 26025 "http://www.paysagiste93.com/" "Mozilla/5.0 (Windows NT 10.0; Win64; x64) AppleWebKit/537.36 (KHTML, like Gecko) Chrome/115.0.0.0 Safari/537.36"
37.67.148.203 - - [19/Jun/2025:00:45:31 +0200] "GET /cache/mod_pwebcontact/16717e83a3f98200f504d2874c9df347.css HTTP/1.1" 200 2295 "http://www.paysagiste93.com/" "Mozilla/5.0 (Windows NT 10.0; Win64; x64) AppleWebKit/537.36 (KHTML, like Gecko) Chrome/115.0.0.0 Safari/537.36"
37.67.148.203 - - [19/Jun/2025:00:45:31 +0200] "GET /templates/system/css/system.css HTTP/1.1" 200 896 "http://www.paysagiste93.com/" "Mozilla/5.0 (Windows NT 10.0; Win64; x64) AppleWebKit/537.36 (KHTML, like Gecko) Chrome/115.0.0.0 Safari/537.36"
37.67.148.203 - - [19/Jun/2025:00:45:31 +0200] "GET /templates/system/css/general.css HTTP/1.1" 200 2730 "http://www.paysagiste93.com/" "Mozilla/5.0 (Windows NT 10.0; Win64; x64) AppleWebKit/537.36 (KHTML, like Gecko) Chrome/115.0.0.0 Safari/537.36"
37.67.148.203 - - [19/Jun/2025:00:45:31 +0200] "GET /templates/neutre/css/template.responsive.css HTTP/1.1" 200 8238 "http://www.paysagiste93.com/" "Mozilla/5.0 (Windows NT 10.0; Win64; x64) AppleWebKit/537.36 (KHTML, like Gecko) Chrome/115.0.0.0 Safari/537.36"
37.67.148.203 - - [19/Jun/2025:00:45:31 +0200] "GET /media/system/js/core.js HTTP/1.1" 200 4784 "http://www.paysagiste93.com/" "Mozilla/5.0 (Windows NT 10.0; Win64; x64) AppleWebKit/537.36 (KHTML, like Gecko) Chrome/115.0.0.0 Safari/537.36"
37.67.148.203 - - [19/Jun/2025:00:45:31 +0200] "GET /media/system/js/modal.js HTTP/1.1" 200 9756 "http://www.paysagiste93.com/" "Mozilla/5.0 (Windows NT 10.0; Win64; x64) AppleWebKit/537.36 (KHTML, like Gecko) Chrome/115.0.0.0 Safari/537.36"
37.67.148.203 - - [19/Jun/2025:00:45:31 +0200] "GET /media/system/js/caption.js HTTP/1.1" 200 733 "http://www.paysagiste93.com/" "Mozilla/5.0 (Windows NT 10.0; Win64; x64) AppleWebKit/537.36 (KHTML, like Gecko) Chrome/115.0.0.0 Safari/537.36"
37.67.148.203 - - [19/Jun/2025:00:45:31 +0200] "GET /media/mod_pwebcontact/css/layout.css HTTP/1.1" 200 35741 "http://www.paysagiste93.com/" "Mozilla/5.0 (Windows NT 10.0; Win64; x64) AppleWebKit/537.36 (KHTML, like Gecko) Chrome/115.0.0.0 Safari/537.36"
37.67.148.203 - - [19/Jun/2025:00:45:31 +0200] "GET /plugins/system/jcemediabox/js/jcemediabox.js?fba42f665bbcc4047a23ba92244f4176 HTTP/1.1" 200 57539 "http://www.paysagiste93.com/" "Mozilla/5.0 (Windows NT 10.0; Win64; x64) AppleWebKit/537.36 (KHTML, like Gecko) Chrome/115.0.0.0 Safari/537.36"
37.67.148.203 - - [19/Jun/2025:00:45:32 +0200] "GET /media/jui/js/jquery-noconflict.js HTTP/1.1" 200 21 "http://www.paysagiste93.com/" "Mozilla/5.0 (Windows NT 10.0; Win64; x64) AppleWebKit/537.36 (KHTML, like Gecko) Chrome/115.0.0.0 Safari/537.36"
37.67.148.203 - - [19/Jun/2025:00:45:32 +0200] "GET /media/jui/js/jquery-migrate.min.js HTTP/1.1" 200 7199 "http://www.paysagiste93.com/" "Mozilla/5.0 (Windows NT 10.0; Win64; x64) AppleWebKit/537.36 (KHTML, like Gecko) Chrome/115.0.0.0 Safari/537.36"
37.67.148.203 - - [19/Jun/2025:00:45:31 +0200] "GET /media/system/js/mootools-core.js HTTP/1.1" 200 96362 "http://www.paysagiste93.com/" "Mozilla/5.0 (Windows NT 10.0; Win64; x64) AppleWebKit/537.36 (KHTML, like Gecko) Chrome/115.0.0.0 Safari/537.36"
37.67.148.203 - - [19/Jun/2025:00:45:32 +0200] "GET /media/jui/js/bootstrap.min.js HTTP/1.1" 200 29156 "http://www.paysagiste93.com/" "Mozilla/5.0 (Windows NT 10.0; Win64; x64) AppleWebKit/537.36 (KHTML, like Gecko) Chrome/115.0.0.0 Safari/537.36"
37.67.148.203 - - [19/Jun/2025:00:45:31 +0200] "GET /templates/neutre/css/template.css HTTP/1.1" 200 68431 "http://www.paysagiste93.com/" "Mozilla/5.0 (Windows NT 10.0; Win64; x64) AppleWebKit/537.36 (KHTML, like Gecko) Chrome/115.0.0.0 Safari/537.36"
37.67.148.203 - - [19/Jun/2025:00:45:32 +0200] "GET /media/mod_pwebcontact/js/jquery.validate.min.js?v=1.13.0 HTTP/1.1" 200 21584 "http://www.paysagiste93.com/" "Mozilla/5.0 (Windows NT 10.0; Win64; x64) AppleWebKit/537.36 (KHTML, like Gecko) Chrome/115.0.0.0 Safari/537.36"
37.67.148.203 - - [19/Jun/2025:00:45:32 +0200] "GET /media/mod_pwebcontact/js/jquery.pwebcontact.min.js?v=3.2.14 HTTP/1.1" 200 34073 "http://www.paysagiste93.com/" "Mozilla/5.0 (Windows NT 10.0; Win64; x64) AppleWebKit/537.36 (KHTML, like Gecko) Chrome/115.0.0.0 Safari/537.36"
37.67.148.203 - - [19/Jun/2025:00:45:31 +0200] "GET /media/jui/js/jquery.min.js HTTP/1.1" 200 95786 "http://www.paysagiste93.com/" "Mozilla/5.0 (Windows NT 10.0; Win64; x64) AppleWebKit/537.36 (KHTML, like Gecko) Chrome/115.0.0.0 Safari/537.36"
37.67.148.203 - - [19/Jun/2025:00:45:32 +0200] "GET /templates/neutre/script.js HTTP/1.1" 200 44910 "http://www.paysagiste93.com/" "Mozilla/5.0 (Windows NT 10.0; Win64; x64) AppleWebKit/537.36 (KHTML, like Gecko) Chrome/115.0.0.0 Safari/537.36"
37.67.148.203 - - [19/Jun/2025:00:45:32 +0200] "GET /templates/neutre/script.responsive.js HTTP/1.1" 200 15616 "http://www.paysagiste93.com/" "Mozilla/5.0 (Windows NT 10.0; Win64; x64) AppleWebKit/537.36 (KHTML, like Gecko) Chrome/115.0.0.0 Safari/537.36"
37.67.148.203 - - [19/Jun/2025:00:45:32 +0200] "GET /templates/neutre/jquery.js HTTP/1.1" 200 92793 "http://www.paysagiste93.com/" "Mozilla/5.0 (Windows NT 10.0; Win64; x64) AppleWebKit/537.36 (KHTML, like Gecko) Chrome/115.0.0.0 Safari/537.36"
37.67.148.203 - - [19/Jun/2025:00:45:32 +0200] "GET /qrcode/qrcode.js HTTP/1.1" 200 32907 "http://www.paysagiste93.com/" "Mozilla/5.0 (Windows NT 10.0; Win64; x64) AppleWebKit/537.36 (KHTML, like Gecko) Chrome/115.0.0.0 Safari/537.36"
37.67.148.203 - - [19/Jun/2025:00:45:32 +0200] "GET /images/contactimg.png HTTP/1.1" 200 556 "http://www.paysagiste93.com/" "Mozilla/5.0 (Windows NT 10.0; Win64; x64) AppleWebKit/537.36 (KHTML, like Gecko) Chrome/115.0.0.0 Safari/537.36"
37.67.148.203 - - [19/Jun/2025:00:45:32 +0200] "GET /images/rss_32-2.png HTTP/1.1" 200 1653 "http://www.paysagiste93.com/" "Mozilla/5.0 (Windows NT 10.0; Win64; x64) AppleWebKit/537.36 (KHTML, like Gecko) Chrome/115.0.0.0 Safari/537.36"
37.67.148.203 - - [19/Jun/2025:00:45:32 +0200] "GET /images/logosmall.png HTTP/1.1" 200 1558 "http://www.paysagiste93.com/" "Mozilla/5.0 (Windows NT 10.0; Win64; x64) AppleWebKit/537.36 (KHTML, like Gecko) Chrome/115.0.0.0 Safari/537.36"
37.67.148.203 - - [19/Jun/2025:00:45:31 +0200] "GET /media/system/js/mootools-more.js HTTP/1.1" 200 238331 "http://www.paysagiste93.com/" "Mozilla/5.0 (Windows NT 10.0; Win64; x64) AppleWebKit/537.36 (KHTML, like Gecko) Chrome/115.0.0.0 Safari/537.36"
37.67.148.203 - - [19/Jun/2025:00:45:32 +0200] "GET /media/system/css/system.css HTTP/1.1" 200 1446 "http://www.paysagiste93.com/templates/system/css/system.css" "Mozilla/5.0 (Windows NT 10.0; Win64; x64) AppleWebKit/537.36 (KHTML, like Gecko) Chrome/115.0.0.0 Safari/537.36"
37.67.148.203 - - [19/Jun/2025:00:45:32 +0200] "GET /templates/neutre/images/header.jpg HTTP/1.1" 200 27116 "http://www.paysagiste93.com/templates/neutre/css/template.css" "Mozilla/5.0 (Windows NT 10.0; Win64; x64) AppleWebKit/537.36 (KHTML, like Gecko) Chrome/115.0.0.0 Safari/537.36"
37.67.148.203 - - [19/Jun/2025:00:45:32 +0200] "GET /templates/neutre/images/object1481438740.png HTTP/1.1" 200 1602 "http://www.paysagiste93.com/templates/neutre/css/template.css" "Mozilla/5.0 (Windows NT 10.0; Win64; x64) AppleWebKit/537.36 (KHTML, like Gecko) Chrome/115.0.0.0 Safari/537.36"
37.67.148.203 - - [19/Jun/2025:00:45:32 +0200] "GET /templates/neutre/images/object1139864562.png HTTP/1.1" 200 2895 "http://www.paysagiste93.com/templates/neutre/css/template.css" "Mozilla/5.0 (Windows NT 10.0; Win64; x64) AppleWebKit/537.36 (KHTML, like Gecko) Chrome/115.0.0.0 Safari/537.36"
37.67.148.203 - - [19/Jun/2025:00:45:32 +0200] "GET /templates/neutre/images/object1876504310.jpg HTTP/1.1" 200 45872 "http://www.paysagiste93.com/templates/neutre/css/template.css" "Mozilla/5.0 (Windows NT 10.0; Win64; x64) AppleWebKit/537.36 (KHTML, like Gecko) Chrome/115.0.0.0 Safari/537.36"
37.67.148.203 - - [19/Jun/2025:00:45:32 +0200] "GET /templates/neutre/images/object1951122409.png HTTP/1.1" 200 2530 "http://www.paysagiste93.com/templates/neutre/css/template.css" "Mozilla/5.0 (Windows NT 10.0; Win64; x64) AppleWebKit/537.36 (KHTML, like Gecko) Chrome/115.0.0.0 Safari/537.36"
37.67.148.203 - - [19/Jun/2025:00:45:32 +0200] "GET /templates/neutre/images/page.png HTTP/1.1" 200 1712 "http://www.paysagiste93.com/templates/neutre/css/template.css" "Mozilla/5.0 (Windows NT 10.0; Win64; x64) AppleWebKit/537.36 (KHTML, like Gecko) Chrome/115.0.0.0 Safari/537.36"
37.67.148.203 - - [19/Jun/2025:00:45:33 +0200] "GET /templates/neutre/images/object839461247.png HTTP/1.1" 200 898 "http://www.paysagiste93.com/templates/neutre/css/template.css" "Mozilla/5.0 (Windows NT 10.0; Win64; x64) AppleWebKit/537.36 (KHTML, like Gecko) Chrome/115.0.0.0 Safari/537.36"
37.67.148.203 - - [19/Jun/2025:00:45:33 +0200] "GET /templates/neutre/images/nav.png HTTP/1.1" 200 104 "http://www.paysagiste93.com/templates/neutre/css/template.css" "Mozilla/5.0 (Windows NT 10.0; Win64; x64) AppleWebKit/537.36 (KHTML, like Gecko) Chrome/115.0.0.0 Safari/537.36"
37.67.148.203 - - [19/Jun/2025:00:45:33 +0200] "GET /templates/neutre/images/menuseparator.png HTTP/1.1" 200 99 "http://www.paysagiste93.com/templates/neutre/css/template.css" "Mozilla/5.0 (Windows NT 10.0; Win64; x64) AppleWebKit/537.36 (KHTML, like Gecko) Chrome/115.0.0.0 Safari/537.36"
37.67.148.203 - - [19/Jun/2025:00:45:33 +0200] "GET /templates/neutre/images/object92465227.png HTTP/1.1" 200 676 "http://www.paysagiste93.com/templates/neutre/css/template.css" "Mozilla/5.0 (Windows NT 10.0; Win64; x64) AppleWebKit/537.36 (KHTML, like Gecko) Chrome/115.0.0.0 Safari/537.36"
37.67.148.203 - - [19/Jun/2025:00:45:33 +0200] "GET /templates/neutre/images/spacer.gif HTTP/1.1" 200 43 "http://www.paysagiste93.com/templates/neutre/css/template.css" "Mozilla/5.0 (Windows NT 10.0; Win64; x64) AppleWebKit/537.36 (KHTML, like Gecko) Chrome/115.0.0.0 Safari/537.36"
37.67.148.203 - - [19/Jun/2025:00:45:33 +0200] "GET /templates/neutre/images/postdateicon.png HTTP/1.1" 200 261 "http://www.paysagiste93.com/templates/neutre/css/template.css" "Mozilla/5.0 (Windows NT 10.0; Win64; x64) AppleWebKit/537.36 (KHTML, like Gecko) Chrome/115.0.0.0 Safari/537.36"
37.67.148.203 - - [19/Jun/2025:00:45:33 +0200] "GET /templates/neutre/images/postbullets.png HTTP/1.1" 200 119 "http://www.paysagiste93.com/templates/neutre/css/template.css" "Mozilla/5.0 (Windows NT 10.0; Win64; x64) AppleWebKit/537.36 (KHTML, like Gecko) Chrome/115.0.0.0 Safari/537.36"
37.67.148.203 - - [19/Jun/2025:00:45:33 +0200] "GET /templates/neutre/images/postcategoryicon.png HTTP/1.1" 200 150 "http://www.paysagiste93.com/templates/neutre/css/template.css" "Mozilla/5.0 (Windows NT 10.0; Win64; x64) AppleWebKit/537.36 (KHTML, like Gecko) Chrome/115.0.0.0 Safari/537.36"
37.67.148.203 - - [19/Jun/2025:00:45:33 +0200] "GET /templates/neutre/images/star_5.png HTTP/1.1" 200 971 "http://www.paysagiste93.com/templates/neutre/css/template.css" "Mozilla/5.0 (Windows NT 10.0; Win64; x64) AppleWebKit/537.36 (KHTML, like Gecko) Chrome/115.0.0.0 Safari/537.36"
37.67.148.203 - - [19/Jun/2025:00:45:33 +0200] "GET /templates/neutre/images/blockbullets.png HTTP/1.1" 200 216 "http://www.paysagiste93.com/templates/neutre/css/template.css" "Mozilla/5.0 (Windows NT 10.0; Win64; x64) AppleWebKit/537.36 (KHTML, like Gecko) Chrome/115.0.0.0 Safari/537.36"
37.67.148.203 - - [19/Jun/2025:00:45:33 +0200] "GET /templates/neutre/images/footer.png HTTP/1.1" 200 101 "http://www.paysagiste93.com/templates/neutre/css/template.css" "Mozilla/5.0 (Windows NT 10.0; Win64; x64) AppleWebKit/537.36 (KHTML, like Gecko) Chrome/115.0.0.0 Safari/537.36"
37.67.148.203 - - [19/Jun/2025:00:45:33 +0200] "GET /plugins/system/jcemediabox/themes/light/tooltip.html HTTP/1.1" 200 958 "http://www.paysagiste93.com/" "Mozilla/5.0 (Windows NT 10.0; Win64; x64) AppleWebKit/537.36 (KHTML, like Gecko) Chrome/115.0.0.0 Safari/537.36"
37.67.148.203 - - [19/Jun/2025:00:45:33 +0200] "GET /plugins/system/jcemediabox/themes/light/popup.html HTTP/1.1" 200 1093 "http://www.paysagiste93.com/" "Mozilla/5.0 (Windows NT 10.0; Win64; x64) AppleWebKit/537.36 (KHTML, like Gecko) Chrome/115.0.0.0 Safari/537.36"
37.67.148.203 - - [19/Jun/2025:00:45:35 +0200] "GET / HTTP/1.1" 200 43624 "-" "Mozilla/5.0 (Windows NT 10.0; Win64; x64) AppleWebKit/537.36 (KHTML, like Gecko) Chrome/115.0.0.0 Safari/537.36"
37.67.148.203 - - [19/Jun/2025:00:45:37 +0200] "GET /contact HTTP/1.1" 404 1490 "-" "Mozilla/5.0 (Windows NT 10.0; Win64; x64) AppleWebKit/537.36 (KHTML, like Gecko) Chrome/115.0.0.0 Safari/537.36"
37.67.148.203 - - [19/Jun/2025:00:45:37 +0200] "GET /templates/system/css/error.css HTTP/1.1" 200 1443 "http://www.paysagiste93.com/contact" "Mozilla/5.0 (Windows NT 10.0; Win64; x64) AppleWebKit/537.36 (KHTML, like Gecko) Chrome/115.0.0.0 Safari/537.36"
37.67.148.203 - - [19/Jun/2025:00:45:40 +0200] "GET / HTTP/1.1" 200 43624 "-" "Mozilla/5.0 (Windows NT 10.0; Win64; x64) AppleWebKit/537.36 (KHTML, like Gecko) Chrome/115.0.0.0 Safari/537.36"
37.67.148.203 - - [19/Jun/2025:00:45:42 +0200] "GET / HTTP/1.1" 200 43624 "-" "Mozilla/5.0 (Windows NT 10.0; Win64; x64) AppleWebKit/537.36 (KHTML, like Gecko) Chrome/115.0.0.0 Safari/537.36"
37.67.148.203 - - [19/Jun/2025:00:46:02 +0200] "GET /prestations HTTP/1.1" 200 29384 "-" "Mozilla/5.0 (Windows NT 10.0; Win64; x64) AppleWebKit/537.36 (KHTML, like Gecko) Chrome/115.0.0.0 Safari/537.36"
37.67.148.203 - - [19/Jun/2025:00:46:02 +0200] "GET /media/system/images/arrow.png HTTP/1.1" 200 118 "http://www.paysagiste93.com/prestations" "Mozilla/5.0 (Windows NT 10.0; Win64; x64) AppleWebKit/537.36 (KHTML, like Gecko) Chrome/115.0.0.0 Safari/537.36"
37.67.148.203 - - [19/Jun/2025:00:46:03 +0200] "GET /blog HTTP/1.1" 200 40522 "-" "Mozilla/5.0 (Windows NT 10.0; Win64; x64) AppleWebKit/537.36 (KHTML, like Gecko) Chrome/115.0.0.0 Safari/537.36"
37.67.148.203 - - [19/Jun/2025:00:46:04 +0200] "GET /images/paysagiste93/plante_cbd.png HTTP/1.1" 200 82996 "http://www.paysagiste93.com/blog" "Mozilla/5.0 (Windows NT 10.0; Win64; x64) AppleWebKit/537.36 (KHTML, like Gecko) Chrome/115.0.0.0 Safari/537.36"
37.67.148.203 - - [19/Jun/2025:00:46:04 +0200] "GET /images/piscine.png HTTP/1.1" 200 85764 "http://www.paysagiste93.com/blog" "Mozilla/5.0 (Windows NT 10.0; Win64; x64) AppleWebKit/537.36 (KHTML, like Gecko) Chrome/115.0.0.0 Safari/537.36"
37.67.148.203 - - [19/Jun/2025:00:46:04 +0200] "GET /images/tuyau-arrosage.jpg HTTP/1.1" 200 98953 "http://www.paysagiste93.com/blog" "Mozilla/5.0 (Windows NT 10.0; Win64; x64) AppleWebKit/537.36 (KHTML, like Gecko) Chrome/115.0.0.0 Safari/537.36"
37.67.148.203 - - [19/Jun/2025:00:46:05 +0200] "GET /selection-web HTTP/1.1" 200 26972 "-" "Mozilla/5.0 (Windows NT 10.0; Win64; x64) AppleWebKit/537.36 (KHTML, like Gecko) Chrome/115.0.0.0 Safari/537.36"
37.67.148.203 - - [19/Jun/2025:00:46:07 +0200] "GET /entretiendujardin/saint-denis-93 HTTP/1.1" 200 43118 "-" "Mozilla/5.0 (Windows NT 10.0; Win64; x64) AppleWebKit/537.36 (KHTML, like Gecko) Chrome/115.0.0.0 Safari/537.36"
37.67.148.203 - - [19/Jun/2025:00:46:08 +0200] "GET /images/paysagiste93/jardin-sec.jpg HTTP/1.1" 200 81589 "http://www.paysagiste93.com/entretiendujardin/saint-denis-93" "Mozilla/5.0 (Windows NT 10.0; Win64; x64) AppleWebKit/537.36 (KHTML, like Gecko) Chrome/115.0.0.0 Safari/537.36"
37.67.148.203 - - [19/Jun/2025:00:46:10 +0200] "GET /entretiendujardin/montreuil-93 HTTP/1.1" 200 43066 "-" "Mozilla/5.0 (Windows NT 10.0; Win64; x64) AppleWebKit/537.36 (KHTML, like Gecko) Chrome/115.0.0.0 Safari/537.36"
37.67.148.203 - - [19/Jun/2025:00:46:13 +0200] "GET /entretiendujardin/aulnay-sous-bois-93 HTTP/1.1" 200 43248 "-" "Mozilla/5.0 (Windows NT 10.0; Win64; x64) AppleWebKit/537.36 (KHTML, like Gecko) Chrome/115.0.0.0 Safari/537.36"
37.67.148.203 - - [19/Jun/2025:00:46:15 +0200] "GET /entretiendujardin/aubervilliers-93 HTTP/1.1" 200 43170 "-" "Mozilla/5.0 (Windows NT 10.0; Win64; x64) AppleWebKit/537.36 (KHTML, like Gecko) Chrome/115.0.0.0 Safari/537.36"
37.67.148.203 - - [19/Jun/2025:00:46:18 +0200] "GET /entretiendujardin/drancy-93 HTTP/1.1" 200 42988 "-" "Mozilla/5.0 (Windows NT 10.0; Win64; x64) AppleWebKit/537.36 (KHTML, like Gecko) Chrome/115.0.0.0 Safari/537.36"
37.67.148.203 - - [19/Jun/2025:00:46:21 +0200] "GET /entretiendujardin/noisy-le-grand-93 HTTP/1.1" 200 43196 "-" "Mozilla/5.0 (Windows NT 10.0; Win64; x64) AppleWebKit/537.36 (KHTML, like Gecko) Chrome/115.0.0.0 Safari/537.36"
37.67.148.203 - - [19/Jun/2025:00:46:23 +0200] "GET /entretiendujardin/bondy-93 HTTP/1.1" 200 42962 "-" "Mozilla/5.0 (Windows NT 10.0; Win64; x64) AppleWebKit/537.36 (KHTML, like Gecko) Chrome/115.0.0.0 Safari/537.36"
37.67.148.203 - - [19/Jun/2025:00:46:26 +0200] "GET /entretiendujardin/pantin-93 HTTP/1.1" 200 42984 "-" "Mozilla/5.0 (Windows NT 10.0; Win64; x64) AppleWebKit/537.36 (KHTML, like Gecko) Chrome/115.0.0.0 Safari/537.36"
37.67.148.203 - - [19/Jun/2025:00:46:29 +0200] "GET /entretiendujardin/epinay-sur-seine-93 HTTP/1.1" 200 43268 "-" "Mozilla/5.0 (Windows NT 10.0; Win64; x64) AppleWebKit/537.36 (KHTML, like Gecko) Chrome/115.0.0.0 Safari/537.36"
37.67.148.203 - - [19/Jun/2025:00:46:33 +0200] "GET /entretiendujardin/sevran-93 HTTP/1.1" 200 42988 "-" "Mozilla/5.0 (Windows NT 10.0; Win64; x64) AppleWebKit/537.36 (KHTML, like Gecko) Chrome/115.0.0.0 Safari/537.36"
37.67.148.203 - - [19/Jun/2025:00:46:36 +0200] "GET /entretiendujardin/blanc-mesnil-93 HTTP/1.1" 200 43144 "-" "Mozilla/5.0 (Windows NT 10.0; Win64; x64) AppleWebKit/537.36 (KHTML, like Gecko) Chrome/115.0.0.0 Safari/537.36"
37.67.148.203 - - [19/Jun/2025:00:46:38 +0200] "GET /entretiendujardin/bobigny-93 HTTP/1.1" 200 43014 "-" "Mozilla/5.0 (Windows NT 10.0; Win64; x64) AppleWebKit/537.36 (KHTML, like Gecko) Chrome/115.0.0.0 Safari/537.36"
37.67.148.203 - - [19/Jun/2025:00:46:41 +0200] "GET /entretiendujardin/saint-ouen-93 HTTP/1.1" 200 43092 "-" "Mozilla/5.0 (Windows NT 10.0; Win64; x64) AppleWebKit/537.36 (KHTML, like Gecko) Chrome/115.0.0.0 Safari/537.36"
37.67.148.203 - - [19/Jun/2025:00:46:43 +0200] "GET /entretiendujardin/livry-gargan-93 HTTP/1.1" 200 43144 "-" "Mozilla/5.0 (Windows NT 10.0; Win64; x64) AppleWebKit/537.36 (KHTML, like Gecko) Chrome/115.0.0.0 Safari/537.36"
37.67.148.203 - - [19/Jun/2025:00:46:46 +0200] "GET /entretiendujardin/rosny-sous-bois-93 HTTP/1.1" 200 43222 "-" "Mozilla/5.0 (Windows NT 10.0; Win64; x64) AppleWebKit/537.36 (KHTML, like Gecko) Chrome/115.0.0.0 Safari/537.36"
37.67.148.203 - - [19/Jun/2025:00:46:49 +0200] "GET /entretiendujardin/noisy-le-sec-93 HTTP/1.1" 200 43144 "-" "Mozilla/5.0 (Windows NT 10.0; Win64; x64) AppleWebKit/537.36 (KHTML, like Gecko) Chrome/115.0.0.0 Safari/537.36"
37.67.148.203 - - [19/Jun/2025:00:46:51 +0200] "GET /entretiendujardin/gagny-93 HTTP/1.1" 200 42962 "-" "Mozilla/5.0 (Windows NT 10.0; Win64; x64) AppleWebKit/537.36 (KHTML, like Gecko) Chrome/115.0.0.0 Safari/537.36"
37.67.148.203 - - [19/Jun/2025:00:46:54 +0200] "GET /entretiendujardin/courneuve-93 HTTP/1.1" 200 43066 "-" "Mozilla/5.0 (Windows NT 10.0; Win64; x64) AppleWebKit/537.36 (KHTML, like Gecko) Chrome/115.0.0.0 Safari/537.36"
37.67.148.203 - - [19/Jun/2025:00:46:56 +0200] "GET /entretiendujardin/villepinte-93 HTTP/1.1" 200 43092 "-" "Mozilla/5.0 (Windows NT 10.0; Win64; x64) AppleWebKit/537.36 (KHTML, like Gecko) Chrome/115.0.0.0 Safari/537.36"
37.67.148.203 - - [19/Jun/2025:00:46:58 +0200] "GET /entretiendujardin/tremblay-en-france-93 HTTP/1.1" 200 43300 "-" "Mozilla/5.0 (Windows NT 10.0; Win64; x64) AppleWebKit/537.36 (KHTML, like Gecko) Chrome/115.0.0.0 Safari/537.36"
37.67.148.203 - - [19/Jun/2025:00:47:01 +0200] "GET /entretiendujardin/stains-93 HTTP/1.1" 200 42988 "-" "Mozilla/5.0 (Windows NT 10.0; Win64; x64) AppleWebKit/537.36 (KHTML, like Gecko) Chrome/115.0.0.0 Safari/537.36"
37.67.148.203 - - [19/Jun/2025:00:47:04 +0200] "GET /entretiendujardin/bagnolet-93 HTTP/1.1" 200 43040 "-" "Mozilla/5.0 (Windows NT 10.0; Win64; x64) AppleWebKit/537.36 (KHTML, like Gecko) Chrome/115.0.0.0 Safari/537.36"
37.67.148.203 - - [19/Jun/2025:00:47:06 +0200] "GET /entretiendujardin/neuilly-sur-marne-93 HTTP/1.1" 200 43274 "-" "Mozilla/5.0 (Windows NT 10.0; Win64; x64) AppleWebKit/537.36 (KHTML, like Gecko) Chrome/115.0.0.0 Safari/537.36"
37.67.148.203 - - [19/Jun/2025:00:47:09 +0200] "GET /entretiendujardin/clichy-sous-bois-93 HTTP/1.1" 200 43248 "-" "Mozilla/5.0 (Windows NT 10.0; Win64; x64) AppleWebKit/537.36 (KHTML, like Gecko) Chrome/115.0.0.0 Safari/537.36"
37.67.148.203 - - [19/Jun/2025:00:47:12 +0200] "GET /entretiendujardin/pierrefitte-sur-seine-93 HTTP/1.1" 200 43378 "-" "Mozilla/5.0 (Windows NT 10.0; Win64; x64) AppleWebKit/537.36 (KHTML, like Gecko) Chrome/115.0.0.0 Safari/537.36"
85.208.96.194 - - [19/Jun/2025:01:25:54 +0200] "GET /robots.txt HTTP/1.1" 200 896 "-" "Mozilla/5.0 (compatible; SemrushBot/7~bl; +http://www.semrush.com/bot.html)"
85.208.96.208 - - [19/Jun/2025:01:25:54 +0200] "GET /entretiendujardin/vaujours-93/13-traitement/49-envoi-commentaire HTTP/1.1" 200 27599 "-" "Mozilla/5.0 (compatible; SemrushBot/7~bl; +http://www.semrush.com/bot.html)"
34.74.248.16 - - [19/Jun/2025:01:29:18 +0200] "GET /?option=com_search&searchword=ramoneur HTTP/1.0" 200 24485 "-" "ZoominfoBot (zoominfobot at zoominfo dot com)"
216.244.66.198 - - [19/Jun/2025:01:33:18 +0200] "GET /robots.txt HTTP/1.1" 200 896 "-" "Mozilla/5.0 (compatible; DotBot/1.2; +https://opensiteexplorer.org/dotbot; help@moz.com)"
43.157.170.13 - - [19/Jun/2025:01:35:00 +0200] "GET / HTTP/1.1" 200 43624 "-" "Mozilla/5.0 (iPhone; CPU iPhone OS 13_2_3 like Mac OS X) AppleWebKit/605.1.15 (KHTML, like Gecko) Version/13.0.3 Mobile/15E148 Safari/604.1"
216.244.66.198 - - [19/Jun/2025:01:45:12 +0200] "GET /entretiendujardin/coubron-93/10-Paysagiste%20-93?format=feed&type=rss HTTP/1.1" 200 75404 "-" "Mozilla/5.0 (compatible; DotBot/1.2; +https://opensiteexplorer.org/dotbot; help@moz.com)"
120.71.59.24 - - [19/Jun/2025:01:47:27 +0200] "GET / HTTP/1.1" 301 236 "-" "Mozilla/5.0 (iPhone; CPU iPhone OS 13_2_3 like Mac OS X) AppleWebKit/605.1.15 (KHTML, like Gecko) Version/13.0.3 Mobile/15E148 Safari/604.1"
120.71.59.24 - - [19/Jun/2025:01:47:35 +0200] "GET / HTTP/1.1" 200 43624 "http://paysagiste93.com" "Mozilla/5.0 (iPhone; CPU iPhone OS 13_2_3 like Mac OS X) AppleWebKit/605.1.15 (KHTML, like Gecko) Version/13.0.3 Mobile/15E148 Safari/604.1"
51.68.107.156 - - [19/Jun/2025:02:17:18 +0200] "GET /robots.txt HTTP/1.1" 200 896 "-" "Mozilla/5.0 (compatible; MJ12bot/v2.0.2; http://mj12bot.com/)"
51.68.107.156 - - [19/Jun/2025:02:17:18 +0200] "GET / HTTP/1.1" 200 43624 "-" "Mozilla/5.0 (compatible; MJ12bot/v2.0.2; http://mj12bot.com/)"
54.36.148.60 - - [19/Jun/2025:02:25:56 +0200] "GET / HTTP/1.1" 200 43624 "-" "Mozilla/5.0 (compatible; AhrefsBot/7.0; +http://ahrefs.com/robot/)"
168.196.238.217 - - [19/Jun/2025:02:27:24 +0200] "GET / HTTP/1.1" 200 43624 "-" "Mozilla/5.0 (Windows NT 10.0; Win64; x64) AppleWebKit/537.36 (KHTML, like Gecko) Chrome/114.0.0.0 Safari/537.36 Vivaldi/5.3.2679.68"
168.196.238.217 - - [19/Jun/2025:02:27:28 +0200] "POST / HTTP/1.1" 200 43624 "http://www.paysagiste93.com/" "Mozilla/5.0 (Windows NT 10.0; Win64; x64) AppleWebKit/537.36 (KHTML, like Gecko) Chrome/114.0.0.0 Safari/537.36 Vivaldi/5.3.2679.68"
34.74.248.16 - - [19/Jun/2025:02:38:30 +0200] "GET /component/search/?format=opensearch HTTP/1.0" 200 716 "-" "ZoominfoBot (zoominfobot at zoominfo dot com)"
185.191.171.11 - - [19/Jun/2025:02:45:30 +0200] "GET /robots.txt HTTP/1.1" 200 896 "-" "Mozilla/5.0 (compatible; SemrushBot/7~bl; +http://www.semrush.com/bot.html)"
85.208.96.195 - - [19/Jun/2025:02:45:30 +0200] "GET /entretiendujardin/bobigny-93/13-traitement/49-envoi-commentaire HTTP/1.1" 200 27588 "-" "Mozilla/5.0 (compatible; SemrushBot/7~bl; +http://www.semrush.com/bot.html)"
156.228.90.9 - - [19/Jun/2025:03:00:38 +0200] "GET /?option=com_search&searchword=votre%27 HTTP/1.1" 200 23590 "-" "Mozilla/5.0 (Windows NT 10.0; Win64; x64) AppleWebKit/537.36 (KHTML, like Gecko) Chrome/126.0.0.0 Safari/537.36"
156.228.90.9 - - [19/Jun/2025:03:00:38 +0200] "GET /?option=com_search%27&searchword=votre HTTP/1.1" 200 36527 "-" "Mozilla/5.0 (Windows NT 10.0; Win64; x64) AppleWebKit/537.36 (KHTML, like Gecko) Chrome/126.0.0.0 Safari/537.36"
34.74.248.16 - - [19/Jun/2025:03:02:05 +0200] "GET /?option=com_search&searchword=aulnay-sous-bois HTTP/1.0" 200 24803 "-" "ZoominfoBot (zoominfobot at zoominfo dot com)"
34.74.248.16 - - [19/Jun/2025:03:02:52 +0200] "GET /?option=com_search&searchword=bondy HTTP/1.0" 200 24750 "-" "ZoominfoBot (zoominfobot at zoominfo dot com)"
216.244.66.198 - - [19/Jun/2025:03:22:42 +0200] "GET /robots.txt HTTP/1.1" 200 896 "-" "Mozilla/5.0 (compatible; DotBot/1.2; +https://opensiteexplorer.org/dotbot; help@moz.com)"
216.244.66.198 - - [19/Jun/2025:03:33:56 +0200] "GET /entretiendujardin/saint-ouen-93/10-Paysagiste%20-93?format=feed&type=rss HTTP/1.1" 200 75413 "-" "Mozilla/5.0 (compatible; DotBot/1.2; +https://opensiteexplorer.org/dotbot; help@moz.com)"
34.74.248.16 - - [19/Jun/2025:03:37:49 +0200] "GET /?option=com_search&searchword=lilas HTTP/1.0" 200 24750 "-" "ZoominfoBot (zoominfobot at zoominfo dot com)"
34.74.248.16 - - [19/Jun/2025:03:46:43 +0200] "GET /?option=com_search&searchword=raincy HTTP/1.0" 200 24756 "-" "ZoominfoBot (zoominfobot at zoominfo dot com)"
34.74.248.16 - - [19/Jun/2025:04:04:17 +0200] "GET /?option=com_search&searchword=r%C3%A9ussir HTTP/1.0" 200 36556 "-" "ZoominfoBot (zoominfobot at zoominfo dot com)"
54.36.148.146 - - [19/Jun/2025:04:23:19 +0200] "GET /robots.txt HTTP/1.1" 200 896 "-" "Mozilla/5.0 (compatible; AhrefsBot/7.0; +http://ahrefs.com/robot/)"
34.74.248.16 - - [19/Jun/2025:04:38:21 +0200] "GET /?option=com_search&searchword=france HTTP/1.0" 200 25888 "-" "ZoominfoBot (zoominfobot at zoominfo dot com)"
182.43.70.143 - - [19/Jun/2025:04:46:55 +0200] "GET / HTTP/1.1" 200 43624 "-" "Mozilla/5.0 (iPhone; CPU iPhone OS 13_2_3 like Mac OS X) AppleWebKit/605.1.15 (KHTML, like Gecko) Version/13.0.3 Mobile/15E148 Safari/604.1"
34.74.248.16 - - [19/Jun/2025:04:47:18 +0200] "GET /?option=com_search&searchword=aubervilliers HTTP/1.0" 200 24792 "-" "ZoominfoBot (zoominfobot at zoominfo dot com)"
34.74.248.16 - - [19/Jun/2025:04:57:50 +0200] "GET /?option=com_search&searchword=d'agr%C3%A9ment HTTP/1.0" 200 24577 "-" "ZoominfoBot (zoominfobot at zoominfo dot com)"
102.129.223.92 - - [19/Jun/2025:04:59:57 +0200] "GET / HTTP/1.1" 200 43624 "-" "Mozilla/5.0 (Windows NT 10.0; Win64; x64) AppleWebKit/537.36 (KHTML, like Gecko) Chrome/114.0.0.0 Safari/537.36 OPR/89.0.4447.51"
