216.244.66.198 - - [18/Jun/2025:13:46:13 +0200] "GET /robots.txt HTTP/1.1" 200 896 "-" "Mozilla/5.0 (compatible; DotBot/1.2; +https://opensiteexplorer.org/dotbot; help@moz.com)"
35.229.92.238 - - [18/Jun/2025:13:52:03 +0200] "GET /?option=com_search&searchword=organisme HTTP/1.0" 200 24554 "-" "ZoominfoBot (zoominfobot at zoominfo dot com)"
66.249.65.70 - - [18/Jun/2025:13:54:03 +0200] "GET /blog?format=feed&type=atom HTTP/1.1" 200 24890 "-" "Mozilla/5.0 (Linux; Android 6.0.1; Nexus 5X Build/MMB29P) AppleWebKit/537.36 (KHTML, like Gecko) Chrome/136.0.7103.113 Mobile Safari/537.36 (compatible; Googlebot/2.1; +http://www.google.com/bot.html)"
207.46.13.18 - - [18/Jun/2025:13:56:25 +0200] "GET /?option=com_search&searchword=pantin HTTP/1.1" 200 24756 "-" "Mozilla/5.0 AppleWebKit/537.36 (KHTML, like Gecko; compatible; bingbot/2.0; +http://www.bing.com/bingbot.htm) Chrome/116.0.1938.76 Safari/537.36"
185.191.171.9 - - [18/Jun/2025:14:00:25 +0200] "GET /robots.txt HTTP/1.1" 200 896 "-" "Mozilla/5.0 (compatible; SemrushBot/7~bl; +http://www.semrush.com/bot.html)"
85.208.96.204 - - [18/Jun/2025:14:00:25 +0200] "GET /entretiendujardin/pierrefitte-sur-seine-93/13-traitement/49-envoi-commentaire HTTP/1.1" 200 27742 "-" "Mozilla/5.0 (compatible; SemrushBot/7~bl; +http://www.semrush.com/bot.html)"
216.244.66.198 - - [18/Jun/2025:14:00:58 +0200] "GET /entretiendujardin/neuilly-sur-marne-93/10-Paysagiste%20-93?format=feed&type=rss HTTP/1.1" 200 75434 "-" "Mozilla/5.0 (compatible; DotBot/1.2; +https://opensiteexplorer.org/dotbot; help@moz.com)"
45.39.101.141 - - [18/Jun/2025:14:06:20 +0200] "GET /selection-web/59-Paysagiste HTTP/1.1" 200 27636 "-" "Mozilla/5.0 (X11; Linux x86_64) AppleWebKit/537.36 (KHTML, like Gecko) Chrome/134.0.0.0 Safari/537.3"
35.229.92.238 - - [18/Jun/2025:14:10:10 +0200] "GET /?option=com_search&searchword=formation HTTP/1.0" 200 35929 "-" "ZoominfoBot (zoominfobot at zoominfo dot com)"
185.191.171.16 - - [18/Jun/2025:14:11:41 +0200] "GET /entretiendujardin/noisy-le-grand-93/13-traitement HTTP/1.1" 200 28186 "-" "Mozilla/5.0 (compatible; SemrushBot/7~bl; +http://www.semrush.com/bot.html)"
35.229.92.238 - - [18/Jun/2025:14:20:19 +0200] "GET /?option=com_search&searchword=animalerie HTTP/1.0" 200 24791 "-" "ZoominfoBot (zoominfobot at zoominfo dot com)"
35.229.92.238 - - [18/Jun/2025:14:24:13 +0200] "GET /?option=com_search&searchword=achat HTTP/1.0" 200 24559 "-" "ZoominfoBot (zoominfobot at zoominfo dot com)"
206.80.230.98 - - [18/Jun/2025:14:25:12 +0200] "GET /selection-web/54-artisan-du-batiment HTTP/1.1" 200 27702 "-" "Mozilla/5.0 (Macintosh; Intel Mac OS X 10_15_7) AppleWebKit/605.1.15 (KHTML, like Gecko) Version/17.10 Safari/605.1.1"
35.229.92.238 - - [18/Jun/2025:14:25:49 +0200] "GET /?option=com_search&searchword=divers HTTP/1.0" 200 24770 "-" "ZoominfoBot (zoominfobot at zoominfo dot com)"
66.249.65.69 - - [18/Jun/2025:14:27:36 +0200] "GET /entretiendujardin/bagnolet-93?tmpl=component&print=1&page= HTTP/1.1" 200 19216 "-" "Mozilla/5.0 (Linux; Android 6.0.1; Nexus 5X Build/MMB29P) AppleWebKit/537.36 (KHTML, like Gecko) Chrome/136.0.7103.113 Mobile Safari/537.36 (compatible; Googlebot/2.1; +http://www.google.com/bot.html)"
194.26.212.112 - - [18/Jun/2025:14:33:07 +0200] "GET /selection-web/60-Organisme%20de%20formation%20professionnelle HTTP/1.1" 200 27844 "-" "Mozilla/5.0 (Macintosh; Intel Mac OS X 10_15_7) AppleWebKit/537.36 (KHTML, like Gecko) Chrome/113.0.0.0 Safari/537.3"
92.112.57.219 - - [18/Jun/2025:14:39:27 +0200] "GET /selection-web/53-achat-vente-d-animaux-d-agrement-ou-de-compagnie HTTP/1.1" 200 27730 "-" "Mozilla/5.0 (Macintosh; Intel Mac OS X 10_15_7) AppleWebKit/537.36 (KHTML, like Gecko) Chrome/127.0.0.0 Safari/537.3"
35.229.92.238 - - [18/Jun/2025:14:41:51 +0200] "GET /?option=com_search&searchword=professionnelle HTTP/1.0" 200 24572 "-" "ZoominfoBot (zoominfobot at zoominfo dot com)"
206.41.189.195 - - [18/Jun/2025:14:45:03 +0200] "GET /selection-web/55-centre-equestre-et-assimile HTTP/1.1" 200 27758 "-" "Mozilla/5.0 (Windows NT 10.0; Win64; x64) AppleWebKit/537.36 (KHTML, like Gecko) Chrome/132.0.0.0 Safari/537.36 OPR/117.0.0.0"
92.50.44.107 - - [18/Jun/2025:14:50:31 +0200] "GET /selection-web/62-divers HTTP/1.1" 200 27608 "-" "Mozilla/5.0 (Windows NT 10.0; Win64; x64) AppleWebKit/537.36 (KHTML, like Gecko) Chrome/107.0.0.0 Safari/537.3"
85.203.48.115 - - [18/Jun/2025:14:53:32 +0200] "GET /selection-web/61-Ramoneur HTTP/1.1" 200 27622 "-" "Mozilla/5.0 (Macintosh; Intel Mac OS X 10_15_7) AppleWebKit/605.1.15 (KHTML, like Gecko) Version/17.10 Safari/605.1.1"
92.50.35.243 - - [18/Jun/2025:14:56:52 +0200] "GET /entretiendujardin/ile-saint-denis-93/10-Paysagiste%20-93 HTTP/1.1" 200 114523 "-" "Mozilla/5.0 (X11; Linux x86_64) AppleWebKit/537.36 (KHTML, like Gecko) Chrome/134.0.0.0 Safari/537.3"
92.50.35.243 - - [18/Jun/2025:14:58:07 +0200] "GET /entretiendujardin/coubron-93/10-Paysagiste%20-93 HTTP/1.1" 200 114399 "-" "Mozilla/5.0 (Windows NT 10.0; Win64; x64) AppleWebKit/537.36 (KHTML, like Gecko) Chrome/134.0.0.0 Safari/537.36 Edg/134.0.0.0"
88.216.38.159 - - [18/Jun/2025:15:00:44 +0200] "GET /selection-web/57-Marchand%20de%20biens HTTP/1.1" 200 27693 "-" "Mozilla/5.0 (Macintosh; Intel Mac OS X 10_15_7) AppleWebKit/537.36 (KHTML, like Gecko) Chrome/127.0.0.0 Safari/537.3"
66.249.73.129 - - [18/Jun/2025:15:00:55 +0200] "GET /robots.txt HTTP/1.1" 301 246 "-" "Mozilla/5.0 (compatible; Googlebot/2.1; +http://www.google.com/bot.html)"
66.249.65.69 - - [18/Jun/2025:15:00:55 +0200] "GET /robots.txt HTTP/1.1" 200 896 "-" "Mozilla/5.0 (compatible; Googlebot/2.1; +http://www.google.com/bot.html)"
66.249.73.132 - - [18/Jun/2025:15:00:55 +0200] "GET / HTTP/1.1" 301 236 "-" "Mozilla/5.0 (Linux; Android 6.0.1; Nexus 5X Build/MMB29P) AppleWebKit/537.36 (KHTML, like Gecko) Chrome/136.0.7103.113 Mobile Safari/537.36 (compatible; Googlebot/2.1; +http://www.google.com/bot.html)"
66.249.65.70 - - [18/Jun/2025:15:00:56 +0200] "GET / HTTP/1.1" 200 43624 "-" "Mozilla/5.0 (Linux; Android 6.0.1; Nexus 5X Build/MMB29P) AppleWebKit/537.36 (KHTML, like Gecko) Chrome/136.0.7103.113 Mobile Safari/537.36 (compatible; Googlebot/2.1; +http://www.google.com/bot.html)"
66.249.65.69 - - [18/Jun/2025:15:01:01 +0200] "GET /media/jui/js/jquery.min.js HTTP/1.1" 200 95786 "http://www.paysagiste93.com/" "Mozilla/5.0 (Linux; Android 6.0.1; Nexus 5X Build/MMB29P) AppleWebKit/537.36 (KHTML, like Gecko) Chrome/137.0.7151.68 Mobile Safari/537.36 (compatible; Googlebot/2.1; +http://www.google.com/bot.html)"
66.249.65.69 - - [18/Jun/2025:15:01:01 +0200] "GET /cache/mod_pwebcontact/16717e83a3f98200f504d2874c9df347.css HTTP/1.1" 200 2295 "http://www.paysagiste93.com/" "Mozilla/5.0 (Linux; Android 6.0.1; Nexus 5X Build/MMB29P) AppleWebKit/537.36 (KHTML, like Gecko) Chrome/137.0.7151.68 Mobile Safari/537.36 (compatible; Googlebot/2.1; +http://www.google.com/bot.html)"
66.249.65.69 - - [18/Jun/2025:15:01:01 +0200] "GET /plugins/system/jcemediabox/js/jcemediabox.js?fba42f665bbcc4047a23ba92244f4176 HTTP/1.1" 200 57539 "http://www.paysagiste93.com/" "Mozilla/5.0 (Linux; Android 6.0.1; Nexus 5X Build/MMB29P) AppleWebKit/537.36 (KHTML, like Gecko) Chrome/137.0.7151.68 Mobile Safari/537.36 (compatible; Googlebot/2.1; +http://www.google.com/bot.html)"
66.249.65.69 - - [18/Jun/2025:15:01:02 +0200] "GET /media/mod_pwebcontact/js/jquery.validate.min.js?v=1.13.0 HTTP/1.1" 200 21584 "http://www.paysagiste93.com/" "Mozilla/5.0 (Linux; Android 6.0.1; Nexus 5X Build/MMB29P) AppleWebKit/537.36 (KHTML, like Gecko) Chrome/137.0.7151.68 Mobile Safari/537.36 (compatible; Googlebot/2.1; +http://www.google.com/bot.html)"
66.249.65.70 - - [18/Jun/2025:15:01:02 +0200] "GET /plugins/system/jcemediabox/css/jcemediabox.css?a3b640def3ef13678e19cfeeb7397c85 HTTP/1.1" 200 5791 "http://www.paysagiste93.com/" "Mozilla/5.0 (Linux; Android 6.0.1; Nexus 5X Build/MMB29P) AppleWebKit/537.36 (KHTML, like Gecko) Chrome/137.0.7151.68 Mobile Safari/537.36 (compatible; Googlebot/2.1; +http://www.google.com/bot.html)"
66.249.65.70 - - [18/Jun/2025:15:01:03 +0200] "GET /media/mod_pwebcontact/css/background/lightgray.css HTTP/1.1" 200 2866 "http://www.paysagiste93.com/" "Mozilla/5.0 (Linux; Android 6.0.1; Nexus 5X Build/MMB29P) AppleWebKit/537.36 (KHTML, like Gecko) Chrome/137.0.7151.68 Mobile Safari/537.36 (compatible; Googlebot/2.1; +http://www.google.com/bot.html)"
66.249.65.69 - - [18/Jun/2025:15:01:03 +0200] "GET /media/mod_pwebcontact/css/toggler/lightblue.css HTTP/1.1" 200 3724 "http://www.paysagiste93.com/" "Mozilla/5.0 (Linux; Android 6.0.1; Nexus 5X Build/MMB29P) AppleWebKit/537.36 (KHTML, like Gecko) Chrome/137.0.7151.68 Mobile Safari/537.36 (compatible; Googlebot/2.1; +http://www.google.com/bot.html)"
66.249.65.70 - - [18/Jun/2025:15:01:04 +0200] "GET /media/mod_pwebcontact/js/jquery.pwebcontact.min.js?v=3.2.14 HTTP/1.1" 200 34073 "http://www.paysagiste93.com/" "Mozilla/5.0 (Linux; Android 6.0.1; Nexus 5X Build/MMB29P) AppleWebKit/537.36 (KHTML, like Gecko) Chrome/137.0.7151.68 Mobile Safari/537.36 (compatible; Googlebot/2.1; +http://www.google.com/bot.html)"
66.249.65.69 - - [18/Jun/2025:15:01:04 +0200] "GET /media/system/js/mootools-more.js HTTP/1.1" 200 238331 "http://www.paysagiste93.com/" "Mozilla/5.0 (Linux; Android 6.0.1; Nexus 5X Build/MMB29P) AppleWebKit/537.36 (KHTML, like Gecko) Chrome/137.0.7151.68 Mobile Safari/537.36 (compatible; Googlebot/2.1; +http://www.google.com/bot.html)"
66.249.65.69 - - [18/Jun/2025:15:01:05 +0200] "GET /templates/system/css/system.css HTTP/1.1" 200 896 "http://www.paysagiste93.com/" "Mozilla/5.0 (Linux; Android 6.0.1; Nexus 5X Build/MMB29P) AppleWebKit/537.36 (KHTML, like Gecko) Chrome/137.0.7151.68 Mobile Safari/537.36 (compatible; Googlebot/2.1; +http://www.google.com/bot.html)"
66.249.65.69 - - [18/Jun/2025:15:01:05 +0200] "GET /qrcode/qrcode.js HTTP/1.1" 200 32907 "http://www.paysagiste93.com/" "Mozilla/5.0 (Linux; Android 6.0.1; Nexus 5X Build/MMB29P) AppleWebKit/537.36 (KHTML, like Gecko) Chrome/137.0.7151.68 Mobile Safari/537.36 (compatible; Googlebot/2.1; +http://www.google.com/bot.html)"
66.249.65.69 - - [18/Jun/2025:15:01:06 +0200] "GET /plugins/system/jcemediabox/themes/light/css/style.css?36c352a2b4ad8aa73f93eb9d76da8882 HTTP/1.1" 200 4357 "http://www.paysagiste93.com/" "Mozilla/5.0 (Linux; Android 6.0.1; Nexus 5X Build/MMB29P) AppleWebKit/537.36 (KHTML, like Gecko) Chrome/137.0.7151.68 Mobile Safari/537.36 (compatible; Googlebot/2.1; +http://www.google.com/bot.html)"
66.249.65.69 - - [18/Jun/2025:15:01:06 +0200] "GET /templates/neutre/jquery.js HTTP/1.1" 200 92793 "http://www.paysagiste93.com/" "Mozilla/5.0 (Linux; Android 6.0.1; Nexus 5X Build/MMB29P) AppleWebKit/537.36 (KHTML, like Gecko) Chrome/137.0.7151.68 Mobile Safari/537.36 (compatible; Googlebot/2.1; +http://www.google.com/bot.html)"
66.249.65.69 - - [18/Jun/2025:15:01:07 +0200] "GET /templates/neutre/script.js HTTP/1.1" 200 44910 "http://www.paysagiste93.com/" "Mozilla/5.0 (Linux; Android 6.0.1; Nexus 5X Build/MMB29P) AppleWebKit/537.36 (KHTML, like Gecko) Chrome/137.0.7151.68 Mobile Safari/537.36 (compatible; Googlebot/2.1; +http://www.google.com/bot.html)"
66.249.65.69 - - [18/Jun/2025:15:01:07 +0200] "GET /templates/system/css/general.css HTTP/1.1" 200 2730 "http://www.paysagiste93.com/" "Mozilla/5.0 (Linux; Android 6.0.1; Nexus 5X Build/MMB29P) AppleWebKit/537.36 (KHTML, like Gecko) Chrome/137.0.7151.68 Mobile Safari/537.36 (compatible; Googlebot/2.1; +http://www.google.com/bot.html)"
66.249.65.69 - - [18/Jun/2025:15:01:08 +0200] "GET /media/system/js/core.js HTTP/1.1" 200 4784 "http://www.paysagiste93.com/" "Mozilla/5.0 (Linux; Android 6.0.1; Nexus 5X Build/MMB29P) AppleWebKit/537.36 (KHTML, like Gecko) Chrome/137.0.7151.68 Mobile Safari/537.36 (compatible; Googlebot/2.1; +http://www.google.com/bot.html)"
66.249.65.69 - - [18/Jun/2025:15:01:08 +0200] "GET /media/mod_pwebcontact/css/bootstrap.css HTTP/1.1" 200 13926 "http://www.paysagiste93.com/" "Mozilla/5.0 (Linux; Android 6.0.1; Nexus 5X Build/MMB29P) AppleWebKit/537.36 (KHTML, like Gecko) Chrome/137.0.7151.68 Mobile Safari/537.36 (compatible; Googlebot/2.1; +http://www.google.com/bot.html)"
66.249.65.69 - - [18/Jun/2025:15:01:09 +0200] "GET /plugins/system/jcemediabox/themes/light/tooltip.html HTTP/1.1" 200 958 "http://www.paysagiste93.com/" "Mozilla/5.0 (Linux; Android 6.0.1; Nexus 5X Build/MMB29P) AppleWebKit/537.36 (KHTML, like Gecko) Chrome/137.0.7151.68 Mobile Safari/537.36 (compatible; Googlebot/2.1; +http://www.google.com/bot.html)"
66.249.65.69 - - [18/Jun/2025:15:01:09 +0200] "GET /plugins/system/jcemediabox/themes/light/popup.html HTTP/1.1" 200 1093 "http://www.paysagiste93.com/" "Mozilla/5.0 (Linux; Android 6.0.1; Nexus 5X Build/MMB29P) AppleWebKit/537.36 (KHTML, like Gecko) Chrome/137.0.7151.68 Mobile Safari/537.36 (compatible; Googlebot/2.1; +http://www.google.com/bot.html)"
54.36.149.106 - - [18/Jun/2025:15:01:24 +0200] "GET / HTTP/1.1" 200 43624 "-" "Mozilla/5.0 (compatible; AhrefsBot/7.0; +http://ahrefs.com/robot/)"
88.216.38.159 - - [18/Jun/2025:15:02:00 +0200] "GET /selection-web/58-Menuisier HTTP/1.1" 200 27629 "-" "Mozilla/5.0 (Windows NT 10.0; Win64; x64) AppleWebKit/537.36 (KHTML, like Gecko) Chrome/107.0.0.0 Safari/537.3"
35.229.92.238 - - [18/Jun/2025:15:02:31 +0200] "GET /?option=com_search&searchword=ramoneur HTTP/1.0" 200 24485 "-" "ZoominfoBot (zoominfobot at zoominfo dot com)"
66.249.73.129 - - [18/Jun/2025:15:02:46 +0200] "GET / HTTP/1.1" 301 236 "-" "Mozilla/5.0 (Linux; Android 6.0.1; Nexus 5X Build/MMB29P) AppleWebKit/537.36 (KHTML, like Gecko) Chrome/99.0.4844.84 Mobile Safari/537.36 (compatible; Googlebot/2.1; +http://www.google.com/bot.html)"
66.249.65.69 - - [18/Jun/2025:15:02:47 +0200] "GET / HTTP/1.1" 200 43624 "-" "Mozilla/5.0 (Linux; Android 6.0.1; Nexus 5X Build/MMB29P) AppleWebKit/537.36 (KHTML, like Gecko) Chrome/99.0.4844.84 Mobile Safari/537.36 (compatible; Googlebot/2.1; +http://www.google.com/bot.html)"
66.249.73.128 - - [18/Jun/2025:15:02:47 +0200] "GET / HTTP/1.1" 301 236 "-" "Mozilla/5.0 (compatible; Googlebot/2.1; +http://www.google.com/bot.html)"
66.249.65.69 - - [18/Jun/2025:15:02:48 +0200] "GET / HTTP/1.1" 200 43624 "-" "Mozilla/5.0 (compatible; Googlebot/2.1; +http://www.google.com/bot.html)"
66.249.65.69 - - [18/Jun/2025:15:02:48 +0200] "GET / HTTP/1.1" 200 43624 "-" "Mozilla/5.0 (Linux; Android 6.0.1; Nexus 5X Build/MMB29P) AppleWebKit/537.36 (KHTML, like Gecko) Chrome/99.0.4844.84 Mobile Safari/537.36 (compatible; Googlebot/2.1; +http://www.google.com/bot.html)"
66.249.65.70 - - [18/Jun/2025:15:02:49 +0200] "GET / HTTP/1.1" 200 43624 "-" "Mozilla/5.0 (compatible; Googlebot/2.1; +http://www.google.com/bot.html)"
88.216.38.159 - - [18/Jun/2025:15:03:04 +0200] "GET /entretiendujardin/gournay-sur-marne-93/10-Paysagiste%20-93 HTTP/1.1" 200 114545 "-" "Mozilla/5.0 (Macintosh; Intel Mac OS X 10_15_7) AppleWebKit/537.36 (KHTML, like Gecko) Chrome/127.0.0.0 Safari/537.3"
88.216.38.159 - - [18/Jun/2025:15:04:05 +0200] "GET /entretiendujardin/epinay-sur-seine-93/10-Paysagiste%20-93 HTTP/1.1" 200 114538 "-" "Mozilla/5.0 (Macintosh; Intel Mac OS X 10_15_7) AppleWebKit/605.1.15 (KHTML, like Gecko) Version/17.10 Safari/605.1.1"
88.216.38.159 - - [18/Jun/2025:15:05:22 +0200] "GET /selection-web/56-macon HTTP/1.1" 200 27604 "-" "Mozilla/5.0 (Windows NT 10.0; Win64; x64) AppleWebKit/537.36 (KHTML, like Gecko) Chrome/134.0.0.0 Safari/537.3"
88.216.38.159 - - [18/Jun/2025:15:06:13 +0200] "GET /entretiendujardin/aulnay-sous-bois-93/10-Paysagiste%20-93 HTTP/1.1" 200 114534 "-" "Mozilla/5.0 (Windows NT 10.0; Win64; x64) AppleWebKit/537.36 (KHTML, like Gecko) Chrome/134.0.0.0 Safari/537.36 Edg/134.0.0.0"
66.249.65.70 - - [18/Jun/2025:15:13:36 +0200] "GET /component/mailto/?tmpl=component&template=neutre&link=2aa5d595d915727006fdc7452725f0f8df938bba HTTP/1.1" 200 4269 "-" "Mozilla/5.0 (Linux; Android 6.0.1; Nexus 5X Build/MMB29P) AppleWebKit/537.36 (KHTML, like Gecko) Chrome/136.0.7103.113 Mobile Safari/537.36 (compatible; Googlebot/2.1; +http://www.google.com/bot.html)"
195.82.146.212 - - [18/Jun/2025:15:25:27 +0200] "GET / HTTP/1.0" 301 236 "http://paysagiste93.com/" "Mozilla/5.0 (Windows NT 10.0; Win64; x64) AppleWebKit/537.36 (KHTML, like Gecko) Chrome/130.0.0.0 Safari/537.36 CCleaner/130.0.0.0"
195.82.146.212 - - [18/Jun/2025:15:25:28 +0200] "GET /HTTP:/www.paysagiste93.com/ HTTP/1.0" 301 245 "http://paysagiste93.com/HTTP://www.paysagiste93.com/" "Mozilla/5.0 (Windows NT 10.0; Win64; x64) AppleWebKit/537.36 (KHTML, like Gecko) Chrome/130.0.0.0 Safari/537.36 CCleaner/130.0.0.0"
195.82.146.212 - - [18/Jun/2025:15:25:28 +0200] "GET /HTTP:/www.paysagiste93.com/index.php HTTP/1.0" 301 245 "http://paysagiste93.com/HTTP://www.paysagiste93.com/index.php" "Mozilla/5.0 (Windows NT 10.0; Win64; x64) AppleWebKit/537.36 (KHTML, like Gecko) Chrome/130.0.0.0 Safari/537.36 CCleaner/130.0.0.0"
195.82.146.212 - - [18/Jun/2025:15:25:28 +0200] "GET / HTTP/1.0" 301 236 "http://paysagiste93.com/" "Mozilla/5.0 (Windows NT 10.0; Win64; x64) AppleWebKit/537.36 (KHTML, like Gecko) Chrome/130.0.0.0 Safari/537.36 CCleaner/130.0.0.0"
35.229.92.238 - - [18/Jun/2025:15:27:26 +0200] "GET /component/search/?format=opensearch HTTP/1.0" 200 716 "-" "ZoominfoBot (zoominfobot at zoominfo dot com)"
216.244.66.198 - - [18/Jun/2025:15:31:15 +0200] "GET /robots.txt HTTP/1.1" 200 896 "-" "Mozilla/5.0 (compatible; DotBot/1.2; +https://opensiteexplorer.org/dotbot; help@moz.com)"
35.229.92.238 - - [18/Jun/2025:15:36:05 +0200] "GET /?option=com_search&searchword=aulnay-sous-bois HTTP/1.0" 200 24803 "-" "ZoominfoBot (zoominfobot at zoominfo dot com)"
35.229.92.238 - - [18/Jun/2025:15:36:21 +0200] "GET /?option=com_search&searchword=bondy HTTP/1.0" 200 24750 "-" "ZoominfoBot (zoominfobot at zoominfo dot com)"
216.244.66.198 - - [18/Jun/2025:15:46:12 +0200] "GET /selection-web/56-macon?tmpl=component&print=1&layout=default&page= HTTP/1.1" 200 3752 "-" "Mozilla/5.0 (compatible; DotBot/1.2; +https://opensiteexplorer.org/dotbot; help@moz.com)"
35.229.92.238 - - [18/Jun/2025:15:49:15 +0200] "GET /?option=com_search&searchword=lilas HTTP/1.0" 200 24750 "-" "ZoominfoBot (zoominfobot at zoominfo dot com)"
35.229.92.238 - - [18/Jun/2025:15:52:23 +0200] "GET /?option=com_search&searchword=raincy HTTP/1.0" 200 24756 "-" "ZoominfoBot (zoominfobot at zoominfo dot com)"
43.156.232.190 - - [18/Jun/2025:15:53:07 +0200] "GET / HTTP/1.1" 301 236 "-" "Mozilla/5.0 (iPhone; CPU iPhone OS 13_2_3 like Mac OS X) AppleWebKit/605.1.15 (KHTML, like Gecko) Version/13.0.3 Mobile/15E148 Safari/604.1"
43.156.232.190 - - [18/Jun/2025:15:53:09 +0200] "GET / HTTP/1.1" 200 43624 "http://paysagiste93.com" "Mozilla/5.0 (iPhone; CPU iPhone OS 13_2_3 like Mac OS X) AppleWebKit/605.1.15 (KHTML, like Gecko) Version/13.0.3 Mobile/15E148 Safari/604.1"
35.229.92.238 - - [18/Jun/2025:15:58:35 +0200] "GET /?option=com_search&searchword=r%C3%A9ussir HTTP/1.0" 200 36556 "-" "ZoominfoBot (zoominfobot at zoominfo dot com)"
216.73.216.62 - - [18/Jun/2025:16:09:29 +0200] "GET /robots.txt HTTP/1.1" 200 896 "-" "Mozilla/5.0 AppleWebKit/537.36 (KHTML, like Gecko; compatible; ClaudeBot/1.0; +claudebot@anthropic.com)"
216.73.216.62 - - [18/Jun/2025:16:09:29 +0200] "GET /component/mailto/?link=d2a629451b977d1b3e910c1c3a04b26d60b136ba&template=neutre&tmpl=component HTTP/1.1" 200 4269 "-" "Mozilla/5.0 AppleWebKit/537.36 (KHTML, like Gecko; compatible; ClaudeBot/1.0; +claudebot@anthropic.com)"
35.229.92.238 - - [18/Jun/2025:16:11:07 +0200] "GET /?option=com_search&searchword=france HTTP/1.0" 200 25888 "-" "ZoominfoBot (zoominfobot at zoominfo dot com)"
51.222.253.7 - - [18/Jun/2025:16:12:36 +0200] "GET /robots.txt HTTP/1.1" 200 896 "-" "Mozilla/5.0 (compatible; AhrefsBot/7.0; +http://ahrefs.com/robot/)"
35.229.92.238 - - [18/Jun/2025:16:14:29 +0200] "GET /?option=com_search&searchword=aubervilliers HTTP/1.0" 200 24792 "-" "ZoominfoBot (zoominfobot at zoominfo dot com)"
216.73.216.62 - - [18/Jun/2025:16:16:27 +0200] "GET /component/mailto/?link=bcaa7f5f77c233b3a8273345706ac4dc62d92296&template=neutre&tmpl=component HTTP/1.1" 200 4269 "-" "Mozilla/5.0 AppleWebKit/537.36 (KHTML, like Gecko; compatible; ClaudeBot/1.0; +claudebot@anthropic.com)"
216.73.216.62 - - [18/Jun/2025:16:17:17 +0200] "GET /component/search/?searchword=pour&start=40 HTTP/1.1" 200 28728 "-" "Mozilla/5.0 AppleWebKit/537.36 (KHTML, like Gecko; compatible; ClaudeBot/1.0; +claudebot@anthropic.com)"
216.73.216.62 - - [18/Jun/2025:16:17:18 +0200] "GET /component/mailto/?link=7a9b0798d02e45265829eb1fa77b5b9609b24e56&template=neutre&tmpl=component HTTP/1.1" 200 4269 "-" "Mozilla/5.0 AppleWebKit/537.36 (KHTML, like Gecko; compatible; ClaudeBot/1.0; +claudebot@anthropic.com)"
35.229.92.238 - - [18/Jun/2025:16:18:17 +0200] "GET /?option=com_search&searchword=d'agr%C3%A9ment HTTP/1.0" 200 24577 "-" "ZoominfoBot (zoominfobot at zoominfo dot com)"
216.73.216.62 - - [18/Jun/2025:16:20:09 +0200] "GET /selection-web?format=feed&type=atom HTTP/1.1" 200 7996 "-" "Mozilla/5.0 AppleWebKit/537.36 (KHTML, like Gecko; compatible; ClaudeBot/1.0; +claudebot@anthropic.com)"
35.229.92.238 - - [18/Jun/2025:16:21:56 +0200] "GET /?option=com_search&searchword=votre HTTP/1.0" 200 36521 "-" "ZoominfoBot (zoominfobot at zoominfo dot com)"
216.73.216.62 - - [18/Jun/2025:16:23:34 +0200] "GET /selection-web/61-Ramoneur HTTP/1.1" 200 27622 "-" "Mozilla/5.0 AppleWebKit/537.36 (KHTML, like Gecko; compatible; ClaudeBot/1.0; +claudebot@anthropic.com)"
216.73.216.62 - - [18/Jun/2025:16:23:33 +0200] "GET /selection-web/59-Paysagiste HTTP/1.1" 200 27636 "-" "Mozilla/5.0 AppleWebKit/537.36 (KHTML, like Gecko; compatible; ClaudeBot/1.0; +claudebot@anthropic.com)"
216.73.216.62 - - [18/Jun/2025:16:25:13 +0200] "GET /selection-web/60-Organisme%20de%20formation%20professionnelle HTTP/1.1" 200 27844 "-" "Mozilla/5.0 AppleWebKit/537.36 (KHTML, like Gecko; compatible; ClaudeBot/1.0; +claudebot@anthropic.com)"
216.73.216.62 - - [18/Jun/2025:16:27:19 +0200] "GET /blog/72-fleurs-de-cbd-en-france?layout=default&print=1&tmpl=component HTTP/1.1" 200 7337 "-" "Mozilla/5.0 AppleWebKit/537.36 (KHTML, like Gecko; compatible; ClaudeBot/1.0; +claudebot@anthropic.com)"
216.73.216.62 - - [18/Jun/2025:16:31:16 +0200] "GET /blog/70-creer-une-animalerie-dans-votre-jardin HTTP/1.1" 200 30197 "-" "Mozilla/5.0 AppleWebKit/537.36 (KHTML, like Gecko; compatible; ClaudeBot/1.0; +claudebot@anthropic.com)"
118.195.153.213 - - [18/Jun/2025:16:35:12 +0200] "GET / HTTP/1.1" 200 43624 "-" "Mozilla/5.0 (iPhone; CPU iPhone OS 13_2_3 like Mac OS X) AppleWebKit/605.1.15 (KHTML, like Gecko) Version/13.0.3 Mobile/15E148 Safari/604.1"
216.73.216.62 - - [18/Jun/2025:16:44:18 +0200] "GET /selection-web?format=feed&type=rss HTTP/1.1" 200 5856 "-" "Mozilla/5.0 AppleWebKit/537.36 (KHTML, like Gecko; compatible; ClaudeBot/1.0; +claudebot@anthropic.com)"
216.73.216.62 - - [18/Jun/2025:16:47:42 +0200] "GET /component/search/?Itemid=183&format=opensearch HTTP/1.1" 200 731 "-" "Mozilla/5.0 AppleWebKit/537.36 (KHTML, like Gecko; compatible; ClaudeBot/1.0; +claudebot@anthropic.com)"
216.73.216.62 - - [18/Jun/2025:16:47:41 +0200] "GET /selection-web/55-centre-equestre-et-assimile HTTP/1.1" 200 27758 "-" "Mozilla/5.0 AppleWebKit/537.36 (KHTML, like Gecko; compatible; ClaudeBot/1.0; +claudebot@anthropic.com)"
35.229.92.238 - - [18/Jun/2025:16:54:39 +0200] "GET /?option=com_search&searchword=neuilly-sur-marne HTTP/1.0" 200 24809 "-" "ZoominfoBot (zoominfobot at zoominfo dot com)"
216.73.216.62 - - [18/Jun/2025:16:55:22 +0200] "GET /component/search/?format=opensearch&searchword=pour HTTP/1.1" 200 736 "-" "Mozilla/5.0 AppleWebKit/537.36 (KHTML, like Gecko; compatible; ClaudeBot/1.0; +claudebot@anthropic.com)"
216.73.216.62 - - [18/Jun/2025:16:55:22 +0200] "GET /selection-web/53-achat-vente-d-animaux-d-agrement-ou-de-compagnie HTTP/1.1" 200 27730 "-" "Mozilla/5.0 AppleWebKit/537.36 (KHTML, like Gecko; compatible; ClaudeBot/1.0; +claudebot@anthropic.com)"
114.119.134.79 - - [18/Jun/2025:16:58:23 +0200] "GET /?option=com_search&%3Bsearchword=bondy HTTP/1.1" 200 24750 "http://www.paysagiste93.com/component/content/category/10-Paysagiste%20-93" "Mozilla/5.0 (Linux; Android 7.0;) AppleWebKit/537.36 (KHTML, like Gecko) Mobile Safari/537.36 (compatible; PetalBot;+https://webmaster.petalsearch.com/site/petalbot)"
216.73.216.62 - - [18/Jun/2025:17:01:02 +0200] "GET /prestations?print=1&tmpl=component HTTP/1.1" 200 5706 "-" "Mozilla/5.0 AppleWebKit/537.36 (KHTML, like Gecko; compatible; ClaudeBot/1.0; +claudebot@anthropic.com)"
216.73.216.62 - - [18/Jun/2025:17:01:52 +0200] "GET /component/ninjarsssyndicator/?feed_id=2&format=raw HTTP/1.1" 200 267197 "-" "Mozilla/5.0 AppleWebKit/537.36 (KHTML, like Gecko; compatible; ClaudeBot/1.0; +claudebot@anthropic.com)"
35.229.92.238 - - [18/Jun/2025:17:11:46 +0200] "GET /?option=com_search&searchword=dans HTTP/1.0" 200 36417 "-" "ZoominfoBot (zoominfobot at zoominfo dot com)"
35.229.92.238 - - [18/Jun/2025:17:13:19 +0200] "GET /component/mailto/?tmpl=component&template=neutre&link=9e8c67dfca5e61c5050a34066700d34aa3f319b4 HTTP/1.0" 200 4269 "-" "ZoominfoBot (zoominfobot at zoominfo dot com)"
35.229.92.238 - - [18/Jun/2025:17:13:43 +0200] "GET /?option=com_search&searchword=vente HTTP/1.0" 200 25160 "-" "ZoominfoBot (zoominfobot at zoominfo dot com)"
35.229.92.238 - - [18/Jun/2025:17:14:26 +0200] "GET /?option=com_search&searchword=artisan HTTP/1.0" 200 24505 "-" "ZoominfoBot (zoominfobot at zoominfo dot com)"
102.129.223.92 - - [18/Jun/2025:17:16:18 +0200] "GET / HTTP/1.1" 200 43624 "-" "Mozilla/5.0 (Windows NT 10.0; Win64; x64) AppleWebKit/537.36 (KHTML, like Gecko) Chrome/114.0.0.0 Safari/537.36 OPR/89.0.4447.51"
102.129.223.92 - - [18/Jun/2025:17:16:23 +0200] "POST / HTTP/1.1" 200 43624 "HTTP://www.paysagiste93.com/" "Mozilla/5.0 (Windows NT 10.0; Win64; x64) AppleWebKit/537.36 (KHTML, like Gecko) Chrome/114.0.0.0 Safari/537.36 OPR/89.0.4447.51"
35.229.92.238 - - [18/Jun/2025:17:17:07 +0200] "GET /?option=com_search&searchword=biens HTTP/1.0" 200 24498 "-" "ZoominfoBot (zoominfobot at zoominfo dot com)"
216.73.216.62 - - [18/Jun/2025:17:26:02 +0200] "GET /robots.txt HTTP/1.1" 200 896 "-" "Mozilla/5.0 AppleWebKit/537.36 (KHTML, like Gecko; compatible; ClaudeBot/1.0; +claudebot@anthropic.com)"
216.73.216.62 - - [18/Jun/2025:17:26:02 +0200] "GET /selection-web/58-Menuisier HTTP/1.1" 200 27629 "-" "Mozilla/5.0 AppleWebKit/537.36 (KHTML, like Gecko; compatible; ClaudeBot/1.0; +claudebot@anthropic.com)"
108.128.152.228 - - [18/Jun/2025:17:26:32 +0200] "GET /robots.txt HTTP/1.1" 200 896 "-" "Mozilla/5.0 (Macintosh; Intel Mac OS X 10_15_5) AppleWebKit/537.36 (KHTML, like Gecko) Chrome/83.0.4103.61 Safari/537.36"
185.191.171.11 - - [18/Jun/2025:17:26:40 +0200] "GET /robots.txt HTTP/1.1" 200 896 "-" "Mozilla/5.0 (compatible; SemrushBot/7~bl; +http://www.semrush.com/bot.html)"
185.191.171.18 - - [18/Jun/2025:17:26:40 +0200] "GET /entretiendujardin/index.php?id=49&option=com_content&view=article HTTP/1.1" 200 25978 "-" "Mozilla/5.0 (compatible; SemrushBot/7~bl; +http://www.semrush.com/bot.html)"
216.73.216.62 - - [18/Jun/2025:17:30:45 +0200] "GET /component/ninjarsssyndicator/?feed_id=3&format=raw HTTP/1.1" 200 4789 "-" "Mozilla/5.0 AppleWebKit/537.36 (KHTML, like Gecko; compatible; ClaudeBot/1.0; +claudebot@anthropic.com)"
35.229.92.238 - - [18/Jun/2025:17:32:42 +0200] "GET /?option=com_search&searchword=coubron HTTP/1.0" 200 24762 "-" "ZoominfoBot (zoominfobot at zoominfo dot com)"
47.128.17.37 - - [18/Jun/2025:17:34:07 +0200] "GET /component/mailto/ HTTP/1.1" 403 1493 "-" "Mozilla/5.0 (Linux; Android 5.0) AppleWebKit/537.36 (KHTML, like Gecko) Mobile Safari/537.36 (compatible; Bytespider; spider-feedback@bytedance.com)"
47.128.17.37 - - [18/Jun/2025:17:34:12 +0200] "GET /templates/system/css/error.css HTTP/1.1" 200 1443 "http://www.paysagiste93.com/component/mailto/" "Mozilla/5.0 (Linux; Android 5.0) AppleWebKit/537.36 (KHTML, like Gecko) Mobile Safari/537.36 (compatible; Bytespider; spider-feedback@bytedance.com)"
207.46.13.14 - - [18/Jun/2025:17:39:35 +0200] "GET /sitemap.txt HTTP/1.1" 404 1490 "-" "Mozilla/5.0 AppleWebKit/537.36 (KHTML, like Gecko; compatible; bingbot/2.0; +http://www.bing.com/bingbot.htm) Chrome/116.0.1938.76 Safari/537.36"
216.73.216.62 - - [18/Jun/2025:17:40:07 +0200] "GET /selection-web/62-divers HTTP/1.1" 200 27608 "-" "Mozilla/5.0 AppleWebKit/537.36 (KHTML, like Gecko; compatible; ClaudeBot/1.0; +claudebot@anthropic.com)"
216.73.216.62 - - [18/Jun/2025:17:42:24 +0200] "GET /blog/71-arrosage-pelouse-guide-pratique-pour-reussir HTTP/1.1" 200 30164 "-" "Mozilla/5.0 AppleWebKit/537.36 (KHTML, like Gecko; compatible; ClaudeBot/1.0; +claudebot@anthropic.com)"
216.73.216.62 - - [18/Jun/2025:17:43:22 +0200] "GET /component/mailto/?link=73b7b7d781de47cf46c7bc9490e9d294c03a8451&template=neutre&tmpl=component HTTP/1.1" 200 4269 "-" "Mozilla/5.0 AppleWebKit/537.36 (KHTML, like Gecko; compatible; ClaudeBot/1.0; +claudebot@anthropic.com)"
216.73.216.62 - - [18/Jun/2025:17:44:14 +0200] "GET /selection-web/56-macon HTTP/1.1" 200 27604 "-" "Mozilla/5.0 AppleWebKit/537.36 (KHTML, like Gecko; compatible; ClaudeBot/1.0; +claudebot@anthropic.com)"
216.73.216.62 - - [18/Jun/2025:17:44:13 +0200] "GET /blog/70-creer-une-animalerie-dans-votre-jardin?layout=default&print=1&tmpl=component HTTP/1.1" 200 6296 "-" "Mozilla/5.0 AppleWebKit/537.36 (KHTML, like Gecko; compatible; ClaudeBot/1.0; +claudebot@anthropic.com)"
216.73.216.62 - - [18/Jun/2025:17:48:26 +0200] "GET /selection-web/54-artisan-du-batiment HTTP/1.1" 200 27702 "-" "Mozilla/5.0 AppleWebKit/537.36 (KHTML, like Gecko; compatible; ClaudeBot/1.0; +claudebot@anthropic.com)"
216.73.216.62 - - [18/Jun/2025:17:58:16 +0200] "GET /component/search/?searchword=pour&start=20 HTTP/1.1" 200 36445 "-" "Mozilla/5.0 AppleWebKit/537.36 (KHTML, like Gecko; compatible; ClaudeBot/1.0; +claudebot@anthropic.com)"
216.73.216.62 - - [18/Jun/2025:18:03:04 +0200] "GET /component/search/?Itemid=102&format=opensearch HTTP/1.1" 200 731 "-" "Mozilla/5.0 AppleWebKit/537.36 (KHTML, like Gecko; compatible; ClaudeBot/1.0; +claudebot@anthropic.com)"
47.82.60.27 - - [18/Jun/2025:18:08:57 +0200] "GET /selection-web/59-Paysagiste?layout=default&page=&print=1&tmpl=component HTTP/1.1" 200 3770 "http://www.paysagiste93.com/selection-web/59-Paysagiste?layout=default&page=&print=1&tmpl=component" "Mozilla/5.0 (Windows NT 10.0; Win64; x64) AppleWebKit/537.36 (KHTML, like Gecko) Chrome/114.0.0.0 Safari/537.36 Edg/114.0.1823.43"
47.82.60.27 - - [18/Jun/2025:18:09:01 +0200] "GET /selection-web/59-Paysagiste?layout=default&page=&print=1&tmpl=component HTTP/1.1" 200 3770 "http://www.paysagiste93.com/selection-web/59-Paysagiste?layout=default&page=&print=1&tmpl=component" "Mozilla/5.0 (Windows NT 10.0; Win64; x64) AppleWebKit/537.36 (KHTML, like Gecko) Chrome/114.0.0.0 Safari/537.36 Edg/114.0.1823.43"
47.82.60.27 - - [18/Jun/2025:18:09:01 +0200] "GET /selection-web/59-Paysagiste?layout=default&page=&print=1&tmpl=component HTTP/1.1" 200 3770 "http://www.paysagiste93.com/selection-web/59-Paysagiste?layout=default&page=&print=1&tmpl=component" "Mozilla/5.0 (Windows NT 10.0; Win64; x64) AppleWebKit/537.36 (KHTML, like Gecko) Chrome/114.0.0.0 Safari/537.36 Edg/114.0.1823.43"
172.241.163.94 - - [18/Jun/2025:18:15:19 +0200] "GET /contactez-nous HTTP/1.1" 200 28375 "-" "Mozilla/5.0 (Windows NT 10.0; Win64; x64) AppleWebKit/537.36 (KHTML, like Gecko) Chrome/114.0.0.0 Safari/537.36 OPR/89.0.4447.51"
172.241.163.94 - - [18/Jun/2025:18:15:23 +0200] "POST /contactez-nous HTTP/1.1" 200 28375 "http://www.paysagiste93.com/contactez-nous" "Mozilla/5.0 (Windows NT 10.0; Win64; x64) AppleWebKit/537.36 (KHTML, like Gecko) Chrome/114.0.0.0 Safari/537.36 OPR/89.0.4447.51"
162.62.213.165 - - [18/Jun/2025:18:17:58 +0200] "GET / HTTP/1.1" 200 43624 "-" "Mozilla/5.0 (iPhone; CPU iPhone OS 13_2_3 like Mac OS X) AppleWebKit/605.1.15 (KHTML, like Gecko) Version/13.0.3 Mobile/15E148 Safari/604.1"
89.117.148.194 - - [18/Jun/2025:18:24:09 +0200] "GET /contactez-nous HTTP/1.1" 200 28375 "-" "Mozilla/5.0 (Windows NT 10.0; Win64; x64) AppleWebKit/537.36 (KHTML, like Gecko) Chrome/114.0.0.0 Safari/537.36 OPR/89.0.4447.51"
89.117.148.194 - - [18/Jun/2025:18:24:13 +0200] "POST /contactez-nous HTTP/1.1" 200 28375 "http://www.paysagiste93.com/contactez-nous" "Mozilla/5.0 (Windows NT 10.0; Win64; x64) AppleWebKit/537.36 (KHTML, like Gecko) Chrome/114.0.0.0 Safari/537.36 OPR/89.0.4447.51"
34.75.236.50 - - [18/Jun/2025:18:28:35 +0200] "GET /robots.txt HTTP/1.0" 200 896 "-" "ZoominfoBot (zoominfobot at zoominfo dot com)"
34.75.236.50 - - [18/Jun/2025:18:28:35 +0200] "GET /?option=com_search&searchword=b%C3%A2timent HTTP/1.0" 200 24511 "-" "ZoominfoBot (zoominfobot at zoominfo dot com)"
207.46.13.111 - - [18/Jun/2025:18:39:41 +0200] "GET /sitemap.txt HTTP/1.1" 404 1490 "-" "Mozilla/5.0 AppleWebKit/537.36 (KHTML, like Gecko; compatible; bingbot/2.0; +http://www.bing.com/bingbot.htm) Chrome/116.0.1938.76 Safari/537.36"
216.244.66.198 - - [18/Jun/2025:18:48:14 +0200] "GET /robots.txt HTTP/1.1" 200 896 "-" "Mozilla/5.0 (compatible; DotBot/1.2; +https://opensiteexplorer.org/dotbot; help@moz.com)"
34.75.236.50 - - [18/Jun/2025:18:50:35 +0200] "GET /?option=com_search&searchword=%C3%A9pinay-sur-seine HTTP/1.0" 200 24808 "-" "ZoominfoBot (zoominfobot at zoominfo dot com)"
34.75.236.50 - - [18/Jun/2025:18:54:58 +0200] "GET /?option=com_search&searchword=pour HTTP/1.0" 200 36307 "-" "ZoominfoBot (zoominfobot at zoominfo dot com)"
34.75.236.50 - - [18/Jun/2025:18:56:08 +0200] "GET /?option=com_search&searchword=d'animaux HTTP/1.0" 200 24571 "-" "ZoominfoBot (zoominfobot at zoominfo dot com)"
216.244.66.198 - - [18/Jun/2025:18:59:24 +0200] "GET /entretiendujardin/gournay-sur-marne-93/10-Paysagiste%20-93?format=feed&type=rss HTTP/1.1" 200 75434 "-" "Mozilla/5.0 (compatible; DotBot/1.2; +https://opensiteexplorer.org/dotbot; help@moz.com)"
216.244.66.198 - - [18/Jun/2025:18:59:31 +0200] "GET /entretiendujardin/noisy-le-sec-93/10-Paysagiste%20-93?format=feed&type=rss HTTP/1.1" 200 75419 "-" "Mozilla/5.0 (compatible; DotBot/1.2; +https://opensiteexplorer.org/dotbot; help@moz.com)"
34.75.236.50 - - [18/Jun/2025:19:01:42 +0200] "GET /?option=com_search&searchword=saint-ouen HTTP/1.0" 200 24774 "-" "ZoominfoBot (zoominfobot at zoominfo dot com)"
85.204.70.114 - - [18/Jun/2025:19:07:48 +0200] "GET / HTTP/1.1" 301 236 "-" "Mozilla/5.0 (Windows NT 10.0; Win64; x64) AppleWebKit/537.36 (KHTML, like Gecko) Chrome/78.0.3904.108 Safari/537.36"
85.204.70.114 - - [18/Jun/2025:19:07:48 +0200] "GET / HTTP/1.1" 200 43624 "-" "Mozilla/5.0 (Windows NT 10.0; Win64; x64) AppleWebKit/537.36 (KHTML, like Gecko) Chrome/78.0.3904.108 Safari/537.36"
85.204.70.114 - - [18/Jun/2025:19:07:51 +0200] "GET //wp-includes/wlwmanifest.xml HTTP/1.1" 404 1499 "-" "Mozilla/5.0 (Windows NT 10.0; Win64; x64) AppleWebKit/537.36 (KHTML, like Gecko) Chrome/78.0.3904.108 Safari/537.36"
85.204.70.114 - - [18/Jun/2025:19:07:52 +0200] "GET //xmlrpc.php?rsd HTTP/1.1" 404 1490 "-" "Mozilla/5.0 (Windows NT 10.0; Win64; x64) AppleWebKit/537.36 (KHTML, like Gecko) Chrome/78.0.3904.108 Safari/537.36"
85.204.70.114 - - [18/Jun/2025:19:07:52 +0200] "GET / HTTP/1.1" 200 43624 "-" "Mozilla/5.0 (Windows NT 10.0; Win64; x64) AppleWebKit/537.36 (KHTML, like Gecko) Chrome/78.0.3904.108 Safari/537.36"
85.204.70.114 - - [18/Jun/2025:19:07:52 +0200] "GET //blog/wp-includes/wlwmanifest.xml HTTP/1.1" 404 1499 "-" "Mozilla/5.0 (Windows NT 10.0; Win64; x64) AppleWebKit/537.36 (KHTML, like Gecko) Chrome/78.0.3904.108 Safari/537.36"
85.204.70.114 - - [18/Jun/2025:19:07:52 +0200] "GET //web/wp-includes/wlwmanifest.xml HTTP/1.1" 404 1499 "-" "Mozilla/5.0 (Windows NT 10.0; Win64; x64) AppleWebKit/537.36 (KHTML, like Gecko) Chrome/78.0.3904.108 Safari/537.36"
85.204.70.114 - - [18/Jun/2025:19:07:52 +0200] "GET //wordpress/wp-includes/wlwmanifest.xml HTTP/1.1" 404 1499 "-" "Mozilla/5.0 (Windows NT 10.0; Win64; x64) AppleWebKit/537.36 (KHTML, like Gecko) Chrome/78.0.3904.108 Safari/537.36"
85.204.70.114 - - [18/Jun/2025:19:07:53 +0200] "GET //website/wp-includes/wlwmanifest.xml HTTP/1.1" 404 1499 "-" "Mozilla/5.0 (Windows NT 10.0; Win64; x64) AppleWebKit/537.36 (KHTML, like Gecko) Chrome/78.0.3904.108 Safari/537.36"
85.204.70.114 - - [18/Jun/2025:19:07:53 +0200] "GET //wp/wp-includes/wlwmanifest.xml HTTP/1.1" 404 1499 "-" "Mozilla/5.0 (Windows NT 10.0; Win64; x64) AppleWebKit/537.36 (KHTML, like Gecko) Chrome/78.0.3904.108 Safari/537.36"
85.204.70.114 - - [18/Jun/2025:19:07:53 +0200] "GET //news/wp-includes/wlwmanifest.xml HTTP/1.1" 404 1499 "-" "Mozilla/5.0 (Windows NT 10.0; Win64; x64) AppleWebKit/537.36 (KHTML, like Gecko) Chrome/78.0.3904.108 Safari/537.36"
85.204.70.114 - - [18/Jun/2025:19:07:53 +0200] "GET //2018/wp-includes/wlwmanifest.xml HTTP/1.1" 404 1499 "-" "Mozilla/5.0 (Windows NT 10.0; Win64; x64) AppleWebKit/537.36 (KHTML, like Gecko) Chrome/78.0.3904.108 Safari/537.36"
85.204.70.114 - - [18/Jun/2025:19:07:53 +0200] "GET //2019/wp-includes/wlwmanifest.xml HTTP/1.1" 404 1499 "-" "Mozilla/5.0 (Windows NT 10.0; Win64; x64) AppleWebKit/537.36 (KHTML, like Gecko) Chrome/78.0.3904.108 Safari/537.36"
85.204.70.114 - - [18/Jun/2025:19:07:54 +0200] "GET //shop/wp-includes/wlwmanifest.xml HTTP/1.1" 404 1499 "-" "Mozilla/5.0 (Windows NT 10.0; Win64; x64) AppleWebKit/537.36 (KHTML, like Gecko) Chrome/78.0.3904.108 Safari/537.36"
85.204.70.114 - - [18/Jun/2025:19:07:54 +0200] "GET //wp1/wp-includes/wlwmanifest.xml HTTP/1.1" 404 1499 "-" "Mozilla/5.0 (Windows NT 10.0; Win64; x64) AppleWebKit/537.36 (KHTML, like Gecko) Chrome/78.0.3904.108 Safari/537.36"
85.204.70.114 - - [18/Jun/2025:19:07:54 +0200] "GET //test/wp-includes/wlwmanifest.xml HTTP/1.1" 404 1499 "-" "Mozilla/5.0 (Windows NT 10.0; Win64; x64) AppleWebKit/537.36 (KHTML, like Gecko) Chrome/78.0.3904.108 Safari/537.36"
85.204.70.114 - - [18/Jun/2025:19:07:54 +0200] "GET //media/wp-includes/wlwmanifest.xml HTTP/1.1" 404 1499 "-" "Mozilla/5.0 (Windows NT 10.0; Win64; x64) AppleWebKit/537.36 (KHTML, like Gecko) Chrome/78.0.3904.108 Safari/537.36"
85.204.70.114 - - [18/Jun/2025:19:07:54 +0200] "GET //wp2/wp-includes/wlwmanifest.xml HTTP/1.1" 404 1499 "-" "Mozilla/5.0 (Windows NT 10.0; Win64; x64) AppleWebKit/537.36 (KHTML, like Gecko) Chrome/78.0.3904.108 Safari/537.36"
85.204.70.114 - - [18/Jun/2025:19:07:55 +0200] "GET //site/wp-includes/wlwmanifest.xml HTTP/1.1" 404 1499 "-" "Mozilla/5.0 (Windows NT 10.0; Win64; x64) AppleWebKit/537.36 (KHTML, like Gecko) Chrome/78.0.3904.108 Safari/537.36"
85.204.70.114 - - [18/Jun/2025:19:07:55 +0200] "GET //cms/wp-includes/wlwmanifest.xml HTTP/1.1" 404 1499 "-" "Mozilla/5.0 (Windows NT 10.0; Win64; x64) AppleWebKit/537.36 (KHTML, like Gecko) Chrome/78.0.3904.108 Safari/537.36"
85.204.70.114 - - [18/Jun/2025:19:07:55 +0200] "GET //sito/wp-includes/wlwmanifest.xml HTTP/1.1" 404 1499 "-" "Mozilla/5.0 (Windows NT 10.0; Win64; x64) AppleWebKit/537.36 (KHTML, like Gecko) Chrome/78.0.3904.108 Safari/537.36"
34.75.236.50 - - [18/Jun/2025:19:08:04 +0200] "GET /?option=com_search&searchword=organisme HTTP/1.0" 200 24554 "-" "ZoominfoBot (zoominfobot at zoominfo dot com)"
34.75.236.50 - - [18/Jun/2025:19:24:26 +0200] "GET /?option=com_search&searchword=formation HTTP/1.0" 200 35929 "-" "ZoominfoBot (zoominfobot at zoominfo dot com)"
34.75.236.50 - - [18/Jun/2025:19:33:12 +0200] "GET /?option=com_search&searchword=animalerie HTTP/1.0" 200 24791 "-" "ZoominfoBot (zoominfobot at zoominfo dot com)"
34.75.236.50 - - [18/Jun/2025:19:36:40 +0200] "GET /?option=com_search&searchword=achat HTTP/1.0" 200 24559 "-" "ZoominfoBot (zoominfobot at zoominfo dot com)"
34.75.236.50 - - [18/Jun/2025:19:38:12 +0200] "GET /?option=com_search&searchword=divers HTTP/1.0" 200 24770 "-" "ZoominfoBot (zoominfobot at zoominfo dot com)"
175.27.164.113 - - [18/Jun/2025:19:48:01 +0200] "GET / HTTP/1.1" 301 236 "-" "Mozilla/5.0 (iPhone; CPU iPhone OS 13_2_3 like Mac OS X) AppleWebKit/605.1.15 (KHTML, like Gecko) Version/13.0.3 Mobile/15E148 Safari/604.1"
175.27.164.113 - - [18/Jun/2025:19:48:03 +0200] "GET / HTTP/1.1" 200 43624 "http://paysagiste93.com" "Mozilla/5.0 (iPhone; CPU iPhone OS 13_2_3 like Mac OS X) AppleWebKit/605.1.15 (KHTML, like Gecko) Version/13.0.3 Mobile/15E148 Safari/604.1"
85.208.96.208 - - [18/Jun/2025:20:09:41 +0200] "GET /robots.txt HTTP/1.1" 200 896 "-" "Mozilla/5.0 (compatible; SemrushBot/7~bl; +http://www.semrush.com/bot.html)"
85.208.96.201 - - [18/Jun/2025:20:09:41 +0200] "GET /entretiendujardin/gournay-sur-marne-93/13-traitement HTTP/1.1" 200 28221 "-" "Mozilla/5.0 (compatible; SemrushBot/7~bl; +http://www.semrush.com/bot.html)"
34.74.248.16 - - [18/Jun/2025:20:10:21 +0200] "GET /robots.txt HTTP/1.0" 200 896 "-" "ZoominfoBot (zoominfobot at zoominfo dot com)"
34.74.248.16 - - [18/Jun/2025:20:10:21 +0200] "GET /?option=com_search&searchword=b%C3%A2timent HTTP/1.0" 200 24511 "-" "ZoominfoBot (zoominfobot at zoominfo dot com)"
34.60.121.94 - - [18/Jun/2025:20:37:44 +0200] "HEAD /wordpress HTTP/1.1" 301 - "-" "Mozilla/5.0 (Windows NT 10.0; Win64; x64) AppleWebKit/537.36 (KHTML, like Gecko) Chrome/74.0.3729.169 Safari/537.36"
34.60.121.94 - - [18/Jun/2025:20:37:45 +0200] "HEAD /index.php HTTP/1.1" 200 - "http://paysagiste93.com/wordpress" "Mozilla/5.0 (Windows NT 10.0; Win64; x64) AppleWebKit/537.36 (KHTML, like Gecko) Chrome/74.0.3729.169 Safari/537.36"
34.60.121.94 - - [18/Jun/2025:20:37:49 +0200] "HEAD / HTTP/1.1" 301 - "-" "Mozilla/5.0 (Windows NT 10.0; Win64; x64) AppleWebKit/537.36 (KHTML, like Gecko) Chrome/74.0.3729.169 Safari/537.36"
34.60.121.94 - - [18/Jun/2025:20:37:49 +0200] "HEAD / HTTP/1.1" 200 - "http://paysagiste93.com/" "Mozilla/5.0 (Windows NT 10.0; Win64; x64) AppleWebKit/537.36 (KHTML, like Gecko) Chrome/74.0.3729.169 Safari/537.36"
34.60.121.94 - - [18/Jun/2025:20:37:49 +0200] "HEAD /wp HTTP/1.1" 301 - "-" "Mozilla/5.0 (Windows NT 10.0; Win64; x64) AppleWebKit/537.36 (KHTML, like Gecko) Chrome/74.0.3729.169 Safari/537.36"
34.60.121.94 - - [18/Jun/2025:20:37:49 +0200] "HEAD /index.php HTTP/1.1" 200 - "http://paysagiste93.com/wp" "Mozilla/5.0 (Windows NT 10.0; Win64; x64) AppleWebKit/537.36 (KHTML, like Gecko) Chrome/74.0.3729.169 Safari/537.36"
34.60.121.94 - - [18/Jun/2025:20:37:50 +0200] "HEAD /bc HTTP/1.1" 301 - "-" "Mozilla/5.0 (Windows NT 10.0; Win64; x64) AppleWebKit/537.36 (KHTML, like Gecko) Chrome/74.0.3729.169 Safari/537.36"
34.60.121.94 - - [18/Jun/2025:20:37:50 +0200] "HEAD /index.php HTTP/1.1" 200 - "http://paysagiste93.com/bc" "Mozilla/5.0 (Windows NT 10.0; Win64; x64) AppleWebKit/537.36 (KHTML, like Gecko) Chrome/74.0.3729.169 Safari/537.36"
34.60.121.94 - - [18/Jun/2025:20:37:50 +0200] "HEAD /bk HTTP/1.1" 301 - "-" "Mozilla/5.0 (Windows NT 10.0; Win64; x64) AppleWebKit/537.36 (KHTML, like Gecko) Chrome/74.0.3729.169 Safari/537.36"
34.60.121.94 - - [18/Jun/2025:20:37:50 +0200] "HEAD /index.php HTTP/1.1" 200 - "http://paysagiste93.com/bk" "Mozilla/5.0 (Windows NT 10.0; Win64; x64) AppleWebKit/537.36 (KHTML, like Gecko) Chrome/74.0.3729.169 Safari/537.36"
34.60.121.94 - - [18/Jun/2025:20:37:51 +0200] "HEAD /backup HTTP/1.1" 301 - "-" "Mozilla/5.0 (Windows NT 10.0; Win64; x64) AppleWebKit/537.36 (KHTML, like Gecko) Chrome/74.0.3729.169 Safari/537.36"
34.60.121.94 - - [18/Jun/2025:20:37:51 +0200] "HEAD /index.php HTTP/1.1" 200 - "http://paysagiste93.com/backup" "Mozilla/5.0 (Windows NT 10.0; Win64; x64) AppleWebKit/537.36 (KHTML, like Gecko) Chrome/74.0.3729.169 Safari/537.36"
34.60.121.94 - - [18/Jun/2025:20:37:51 +0200] "HEAD /old HTTP/1.1" 301 - "-" "Mozilla/5.0 (Windows NT 10.0; Win64; x64) AppleWebKit/537.36 (KHTML, like Gecko) Chrome/74.0.3729.169 Safari/537.36"
34.60.121.94 - - [18/Jun/2025:20:37:52 +0200] "HEAD /index.php HTTP/1.1" 200 - "http://paysagiste93.com/old" "Mozilla/5.0 (Windows NT 10.0; Win64; x64) AppleWebKit/537.36 (KHTML, like Gecko) Chrome/74.0.3729.169 Safari/537.36"
34.60.121.94 - - [18/Jun/2025:20:37:52 +0200] "HEAD /new HTTP/1.1" 301 - "-" "Mozilla/5.0 (Windows NT 10.0; Win64; x64) AppleWebKit/537.36 (KHTML, like Gecko) Chrome/74.0.3729.169 Safari/537.36"
34.60.121.94 - - [18/Jun/2025:20:37:52 +0200] "HEAD /index.php HTTP/1.1" 200 - "http://paysagiste93.com/new" "Mozilla/5.0 (Windows NT 10.0; Win64; x64) AppleWebKit/537.36 (KHTML, like Gecko) Chrome/74.0.3729.169 Safari/537.36"
34.60.121.94 - - [18/Jun/2025:20:37:53 +0200] "HEAD /main HTTP/1.1" 301 - "-" "Mozilla/5.0 (Windows NT 10.0; Win64; x64) AppleWebKit/537.36 (KHTML, like Gecko) Chrome/74.0.3729.169 Safari/537.36"
34.60.121.94 - - [18/Jun/2025:20:37:53 +0200] "HEAD /index.php HTTP/1.1" 200 - "http://paysagiste93.com/main" "Mozilla/5.0 (Windows NT 10.0; Win64; x64) AppleWebKit/537.36 (KHTML, like Gecko) Chrome/74.0.3729.169 Safari/537.36"
34.60.121.94 - - [18/Jun/2025:20:37:53 +0200] "HEAD /home HTTP/1.1" 301 - "-" "Mozilla/5.0 (Windows NT 10.0; Win64; x64) AppleWebKit/537.36 (KHTML, like Gecko) Chrome/74.0.3729.169 Safari/537.36"
34.60.121.94 - - [18/Jun/2025:20:37:53 +0200] "HEAD /index.php HTTP/1.1" 200 - "http://paysagiste93.com/home" "Mozilla/5.0 (Windows NT 10.0; Win64; x64) AppleWebKit/537.36 (KHTML, like Gecko) Chrome/74.0.3729.169 Safari/537.36"
216.73.216.62 - - [18/Jun/2025:20:38:02 +0200] "GET /robots.txt HTTP/1.1" 200 896 "-" "Mozilla/5.0 AppleWebKit/537.36 (KHTML, like Gecko; compatible; ClaudeBot/1.0; +claudebot@anthropic.com)"
216.73.216.62 - - [18/Jun/2025:20:38:02 +0200] "GET /component/mailto/?link=27553ea76628b04280145a3b16d4661028fea406&template=neutre&tmpl=component HTTP/1.1" 200 4269 "-" "Mozilla/5.0 AppleWebKit/537.36 (KHTML, like Gecko; compatible; ClaudeBot/1.0; +claudebot@anthropic.com)"
54.36.148.147 - - [18/Jun/2025:20:42:44 +0200] "GET / HTTP/1.1" 200 43624 "-" "Mozilla/5.0 (compatible; AhrefsBot/7.0; +http://ahrefs.com/robot/)"
202.8.43.234 - - [18/Jun/2025:20:42:48 +0200] "GET /robots.txt HTTP/1.1" 200 896 "-" "Mozilla/5.0 (compatible; AhrefsBot/7.0; +http://ahrefs.com/robot/)"
202.8.42.12 - - [18/Jun/2025:20:42:48 +0200] "GET /templates/neutre/css/template.responsive.css HTTP/1.1" 200 8238 "http://www.paysagiste93.com/" "Mozilla/5.0 (compatible; AhrefsBot/7.0; +http://ahrefs.com/robot/)"
202.8.42.12 - - [18/Jun/2025:20:42:48 +0200] "GET /templates/system/css/general.css HTTP/1.1" 200 2730 "http://www.paysagiste93.com/" "Mozilla/5.0 (compatible; AhrefsBot/7.0; +http://ahrefs.com/robot/)"
202.8.42.12 - - [18/Jun/2025:20:42:48 +0200] "GET /templates/system/css/system.css HTTP/1.1" 200 896 "http://www.paysagiste93.com/" "Mozilla/5.0 (compatible; AhrefsBot/7.0; +http://ahrefs.com/robot/)"
202.8.42.12 - - [18/Jun/2025:20:42:48 +0200] "GET /media/mod_pwebcontact/css/toggler/lightblue.css HTTP/1.1" 200 3724 "http://www.paysagiste93.com/" "Mozilla/5.0 (compatible; AhrefsBot/7.0; +http://ahrefs.com/robot/)"
202.8.42.12 - - [18/Jun/2025:20:42:48 +0200] "GET /media/mod_pwebcontact/css/form/orange.css HTTP/1.1" 200 5566 "http://www.paysagiste93.com/" "Mozilla/5.0 (compatible; AhrefsBot/7.0; +http://ahrefs.com/robot/)"
202.8.42.12 - - [18/Jun/2025:20:42:48 +0200] "GET /media/mod_pwebcontact/css/background/lightgray.css HTTP/1.1" 200 2866 "http://www.paysagiste93.com/" "Mozilla/5.0 (compatible; AhrefsBot/7.0; +http://ahrefs.com/robot/)"
202.8.42.12 - - [18/Jun/2025:20:42:48 +0200] "GET /media/mod_pwebcontact/css/bootstrap.css HTTP/1.1" 200 13926 "http://www.paysagiste93.com/" "Mozilla/5.0 (compatible; AhrefsBot/7.0; +http://ahrefs.com/robot/)"
202.8.42.12 - - [18/Jun/2025:20:42:48 +0200] "GET /cache/mod_pwebcontact/16717e83a3f98200f504d2874c9df347.css HTTP/1.1" 200 2295 "http://www.paysagiste93.com/" "Mozilla/5.0 (compatible; AhrefsBot/7.0; +http://ahrefs.com/robot/)"
202.8.42.12 - - [18/Jun/2025:20:42:48 +0200] "GET /media/mod_pwebcontact/css/layout.css HTTP/1.1" 200 35741 "http://www.paysagiste93.com/" "Mozilla/5.0 (compatible; AhrefsBot/7.0; +http://ahrefs.com/robot/)"
202.8.42.12 - - [18/Jun/2025:20:42:48 +0200] "GET /media/system/css/modal.css HTTP/1.1" 200 2823 "http://www.paysagiste93.com/" "Mozilla/5.0 (compatible; AhrefsBot/7.0; +http://ahrefs.com/robot/)"
202.8.42.12 - - [18/Jun/2025:20:42:48 +0200] "GET /templates/neutre/css/template.css HTTP/1.1" 200 68431 "http://www.paysagiste93.com/" "Mozilla/5.0 (compatible; AhrefsBot/7.0; +http://ahrefs.com/robot/)"
202.8.42.12 - - [18/Jun/2025:20:42:48 +0200] "GET /media/mod_pwebcontact/css/animations.css HTTP/1.1" 200 26025 "http://www.paysagiste93.com/" "Mozilla/5.0 (compatible; AhrefsBot/7.0; +http://ahrefs.com/robot/)"
202.8.42.12 - - [18/Jun/2025:20:42:48 +0200] "GET /plugins/system/jcemediabox/themes/light/css/style.css?36c352a2b4ad8aa73f93eb9d76da8882 HTTP/1.1" 200 4357 "http://www.paysagiste93.com/" "Mozilla/5.0 (compatible; AhrefsBot/7.0; +http://ahrefs.com/robot/)"
202.8.42.12 - - [18/Jun/2025:20:42:49 +0200] "GET /plugins/system/jcemediabox/css/jcemediabox.css?a3b640def3ef13678e19cfeeb7397c85 HTTP/1.1" 200 5791 "http://www.paysagiste93.com/" "Mozilla/5.0 (compatible; AhrefsBot/7.0; +http://ahrefs.com/robot/)"
202.8.42.12 - - [18/Jun/2025:20:42:49 +0200] "GET /media/mod_pwebcontact/js/jquery.pwebcontact.min.js?v=3.2.14 HTTP/1.1" 200 34073 "http://www.paysagiste93.com/" "Mozilla/5.0 (compatible; AhrefsBot/7.0; +http://ahrefs.com/robot/)"
202.8.42.12 - - [18/Jun/2025:20:42:49 +0200] "GET /media/jui/js/jquery-migrate.min.js HTTP/1.1" 200 7199 "http://www.paysagiste93.com/" "Mozilla/5.0 (compatible; AhrefsBot/7.0; +http://ahrefs.com/robot/)"
202.8.42.12 - - [18/Jun/2025:20:42:49 +0200] "GET /templates/neutre/script.responsive.js HTTP/1.1" 200 15616 "http://www.paysagiste93.com/" "Mozilla/5.0 (compatible; AhrefsBot/7.0; +http://ahrefs.com/robot/)"
202.8.42.12 - - [18/Jun/2025:20:42:49 +0200] "GET /templates/neutre/jquery.js HTTP/1.1" 200 92793 "http://www.paysagiste93.com/" "Mozilla/5.0 (compatible; AhrefsBot/7.0; +http://ahrefs.com/robot/)"
202.8.42.12 - - [18/Jun/2025:20:42:49 +0200] "GET /media/jui/js/bootstrap.min.js HTTP/1.1" 200 29156 "http://www.paysagiste93.com/" "Mozilla/5.0 (compatible; AhrefsBot/7.0; +http://ahrefs.com/robot/)"
