65.21.113.199 - - [18/Jun/2025:08:09:01 +0200] "GET /entretiendujardin/courneuve-93 HTTP/1.1" 200 43066 "-" "Mozilla/5.0 (compatible; AwarioBot/1.0; +https://awario.com/bots.html)"
65.21.113.199 - - [18/Jun/2025:08:09:05 +0200] "GET /entretiendujardin/drancy-93 HTTP/1.1" 200 42988 "-" "Mozilla/5.0 (compatible; AwarioBot/1.0; +https://awario.com/bots.html)"
65.21.113.199 - - [18/Jun/2025:08:09:08 +0200] "GET /entretiendujardin/dugny-93 HTTP/1.1" 200 42962 "-" "Mozilla/5.0 (compatible; AwarioBot/1.0; +https://awario.com/bots.html)"
65.21.113.199 - - [18/Jun/2025:08:09:11 +0200] "GET /entretiendujardin/epinay-sur-seine-93 HTTP/1.1" 200 43268 "-" "Mozilla/5.0 (compatible; AwarioBot/1.0; +https://awario.com/bots.html)"
65.21.113.199 - - [18/Jun/2025:08:09:15 +0200] "GET /entretiendujardin/gagny-93 HTTP/1.1" 200 42962 "-" "Mozilla/5.0 (compatible; AwarioBot/1.0; +https://awario.com/bots.html)"
65.21.113.199 - - [18/Jun/2025:08:09:20 +0200] "GET /entretiendujardin/gournay-sur-marne-93 HTTP/1.1" 200 43270 "-" "Mozilla/5.0 (compatible; AwarioBot/1.0; +https://awario.com/bots.html)"
65.21.113.199 - - [18/Jun/2025:08:09:23 +0200] "GET /entretiendujardin/ile-saint-denis-93 HTTP/1.1" 200 43242 "-" "Mozilla/5.0 (compatible; AwarioBot/1.0; +https://awario.com/bots.html)"
65.21.113.199 - - [18/Jun/2025:08:09:26 +0200] "GET /entretiendujardin/lilas-93 HTTP/1.1" 200 42966 "-" "Mozilla/5.0 (compatible; AwarioBot/1.0; +https://awario.com/bots.html)"
65.21.113.199 - - [18/Jun/2025:08:09:28 +0200] "GET /entretiendujardin/livry-gargan-93 HTTP/1.1" 200 43144 "-" "Mozilla/5.0 (compatible; AwarioBot/1.0; +https://awario.com/bots.html)"
65.21.113.199 - - [18/Jun/2025:08:09:31 +0200] "GET /entretiendujardin/montfermeil-93 HTTP/1.1" 200 43118 "-" "Mozilla/5.0 (compatible; AwarioBot/1.0; +https://awario.com/bots.html)"
65.21.113.199 - - [18/Jun/2025:08:09:33 +0200] "GET /entretiendujardin/montreuil-93 HTTP/1.1" 200 43066 "-" "Mozilla/5.0 (compatible; AwarioBot/1.0; +https://awario.com/bots.html)"
65.21.113.199 - - [18/Jun/2025:08:09:36 +0200] "GET /entretiendujardin/neuilly-plaisance-93 HTTP/1.1" 200 43274 "-" "Mozilla/5.0 (compatible; AwarioBot/1.0; +https://awario.com/bots.html)"
65.21.113.199 - - [18/Jun/2025:08:09:39 +0200] "GET /entretiendujardin/neuilly-sur-marne-93 HTTP/1.1" 200 43274 "-" "Mozilla/5.0 (compatible; AwarioBot/1.0; +https://awario.com/bots.html)"
65.21.113.199 - - [18/Jun/2025:08:09:43 +0200] "GET /entretiendujardin/noisy-le-grand-93 HTTP/1.1" 200 43196 "-" "Mozilla/5.0 (compatible; AwarioBot/1.0; +https://awario.com/bots.html)"
65.21.113.199 - - [18/Jun/2025:08:09:49 +0200] "GET /entretiendujardin/noisy-le-sec-93 HTTP/1.1" 200 43144 "-" "Mozilla/5.0 (compatible; AwarioBot/1.0; +https://awario.com/bots.html)"
65.21.113.199 - - [18/Jun/2025:08:09:51 +0200] "GET /entretiendujardin/pantin-93 HTTP/1.1" 200 42984 "-" "Mozilla/5.0 (compatible; AwarioBot/1.0; +https://awario.com/bots.html)"
65.21.113.199 - - [18/Jun/2025:08:09:54 +0200] "GET /entretiendujardin/pavillons-sous-bois-93 HTTP/1.1" 200 43326 "-" "Mozilla/5.0 (compatible; AwarioBot/1.0; +https://awario.com/bots.html)"
65.21.113.199 - - [18/Jun/2025:08:09:56 +0200] "GET /entretiendujardin/pierrefitte-sur-seine-93 HTTP/1.1" 200 43378 "-" "Mozilla/5.0 (compatible; AwarioBot/1.0; +https://awario.com/bots.html)"
65.21.113.199 - - [18/Jun/2025:08:09:58 +0200] "GET /robots.txt HTTP/1.1" 200 896 "-" "Mozilla/5.0 (compatible; AwarioBot/1.0; +https://awario.com/bots.html)"
65.21.113.199 - - [18/Jun/2025:08:09:58 +0200] "GET /entretiendujardin/pre-saint-gervais-93 HTTP/1.1" 200 43274 "-" "Mozilla/5.0 (compatible; AwarioBot/1.0; +https://awario.com/bots.html)"
65.21.113.199 - - [18/Jun/2025:08:10:02 +0200] "GET /entretiendujardin/raincy-93 HTTP/1.1" 200 42988 "-" "Mozilla/5.0 (compatible; AwarioBot/1.0; +https://awario.com/bots.html)"
65.21.113.199 - - [18/Jun/2025:08:10:08 +0200] "GET /entretiendujardin/romainville-93 HTTP/1.1" 200 43118 "-" "Mozilla/5.0 (compatible; AwarioBot/1.0; +https://awario.com/bots.html)"
65.21.113.199 - - [18/Jun/2025:08:10:10 +0200] "GET /entretiendujardin/rosny-sous-bois-93 HTTP/1.1" 200 43222 "-" "Mozilla/5.0 (compatible; AwarioBot/1.0; +https://awario.com/bots.html)"
65.21.113.199 - - [18/Jun/2025:08:10:13 +0200] "GET /entretiendujardin/saint-denis-93 HTTP/1.1" 200 43118 "-" "Mozilla/5.0 (compatible; AwarioBot/1.0; +https://awario.com/bots.html)"
65.21.113.199 - - [18/Jun/2025:08:10:17 +0200] "GET /entretiendujardin/saint-ouen-93 HTTP/1.1" 200 43092 "-" "Mozilla/5.0 (compatible; AwarioBot/1.0; +https://awario.com/bots.html)"
65.21.113.199 - - [18/Jun/2025:08:10:20 +0200] "GET /entretiendujardin/sevran-93 HTTP/1.1" 200 42988 "-" "Mozilla/5.0 (compatible; AwarioBot/1.0; +https://awario.com/bots.html)"
65.21.113.199 - - [18/Jun/2025:08:10:23 +0200] "GET /entretiendujardin/stains-93 HTTP/1.1" 200 42988 "-" "Mozilla/5.0 (compatible; AwarioBot/1.0; +https://awario.com/bots.html)"
65.21.113.199 - - [18/Jun/2025:08:10:25 +0200] "GET /entretiendujardin/tremblay-en-france-93 HTTP/1.1" 200 43300 "-" "Mozilla/5.0 (compatible; AwarioBot/1.0; +https://awario.com/bots.html)"
65.21.113.199 - - [18/Jun/2025:08:10:28 +0200] "GET /entretiendujardin/vaujours-93 HTTP/1.1" 200 43040 "-" "Mozilla/5.0 (compatible; AwarioBot/1.0; +https://awario.com/bots.html)"
65.21.113.199 - - [18/Jun/2025:08:10:31 +0200] "GET /entretiendujardin/villemomble-93 HTTP/1.1" 200 43118 "-" "Mozilla/5.0 (compatible; AwarioBot/1.0; +https://awario.com/bots.html)"
65.21.113.199 - - [18/Jun/2025:08:10:33 +0200] "GET /entretiendujardin/villepinte-93 HTTP/1.1" 200 43092 "-" "Mozilla/5.0 (compatible; AwarioBot/1.0; +https://awario.com/bots.html)"
65.21.113.199 - - [18/Jun/2025:08:10:36 +0200] "GET /entretiendujardin/villetaneuse-93 HTTP/1.1" 200 43144 "-" "Mozilla/5.0 (compatible; AwarioBot/1.0; +https://awario.com/bots.html)"
65.21.113.199 - - [18/Jun/2025:08:10:38 +0200] "GET /informations-legales HTTP/1.1" 200 28511 "-" "Mozilla/5.0 (compatible; AwarioBot/1.0; +https://awario.com/bots.html)"
65.21.113.199 - - [18/Jun/2025:08:10:40 +0200] "GET /plan-du-site HTTP/1.1" 200 31586 "-" "Mozilla/5.0 (compatible; AwarioBot/1.0; +https://awario.com/bots.html)"
65.21.113.199 - - [18/Jun/2025:08:10:44 +0200] "GET /prestations HTTP/1.1" 200 29384 "-" "Mozilla/5.0 (compatible; AwarioBot/1.0; +https://awario.com/bots.html)"
65.21.113.199 - - [18/Jun/2025:08:10:48 +0200] "GET /selection-web HTTP/1.1" 200 26972 "-" "Mozilla/5.0 (compatible; AwarioBot/1.0; +https://awario.com/bots.html)"
84.17.49.25 - - [18/Jun/2025:08:25:27 +0200] "GET /wp-login.php HTTP/1.1" 404 1499 "-" "Mozilla/5.0 (Windows NT 10.0; Win64; x64) AppleWebKit/537.36 (KHTML, like Gecko) Chrome/91.0.4472.124 Safari/537.36"
216.244.66.198 - - [18/Jun/2025:08:27:56 +0200] "GET /robots.txt HTTP/1.1" 200 896 "-" "Mozilla/5.0 (compatible; DotBot/1.2; +https://opensiteexplorer.org/dotbot; help@moz.com)"
34.74.248.16 - - [18/Jun/2025:08:33:06 +0200] "GET /?option=com_search&searchword=formation HTTP/1.0" 200 35929 "-" "ZoominfoBot (zoominfobot at zoominfo dot com)"
66.249.65.71 - - [18/Jun/2025:08:37:18 +0200] "GET /robots.txt HTTP/1.1" 200 896 "-" "Mozilla/5.0 (compatible; Googlebot/2.1; +http://www.google.com/bot.html)"
66.249.65.70 - - [18/Jun/2025:08:37:18 +0200] "GET /entretiendujardin/raincy-93 HTTP/1.1" 200 42988 "-" "Mozilla/5.0 (Linux; Android 6.0.1; Nexus 5X Build/MMB29P) AppleWebKit/537.36 (KHTML, like Gecko) Chrome/136.0.7103.113 Mobile Safari/537.36 (compatible; Googlebot/2.1; +http://www.google.com/bot.html)"
66.249.65.70 - - [18/Jun/2025:08:37:24 +0200] "GET /media/system/css/modal.css HTTP/1.1" 200 2823 "http://www.paysagiste93.com/entretiendujardin/raincy-93" "Mozilla/5.0 (Linux; Android 6.0.1; Nexus 5X Build/MMB29P) AppleWebKit/537.36 (KHTML, like Gecko) Chrome/137.0.7151.68 Mobile Safari/537.36 (compatible; Googlebot/2.1; +http://www.google.com/bot.html)"
66.249.65.70 - - [18/Jun/2025:08:37:25 +0200] "GET /templates/neutre/css/template.responsive.css HTTP/1.1" 200 8238 "http://www.paysagiste93.com/entretiendujardin/raincy-93" "Mozilla/5.0 (Linux; Android 6.0.1; Nexus 5X Build/MMB29P) AppleWebKit/537.36 (KHTML, like Gecko) Chrome/137.0.7151.68 Mobile Safari/537.36 (compatible; Googlebot/2.1; +http://www.google.com/bot.html)"
66.249.65.69 - - [18/Jun/2025:08:37:28 +0200] "GET /plugins/system/jcemediabox/themes/light/css/style.css?36c352a2b4ad8aa73f93eb9d76da8882 HTTP/1.1" 200 4357 "http://www.paysagiste93.com/entretiendujardin/raincy-93" "Mozilla/5.0 (Linux; Android 6.0.1; Nexus 5X Build/MMB29P) AppleWebKit/537.36 (KHTML, like Gecko) Chrome/137.0.7151.68 Mobile Safari/537.36 (compatible; Googlebot/2.1; +http://www.google.com/bot.html)"
66.249.65.69 - - [18/Jun/2025:08:37:31 +0200] "GET /qrcode/qrcode.js HTTP/1.1" 200 32907 "http://www.paysagiste93.com/entretiendujardin/raincy-93" "Mozilla/5.0 (Linux; Android 6.0.1; Nexus 5X Build/MMB29P) AppleWebKit/537.36 (KHTML, like Gecko) Chrome/137.0.7151.68 Mobile Safari/537.36 (compatible; Googlebot/2.1; +http://www.google.com/bot.html)"
66.249.65.69 - - [18/Jun/2025:08:37:34 +0200] "GET /templates/neutre/script.js HTTP/1.1" 200 44910 "http://www.paysagiste93.com/entretiendujardin/raincy-93" "Mozilla/5.0 (Linux; Android 6.0.1; Nexus 5X Build/MMB29P) AppleWebKit/537.36 (KHTML, like Gecko) Chrome/137.0.7151.68 Mobile Safari/537.36 (compatible; Googlebot/2.1; +http://www.google.com/bot.html)"
66.249.65.69 - - [18/Jun/2025:08:37:38 +0200] "GET /plugins/system/jcemediabox/themes/light/tooltip.html HTTP/1.1" 200 958 "http://www.paysagiste93.com/entretiendujardin/raincy-93" "Mozilla/5.0 (Linux; Android 6.0.1; Nexus 5X Build/MMB29P) AppleWebKit/537.36 (KHTML, like Gecko) Chrome/137.0.7151.68 Mobile Safari/537.36 (compatible; Googlebot/2.1; +http://www.google.com/bot.html)"
66.249.65.69 - - [18/Jun/2025:08:37:41 +0200] "GET /plugins/system/jcemediabox/themes/light/popup.html HTTP/1.1" 200 1093 "http://www.paysagiste93.com/entretiendujardin/raincy-93" "Mozilla/5.0 (Linux; Android 6.0.1; Nexus 5X Build/MMB29P) AppleWebKit/537.36 (KHTML, like Gecko) Chrome/137.0.7151.68 Mobile Safari/537.36 (compatible; Googlebot/2.1; +http://www.google.com/bot.html)"
216.244.66.198 - - [18/Jun/2025:08:38:04 +0200] "GET /entretiendujardin/livry-gargan-93/10-Paysagiste%20-93?format=feed&type=rss HTTP/1.1" 200 75419 "-" "Mozilla/5.0 (compatible; DotBot/1.2; +https://opensiteexplorer.org/dotbot; help@moz.com)"
85.208.96.198 - - [18/Jun/2025:08:43:22 +0200] "GET /robots.txt HTTP/1.1" 200 896 "-" "Mozilla/5.0 (compatible; SemrushBot/7~bl; +http://www.semrush.com/bot.html)"
85.208.96.194 - - [18/Jun/2025:08:43:23 +0200] "GET / HTTP/1.1" 200 43624 "-" "Mozilla/5.0 (compatible; SemrushBot/7~bl; +http://www.semrush.com/bot.html)"
43.159.149.216 - - [18/Jun/2025:08:56:26 +0200] "GET / HTTP/1.1" 301 236 "-" "Mozilla/5.0 (iPhone; CPU iPhone OS 13_2_3 like Mac OS X) AppleWebKit/605.1.15 (KHTML, like Gecko) Version/13.0.3 Mobile/15E148 Safari/604.1"
43.159.149.216 - - [18/Jun/2025:08:56:27 +0200] "GET / HTTP/1.1" 200 43624 "http://paysagiste93.com" "Mozilla/5.0 (iPhone; CPU iPhone OS 13_2_3 like Mac OS X) AppleWebKit/605.1.15 (KHTML, like Gecko) Version/13.0.3 Mobile/15E148 Safari/604.1"
34.74.248.16 - - [18/Jun/2025:09:02:01 +0200] "GET /?option=com_search&searchword=animalerie HTTP/1.0" 200 24791 "-" "ZoominfoBot (zoominfobot at zoominfo dot com)"
49.51.33.159 - - [18/Jun/2025:09:10:33 +0200] "GET /?option=com_search&searchword=dans HTTP/1.1" 200 36417 "-" "Mozilla/5.0 (iPhone; CPU iPhone OS 13_2_3 like Mac OS X) AppleWebKit/605.1.15 (KHTML, like Gecko) Version/13.0.3 Mobile/15E148 Safari/604.1"
34.74.248.16 - - [18/Jun/2025:09:12:38 +0200] "GET /?option=com_search&searchword=achat HTTP/1.0" 200 24559 "-" "ZoominfoBot (zoominfobot at zoominfo dot com)"
34.74.248.16 - - [18/Jun/2025:09:17:08 +0200] "GET /?option=com_search&searchword=divers HTTP/1.0" 200 24770 "-" "ZoominfoBot (zoominfobot at zoominfo dot com)"
170.106.192.208 - - [18/Jun/2025:09:21:41 +0200] "GET /?option=com_search&searchword=animalerie HTTP/1.1" 200 24791 "-" "Mozilla/5.0 (iPhone; CPU iPhone OS 13_2_3 like Mac OS X) AppleWebKit/605.1.15 (KHTML, like Gecko) Version/13.0.3 Mobile/15E148 Safari/604.1"
43.159.152.184 - - [18/Jun/2025:09:29:28 +0200] "GET /14-home HTTP/1.1" 301 236 "-" "Mozilla/5.0 (iPhone; CPU iPhone OS 13_2_3 like Mac OS X) AppleWebKit/605.1.15 (KHTML, like Gecko) Version/13.0.3 Mobile/15E148 Safari/604.1"
43.159.152.184 - - [18/Jun/2025:09:29:31 +0200] "GET / HTTP/1.1" 200 43624 "http://www.paysagiste93.com/14-home" "Mozilla/5.0 (iPhone; CPU iPhone OS 13_2_3 like Mac OS X) AppleWebKit/605.1.15 (KHTML, like Gecko) Version/13.0.3 Mobile/15E148 Safari/604.1"
85.208.96.199 - - [18/Jun/2025:09:32:27 +0200] "GET /entretiendujardin/tremblay-en-france-93/13-traitement/49-envoi-commentaire HTTP/1.1" 200 27709 "-" "Mozilla/5.0 (compatible; SemrushBot/7~bl; +http://www.semrush.com/bot.html)"
43.157.179.227 - - [18/Jun/2025:09:39:36 +0200] "GET /?option=com_search& HTTP/1.1" 200 23489 "-" "Mozilla/5.0 (iPhone; CPU iPhone OS 13_2_3 like Mac OS X) AppleWebKit/605.1.15 (KHTML, like Gecko) Version/13.0.3 Mobile/15E148 Safari/604.1"
43.156.156.96 - - [18/Jun/2025:09:49:37 +0200] "GET /?option=com_search&searchword=pelouse HTTP/1.1" 200 36530 "-" "Mozilla/5.0 (iPhone; CPU iPhone OS 13_2_3 like Mac OS X) AppleWebKit/605.1.15 (KHTML, like Gecko) Version/13.0.3 Mobile/15E148 Safari/604.1"
43.133.220.37 - - [18/Jun/2025:09:58:57 +0200] "GET /?option=com_search&searchword=guide HTTP/1.1" 200 24754 "-" "Mozilla/5.0 (iPhone; CPU iPhone OS 13_2_3 like Mac OS X) AppleWebKit/605.1.15 (KHTML, like Gecko) Version/13.0.3 Mobile/15E148 Safari/604.1"
34.74.248.16 - - [18/Jun/2025:10:02:08 +0200] "GET /?option=com_search&searchword=professionnelle HTTP/1.0" 200 24572 "-" "ZoominfoBot (zoominfobot at zoominfo dot com)"
91.216.107.46 - - [18/Jun/2025:10:02:47 +0200] "GET /.well-known/acme-challenge/2bec8f1a062d9b127efa5b3653b4e9ac.txt HTTP/1.1" 301 245 "-" "Lwspanel"
91.216.107.46 - - [18/Jun/2025:10:02:47 +0200] "GET /index.php HTTP/1.1" 200 43642 "-" "Lwspanel"
91.216.107.46 - - [18/Jun/2025:10:02:48 +0200] "GET /.well-known/acme-challenge/2bec8f1a062d9b127efa5b3653b4e9ac.txt HTTP/1.1" 200 30468 "-" "Lwspanel"
43.130.71.237 - - [18/Jun/2025:10:11:57 +0200] "GET /component/search/?searchword=dans&start=20 HTTP/1.1" 200 36507 "-" "Mozilla/5.0 (iPhone; CPU iPhone OS 13_2_3 like Mac OS X) AppleWebKit/605.1.15 (KHTML, like Gecko) Version/13.0.3 Mobile/15E148 Safari/604.1"
43.167.239.66 - - [18/Jun/2025:10:19:49 +0200] "GET /?option=com_search&searchword=animalerie HTTP/1.1" 200 24791 "-" "Mozilla/5.0 (iPhone; CPU iPhone OS 13_2_3 like Mac OS X) AppleWebKit/605.1.15 (KHTML, like Gecko) Version/13.0.3 Mobile/15E148 Safari/604.1"
185.191.171.1 - - [18/Jun/2025:10:24:14 +0200] "GET /robots.txt HTTP/1.1" 200 896 "-" "Mozilla/5.0 (compatible; SemrushBot/7~bl; +http://www.semrush.com/bot.html)"
85.208.96.209 - - [18/Jun/2025:10:24:14 +0200] "GET /entretiendujardin/blanc-mesnil-93/10-Paysagiste%20-93 HTTP/1.1" 200 114474 "-" "Mozilla/5.0 (compatible; SemrushBot/7~bl; +http://www.semrush.com/bot.html)"
43.163.206.70 - - [18/Jun/2025:10:29:31 +0200] "GET /?option=com_search&searchword=bondy HTTP/1.1" 200 24750 "-" "Mozilla/5.0 (iPhone; CPU iPhone OS 13_2_3 like Mac OS X) AppleWebKit/605.1.15 (KHTML, like Gecko) Version/13.0.3 Mobile/15E148 Safari/604.1"
34.60.121.94 - - [18/Jun/2025:10:31:41 +0200] "HEAD /wordpress HTTP/1.1" 301 - "-" "Mozilla/5.0 (Windows NT 10.0; Win64; x64) AppleWebKit/537.36 (KHTML, like Gecko) Chrome/74.0.3729.169 Safari/537.36"
34.60.121.94 - - [18/Jun/2025:10:31:42 +0200] "HEAD /index.php HTTP/1.1" 200 - "http://paysagiste93.com/wordpress" "Mozilla/5.0 (Windows NT 10.0; Win64; x64) AppleWebKit/537.36 (KHTML, like Gecko) Chrome/74.0.3729.169 Safari/537.36"
34.60.121.94 - - [18/Jun/2025:10:31:46 +0200] "HEAD / HTTP/1.1" 301 - "-" "Mozilla/5.0 (Windows NT 10.0; Win64; x64) AppleWebKit/537.36 (KHTML, like Gecko) Chrome/74.0.3729.169 Safari/537.36"
34.60.121.94 - - [18/Jun/2025:10:31:46 +0200] "HEAD / HTTP/1.1" 200 - "http://paysagiste93.com/" "Mozilla/5.0 (Windows NT 10.0; Win64; x64) AppleWebKit/537.36 (KHTML, like Gecko) Chrome/74.0.3729.169 Safari/537.36"
34.60.121.94 - - [18/Jun/2025:10:31:46 +0200] "HEAD /wp HTTP/1.1" 301 - "-" "Mozilla/5.0 (Windows NT 10.0; Win64; x64) AppleWebKit/537.36 (KHTML, like Gecko) Chrome/74.0.3729.169 Safari/537.36"
34.60.121.94 - - [18/Jun/2025:10:31:46 +0200] "HEAD /index.php HTTP/1.1" 200 - "http://paysagiste93.com/wp" "Mozilla/5.0 (Windows NT 10.0; Win64; x64) AppleWebKit/537.36 (KHTML, like Gecko) Chrome/74.0.3729.169 Safari/537.36"
34.60.121.94 - - [18/Jun/2025:10:31:47 +0200] "HEAD /bc HTTP/1.1" 301 - "-" "Mozilla/5.0 (Windows NT 10.0; Win64; x64) AppleWebKit/537.36 (KHTML, like Gecko) Chrome/74.0.3729.169 Safari/537.36"
34.60.121.94 - - [18/Jun/2025:10:31:47 +0200] "HEAD /index.php HTTP/1.1" 200 - "http://paysagiste93.com/bc" "Mozilla/5.0 (Windows NT 10.0; Win64; x64) AppleWebKit/537.36 (KHTML, like Gecko) Chrome/74.0.3729.169 Safari/537.36"
34.60.121.94 - - [18/Jun/2025:10:31:47 +0200] "HEAD /bk HTTP/1.1" 301 - "-" "Mozilla/5.0 (Windows NT 10.0; Win64; x64) AppleWebKit/537.36 (KHTML, like Gecko) Chrome/74.0.3729.169 Safari/537.36"
34.60.121.94 - - [18/Jun/2025:10:31:47 +0200] "HEAD /index.php HTTP/1.1" 200 - "http://paysagiste93.com/bk" "Mozilla/5.0 (Windows NT 10.0; Win64; x64) AppleWebKit/537.36 (KHTML, like Gecko) Chrome/74.0.3729.169 Safari/537.36"
34.60.121.94 - - [18/Jun/2025:10:31:48 +0200] "HEAD /backup HTTP/1.1" 301 - "-" "Mozilla/5.0 (Windows NT 10.0; Win64; x64) AppleWebKit/537.36 (KHTML, like Gecko) Chrome/74.0.3729.169 Safari/537.36"
34.60.121.94 - - [18/Jun/2025:10:31:48 +0200] "HEAD /index.php HTTP/1.1" 200 - "http://paysagiste93.com/backup" "Mozilla/5.0 (Windows NT 10.0; Win64; x64) AppleWebKit/537.36 (KHTML, like Gecko) Chrome/74.0.3729.169 Safari/537.36"
34.60.121.94 - - [18/Jun/2025:10:31:48 +0200] "HEAD /old HTTP/1.1" 301 - "-" "Mozilla/5.0 (Windows NT 10.0; Win64; x64) AppleWebKit/537.36 (KHTML, like Gecko) Chrome/74.0.3729.169 Safari/537.36"
34.60.121.94 - - [18/Jun/2025:10:31:49 +0200] "HEAD /index.php HTTP/1.1" 200 - "http://paysagiste93.com/old" "Mozilla/5.0 (Windows NT 10.0; Win64; x64) AppleWebKit/537.36 (KHTML, like Gecko) Chrome/74.0.3729.169 Safari/537.36"
34.60.121.94 - - [18/Jun/2025:10:31:49 +0200] "HEAD /new HTTP/1.1" 301 - "-" "Mozilla/5.0 (Windows NT 10.0; Win64; x64) AppleWebKit/537.36 (KHTML, like Gecko) Chrome/74.0.3729.169 Safari/537.36"
34.60.121.94 - - [18/Jun/2025:10:31:49 +0200] "HEAD /index.php HTTP/1.1" 200 - "http://paysagiste93.com/new" "Mozilla/5.0 (Windows NT 10.0; Win64; x64) AppleWebKit/537.36 (KHTML, like Gecko) Chrome/74.0.3729.169 Safari/537.36"
34.60.121.94 - - [18/Jun/2025:10:31:49 +0200] "HEAD /main HTTP/1.1" 301 - "-" "Mozilla/5.0 (Windows NT 10.0; Win64; x64) AppleWebKit/537.36 (KHTML, like Gecko) Chrome/74.0.3729.169 Safari/537.36"
34.60.121.94 - - [18/Jun/2025:10:31:50 +0200] "HEAD /index.php HTTP/1.1" 200 - "http://paysagiste93.com/main" "Mozilla/5.0 (Windows NT 10.0; Win64; x64) AppleWebKit/537.36 (KHTML, like Gecko) Chrome/74.0.3729.169 Safari/537.36"
34.60.121.94 - - [18/Jun/2025:10:31:50 +0200] "HEAD /home HTTP/1.1" 301 - "-" "Mozilla/5.0 (Windows NT 10.0; Win64; x64) AppleWebKit/537.36 (KHTML, like Gecko) Chrome/74.0.3729.169 Safari/537.36"
34.60.121.94 - - [18/Jun/2025:10:31:50 +0200] "HEAD /index.php HTTP/1.1" 200 - "http://paysagiste93.com/home" "Mozilla/5.0 (Windows NT 10.0; Win64; x64) AppleWebKit/537.36 (KHTML, like Gecko) Chrome/74.0.3729.169 Safari/537.36"
170.106.165.186 - - [18/Jun/2025:10:41:26 +0200] "GET /?option=com_search& HTTP/1.1" 200 23486 "-" "Mozilla/5.0 (iPhone; CPU iPhone OS 13_2_3 like Mac OS X) AppleWebKit/605.1.15 (KHTML, like Gecko) Version/13.0.3 Mobile/15E148 Safari/604.1"
43.130.34.74 - - [18/Jun/2025:10:52:06 +0200] "GET /?option=com_search&searchword=pelouse HTTP/1.1" 200 36530 "-" "Mozilla/5.0 (iPhone; CPU iPhone OS 13_2_3 like Mac OS X) AppleWebKit/605.1.15 (KHTML, like Gecko) Version/13.0.3 Mobile/15E148 Safari/604.1"
34.74.248.16 - - [18/Jun/2025:10:59:02 +0200] "GET /?option=com_search&searchword=ramoneur HTTP/1.0" 200 24485 "-" "ZoominfoBot (zoominfobot at zoominfo dot com)"
49.51.183.15 - - [18/Jun/2025:10:59:59 +0200] "GET /component/search/?searchword=guide&format=opensearch HTTP/1.1" 200 737 "-" "Mozilla/5.0 (iPhone; CPU iPhone OS 13_2_3 like Mac OS X) AppleWebKit/605.1.15 (KHTML, like Gecko) Version/13.0.3 Mobile/15E148 Safari/604.1"
66.249.65.70 - - [18/Jun/2025:11:02:11 +0200] "GET /?option=com_search&searchword=ramoneur HTTP/1.1" 200 24485 "-" "Mozilla/5.0 (Linux; Android 6.0.1; Nexus 5X Build/MMB29P) AppleWebKit/537.36 (KHTML, like Gecko) Chrome/136.0.7103.113 Mobile Safari/537.36 (compatible; Googlebot/2.1; +http://www.google.com/bot.html)"
66.249.65.70 - - [18/Jun/2025:11:02:52 +0200] "GET /media/mod_pwebcontact/css/toggler/lightblue.css HTTP/1.1" 200 3724 "http://www.paysagiste93.com/?option=com_search&searchword=ramoneur" "Mozilla/5.0 (Linux; Android 6.0.1; Nexus 5X Build/MMB29P) AppleWebKit/537.36 (KHTML, like Gecko) Chrome/137.0.7151.68 Mobile Safari/537.36 (compatible; Googlebot/2.1; +http://www.google.com/bot.html)"
66.249.65.71 - - [18/Jun/2025:11:02:55 +0200] "GET /media/jui/js/bootstrap.min.js HTTP/1.1" 200 29156 "http://www.paysagiste93.com/?option=com_search&searchword=ramoneur" "Mozilla/5.0 (Linux; Android 6.0.1; Nexus 5X Build/MMB29P) AppleWebKit/537.36 (KHTML, like Gecko) Chrome/137.0.7151.68 Mobile Safari/537.36 (compatible; Googlebot/2.1; +http://www.google.com/bot.html)"
85.208.96.199 - - [18/Jun/2025:11:07:17 +0200] "GET /entretiendujardin/noisy-le-sec-93/index.php?id=49&option=com_content&view=article HTTP/1.1" 200 27608 "-" "Mozilla/5.0 (compatible; SemrushBot/7~bl; +http://www.semrush.com/bot.html)"
94.131.50.180 - - [18/Jun/2025:11:09:55 +0200] "GET / HTTP/1.1" 200 43624 "-" "Mozilla/5.0 (Windows NT 10.0; Win64; x64) AppleWebKit/537.36 (KHTML, like Gecko) Chrome/114.0.0.0 Safari/537.36 OPR/89.0.4447.51"
94.131.50.180 - - [18/Jun/2025:11:10:00 +0200] "POST / HTTP/1.1" 200 43624 "http://www.paysagiste93.com/" "Mozilla/5.0 (Windows NT 10.0; Win64; x64) AppleWebKit/537.36 (KHTML, like Gecko) Chrome/114.0.0.0 Safari/537.36 OPR/89.0.4447.51"
170.106.192.208 - - [18/Jun/2025:11:10:56 +0200] "GET /component/search/ HTTP/1.1" 200 23501 "-" "Mozilla/5.0 (iPhone; CPU iPhone OS 13_2_3 like Mac OS X) AppleWebKit/605.1.15 (KHTML, like Gecko) Version/13.0.3 Mobile/15E148 Safari/604.1"
216.73.216.62 - - [18/Jun/2025:11:19:06 +0200] "GET /robots.txt HTTP/1.1" 200 896 "-" "Mozilla/5.0 AppleWebKit/537.36 (KHTML, like Gecko; compatible; ClaudeBot/1.0; +claudebot@anthropic.com)"
43.157.147.3 - - [18/Jun/2025:11:19:07 +0200] "GET /component/search/?searchword=animalerie&format=opensearch HTTP/1.1" 200 742 "-" "Mozilla/5.0 (iPhone; CPU iPhone OS 13_2_3 like Mac OS X) AppleWebKit/605.1.15 (KHTML, like Gecko) Version/13.0.3 Mobile/15E148 Safari/604.1"
216.73.216.62 - - [18/Jun/2025:11:19:06 +0200] "GET /entretiendujardin/drancy-93 HTTP/1.1" 200 42988 "-" "Mozilla/5.0 AppleWebKit/537.36 (KHTML, like Gecko; compatible; ClaudeBot/1.0; +claudebot@anthropic.com)"
66.220.149.8 - - [18/Jun/2025:11:22:50 +0200] "GET /robots.txt HTTP/1.1" 200 896 "-" "facebookexternalhit/1.1 (+http://www.facebook.com/externalhit_uatext.php)"
66.220.149.114 - - [18/Jun/2025:11:22:52 +0200] "GET /component/search/?searchword=contactez-nous&start=20 HTTP/1.1" 200 36119 "-" "facebookexternalhit/1.1 (+http://www.facebook.com/externalhit_uatext.php)"
89.187.162.108 - - [18/Jun/2025:11:23:07 +0200] "GET / HTTP/1.1" 200 43624 "-" "Mozilla/5.0 (Windows; U; Windows NT 6.1; en-US; rv:1.9.1.5) Gecko/20091102 Firefox/3.5.5 (.NET CLR 3.5.30729)"
185.191.171.13 - - [18/Jun/2025:11:24:30 +0200] "GET /robots.txt HTTP/1.1" 200 896 "-" "Mozilla/5.0 (compatible; SemrushBot/7~bl; +http://www.semrush.com/bot.html)"
185.191.171.16 - - [18/Jun/2025:11:24:30 +0200] "GET /entretiendujardin/pavillons-sous-bois-93 HTTP/1.1" 200 43326 "-" "Mozilla/5.0 (compatible; SemrushBot/7~bl; +http://www.semrush.com/bot.html)"
108.128.152.228 - - [18/Jun/2025:11:25:14 +0200] "GET /entretiendujardin/montfermeil-93 HTTP/1.1" 200 43118 "http://www.paysagiste93.com/index.php?option=com_xmap&view=xml&tmpl=component&id=1" "Mozilla/5.0 (Macintosh; Intel Mac OS X 10_15_5) AppleWebKit/537.36 (KHTML, like Gecko) Chrome/83.0.4103.61 Safari/537.36"
108.128.152.228 - - [18/Jun/2025:11:25:22 +0200] "GET /entretiendujardin/romainville-93 HTTP/1.1" 200 43118 "http://www.paysagiste93.com/index.php?option=com_xmap&view=xml&tmpl=component&id=1" "Mozilla/5.0 (Macintosh; Intel Mac OS X 10_15_5) AppleWebKit/537.36 (KHTML, like Gecko) Chrome/83.0.4103.61 Safari/537.36"
108.128.152.228 - - [18/Jun/2025:11:25:31 +0200] "GET /entretiendujardin/villemomble-93 HTTP/1.1" 200 43118 "http://www.paysagiste93.com/index.php?option=com_xmap&view=xml&tmpl=component&id=1" "Mozilla/5.0 (Macintosh; Intel Mac OS X 10_15_5) AppleWebKit/537.36 (KHTML, like Gecko) Chrome/83.0.4103.61 Safari/537.36"
108.128.152.228 - - [18/Jun/2025:11:25:58 +0200] "GET /entretiendujardin/pierrefitte-sur-seine-93 HTTP/1.1" 200 43378 "http://www.paysagiste93.com/index.php?option=com_xmap&view=xml&tmpl=component&id=1" "Mozilla/5.0 (Macintosh; Intel Mac OS X 10_15_5) AppleWebKit/537.36 (KHTML, like Gecko) Chrome/83.0.4103.61 Safari/537.36"
108.128.152.228 - - [18/Jun/2025:11:26:14 +0200] "GET /entretiendujardin/clichy-sous-bois-93 HTTP/1.1" 200 43248 "http://www.paysagiste93.com/index.php?option=com_xmap&view=xml&tmpl=component&id=1" "Mozilla/5.0 (Macintosh; Intel Mac OS X 10_15_5) AppleWebKit/537.36 (KHTML, like Gecko) Chrome/83.0.4103.61 Safari/537.36"
108.128.152.228 - - [18/Jun/2025:11:26:24 +0200] "GET /entretiendujardin/neuilly-sur-marne-93 HTTP/1.1" 200 43274 "http://www.paysagiste93.com/index.php?option=com_xmap&view=xml&tmpl=component&id=1" "Mozilla/5.0 (Macintosh; Intel Mac OS X 10_15_5) AppleWebKit/537.36 (KHTML, like Gecko) Chrome/83.0.4103.61 Safari/537.36"
108.128.152.228 - - [18/Jun/2025:11:26:32 +0200] "GET /entretiendujardin/bagnolet-93 HTTP/1.1" 200 43040 "http://www.paysagiste93.com/index.php?option=com_xmap&view=xml&tmpl=component&id=1" "Mozilla/5.0 (Macintosh; Intel Mac OS X 10_15_5) AppleWebKit/537.36 (KHTML, like Gecko) Chrome/83.0.4103.61 Safari/537.36"
216.244.66.198 - - [18/Jun/2025:11:26:48 +0200] "GET /robots.txt HTTP/1.1" 200 896 "-" "Mozilla/5.0 (compatible; DotBot/1.2; +https://opensiteexplorer.org/dotbot; help@moz.com)"
216.73.216.62 - - [18/Jun/2025:11:27:09 +0200] "GET /entretiendujardin/courneuve-93 HTTP/1.1" 200 43066 "-" "Mozilla/5.0 AppleWebKit/537.36 (KHTML, like Gecko; compatible; ClaudeBot/1.0; +claudebot@anthropic.com)"
216.73.216.62 - - [18/Jun/2025:11:29:39 +0200] "GET /entretiendujardin/blanc-mesnil-93 HTTP/1.1" 200 43144 "-" "Mozilla/5.0 AppleWebKit/537.36 (KHTML, like Gecko; compatible; ClaudeBot/1.0; +claudebot@anthropic.com)"
216.73.216.62 - - [18/Jun/2025:11:29:39 +0200] "GET /entretiendujardin/pavillons-sous-bois-93 HTTP/1.1" 200 43326 "-" "Mozilla/5.0 AppleWebKit/537.36 (KHTML, like Gecko; compatible; ClaudeBot/1.0; +claudebot@anthropic.com)"
43.153.96.233 - - [18/Jun/2025:11:31:56 +0200] "GET /component/search/?searchword=bondy&format=opensearch HTTP/1.1" 200 737 "-" "Mozilla/5.0 (iPhone; CPU iPhone OS 13_2_3 like Mac OS X) AppleWebKit/605.1.15 (KHTML, like Gecko) Version/13.0.3 Mobile/15E148 Safari/604.1"
173.252.87.116 - - [18/Jun/2025:11:32:38 +0200] "GET /component/search/?searchword=contactez-nous&format=opensearch HTTP/1.1" 200 746 "-" "facebookexternalhit/1.1 (+http://www.facebook.com/externalhit_uatext.php)"
216.73.216.62 - - [18/Jun/2025:11:32:46 +0200] "GET /blog/72-fleurs-de-cbd-en-france HTTP/1.1" 200 31192 "-" "Mozilla/5.0 AppleWebKit/537.36 (KHTML, like Gecko; compatible; ClaudeBot/1.0; +claudebot@anthropic.com)"
31.13.115.112 - - [18/Jun/2025:11:32:54 +0200] "GET /component/search/?searchword=contactez-nous&start=40 HTTP/1.1" 200 25805 "-" "facebookexternalhit/1.1 (+http://www.facebook.com/externalhit_uatext.php)"
216.73.216.62 - - [18/Jun/2025:11:33:30 +0200] "GET /entretiendujardin/vaujours-93 HTTP/1.1" 200 43040 "-" "Mozilla/5.0 AppleWebKit/537.36 (KHTML, like Gecko; compatible; ClaudeBot/1.0; +claudebot@anthropic.com)"
216.244.66.198 - - [18/Jun/2025:11:36:22 +0200] "GET /component/mailto/?tmpl=component&template=neutre&link=ec7f78e9aaa0de5eea50286f359d255d36049ab9 HTTP/1.1" 200 4269 "-" "Mozilla/5.0 (compatible; DotBot/1.2; +https://opensiteexplorer.org/dotbot; help@moz.com)"
43.157.148.38 - - [18/Jun/2025:11:38:54 +0200] "GET /component/search/?searchword=pelouse&start=20 HTTP/1.1" 200 36580 "-" "Mozilla/5.0 (iPhone; CPU iPhone OS 13_2_3 like Mac OS X) AppleWebKit/605.1.15 (KHTML, like Gecko) Version/13.0.3 Mobile/15E148 Safari/604.1"
216.73.216.62 - - [18/Jun/2025:11:43:36 +0200] "GET /entretiendujardin/ile-saint-denis-93 HTTP/1.1" 200 43242 "-" "Mozilla/5.0 AppleWebKit/537.36 (KHTML, like Gecko; compatible; ClaudeBot/1.0; +claudebot@anthropic.com)"
216.73.216.62 - - [18/Jun/2025:11:43:36 +0200] "GET /entretiendujardin/villemomble-93 HTTP/1.1" 200 43118 "-" "Mozilla/5.0 AppleWebKit/537.36 (KHTML, like Gecko; compatible; ClaudeBot/1.0; +claudebot@anthropic.com)"
216.73.216.62 - - [18/Jun/2025:11:44:23 +0200] "GET /entretiendujardin/stains-93 HTTP/1.1" 200 42988 "-" "Mozilla/5.0 AppleWebKit/537.36 (KHTML, like Gecko; compatible; ClaudeBot/1.0; +claudebot@anthropic.com)"
43.135.133.194 - - [18/Jun/2025:11:46:23 +0200] "GET / HTTP/1.1" 200 43624 "-" "Mozilla/5.0 (iPhone; CPU iPhone OS 13_2_3 like Mac OS X) AppleWebKit/605.1.15 (KHTML, like Gecko) Version/13.0.3 Mobile/15E148 Safari/604.1"
216.73.216.62 - - [18/Jun/2025:11:47:45 +0200] "GET /entretiendujardin/villetaneuse-93 HTTP/1.1" 200 43144 "-" "Mozilla/5.0 AppleWebKit/537.36 (KHTML, like Gecko; compatible; ClaudeBot/1.0; +claudebot@anthropic.com)"
170.106.35.187 - - [18/Jun/2025:11:50:06 +0200] "GET /component/search/?searchword=pelouse&start=40 HTTP/1.1" 200 25864 "-" "Mozilla/5.0 (iPhone; CPU iPhone OS 13_2_3 like Mac OS X) AppleWebKit/605.1.15 (KHTML, like Gecko) Version/13.0.3 Mobile/15E148 Safari/604.1"
216.73.216.62 - - [18/Jun/2025:11:53:19 +0200] "GET /blog HTTP/1.1" 200 40522 "-" "Mozilla/5.0 AppleWebKit/537.36 (KHTML, like Gecko; compatible; ClaudeBot/1.0; +claudebot@anthropic.com)"
216.73.216.62 - - [18/Jun/2025:11:55:55 +0200] "GET /entretiendujardin/pierrefitte-sur-seine-93 HTTP/1.1" 200 43378 "-" "Mozilla/5.0 AppleWebKit/537.36 (KHTML, like Gecko; compatible; ClaudeBot/1.0; +claudebot@anthropic.com)"
216.73.216.62 - - [18/Jun/2025:11:57:37 +0200] "GET /entretiendujardin/bagnolet-93 HTTP/1.1" 200 43040 "-" "Mozilla/5.0 AppleWebKit/537.36 (KHTML, like Gecko; compatible; ClaudeBot/1.0; +claudebot@anthropic.com)"
216.73.216.62 - - [18/Jun/2025:12:00:00 +0200] "GET /entretiendujardin/noisy-le-grand-93 HTTP/1.1" 200 43196 "-" "Mozilla/5.0 AppleWebKit/537.36 (KHTML, like Gecko; compatible; ClaudeBot/1.0; +claudebot@anthropic.com)"
43.130.39.254 - - [18/Jun/2025:12:00:28 +0200] "GET /?option=com_search&searchword=jardin HTTP/1.1" 200 36779 "-" "Mozilla/5.0 (iPhone; CPU iPhone OS 13_2_3 like Mac OS X) AppleWebKit/605.1.15 (KHTML, like Gecko) Version/13.0.3 Mobile/15E148 Safari/604.1"
216.73.216.62 - - [18/Jun/2025:12:05:20 +0200] "GET /entretiendujardin/pantin-93 HTTP/1.1" 200 42984 "-" "Mozilla/5.0 AppleWebKit/537.36 (KHTML, like Gecko; compatible; ClaudeBot/1.0; +claudebot@anthropic.com)"
216.73.216.62 - - [18/Jun/2025:12:08:00 +0200] "GET /entretiendujardin/montfermeil-93 HTTP/1.1" 200 43118 "-" "Mozilla/5.0 AppleWebKit/537.36 (KHTML, like Gecko; compatible; ClaudeBot/1.0; +claudebot@anthropic.com)"
34.74.248.16 - - [18/Jun/2025:12:08:15 +0200] "GET /component/search/?format=opensearch HTTP/1.0" 200 716 "-" "ZoominfoBot (zoominfobot at zoominfo dot com)"
162.62.213.187 - - [18/Jun/2025:12:13:13 +0200] "GET /component/search/?searchword=jardin&start=40 HTTP/1.1" 200 27036 "-" "Mozilla/5.0 (iPhone; CPU iPhone OS 13_2_3 like Mac OS X) AppleWebKit/605.1.15 (KHTML, like Gecko) Version/13.0.3 Mobile/15E148 Safari/604.1"
216.73.216.62 - - [18/Jun/2025:12:13:19 +0200] "GET /entretiendujardin/pre-saint-gervais-93 HTTP/1.1" 200 43274 "-" "Mozilla/5.0 AppleWebKit/537.36 (KHTML, like Gecko; compatible; ClaudeBot/1.0; +claudebot@anthropic.com)"
216.73.216.62 - - [18/Jun/2025:12:19:57 +0200] "GET /robots.txt HTTP/1.1" 200 896 "-" "Mozilla/5.0 AppleWebKit/537.36 (KHTML, like Gecko; compatible; ClaudeBot/1.0; +claudebot@anthropic.com)"
216.73.216.62 - - [18/Jun/2025:12:19:57 +0200] "GET /entretiendujardin/neuilly-plaisance-93 HTTP/1.1" 200 43274 "-" "Mozilla/5.0 AppleWebKit/537.36 (KHTML, like Gecko; compatible; ClaudeBot/1.0; +claudebot@anthropic.com)"
216.73.216.62 - - [18/Jun/2025:12:21:36 +0200] "GET /entretiendujardin/gournay-sur-marne-93 HTTP/1.1" 200 43270 "-" "Mozilla/5.0 AppleWebKit/537.36 (KHTML, like Gecko; compatible; ClaudeBot/1.0; +claudebot@anthropic.com)"
34.138.47.213 - - [18/Jun/2025:12:22:37 +0200] "GET /robots.txt HTTP/1.0" 200 896 "-" "ZoominfoBot (zoominfobot at zoominfo dot com)"
34.138.47.213 - - [18/Jun/2025:12:22:37 +0200] "GET /?option=com_search&searchword=b%C3%A2timent HTTP/1.0" 200 24511 "-" "ZoominfoBot (zoominfobot at zoominfo dot com)"
43.130.3.122 - - [18/Jun/2025:12:24:51 +0200] "GET /component/search/?searchword=jardin&start=20 HTTP/1.1" 200 36994 "-" "Mozilla/5.0 (iPhone; CPU iPhone OS 13_2_3 like Mac OS X) AppleWebKit/605.1.15 (KHTML, like Gecko) Version/13.0.3 Mobile/15E148 Safari/604.1"
216.73.216.62 - - [18/Jun/2025:12:25:49 +0200] "GET /entretiendujardin/livry-gargan-93 HTTP/1.1" 200 43144 "-" "Mozilla/5.0 AppleWebKit/537.36 (KHTML, like Gecko; compatible; ClaudeBot/1.0; +claudebot@anthropic.com)"
216.73.216.62 - - [18/Jun/2025:12:26:45 +0200] "GET /entretiendujardin/bondy-93 HTTP/1.1" 200 42962 "-" "Mozilla/5.0 AppleWebKit/537.36 (KHTML, like Gecko; compatible; ClaudeBot/1.0; +claudebot@anthropic.com)"
216.73.216.62 - - [18/Jun/2025:12:30:10 +0200] "GET /entretiendujardin/aubervilliers-93 HTTP/1.1" 200 43170 "-" "Mozilla/5.0 AppleWebKit/537.36 (KHTML, like Gecko; compatible; ClaudeBot/1.0; +claudebot@anthropic.com)"
216.73.216.62 - - [18/Jun/2025:12:30:10 +0200] "GET /entretiendujardin/romainville-93 HTTP/1.1" 200 43118 "-" "Mozilla/5.0 AppleWebKit/537.36 (KHTML, like Gecko; compatible; ClaudeBot/1.0; +claudebot@anthropic.com)"
51.68.107.144 - - [18/Jun/2025:12:30:46 +0200] "GET /robots.txt HTTP/1.1" 200 896 "-" "Mozilla/5.0 (compatible; MJ12bot/v2.0.2; http://mj12bot.com/)"
51.68.107.144 - - [18/Jun/2025:12:30:47 +0200] "GET / HTTP/1.1" 200 43624 "-" "Mozilla/5.0 (compatible; MJ12bot/v2.0.2; http://mj12bot.com/)"
43.159.139.164 - - [18/Jun/2025:12:34:22 +0200] "GET /?option=com_search&searchword=jardin HTTP/1.1" 200 36779 "-" "Mozilla/5.0 (iPhone; CPU iPhone OS 13_2_3 like Mac OS X) AppleWebKit/605.1.15 (KHTML, like Gecko) Version/13.0.3 Mobile/15E148 Safari/604.1"
216.73.216.62 - - [18/Jun/2025:12:35:24 +0200] "GET /entretiendujardin/montreuil-93 HTTP/1.1" 200 43066 "-" "Mozilla/5.0 AppleWebKit/537.36 (KHTML, like Gecko; compatible; ClaudeBot/1.0; +claudebot@anthropic.com)"
143.244.57.120 - - [18/Jun/2025:12:36:12 +0200] "GET / HTTP/1.1" 301 236 "-" "Mozilla/5.0 (Windows NT 10.0; Win64; x64) AppleWebKit/537.36 (KHTML, like Gecko) Chrome/78.0.3904.108 Safari/537.36"
143.244.57.120 - - [18/Jun/2025:12:36:12 +0200] "GET / HTTP/1.1" 200 43624 "-" "Mozilla/5.0 (Windows NT 10.0; Win64; x64) AppleWebKit/537.36 (KHTML, like Gecko) Chrome/78.0.3904.108 Safari/537.36"
143.244.57.120 - - [18/Jun/2025:12:36:13 +0200] "GET //wp-includes/wlwmanifest.xml HTTP/1.1" 404 1499 "-" "Mozilla/5.0 (Windows NT 10.0; Win64; x64) AppleWebKit/537.36 (KHTML, like Gecko) Chrome/78.0.3904.108 Safari/537.36"
143.244.57.120 - - [18/Jun/2025:12:36:13 +0200] "GET //xmlrpc.php?rsd HTTP/1.1" 404 1490 "-" "Mozilla/5.0 (Windows NT 10.0; Win64; x64) AppleWebKit/537.36 (KHTML, like Gecko) Chrome/78.0.3904.108 Safari/537.36"
143.244.57.120 - - [18/Jun/2025:12:36:13 +0200] "GET / HTTP/1.1" 200 43624 "-" "Mozilla/5.0 (Windows NT 10.0; Win64; x64) AppleWebKit/537.36 (KHTML, like Gecko) Chrome/78.0.3904.108 Safari/537.36"
143.244.57.120 - - [18/Jun/2025:12:36:13 +0200] "GET //blog/wp-includes/wlwmanifest.xml HTTP/1.1" 404 1499 "-" "Mozilla/5.0 (Windows NT 10.0; Win64; x64) AppleWebKit/537.36 (KHTML, like Gecko) Chrome/78.0.3904.108 Safari/537.36"
143.244.57.120 - - [18/Jun/2025:12:36:14 +0200] "GET //web/wp-includes/wlwmanifest.xml HTTP/1.1" 404 1499 "-" "Mozilla/5.0 (Windows NT 10.0; Win64; x64) AppleWebKit/537.36 (KHTML, like Gecko) Chrome/78.0.3904.108 Safari/537.36"
143.244.57.120 - - [18/Jun/2025:12:36:14 +0200] "GET //wordpress/wp-includes/wlwmanifest.xml HTTP/1.1" 404 1499 "-" "Mozilla/5.0 (Windows NT 10.0; Win64; x64) AppleWebKit/537.36 (KHTML, like Gecko) Chrome/78.0.3904.108 Safari/537.36"
143.244.57.120 - - [18/Jun/2025:12:36:14 +0200] "GET //website/wp-includes/wlwmanifest.xml HTTP/1.1" 404 1499 "-" "Mozilla/5.0 (Windows NT 10.0; Win64; x64) AppleWebKit/537.36 (KHTML, like Gecko) Chrome/78.0.3904.108 Safari/537.36"
143.244.57.120 - - [18/Jun/2025:12:36:14 +0200] "GET //wp/wp-includes/wlwmanifest.xml HTTP/1.1" 404 1499 "-" "Mozilla/5.0 (Windows NT 10.0; Win64; x64) AppleWebKit/537.36 (KHTML, like Gecko) Chrome/78.0.3904.108 Safari/537.36"
143.244.57.120 - - [18/Jun/2025:12:36:14 +0200] "GET //news/wp-includes/wlwmanifest.xml HTTP/1.1" 404 1499 "-" "Mozilla/5.0 (Windows NT 10.0; Win64; x64) AppleWebKit/537.36 (KHTML, like Gecko) Chrome/78.0.3904.108 Safari/537.36"
143.244.57.120 - - [18/Jun/2025:12:36:15 +0200] "GET //2018/wp-includes/wlwmanifest.xml HTTP/1.1" 404 1499 "-" "Mozilla/5.0 (Windows NT 10.0; Win64; x64) AppleWebKit/537.36 (KHTML, like Gecko) Chrome/78.0.3904.108 Safari/537.36"
143.244.57.120 - - [18/Jun/2025:12:36:15 +0200] "GET //2019/wp-includes/wlwmanifest.xml HTTP/1.1" 404 1499 "-" "Mozilla/5.0 (Windows NT 10.0; Win64; x64) AppleWebKit/537.36 (KHTML, like Gecko) Chrome/78.0.3904.108 Safari/537.36"
143.244.57.120 - - [18/Jun/2025:12:36:15 +0200] "GET //shop/wp-includes/wlwmanifest.xml HTTP/1.1" 404 1499 "-" "Mozilla/5.0 (Windows NT 10.0; Win64; x64) AppleWebKit/537.36 (KHTML, like Gecko) Chrome/78.0.3904.108 Safari/537.36"
143.244.57.120 - - [18/Jun/2025:12:36:15 +0200] "GET //wp1/wp-includes/wlwmanifest.xml HTTP/1.1" 404 1499 "-" "Mozilla/5.0 (Windows NT 10.0; Win64; x64) AppleWebKit/537.36 (KHTML, like Gecko) Chrome/78.0.3904.108 Safari/537.36"
143.244.57.120 - - [18/Jun/2025:12:36:15 +0200] "GET //test/wp-includes/wlwmanifest.xml HTTP/1.1" 404 1499 "-" "Mozilla/5.0 (Windows NT 10.0; Win64; x64) AppleWebKit/537.36 (KHTML, like Gecko) Chrome/78.0.3904.108 Safari/537.36"
143.244.57.120 - - [18/Jun/2025:12:36:16 +0200] "GET //media/wp-includes/wlwmanifest.xml HTTP/1.1" 404 1499 "-" "Mozilla/5.0 (Windows NT 10.0; Win64; x64) AppleWebKit/537.36 (KHTML, like Gecko) Chrome/78.0.3904.108 Safari/537.36"
143.244.57.120 - - [18/Jun/2025:12:36:16 +0200] "GET //wp2/wp-includes/wlwmanifest.xml HTTP/1.1" 404 1499 "-" "Mozilla/5.0 (Windows NT 10.0; Win64; x64) AppleWebKit/537.36 (KHTML, like Gecko) Chrome/78.0.3904.108 Safari/537.36"
143.244.57.120 - - [18/Jun/2025:12:36:16 +0200] "GET //site/wp-includes/wlwmanifest.xml HTTP/1.1" 404 1499 "-" "Mozilla/5.0 (Windows NT 10.0; Win64; x64) AppleWebKit/537.36 (KHTML, like Gecko) Chrome/78.0.3904.108 Safari/537.36"
143.244.57.120 - - [18/Jun/2025:12:36:16 +0200] "GET //cms/wp-includes/wlwmanifest.xml HTTP/1.1" 404 1499 "-" "Mozilla/5.0 (Windows NT 10.0; Win64; x64) AppleWebKit/537.36 (KHTML, like Gecko) Chrome/78.0.3904.108 Safari/537.36"
143.244.57.120 - - [18/Jun/2025:12:36:16 +0200] "GET //sito/wp-includes/wlwmanifest.xml HTTP/1.1" 404 1499 "-" "Mozilla/5.0 (Windows NT 10.0; Win64; x64) AppleWebKit/537.36 (KHTML, like Gecko) Chrome/78.0.3904.108 Safari/537.36"
216.73.216.62 - - [18/Jun/2025:12:36:25 +0200] "GET /entretiendujardin/rosny-sous-bois-93 HTTP/1.1" 200 43222 "-" "Mozilla/5.0 AppleWebKit/537.36 (KHTML, like Gecko; compatible; ClaudeBot/1.0; +claudebot@anthropic.com)"
178.128.18.34 - - [18/Jun/2025:12:40:20 +0200] "GET / HTTP/1.1" 301 236 "-" "Mozilla/5.0 (Macintosh; Intel Mac OS X 10_15_7) AppleWebKit/605.1.15 (KHTML, like Gecko) Version/14.1.1 Safari/605.1.15"
178.128.18.34 - - [18/Jun/2025:12:40:22 +0200] "GET /word%70ress/ HTTP/1.1" 301 245 "-" "Mozilla/5.0 (Macintosh; Intel Mac OS X 10_15_7) AppleWebKit/605.1.15 (KHTML, like Gecko) Version/14.1.1 Safari/605.1.15"
178.128.18.34 - - [18/Jun/2025:12:40:23 +0200] "GET /index.php HTTP/1.1" 200 43642 "http://paysagiste93.com/word%70ress/" "Mozilla/5.0 (Macintosh; Intel Mac OS X 10_15_7) AppleWebKit/605.1.15 (KHTML, like Gecko) Version/14.1.1 Safari/605.1.15"
178.128.18.34 - - [18/Jun/2025:12:40:22 +0200] "GET / HTTP/1.1" 200 43624 "http://paysagiste93.com/" "Mozilla/5.0 (Macintosh; Intel Mac OS X 10_15_7) AppleWebKit/605.1.15 (KHTML, like Gecko) Version/14.1.1 Safari/605.1.15"
216.73.216.62 - - [18/Jun/2025:12:40:39 +0200] "GET /component/ninjarsssyndicator/?feed_id=1&format=raw HTTP/1.1" 200 6993 "-" "Mozilla/5.0 AppleWebKit/537.36 (KHTML, like Gecko; compatible; ClaudeBot/1.0; +claudebot@anthropic.com)"
216.73.216.62 - - [18/Jun/2025:12:40:39 +0200] "GET /plan-du-site HTTP/1.1" 200 31586 "-" "Mozilla/5.0 AppleWebKit/537.36 (KHTML, like Gecko; compatible; ClaudeBot/1.0; +claudebot@anthropic.com)"
114.119.149.43 - - [18/Jun/2025:12:40:56 +0200] "GET /?option=com_search&%3Bsearchword=d'agr%C3%A9ment HTTP/1.1" 200 24577 "http://www.paysagiste93.com/entretiendujardin/noisy-le-grand-93" "Mozilla/5.0 (Linux; Android 7.0;) AppleWebKit/537.36 (KHTML, like Gecko) Mobile Safari/537.36 (compatible; PetalBot;+https://webmaster.petalsearch.com/site/petalbot)"
185.191.171.15 - - [18/Jun/2025:12:42:30 +0200] "GET /robots.txt HTTP/1.1" 200 896 "-" "Mozilla/5.0 (compatible; SemrushBot/7~bl; +http://www.semrush.com/bot.html)"
85.208.96.203 - - [18/Jun/2025:12:42:30 +0200] "GET /entretiendujardin/pierrefitte-sur-seine-93/10-Paysagiste%20-93 HTTP/1.1" 200 114609 "-" "Mozilla/5.0 (compatible; SemrushBot/7~bl; +http://www.semrush.com/bot.html)"
216.73.216.62 - - [18/Jun/2025:12:42:49 +0200] "GET /prestations HTTP/1.1" 200 29384 "-" "Mozilla/5.0 AppleWebKit/537.36 (KHTML, like Gecko; compatible; ClaudeBot/1.0; +claudebot@anthropic.com)"
216.73.216.62 - - [18/Jun/2025:12:42:48 +0200] "GET /entretiendujardin/saint-ouen-93 HTTP/1.1" 200 43092 "-" "Mozilla/5.0 AppleWebKit/537.36 (KHTML, like Gecko; compatible; ClaudeBot/1.0; +claudebot@anthropic.com)"
216.73.216.62 - - [18/Jun/2025:12:42:49 +0200] "GET /entretiendujardin/tremblay-en-france-93 HTTP/1.1" 200 43300 "-" "Mozilla/5.0 AppleWebKit/537.36 (KHTML, like Gecko; compatible; ClaudeBot/1.0; +claudebot@anthropic.com)"
43.157.153.236 - - [18/Jun/2025:12:43:05 +0200] "GET /component/search/?searchword=jardin&format=opensearch HTTP/1.1" 200 738 "-" "Mozilla/5.0 (iPhone; CPU iPhone OS 13_2_3 like Mac OS X) AppleWebKit/605.1.15 (KHTML, like Gecko) Version/13.0.3 Mobile/15E148 Safari/604.1"
216.73.216.62 - - [18/Jun/2025:12:45:42 +0200] "GET /entretiendujardin/noisy-le-sec-93 HTTP/1.1" 200 43144 "-" "Mozilla/5.0 AppleWebKit/537.36 (KHTML, like Gecko; compatible; ClaudeBot/1.0; +claudebot@anthropic.com)"
34.138.47.213 - - [18/Jun/2025:12:46:28 +0200] "GET /?option=com_search&searchword=%C3%A9pinay-sur-seine HTTP/1.0" 200 24808 "-" "ZoominfoBot (zoominfobot at zoominfo dot com)"
216.73.216.62 - - [18/Jun/2025:12:51:32 +0200] "GET /entretiendujardin/neuilly-sur-marne-93 HTTP/1.1" 200 43274 "-" "Mozilla/5.0 AppleWebKit/537.36 (KHTML, like Gecko; compatible; ClaudeBot/1.0; +claudebot@anthropic.com)"
34.138.47.213 - - [18/Jun/2025:12:51:30 +0200] "GET /?option=com_search&searchword=pour HTTP/1.0" 200 36307 "-" "ZoominfoBot (zoominfobot at zoominfo dot com)"
34.138.47.213 - - [18/Jun/2025:12:52:48 +0200] "GET /?option=com_search&searchword=d'animaux HTTP/1.0" 200 24571 "-" "ZoominfoBot (zoominfobot at zoominfo dot com)"
43.130.91.95 - - [18/Jun/2025:12:54:20 +0200] "GET /component/search/?searchword=jardin&limitstart=0 HTTP/1.1" 200 36825 "-" "Mozilla/5.0 (iPhone; CPU iPhone OS 13_2_3 like Mac OS X) AppleWebKit/605.1.15 (KHTML, like Gecko) Version/13.0.3 Mobile/15E148 Safari/604.1"
34.138.47.213 - - [18/Jun/2025:12:58:50 +0200] "GET /?option=com_search&searchword=saint-ouen HTTP/1.0" 200 24774 "-" "ZoominfoBot (zoominfobot at zoominfo dot com)"
216.73.216.62 - - [18/Jun/2025:12:59:43 +0200] "GET /entretiendujardin/raincy-93 HTTP/1.1" 200 42988 "-" "Mozilla/5.0 AppleWebKit/537.36 (KHTML, like Gecko; compatible; ClaudeBot/1.0; +claudebot@anthropic.com)"
216.73.216.62 - - [18/Jun/2025:13:00:36 +0200] "GET /?option=com_search&searchword=pour HTTP/1.1" 200 36307 "-" "Mozilla/5.0 AppleWebKit/537.36 (KHTML, like Gecko; compatible; ClaudeBot/1.0; +claudebot@anthropic.com)"
216.73.216.62 - - [18/Jun/2025:13:02:18 +0200] "GET /entretiendujardin/gagny-93 HTTP/1.1" 200 42962 "-" "Mozilla/5.0 AppleWebKit/537.36 (KHTML, like Gecko; compatible; ClaudeBot/1.0; +claudebot@anthropic.com)"
216.73.216.62 - - [18/Jun/2025:13:03:43 +0200] "GET /contactez-nous HTTP/1.1" 200 28375 "-" "Mozilla/5.0 AppleWebKit/537.36 (KHTML, like Gecko; compatible; ClaudeBot/1.0; +claudebot@anthropic.com)"
216.73.216.62 - - [18/Jun/2025:13:07:31 +0200] "GET /informations-legales HTTP/1.1" 200 28511 "-" "Mozilla/5.0 AppleWebKit/537.36 (KHTML, like Gecko; compatible; ClaudeBot/1.0; +claudebot@anthropic.com)"
35.229.92.238 - - [18/Jun/2025:13:09:28 +0200] "GET /robots.txt HTTP/1.0" 200 896 "-" "ZoominfoBot (zoominfobot at zoominfo dot com)"
35.229.92.238 - - [18/Jun/2025:13:09:28 +0200] "GET /?option=com_search&searchword=b%C3%A2timent HTTP/1.0" 200 24511 "-" "ZoominfoBot (zoominfobot at zoominfo dot com)"
216.73.216.62 - - [18/Jun/2025:13:12:01 +0200] "GET /entretiendujardin/aulnay-sous-bois-93 HTTP/1.1" 200 43248 "-" "Mozilla/5.0 AppleWebKit/537.36 (KHTML, like Gecko; compatible; ClaudeBot/1.0; +claudebot@anthropic.com)"
5.102.173.71 - - [18/Jun/2025:13:15:45 +0200] "GET /robots.txt HTTP/1.1" 200 896 "-" "Mozilla/5.0 (compatible; MojeekBot/0.11; +https://www.mojeek.com/bot.html)"
5.102.173.71 - - [18/Jun/2025:13:15:45 +0200] "GET /entretiendujardin/bourget-93 HTTP/1.1" 200 43014 "-" "Mozilla/5.0 (compatible; MojeekBot/0.11; +https://www.mojeek.com/bot.html)"
5.102.173.71 - - [18/Jun/2025:13:17:50 +0200] "GET /entretiendujardin/dugny-93 HTTP/1.1" 200 42962 "-" "Mozilla/5.0 (compatible; MojeekBot/0.11; +https://www.mojeek.com/bot.html)"
216.73.216.62 - - [18/Jun/2025:13:21:43 +0200] "GET /robots.txt HTTP/1.1" 200 896 "-" "Mozilla/5.0 AppleWebKit/537.36 (KHTML, like Gecko; compatible; ClaudeBot/1.0; +claudebot@anthropic.com)"
216.73.216.62 - - [18/Jun/2025:13:21:43 +0200] "GET /entretiendujardin/villepinte-93 HTTP/1.1" 200 43092 "-" "Mozilla/5.0 AppleWebKit/537.36 (KHTML, like Gecko; compatible; ClaudeBot/1.0; +claudebot@anthropic.com)"
222.79.104.23 - - [18/Jun/2025:13:23:01 +0200] "GET / HTTP/1.1" 301 236 "-" "Mozilla/5.0 (iPhone; CPU iPhone OS 13_2_3 like Mac OS X) AppleWebKit/605.1.15 (KHTML, like Gecko) Version/13.0.3 Mobile/15E148 Safari/604.1"
222.79.104.23 - - [18/Jun/2025:13:23:02 +0200] "GET / HTTP/1.1" 200 43624 "http://paysagiste93.com" "Mozilla/5.0 (iPhone; CPU iPhone OS 13_2_3 like Mac OS X) AppleWebKit/605.1.15 (KHTML, like Gecko) Version/13.0.3 Mobile/15E148 Safari/604.1"
216.73.216.62 - - [18/Jun/2025:13:23:40 +0200] "GET /?option=com_search&searchword=r%C3%A9ussir HTTP/1.1" 200 36556 "-" "Mozilla/5.0 AppleWebKit/537.36 (KHTML, like Gecko; compatible; ClaudeBot/1.0; +claudebot@anthropic.com)"
216.73.216.62 - - [18/Jun/2025:13:25:38 +0200] "GET /entretiendujardin/sevran-93 HTTP/1.1" 200 42988 "-" "Mozilla/5.0 AppleWebKit/537.36 (KHTML, like Gecko; compatible; ClaudeBot/1.0; +claudebot@anthropic.com)"
216.73.216.62 - - [18/Jun/2025:13:26:46 +0200] "GET /entretiendujardin/bourget-93 HTTP/1.1" 200 43014 "-" "Mozilla/5.0 AppleWebKit/537.36 (KHTML, like Gecko; compatible; ClaudeBot/1.0; +claudebot@anthropic.com)"
216.73.216.62 - - [18/Jun/2025:13:27:46 +0200] "GET /entretiendujardin/dugny-93 HTTP/1.1" 200 42962 "-" "Mozilla/5.0 AppleWebKit/537.36 (KHTML, like Gecko; compatible; ClaudeBot/1.0; +claudebot@anthropic.com)"
216.73.216.62 - - [18/Jun/2025:13:30:47 +0200] "GET /entretiendujardin/epinay-sur-seine-93 HTTP/1.1" 200 43268 "-" "Mozilla/5.0 AppleWebKit/537.36 (KHTML, like Gecko; compatible; ClaudeBot/1.0; +claudebot@anthropic.com)"
216.73.216.62 - - [18/Jun/2025:13:30:47 +0200] "GET /?option=com_search&searchword=dans HTTP/1.1" 200 36417 "-" "Mozilla/5.0 AppleWebKit/537.36 (KHTML, like Gecko; compatible; ClaudeBot/1.0; +claudebot@anthropic.com)"
216.73.216.62 - - [18/Jun/2025:13:32:06 +0200] "GET /selection-web HTTP/1.1" 200 26972 "-" "Mozilla/5.0 AppleWebKit/537.36 (KHTML, like Gecko; compatible; ClaudeBot/1.0; +claudebot@anthropic.com)"
35.229.92.238 - - [18/Jun/2025:13:32:54 +0200] "GET /?option=com_search&searchword=%C3%A9pinay-sur-seine HTTP/1.0" 200 24808 "-" "ZoominfoBot (zoominfobot at zoominfo dot com)"
35.229.92.238 - - [18/Jun/2025:13:37:36 +0200] "GET /?option=com_search&searchword=pour HTTP/1.0" 200 36307 "-" "ZoominfoBot (zoominfobot at zoominfo dot com)"
35.229.92.238 - - [18/Jun/2025:13:38:55 +0200] "GET /?option=com_search&searchword=d'animaux HTTP/1.0" 200 24571 "-" "ZoominfoBot (zoominfobot at zoominfo dot com)"
91.216.107.46 - - [18/Jun/2025:13:41:22 +0200] "GET /.well-known/acme-challenge/f33a4b77280133be8fb9d0b209310e2a.txt HTTP/1.1" 301 245 "-" "Lwspanel"
91.216.107.46 - - [18/Jun/2025:13:41:22 +0200] "GET /index.php HTTP/1.1" 200 43642 "-" "Lwspanel"
91.216.107.46 - - [18/Jun/2025:13:41:26 +0200] "GET /.well-known/acme-challenge/f33a4b77280133be8fb9d0b209310e2a.txt HTTP/1.1" 404 1499 "-" "Lwspanel"
35.229.92.238 - - [18/Jun/2025:13:44:52 +0200] "GET /?option=com_search&searchword=saint-ouen HTTP/1.0" 200 24774 "-" "ZoominfoBot (zoominfobot at zoominfo dot com)"
