66.249.66.7 - - [20/Jun/2025:15:17:39 +0200] "GET /entretiendujardin/vaujours-93 HTTP/1.1" 200 43040 "-" "Mozilla/5.0 (Linux; Android 6.0.1; Nexus 5X Build/MMB29P) AppleWebKit/537.36 (KHTML, like Gecko) Chrome/137.0.7151.103 Mobile Safari/537.36 (compatible; Googlebot/2.1; +http://www.google.com/bot.html)"
102.129.223.92 - - [20/Jun/2025:15:23:34 +0200] "GET / HTTP/1.1" 200 43624 "-" "Mozilla/5.0 (Windows NT 10.0; Win64; x64) AppleWebKit/537.36 (KHTML, like Gecko) Chrome/114.0.0.0 YaBrowser/22.7.0 Yowser/2.5 Safari/537.36"
102.129.223.92 - - [20/Jun/2025:15:23:39 +0200] "POST / HTTP/1.1" 200 43624 "HTTP://www.paysagiste93.com/" "Mozilla/5.0 (Windows NT 10.0; Win64; x64) AppleWebKit/537.36 (KHTML, like Gecko) Chrome/114.0.0.0 YaBrowser/22.7.0 Yowser/2.5 Safari/537.36"
185.39.19.48 - - [20/Jun/2025:15:24:25 +0200] "GET / HTTP/1.0" 301 236 "http://paysagiste93.com/" "Mozilla/5.0 (Windows NT 10.0; Win64; x64) AppleWebKit/537.36 (KHTML, like Gecko) Chrome/131.0.0.0 Safari/537.36 Avast/131.0.0.0"
185.39.19.48 - - [20/Jun/2025:15:24:25 +0200] "GET /HTTP:/www.paysagiste93.com/ HTTP/1.0" 301 245 "http://paysagiste93.com/HTTP://www.paysagiste93.com/" "Mozilla/5.0 (Windows NT 10.0; Win64; x64) AppleWebKit/537.36 (KHTML, like Gecko) Chrome/131.0.0.0 Safari/537.36 Avast/131.0.0.0"
185.39.19.48 - - [20/Jun/2025:15:24:25 +0200] "GET /HTTP:/www.paysagiste93.com/index.php HTTP/1.0" 301 245 "http://paysagiste93.com/HTTP://www.paysagiste93.com/index.php" "Mozilla/5.0 (Windows NT 10.0; Win64; x64) AppleWebKit/537.36 (KHTML, like Gecko) Chrome/131.0.0.0 Safari/537.36 Avast/131.0.0.0"
185.39.19.48 - - [20/Jun/2025:15:24:26 +0200] "GET / HTTP/1.0" 301 236 "http://paysagiste93.com/" "Mozilla/5.0 (Windows NT 10.0; Win64; x64) AppleWebKit/537.36 (KHTML, like Gecko) Chrome/131.0.0.0 Safari/537.36 Avast/131.0.0.0"
66.249.66.6 - - [20/Jun/2025:15:35:26 +0200] "GET /entretiendujardin/pre-saint-gervais-93 HTTP/1.1" 200 43274 "-" "Mozilla/5.0 (Linux; Android 6.0.1; Nexus 5X Build/MMB29P) AppleWebKit/537.36 (KHTML, like Gecko) Chrome/137.0.7151.103 Mobile Safari/537.36 (compatible; Googlebot/2.1; +http://www.google.com/bot.html)"
114.119.145.216 - - [20/Jun/2025:15:50:56 +0200] "GET /component/search/?searchword=jardin&start=40 HTTP/1.1" 200 27036 "http://www.paysagiste93.com/component/search?searchword=jardin&limitstart=0" "Mozilla/5.0 (Linux; Android 7.0;) AppleWebKit/537.36 (KHTML, like Gecko) Mobile Safari/537.36 (compatible; PetalBot;+https://webmaster.petalsearch.com/site/petalbot)"
85.208.96.199 - - [20/Jun/2025:16:01:41 +0200] "GET /robots.txt HTTP/1.1" 200 896 "-" "Mozilla/5.0 (compatible; SemrushBot/7~bl; +http://www.semrush.com/bot.html)"
185.191.171.5 - - [20/Jun/2025:16:01:41 +0200] "GET /entretiendujardin/pavillons-sous-bois-93/13-traitement HTTP/1.1" 200 28251 "-" "Mozilla/5.0 (compatible; SemrushBot/7~bl; +http://www.semrush.com/bot.html)"
85.208.96.201 - - [20/Jun/2025:16:06:01 +0200] "GET /entretiendujardin/clichy-sous-bois-93/13-traitement HTTP/1.1" 200 28212 "-" "Mozilla/5.0 (compatible; SemrushBot/7~bl; +http://www.semrush.com/bot.html)"
66.249.66.8 - - [20/Jun/2025:16:07:13 +0200] "GET /?option=com_search&searchword=ma%C3%A7on HTTP/1.1" 200 24474 "-" "Mozilla/5.0 (Linux; Android 6.0.1; Nexus 5X Build/MMB29P) AppleWebKit/537.36 (KHTML, like Gecko) Chrome/137.0.7151.103 Mobile Safari/537.36 (compatible; Googlebot/2.1; +http://www.google.com/bot.html)"
65.108.78.33 - - [20/Jun/2025:16:09:51 +0200] "GET /robots.txt HTTP/1.1" 200 896 "-" "Mozilla/5.0 (compatible; MJ12bot/v1.4.8; http://mj12bot.com/)"
65.108.78.33 - - [20/Jun/2025:16:09:52 +0200] "GET /?option=com_search&searchword=assimil%C3%A9 HTTP/1.1" 200 24527 "-" "Mozilla/5.0 (compatible; MJ12bot/v1.4.8; http://mj12bot.com/)"
65.108.78.33 - - [20/Jun/2025:16:09:57 +0200] "GET /?option=com_search&searchword=b%C3%A2timent HTTP/1.1" 200 24511 "-" "Mozilla/5.0 (compatible; MJ12bot/v1.4.8; http://mj12bot.com/)"
65.108.78.33 - - [20/Jun/2025:16:09:59 +0200] "GET /?option=com_search&searchword=cr%C3%A9er HTTP/1.1" 200 36497 "-" "Mozilla/5.0 (compatible; MJ12bot/v1.4.8; http://mj12bot.com/)"
65.108.78.33 - - [20/Jun/2025:16:10:01 +0200] "GET /?option=com_search&searchword=d'agr%C3%A9ment HTTP/1.1" 200 24577 "-" "Mozilla/5.0 (compatible; MJ12bot/v1.4.8; http://mj12bot.com/)"
65.108.78.33 - - [20/Jun/2025:16:10:03 +0200] "GET /?option=com_search&searchword=ma%C3%A7on HTTP/1.1" 200 24474 "-" "Mozilla/5.0 (compatible; MJ12bot/v1.4.8; http://mj12bot.com/)"
65.108.78.33 - - [20/Jun/2025:16:10:05 +0200] "GET /?option=com_search&searchword=r%C3%A9ussir HTTP/1.1" 200 36556 "-" "Mozilla/5.0 (compatible; MJ12bot/v1.4.8; http://mj12bot.com/)"
65.108.78.33 - - [20/Jun/2025:16:10:07 +0200] "GET /?option=com_search&searchword=%C3%A9pinay-sur-seine HTTP/1.1" 200 24808 "-" "Mozilla/5.0 (compatible; MJ12bot/v1.4.8; http://mj12bot.com/)"
85.208.96.212 - - [20/Jun/2025:16:10:25 +0200] "GET /entretiendujardin/bagnolet-93/10-Paysagiste%20-93 HTTP/1.1" 200 114414 "-" "Mozilla/5.0 (compatible; SemrushBot/7~bl; +http://www.semrush.com/bot.html)"
54.36.149.61 - - [20/Jun/2025:16:11:17 +0200] "GET /index.php?option=com_xmap&view=xml&tmpl=component&id=1 HTTP/1.1" 200 1383 "-" "Mozilla/5.0 (compatible; AhrefsBot/7.0; +http://ahrefs.com/robot/)"
66.249.66.7 - - [20/Jun/2025:16:15:55 +0200] "GET /entretiendujardin/pavillons-sous-bois-93 HTTP/1.1" 200 43326 "-" "Mozilla/5.0 (Linux; Android 6.0.1; Nexus 5X Build/MMB29P) AppleWebKit/537.36 (KHTML, like Gecko) Chrome/137.0.7151.103 Mobile Safari/537.36 (compatible; Googlebot/2.1; +http://www.google.com/bot.html)"
66.249.66.7 - - [20/Jun/2025:16:16:10 +0200] "GET /media/jui/js/jquery.min.js HTTP/1.1" 200 95786 "http://www.paysagiste93.com/entretiendujardin/pavillons-sous-bois-93" "Mozilla/5.0 (Linux; Android 6.0.1; Nexus 5X Build/MMB29P) AppleWebKit/537.36 (KHTML, like Gecko) Chrome/137.0.7151.68 Mobile Safari/537.36 (compatible; Googlebot/2.1; +http://www.google.com/bot.html)"
66.249.66.7 - - [20/Jun/2025:16:16:11 +0200] "GET /media/mod_pwebcontact/css/form/orange.css HTTP/1.1" 200 5566 "http://www.paysagiste93.com/entretiendujardin/pavillons-sous-bois-93" "Mozilla/5.0 (Linux; Android 6.0.1; Nexus 5X Build/MMB29P) AppleWebKit/537.36 (KHTML, like Gecko) Chrome/137.0.7151.68 Mobile Safari/537.36 (compatible; Googlebot/2.1; +http://www.google.com/bot.html)"
66.249.66.7 - - [20/Jun/2025:16:16:11 +0200] "GET /cache/mod_pwebcontact/16717e83a3f98200f504d2874c9df347.css HTTP/1.1" 200 2295 "http://www.paysagiste93.com/entretiendujardin/pavillons-sous-bois-93" "Mozilla/5.0 (Linux; Android 6.0.1; Nexus 5X Build/MMB29P) AppleWebKit/537.36 (KHTML, like Gecko) Chrome/137.0.7151.68 Mobile Safari/537.36 (compatible; Googlebot/2.1; +http://www.google.com/bot.html)"
142.147.198.107 - - [20/Jun/2025:16:34:01 +0200] "GET / HTTP/1.1" 301 236 "-" "Mozilla/5.0 (Windows NT 10.0; Win64; x64) AppleWebKit/537.36 (KHTML, like Gecko) Chrome/134.0.0.0 Safari/537.36 Trailer/93.3.8652.5"
94.142.241.194 - - [20/Jun/2025:16:34:36 +0200] "GET / HTTP/1.1" 200 43624 "http://www.paysagiste93.com" "Mozilla/5.0 (Linux; Android 9; SM-J701M Build/PPR1.180610.011; wv) AppleWebKit/537.36 (KHTML, like Gecko) Version/4.0 Chrome/81.0.4044.111 Mobile Safari/537.36 UMCE/v1.5.4_223-android"
94.142.241.194 - - [20/Jun/2025:16:34:36 +0200] "POST / HTTP/1.1" 200 43624 "http://www.paysagiste93.com" "Mozilla/5.0 (Linux; Android 9; SM-J701M Build/PPR1.180610.011; wv) AppleWebKit/537.36 (KHTML, like Gecko) Version/4.0 Chrome/81.0.4044.111 Mobile Safari/537.36 UMCE/v1.5.4_223-android"
45.134.116.173 - - [20/Jun/2025:16:34:34 +0200] "GET /informations-legales/2-diverse HTTP/1.1" 200 39836 "-" "Mozilla/5.0 (Windows NT 10.0; Win64; x64) AppleWebKit/537.36 (KHTML, like Gecko) Chrome/134.0.0.0 Safari/537.3"
40.77.167.60 - - [20/Jun/2025:16:34:42 +0200] "GET /?option=com_search&searchword=r%C3%A9ussir HTTP/1.1" 301 292 "-" "Mozilla/5.0 AppleWebKit/537.36 (KHTML, like Gecko; compatible; bingbot/2.0; +http://www.bing.com/bingbot.htm) Chrome/116.0.1938.76 Safari/537.36"
52.167.144.229 - - [20/Jun/2025:16:34:52 +0200] "GET /?option=com_search&%3bsearchword=r%25C3%25A9ussir HTTP/1.1" 200 36560 "-" "Mozilla/5.0 AppleWebKit/537.36 (KHTML, like Gecko; compatible; bingbot/2.0; +http://www.bing.com/bingbot.htm) Chrome/116.0.1938.76 Safari/537.36"
51.222.253.5 - - [20/Jun/2025:16:37:26 +0200] "GET /robots.txt HTTP/1.1" 200 896 "-" "Mozilla/5.0 (compatible; AhrefsBot/7.0; +http://ahrefs.com/robot/)"
88.90.243.142 - - [20/Jun/2025:16:39:09 +0200] "GET /robots.txt HTTP/1.1" 200 896 "-" "Mozilla/5.0 (compatible; MJ12bot/v1.4.8; http://mj12bot.com/)"
88.90.243.142 - - [20/Jun/2025:16:39:11 +0200] "GET /?option=com_search&searchword=l%C3%A9gales HTTP/1.1" 200 25253 "-" "Mozilla/5.0 (compatible; MJ12bot/v1.4.8; http://mj12bot.com/)"
88.90.243.142 - - [20/Jun/2025:16:39:16 +0200] "GET /?option=com_search&searchword=pr%C3%A9-saint-gervais HTTP/1.1" 200 24814 "-" "Mozilla/5.0 (compatible; MJ12bot/v1.4.8; http://mj12bot.com/)"
88.90.243.142 - - [20/Jun/2025:16:39:18 +0200] "GET /?option=com_search&searchword=%C3%AEle-saint-denis HTTP/1.1" 200 24802 "-" "Mozilla/5.0 (compatible; MJ12bot/v1.4.8; http://mj12bot.com/)"
88.90.243.142 - - [20/Jun/2025:16:39:20 +0200] "GET /component/search/?searchword=cr%C3%A9er&limitstart=0 HTTP/1.1" 200 36543 "-" "Mozilla/5.0 (compatible; MJ12bot/v1.4.8; http://mj12bot.com/)"
88.90.243.142 - - [20/Jun/2025:16:39:22 +0200] "GET /component/search/?searchword=cr%C3%A9er&start=20 HTTP/1.1" 200 36586 "-" "Mozilla/5.0 (compatible; MJ12bot/v1.4.8; http://mj12bot.com/)"
88.90.243.142 - - [20/Jun/2025:16:39:23 +0200] "GET /component/search/?searchword=cr%C3%A9er&start=40 HTTP/1.1" 200 26399 "-" "Mozilla/5.0 (compatible; MJ12bot/v1.4.8; http://mj12bot.com/)"
88.90.243.142 - - [20/Jun/2025:16:39:25 +0200] "GET /component/search/?searchword=r%C3%A9ussir&limitstart=0 HTTP/1.1" 200 36602 "-" "Mozilla/5.0 (compatible; MJ12bot/v1.4.8; http://mj12bot.com/)"
88.90.243.142 - - [20/Jun/2025:16:39:27 +0200] "GET /component/search/?searchword=r%C3%A9ussir&start=20 HTTP/1.1" 200 36672 "-" "Mozilla/5.0 (compatible; MJ12bot/v1.4.8; http://mj12bot.com/)"
88.90.243.142 - - [20/Jun/2025:16:39:29 +0200] "GET /component/search/?searchword=r%C3%A9ussir&start=40 HTTP/1.1" 200 25865 "-" "Mozilla/5.0 (compatible; MJ12bot/v1.4.8; http://mj12bot.com/)"
66.249.66.166 - - [20/Jun/2025:16:48:49 +0200] "GET /main HTTP/1.1" 301 245 "-" "Mozilla/5.0 (Linux; Android 6.0.1; Nexus 5X Build/MMB29P) AppleWebKit/537.36 (KHTML, like Gecko) Chrome/137.0.7151.103 Mobile Safari/537.36 (compatible; Googlebot/2.1; +http://www.google.com/bot.html)"
66.249.66.8 - - [20/Jun/2025:16:48:50 +0200] "GET /index.php HTTP/1.1" 200 43642 "-" "Mozilla/5.0 (Linux; Android 6.0.1; Nexus 5X Build/MMB29P) AppleWebKit/537.36 (KHTML, like Gecko) Chrome/137.0.7151.103 Mobile Safari/537.36 (compatible; Googlebot/2.1; +http://www.google.com/bot.html)"
38.152.139.182 - - [20/Jun/2025:16:55:01 +0200] "GET /?option=com_search&searchword=contactez-nous HTTP/1.1" 200 35711 "-" "Mozilla/5.0 (Windows NT 10.0; Win64; x64) AppleWebKit/537.36 (KHTML, like Gecko) Chrome/114.0.0.0 YaBrowser/22.7.0 Yowser/2.5 Safari/537.36"
38.152.139.182 - - [20/Jun/2025:16:55:06 +0200] "POST /?option=com_search&searchword=contactez-nous HTTP/1.1" 200 35711 "http://www.paysagiste93.com/?option=com_search&searchword=contactez-nous" "Mozilla/5.0 (Windows NT 10.0; Win64; x64) AppleWebKit/537.36 (KHTML, like Gecko) Chrome/114.0.0.0 YaBrowser/22.7.0 Yowser/2.5 Safari/537.36"
52.167.144.191 - - [20/Jun/2025:16:57:24 +0200] "GET /?option=com_search&searchword=r%C3%A9ussir HTTP/1.1" 301 292 "-" "Mozilla/5.0 AppleWebKit/537.36 (KHTML, like Gecko; compatible; bingbot/2.0; +http://www.bing.com/bingbot.htm) Chrome/116.0.1938.76 Safari/537.36"
40.77.167.57 - - [20/Jun/2025:16:57:34 +0200] "GET /?option=com_search&%3bsearchword=r%25C3%25A9ussir HTTP/1.1" 200 36560 "-" "Mozilla/5.0 AppleWebKit/537.36 (KHTML, like Gecko; compatible; bingbot/2.0; +http://www.bing.com/bingbot.htm) Chrome/116.0.1938.76 Safari/537.36"
43.128.149.102 - - [20/Jun/2025:17:05:34 +0200] "GET / HTTP/1.1" 301 236 "-" "Mozilla/5.0 (iPhone; CPU iPhone OS 13_2_3 like Mac OS X) AppleWebKit/605.1.15 (KHTML, like Gecko) Version/13.0.3 Mobile/15E148 Safari/604.1"
43.128.149.102 - - [20/Jun/2025:17:05:36 +0200] "GET / HTTP/1.1" 200 43624 "http://paysagiste93.com" "Mozilla/5.0 (iPhone; CPU iPhone OS 13_2_3 like Mac OS X) AppleWebKit/605.1.15 (KHTML, like Gecko) Version/13.0.3 Mobile/15E148 Safari/604.1"
66.249.66.166 - - [20/Jun/2025:17:15:41 +0200] "GET / HTTP/1.1" 301 236 "-" "Mozilla/5.0 (Linux; Android 6.0.1; Nexus 5X Build/MMB29P) AppleWebKit/537.36 (KHTML, like Gecko) Chrome/137.0.7151.103 Mobile Safari/537.36 (compatible; Googlebot/2.1; +http://www.google.com/bot.html)"
66.249.66.7 - - [20/Jun/2025:17:15:42 +0200] "GET / HTTP/1.1" 200 43624 "-" "Mozilla/5.0 (Linux; Android 6.0.1; Nexus 5X Build/MMB29P) AppleWebKit/537.36 (KHTML, like Gecko) Chrome/137.0.7151.103 Mobile Safari/537.36 (compatible; Googlebot/2.1; +http://www.google.com/bot.html)"
66.249.66.7 - - [20/Jun/2025:17:16:19 +0200] "GET /templates/neutre/script.js HTTP/1.1" 200 44910 "http://www.paysagiste93.com/" "Mozilla/5.0 (Linux; Android 6.0.1; Nexus 5X Build/MMB29P) AppleWebKit/537.36 (KHTML, like Gecko) Chrome/137.0.7151.68 Mobile Safari/537.36 (compatible; Googlebot/2.1; +http://www.google.com/bot.html)"
66.249.66.6 - - [20/Jun/2025:17:16:19 +0200] "GET /media/jui/js/bootstrap.min.js HTTP/1.1" 200 29156 "http://www.paysagiste93.com/" "Mozilla/5.0 (Linux; Android 6.0.1; Nexus 5X Build/MMB29P) AppleWebKit/537.36 (KHTML, like Gecko) Chrome/137.0.7151.68 Mobile Safari/537.36 (compatible; Googlebot/2.1; +http://www.google.com/bot.html)"
66.249.66.7 - - [20/Jun/2025:17:16:20 +0200] "GET /cache/mod_pwebcontact/16717e83a3f98200f504d2874c9df347.css HTTP/1.1" 200 2295 "http://www.paysagiste93.com/" "Mozilla/5.0 (Linux; Android 6.0.1; Nexus 5X Build/MMB29P) AppleWebKit/537.36 (KHTML, like Gecko) Chrome/137.0.7151.68 Mobile Safari/537.36 (compatible; Googlebot/2.1; +http://www.google.com/bot.html)"
66.249.66.7 - - [20/Jun/2025:17:16:20 +0200] "GET /qrcode/qrcode.js HTTP/1.1" 200 32907 "http://www.paysagiste93.com/" "Mozilla/5.0 (Linux; Android 6.0.1; Nexus 5X Build/MMB29P) AppleWebKit/537.36 (KHTML, like Gecko) Chrome/137.0.7151.68 Mobile Safari/537.36 (compatible; Googlebot/2.1; +http://www.google.com/bot.html)"
66.249.66.6 - - [20/Jun/2025:17:16:21 +0200] "GET /templates/neutre/css/template.css HTTP/1.1" 200 68431 "http://www.paysagiste93.com/" "Mozilla/5.0 (Linux; Android 6.0.1; Nexus 5X Build/MMB29P) AppleWebKit/537.36 (KHTML, like Gecko) Chrome/137.0.7151.68 Mobile Safari/537.36 (compatible; Googlebot/2.1; +http://www.google.com/bot.html)"
66.249.66.6 - - [20/Jun/2025:17:16:21 +0200] "GET /media/mod_pwebcontact/css/bootstrap.css HTTP/1.1" 200 13926 "http://www.paysagiste93.com/" "Mozilla/5.0 (Linux; Android 6.0.1; Nexus 5X Build/MMB29P) AppleWebKit/537.36 (KHTML, like Gecko) Chrome/137.0.7151.68 Mobile Safari/537.36 (compatible; Googlebot/2.1; +http://www.google.com/bot.html)"
44.232.145.255 - - [20/Jun/2025:17:16:19 +0200] "GET /entretiendujardin/stains-93/10-Paysagiste%20-93 HTTP/1.1" 200 114384 "-" "HanaleiBot runid=beta-stage-integration-test"
66.249.66.7 - - [20/Jun/2025:17:16:22 +0200] "GET /media/system/js/mootools-more.js HTTP/1.1" 200 238331 "http://www.paysagiste93.com/" "Mozilla/5.0 (Linux; Android 6.0.1; Nexus 5X Build/MMB29P) AppleWebKit/537.36 (KHTML, like Gecko) Chrome/137.0.7151.68 Mobile Safari/537.36 (compatible; Googlebot/2.1; +http://www.google.com/bot.html)"
66.249.66.6 - - [20/Jun/2025:17:16:22 +0200] "GET /plugins/system/jcemediabox/themes/light/css/style.css?36c352a2b4ad8aa73f93eb9d76da8882 HTTP/1.1" 200 4357 "http://www.paysagiste93.com/" "Mozilla/5.0 (Linux; Android 6.0.1; Nexus 5X Build/MMB29P) AppleWebKit/537.36 (KHTML, like Gecko) Chrome/137.0.7151.68 Mobile Safari/537.36 (compatible; Googlebot/2.1; +http://www.google.com/bot.html)"
66.249.66.7 - - [20/Jun/2025:17:16:23 +0200] "GET /media/mod_pwebcontact/css/toggler/lightblue.css HTTP/1.1" 200 3724 "http://www.paysagiste93.com/" "Mozilla/5.0 (Linux; Android 6.0.1; Nexus 5X Build/MMB29P) AppleWebKit/537.36 (KHTML, like Gecko) Chrome/137.0.7151.68 Mobile Safari/537.36 (compatible; Googlebot/2.1; +http://www.google.com/bot.html)"
44.232.145.255 - - [20/Jun/2025:17:16:22 +0200] "GET /entretiendujardin/stains-93/10-Paysagiste%20-93 HTTP/1.1" 200 114384 "-" "HanaleiBot runid=beta-stage-integration-test"
66.249.66.6 - - [20/Jun/2025:17:16:23 +0200] "GET /media/system/js/core.js HTTP/1.1" 200 4784 "http://www.paysagiste93.com/" "Mozilla/5.0 (Linux; Android 6.0.1; Nexus 5X Build/MMB29P) AppleWebKit/537.36 (KHTML, like Gecko) Chrome/137.0.7151.68 Mobile Safari/537.36 (compatible; Googlebot/2.1; +http://www.google.com/bot.html)"
44.232.145.255 - - [20/Jun/2025:17:16:23 +0200] "GET /media/system/css/modal.css HTTP/1.1" 200 2823 "http://www.paysagiste93.com/entretiendujardin/stains-93/10-Paysagiste%20-93" "HanaleiBot runid=beta-stage-integration-test"
66.249.66.6 - - [20/Jun/2025:17:16:24 +0200] "GET /media/mod_pwebcontact/css/layout.css HTTP/1.1" 200 35741 "http://www.paysagiste93.com/" "Mozilla/5.0 (Linux; Android 6.0.1; Nexus 5X Build/MMB29P) AppleWebKit/537.36 (KHTML, like Gecko) Chrome/137.0.7151.68 Mobile Safari/537.36 (compatible; Googlebot/2.1; +http://www.google.com/bot.html)"
44.232.145.255 - - [20/Jun/2025:17:16:24 +0200] "GET /plugins/system/jcemediabox/themes/light/css/style.css?36c352a2b4ad8aa73f93eb9d76da8882 HTTP/1.1" 200 4357 "http://www.paysagiste93.com/entretiendujardin/stains-93/10-Paysagiste%20-93" "HanaleiBot runid=beta-stage-integration-test"
44.232.145.255 - - [20/Jun/2025:17:16:24 +0200] "GET /media/mod_pwebcontact/css/bootstrap.css HTTP/1.1" 200 13926 "http://www.paysagiste93.com/entretiendujardin/stains-93/10-Paysagiste%20-93" "HanaleiBot runid=beta-stage-integration-test"
44.232.145.255 - - [20/Jun/2025:17:16:24 +0200] "GET /media/mod_pwebcontact/css/background/lightgray.css HTTP/1.1" 200 2866 "http://www.paysagiste93.com/entretiendujardin/stains-93/10-Paysagiste%20-93" "HanaleiBot runid=beta-stage-integration-test"
44.232.145.255 - - [20/Jun/2025:17:16:24 +0200] "GET /plugins/system/jcemediabox/css/jcemediabox.css?a3b640def3ef13678e19cfeeb7397c85 HTTP/1.1" 200 5791 "http://www.paysagiste93.com/entretiendujardin/stains-93/10-Paysagiste%20-93" "HanaleiBot runid=beta-stage-integration-test"
44.232.145.255 - - [20/Jun/2025:17:16:24 +0200] "GET /media/mod_pwebcontact/css/animations.css HTTP/1.1" 200 26025 "http://www.paysagiste93.com/entretiendujardin/stains-93/10-Paysagiste%20-93" "HanaleiBot runid=beta-stage-integration-test"
44.232.145.255 - - [20/Jun/2025:17:16:24 +0200] "GET /media/mod_pwebcontact/css/layout.css HTTP/1.1" 200 35741 "http://www.paysagiste93.com/entretiendujardin/stains-93/10-Paysagiste%20-93" "HanaleiBot runid=beta-stage-integration-test"
44.232.145.255 - - [20/Jun/2025:17:16:24 +0200] "GET /media/mod_pwebcontact/css/form/orange.css HTTP/1.1" 200 5566 "http://www.paysagiste93.com/entretiendujardin/stains-93/10-Paysagiste%20-93" "HanaleiBot runid=beta-stage-integration-test"
44.232.145.255 - - [20/Jun/2025:17:16:24 +0200] "GET /media/mod_pwebcontact/css/toggler/lightblue.css HTTP/1.1" 200 3724 "http://www.paysagiste93.com/entretiendujardin/stains-93/10-Paysagiste%20-93" "HanaleiBot runid=beta-stage-integration-test"
66.249.66.6 - - [20/Jun/2025:17:16:24 +0200] "GET /templates/neutre/css/template.responsive.css HTTP/1.1" 200 8238 "http://www.paysagiste93.com/" "Mozilla/5.0 (Linux; Android 6.0.1; Nexus 5X Build/MMB29P) AppleWebKit/537.36 (KHTML, like Gecko) Chrome/137.0.7151.68 Mobile Safari/537.36 (compatible; Googlebot/2.1; +http://www.google.com/bot.html)"
44.232.145.255 - - [20/Jun/2025:17:16:24 +0200] "GET /cache/mod_pwebcontact/16717e83a3f98200f504d2874c9df347.css HTTP/1.1" 200 2295 "http://www.paysagiste93.com/entretiendujardin/stains-93/10-Paysagiste%20-93" "HanaleiBot runid=beta-stage-integration-test"
44.232.145.255 - - [20/Jun/2025:17:16:24 +0200] "GET /templates/system/css/system.css HTTP/1.1" 200 896 "http://www.paysagiste93.com/entretiendujardin/stains-93/10-Paysagiste%20-93" "HanaleiBot runid=beta-stage-integration-test"
44.232.145.255 - - [20/Jun/2025:17:16:24 +0200] "GET /templates/system/css/general.css HTTP/1.1" 200 2730 "http://www.paysagiste93.com/entretiendujardin/stains-93/10-Paysagiste%20-93" "HanaleiBot runid=beta-stage-integration-test"
44.232.145.255 - - [20/Jun/2025:17:16:24 +0200] "GET /templates/neutre/css/template.responsive.css HTTP/1.1" 200 8238 "http://www.paysagiste93.com/entretiendujardin/stains-93/10-Paysagiste%20-93" "HanaleiBot runid=beta-stage-integration-test"
44.232.145.255 - - [20/Jun/2025:17:16:24 +0200] "GET /media/system/js/core.js HTTP/1.1" 200 4784 "http://www.paysagiste93.com/entretiendujardin/stains-93/10-Paysagiste%20-93" "HanaleiBot runid=beta-stage-integration-test"
44.232.145.255 - - [20/Jun/2025:17:16:24 +0200] "GET /media/system/js/modal.js HTTP/1.1" 200 9756 "http://www.paysagiste93.com/entretiendujardin/stains-93/10-Paysagiste%20-93" "HanaleiBot runid=beta-stage-integration-test"
44.232.145.255 - - [20/Jun/2025:17:16:24 +0200] "GET /media/system/js/caption.js HTTP/1.1" 200 733 "http://www.paysagiste93.com/entretiendujardin/stains-93/10-Paysagiste%20-93" "HanaleiBot runid=beta-stage-integration-test"
66.249.66.6 - - [20/Jun/2025:17:16:24 +0200] "GET /media/mod_pwebcontact/css/background/lightgray.css HTTP/1.1" 200 2866 "http://www.paysagiste93.com/" "Mozilla/5.0 (Linux; Android 6.0.1; Nexus 5X Build/MMB29P) AppleWebKit/537.36 (KHTML, like Gecko) Chrome/137.0.7151.68 Mobile Safari/537.36 (compatible; Googlebot/2.1; +http://www.google.com/bot.html)"
44.232.145.255 - - [20/Jun/2025:17:16:24 +0200] "GET /templates/neutre/css/template.css HTTP/1.1" 200 68431 "http://www.paysagiste93.com/entretiendujardin/stains-93/10-Paysagiste%20-93" "HanaleiBot runid=beta-stage-integration-test"
44.232.145.255 - - [20/Jun/2025:17:16:24 +0200] "GET /media/system/js/mootools-core.js HTTP/1.1" 200 96362 "http://www.paysagiste93.com/entretiendujardin/stains-93/10-Paysagiste%20-93" "HanaleiBot runid=beta-stage-integration-test"
44.232.145.255 - - [20/Jun/2025:17:16:25 +0200] "GET /media/jui/js/jquery-noconflict.js HTTP/1.1" 200 21 "http://www.paysagiste93.com/entretiendujardin/stains-93/10-Paysagiste%20-93" "HanaleiBot runid=beta-stage-integration-test"
44.232.145.255 - - [20/Jun/2025:17:16:25 +0200] "GET /plugins/system/jcemediabox/js/jcemediabox.js?fba42f665bbcc4047a23ba92244f4176 HTTP/1.1" 200 57539 "http://www.paysagiste93.com/entretiendujardin/stains-93/10-Paysagiste%20-93" "HanaleiBot runid=beta-stage-integration-test"
44.232.145.255 - - [20/Jun/2025:17:16:25 +0200] "GET /media/jui/js/jquery.min.js HTTP/1.1" 200 95786 "http://www.paysagiste93.com/entretiendujardin/stains-93/10-Paysagiste%20-93" "HanaleiBot runid=beta-stage-integration-test"
44.232.145.255 - - [20/Jun/2025:17:16:25 +0200] "GET /media/jui/js/jquery-migrate.min.js HTTP/1.1" 200 7199 "http://www.paysagiste93.com/entretiendujardin/stains-93/10-Paysagiste%20-93" "HanaleiBot runid=beta-stage-integration-test"
44.232.145.255 - - [20/Jun/2025:17:16:25 +0200] "GET /media/jui/js/bootstrap.min.js HTTP/1.1" 200 29156 "http://www.paysagiste93.com/entretiendujardin/stains-93/10-Paysagiste%20-93" "HanaleiBot runid=beta-stage-integration-test"
44.232.145.255 - - [20/Jun/2025:17:16:25 +0200] "GET /media/mod_pwebcontact/js/jquery.validate.min.js?v=1.13.0 HTTP/1.1" 200 21584 "http://www.paysagiste93.com/entretiendujardin/stains-93/10-Paysagiste%20-93" "HanaleiBot runid=beta-stage-integration-test"
66.249.66.6 - - [20/Jun/2025:17:16:25 +0200] "GET /plugins/system/jcemediabox/themes/light/tooltip.html HTTP/1.1" 200 958 "http://www.paysagiste93.com/" "Mozilla/5.0 (Linux; Android 6.0.1; Nexus 5X Build/MMB29P) AppleWebKit/537.36 (KHTML, like Gecko) Chrome/137.0.7151.68 Mobile Safari/537.36 (compatible; Googlebot/2.1; +http://www.google.com/bot.html)"
44.232.145.255 - - [20/Jun/2025:17:16:25 +0200] "GET /media/mod_pwebcontact/js/jquery.pwebcontact.min.js?v=3.2.14 HTTP/1.1" 200 34073 "http://www.paysagiste93.com/entretiendujardin/stains-93/10-Paysagiste%20-93" "HanaleiBot runid=beta-stage-integration-test"
44.232.145.255 - - [20/Jun/2025:17:16:25 +0200] "GET /templates/neutre/script.js HTTP/1.1" 200 44910 "http://www.paysagiste93.com/entretiendujardin/stains-93/10-Paysagiste%20-93" "HanaleiBot runid=beta-stage-integration-test"
44.232.145.255 - - [20/Jun/2025:17:16:25 +0200] "GET /templates/neutre/script.responsive.js HTTP/1.1" 200 15616 "http://www.paysagiste93.com/entretiendujardin/stains-93/10-Paysagiste%20-93" "HanaleiBot runid=beta-stage-integration-test"
44.232.145.255 - - [20/Jun/2025:17:16:25 +0200] "GET /media/system/js/mootools-more.js HTTP/1.1" 200 238331 "http://www.paysagiste93.com/entretiendujardin/stains-93/10-Paysagiste%20-93" "HanaleiBot runid=beta-stage-integration-test"
44.232.145.255 - - [20/Jun/2025:17:16:25 +0200] "GET /templates/neutre/jquery.js HTTP/1.1" 200 92793 "http://www.paysagiste93.com/entretiendujardin/stains-93/10-Paysagiste%20-93" "HanaleiBot runid=beta-stage-integration-test"
44.232.145.255 - - [20/Jun/2025:17:16:25 +0200] "GET /images/contactimg.png HTTP/1.1" 200 556 "http://www.paysagiste93.com/entretiendujardin/stains-93/10-Paysagiste%20-93" "HanaleiBot runid=beta-stage-integration-test"
44.232.145.255 - - [20/Jun/2025:17:16:25 +0200] "GET /media/system/images/arrow.png HTTP/1.1" 200 118 "http://www.paysagiste93.com/entretiendujardin/stains-93/10-Paysagiste%20-93" "HanaleiBot runid=beta-stage-integration-test"
66.249.66.6 - - [20/Jun/2025:17:16:25 +0200] "GET /plugins/system/jcemediabox/themes/light/popup.html HTTP/1.1" 200 1093 "http://www.paysagiste93.com/" "Mozilla/5.0 (Linux; Android 6.0.1; Nexus 5X Build/MMB29P) AppleWebKit/537.36 (KHTML, like Gecko) Chrome/137.0.7151.68 Mobile Safari/537.36 (compatible; Googlebot/2.1; +http://www.google.com/bot.html)"
44.232.145.255 - - [20/Jun/2025:17:16:26 +0200] "GET /qrcode/qrcode.js HTTP/1.1" 200 32907 "http://www.paysagiste93.com/entretiendujardin/stains-93/10-Paysagiste%20-93" "HanaleiBot runid=beta-stage-integration-test"
44.232.145.255 - - [20/Jun/2025:17:16:26 +0200] "GET /media/system/css/system.css HTTP/1.1" 200 1446 "http://www.paysagiste93.com/templates/system/css/system.css" "HanaleiBot runid=beta-stage-integration-test"
44.232.145.255 - - [20/Jun/2025:17:16:26 +0200] "GET /images/paysagiste93/jardin-sec.jpg HTTP/1.1" 200 81589 "http://www.paysagiste93.com/entretiendujardin/stains-93/10-Paysagiste%20-93" "HanaleiBot runid=beta-stage-integration-test"
44.232.145.255 - - [20/Jun/2025:17:16:26 +0200] "GET /images/rss_32-2.png HTTP/1.1" 200 1653 "http://www.paysagiste93.com/entretiendujardin/stains-93/10-Paysagiste%20-93" "HanaleiBot runid=beta-stage-integration-test"
44.232.145.255 - - [20/Jun/2025:17:16:26 +0200] "GET /images/logosmall.png HTTP/1.1" 200 1558 "http://www.paysagiste93.com/entretiendujardin/stains-93/10-Paysagiste%20-93" "HanaleiBot runid=beta-stage-integration-test"
44.232.145.255 - - [20/Jun/2025:17:16:26 +0200] "GET /templates/neutre/images/page.png HTTP/1.1" 200 1712 "http://www.paysagiste93.com/templates/neutre/css/template.css" "HanaleiBot runid=beta-stage-integration-test"
44.232.145.255 - - [20/Jun/2025:17:16:26 +0200] "GET /templates/neutre/images/header.jpg HTTP/1.1" 200 27116 "http://www.paysagiste93.com/templates/neutre/css/template.css" "HanaleiBot runid=beta-stage-integration-test"
44.232.145.255 - - [20/Jun/2025:17:16:26 +0200] "GET /templates/neutre/images/object1481438740.png HTTP/1.1" 200 1602 "http://www.paysagiste93.com/templates/neutre/css/template.css" "HanaleiBot runid=beta-stage-integration-test"
44.232.145.255 - - [20/Jun/2025:17:16:26 +0200] "GET /templates/neutre/images/object1876504310.jpg HTTP/1.1" 200 45872 "http://www.paysagiste93.com/templates/neutre/css/template.css" "HanaleiBot runid=beta-stage-integration-test"
44.232.145.255 - - [20/Jun/2025:17:16:26 +0200] "GET /templates/neutre/images/object92465227.png HTTP/1.1" 200 676 "http://www.paysagiste93.com/templates/neutre/css/template.css" "HanaleiBot runid=beta-stage-integration-test"
44.232.145.255 - - [20/Jun/2025:17:16:26 +0200] "GET /templates/neutre/images/spacer.gif HTTP/1.1" 200 43 "http://www.paysagiste93.com/templates/neutre/css/template.css" "HanaleiBot runid=beta-stage-integration-test"
44.232.145.255 - - [20/Jun/2025:17:16:26 +0200] "GET /templates/neutre/images/object1951122409.png HTTP/1.1" 200 2530 "http://www.paysagiste93.com/templates/neutre/css/template.css" "HanaleiBot runid=beta-stage-integration-test"
44.232.145.255 - - [20/Jun/2025:17:16:27 +0200] "GET /templates/neutre/images/nav.png HTTP/1.1" 200 104 "http://www.paysagiste93.com/templates/neutre/css/template.css" "HanaleiBot runid=beta-stage-integration-test"
44.232.145.255 - - [20/Jun/2025:17:16:27 +0200] "GET /templates/neutre/images/object839461247.png HTTP/1.1" 200 898 "http://www.paysagiste93.com/templates/neutre/css/template.css" "HanaleiBot runid=beta-stage-integration-test"
44.232.145.255 - - [20/Jun/2025:17:16:27 +0200] "GET /templates/neutre/images/object1139864562.png HTTP/1.1" 200 2895 "http://www.paysagiste93.com/templates/neutre/css/template.css" "HanaleiBot runid=beta-stage-integration-test"
44.232.145.255 - - [20/Jun/2025:17:16:27 +0200] "GET /templates/neutre/images/menuseparator.png HTTP/1.1" 200 99 "http://www.paysagiste93.com/templates/neutre/css/template.css" "HanaleiBot runid=beta-stage-integration-test"
44.232.145.255 - - [20/Jun/2025:17:16:27 +0200] "GET /templates/neutre/images/postbullets.png HTTP/1.1" 200 119 "http://www.paysagiste93.com/templates/neutre/css/template.css" "HanaleiBot runid=beta-stage-integration-test"
44.232.145.255 - - [20/Jun/2025:17:16:27 +0200] "GET /templates/neutre/images/postdateicon.png HTTP/1.1" 200 261 "http://www.paysagiste93.com/templates/neutre/css/template.css" "HanaleiBot runid=beta-stage-integration-test"
44.232.145.255 - - [20/Jun/2025:17:16:27 +0200] "GET /templates/neutre/images/blockbullets.png HTTP/1.1" 200 216 "http://www.paysagiste93.com/templates/neutre/css/template.css" "HanaleiBot runid=beta-stage-integration-test"
44.232.145.255 - - [20/Jun/2025:17:16:27 +0200] "GET /plugins/system/jcemediabox/themes/light/popup.html HTTP/1.1" 200 1093 "http://www.paysagiste93.com/entretiendujardin/stains-93/10-Paysagiste%20-93" "HanaleiBot runid=beta-stage-integration-test"
44.232.145.255 - - [20/Jun/2025:17:16:27 +0200] "GET /templates/neutre/images/star_5.png HTTP/1.1" 200 971 "http://www.paysagiste93.com/templates/neutre/css/template.css" "HanaleiBot runid=beta-stage-integration-test"
44.232.145.255 - - [20/Jun/2025:17:16:27 +0200] "GET /plugins/system/jcemediabox/themes/light/tooltip.html HTTP/1.1" 200 958 "http://www.paysagiste93.com/entretiendujardin/stains-93/10-Paysagiste%20-93" "HanaleiBot runid=beta-stage-integration-test"
44.232.145.255 - - [20/Jun/2025:17:16:27 +0200] "GET /templates/neutre/images/postcategoryicon.png HTTP/1.1" 200 150 "http://www.paysagiste93.com/templates/neutre/css/template.css" "HanaleiBot runid=beta-stage-integration-test"
44.232.145.255 - - [20/Jun/2025:17:16:27 +0200] "GET /templates/neutre/images/footer.png HTTP/1.1" 200 101 "http://www.paysagiste93.com/templates/neutre/css/template.css" "HanaleiBot runid=beta-stage-integration-test"
46.51.197.212 - - [20/Jun/2025:17:27:21 +0200] "GET /?option=com_search&searchword=raincy HTTP/1.1" 200 24756 "http://www.paysagiste93.com/" "Mozilla/5.0 (Macintosh; Intel Mac OS X 10_15_5) AppleWebKit/537.36 (KHTML, like Gecko) Chrome/83.0.4103.61 Safari/537.36"
46.51.197.212 - - [20/Jun/2025:17:27:46 +0200] "GET /?option=com_search&searchword=ramoneur HTTP/1.1" 200 24485 "http://www.paysagiste93.com/" "Mozilla/5.0 (Macintosh; Intel Mac OS X 10_15_5) AppleWebKit/537.36 (KHTML, like Gecko) Chrome/83.0.4103.61 Safari/537.36"
46.51.197.212 - - [20/Jun/2025:17:27:50 +0200] "GET /?option=com_search&searchword=pratique HTTP/1.1" 200 24808 "http://www.paysagiste93.com/" "Mozilla/5.0 (Macintosh; Intel Mac OS X 10_15_5) AppleWebKit/537.36 (KHTML, like Gecko) Chrome/83.0.4103.61 Safari/537.36"
46.51.197.212 - - [20/Jun/2025:17:27:55 +0200] "GET /?option=com_search&searchword=divers HTTP/1.1" 200 24770 "http://www.paysagiste93.com/" "Mozilla/5.0 (Macintosh; Intel Mac OS X 10_15_5) AppleWebKit/537.36 (KHTML, like Gecko) Chrome/83.0.4103.61 Safari/537.36"
46.51.197.212 - - [20/Jun/2025:17:27:59 +0200] "GET /?option=com_search&searchword=d'animaux HTTP/1.1" 200 24571 "http://www.paysagiste93.com/" "Mozilla/5.0 (Macintosh; Intel Mac OS X 10_15_5) AppleWebKit/537.36 (KHTML, like Gecko) Chrome/83.0.4103.61 Safari/537.36"
136.243.228.195 - - [20/Jun/2025:17:36:05 +0200] "GET /robots.txt HTTP/1.1" 200 896 "-" "Mozilla/5.0 (compatible; DataForSeoBot/1.0; +https://dataforseo.com/dataforseo-bot)"
185.191.171.12 - - [20/Jun/2025:17:42:48 +0200] "GET /robots.txt HTTP/1.1" 200 896 "-" "Mozilla/5.0 (compatible; SemrushBot/7~bl; +http://www.semrush.com/bot.html)"
85.208.96.201 - - [20/Jun/2025:17:42:48 +0200] "GET /entretiendujardin/bobigny-93/13-traitement HTTP/1.1" 200 28095 "-" "Mozilla/5.0 (compatible; SemrushBot/7~bl; +http://www.semrush.com/bot.html)"
40.77.167.25 - - [20/Jun/2025:17:45:47 +0200] "GET /sitemap_index.xml HTTP/1.1" 404 1490 "-" "Mozilla/5.0 AppleWebKit/537.36 (KHTML, like Gecko; compatible; bingbot/2.0; +http://www.bing.com/bingbot.htm) Chrome/116.0.1938.76 Safari/537.36"
85.208.96.207 - - [20/Jun/2025:17:57:49 +0200] "GET /entretiendujardin/dugny-93/10-Paysagiste%20-93 HTTP/1.1" 200 114369 "-" "Mozilla/5.0 (compatible; SemrushBot/7~bl; +http://www.semrush.com/bot.html)"
64.71.161.81 - - [20/Jun/2025:18:03:38 +0200] "GET / HTTP/1.1" 301 236 "-" "Mozilla/5.0 (compatible; Googlebot/2.1; +http://www.google.com/bot.html)"
64.71.161.81 - - [20/Jun/2025:18:03:39 +0200] "GET / HTTP/1.1" 200 43624 "-" "Mozilla/5.0 (compatible; Googlebot/2.1; +http://www.google.com/bot.html)"
51.255.95.29 - - [20/Jun/2025:18:09:49 +0200] "GET /component/ninjarsssyndicator/?feed_id=1&format=raw HTTP/1.0" 200 6993 "-" "MagpieRSS/0.72 (+http://magpierss.sf.net)"
124.221.245.78 - - [20/Jun/2025:18:18:23 +0200] "GET / HTTP/1.1" 200 43624 "-" "Mozilla/5.0 (iPhone; CPU iPhone OS 13_2_3 like Mac OS X) AppleWebKit/605.1.15 (KHTML, like Gecko) Version/13.0.3 Mobile/15E148 Safari/604.1"
185.191.171.4 - - [20/Jun/2025:18:33:49 +0200] "GET /entretiendujardin/gagny-93/index.php?id=49&option=com_content&view=article HTTP/1.1" 200 27531 "-" "Mozilla/5.0 (compatible; SemrushBot/7~bl; +http://www.semrush.com/bot.html)"
65.21.113.199 - - [20/Jun/2025:18:37:31 +0200] "GET /blog/70-creer-une-animalerie-dans-votre-jardin HTTP/1.1" 200 30197 "-" "Mozilla/5.0 (compatible; AwarioBot/1.0; +https://awario.com/bots.html)"
65.21.113.199 - - [20/Jun/2025:18:37:38 +0200] "GET /blog/71-arrosage-pelouse-guide-pratique-pour-reussir HTTP/1.1" 200 30164 "-" "Mozilla/5.0 (compatible; AwarioBot/1.0; +https://awario.com/bots.html)"
65.21.113.199 - - [20/Jun/2025:18:37:40 +0200] "GET /selection-web/53-achat-vente-d-animaux-d-agrement-ou-de-compagnie HTTP/1.1" 200 27730 "-" "Mozilla/5.0 (compatible; AwarioBot/1.0; +https://awario.com/bots.html)"
65.21.113.199 - - [20/Jun/2025:18:37:42 +0200] "GET /selection-web/54-artisan-du-batiment HTTP/1.1" 200 27702 "-" "Mozilla/5.0 (compatible; AwarioBot/1.0; +https://awario.com/bots.html)"
65.21.113.199 - - [20/Jun/2025:18:37:43 +0200] "GET /selection-web/55-centre-equestre-et-assimile HTTP/1.1" 200 27758 "-" "Mozilla/5.0 (compatible; AwarioBot/1.0; +https://awario.com/bots.html)"
65.21.113.199 - - [20/Jun/2025:18:37:46 +0200] "GET /selection-web/56-macon HTTP/1.1" 200 27604 "-" "Mozilla/5.0 (compatible; AwarioBot/1.0; +https://awario.com/bots.html)"
65.21.113.199 - - [20/Jun/2025:18:37:48 +0200] "GET /selection-web/57-Marchand%20de%20biens HTTP/1.1" 200 27693 "-" "Mozilla/5.0 (compatible; AwarioBot/1.0; +https://awario.com/bots.html)"
65.21.113.199 - - [20/Jun/2025:18:37:50 +0200] "GET /selection-web/58-Menuisier HTTP/1.1" 200 27629 "-" "Mozilla/5.0 (compatible; AwarioBot/1.0; +https://awario.com/bots.html)"
65.21.113.199 - - [20/Jun/2025:18:37:52 +0200] "GET /selection-web/59-Paysagiste HTTP/1.1" 200 27636 "-" "Mozilla/5.0 (compatible; AwarioBot/1.0; +https://awario.com/bots.html)"
65.21.113.199 - - [20/Jun/2025:18:37:55 +0200] "GET /selection-web/60-Organisme%20de%20formation%20professionnelle HTTP/1.1" 200 27844 "-" "Mozilla/5.0 (compatible; AwarioBot/1.0; +https://awario.com/bots.html)"
65.21.113.199 - - [20/Jun/2025:18:37:57 +0200] "GET /selection-web/61-Ramoneur HTTP/1.1" 200 27622 "-" "Mozilla/5.0 (compatible; AwarioBot/1.0; +https://awario.com/bots.html)"
65.21.113.199 - - [20/Jun/2025:18:37:59 +0200] "GET /selection-web/62-divers HTTP/1.1" 200 27608 "-" "Mozilla/5.0 (compatible; AwarioBot/1.0; +https://awario.com/bots.html)"
65.21.113.199 - - [20/Jun/2025:18:38:01 +0200] "GET /blog?format=feed&type=atom HTTP/1.1" 200 24890 "-" "Mozilla/5.0 (compatible; AwarioBot/1.0; +https://awario.com/bots.html)"
65.21.113.199 - - [20/Jun/2025:18:38:04 +0200] "GET /blog?format=feed&type=rss HTTP/1.1" 200 12809 "-" "Mozilla/5.0 (compatible; AwarioBot/1.0; +https://awario.com/bots.html)"
65.21.113.199 - - [20/Jun/2025:18:38:11 +0200] "GET /component/content/category/10-Paysagiste%20-93 HTTP/1.1" 200 109273 "-" "Mozilla/5.0 (compatible; AwarioBot/1.0; +https://awario.com/bots.html)"
65.21.113.199 - - [20/Jun/2025:18:38:15 +0200] "GET /component/content/category/2-diverse HTTP/1.1" 200 36888 "-" "Mozilla/5.0 (compatible; AwarioBot/1.0; +https://awario.com/bots.html)"
65.21.113.199 - - [20/Jun/2025:18:38:19 +0200] "GET /component/content/category/9-informations HTTP/1.1" 200 21719 "-" "Mozilla/5.0 (compatible; AwarioBot/1.0; +https://awario.com/bots.html)"
65.21.113.199 - - [20/Jun/2025:18:38:21 +0200] "GET /component/mailto/?tmpl=component&template=neutre&link=020dfdad60eca33224ef0d369b82b374297a999a HTTP/1.1" 200 4269 "-" "Mozilla/5.0 (compatible; AwarioBot/1.0; +https://awario.com/bots.html)"
65.21.113.199 - - [20/Jun/2025:18:38:23 +0200] "GET /component/mailto/?tmpl=component&template=neutre&link=034c0524ba610f270b0ba4b126ff1bdb4a653c13 HTTP/1.1" 200 4269 "-" "Mozilla/5.0 (compatible; AwarioBot/1.0; +https://awario.com/bots.html)"
65.21.113.199 - - [20/Jun/2025:18:38:24 +0200] "GET /component/mailto/?tmpl=component&template=neutre&link=0c8d9c0b1f8a311bcc59ea3fe5960c7c9b57d5eb HTTP/1.1" 200 4269 "-" "Mozilla/5.0 (compatible; AwarioBot/1.0; +https://awario.com/bots.html)"
65.21.113.199 - - [20/Jun/2025:18:38:26 +0200] "GET /component/mailto/?tmpl=component&template=neutre&link=0fa7fe833e1863920576c9f0b584e7ec334c6f1b HTTP/1.1" 200 4269 "-" "Mozilla/5.0 (compatible; AwarioBot/1.0; +https://awario.com/bots.html)"
65.21.113.199 - - [20/Jun/2025:18:38:29 +0200] "GET /component/mailto/?tmpl=component&template=neutre&link=2020b32e40cd6fbbe6ab5a67b9054d49d33fc960 HTTP/1.1" 200 4269 "-" "Mozilla/5.0 (compatible; AwarioBot/1.0; +https://awario.com/bots.html)"
65.21.113.199 - - [20/Jun/2025:18:38:30 +0200] "GET /component/mailto/?tmpl=component&template=neutre&link=29008c0bf27f8be2a6537546c790237ddc8efc13 HTTP/1.1" 200 4269 "-" "Mozilla/5.0 (compatible; AwarioBot/1.0; +https://awario.com/bots.html)"
65.21.113.199 - - [20/Jun/2025:18:38:32 +0200] "GET /component/mailto/?tmpl=component&template=neutre&link=29a47636abd9f05ba49d76e735caae501eb0cc2e HTTP/1.1" 200 4269 "-" "Mozilla/5.0 (compatible; AwarioBot/1.0; +https://awario.com/bots.html)"
65.21.113.199 - - [20/Jun/2025:18:38:36 +0200] "GET /component/mailto/?tmpl=component&template=neutre&link=29e3b0b81412452349a25e39fd099f1bac974863 HTTP/1.1" 200 4269 "-" "Mozilla/5.0 (compatible; AwarioBot/1.0; +https://awario.com/bots.html)"
65.21.113.199 - - [20/Jun/2025:18:38:38 +0200] "GET /component/mailto/?tmpl=component&template=neutre&link=2aa5d595d915727006fdc7452725f0f8df938bba HTTP/1.1" 200 4269 "-" "Mozilla/5.0 (compatible; AwarioBot/1.0; +https://awario.com/bots.html)"
65.21.113.199 - - [20/Jun/2025:18:38:40 +0200] "GET /component/mailto/?tmpl=component&template=neutre&link=2ce56f01329366e780bd503401ac1c1a98cca9ac HTTP/1.1" 200 4269 "-" "Mozilla/5.0 (compatible; AwarioBot/1.0; +https://awario.com/bots.html)"
65.21.113.199 - - [20/Jun/2025:18:38:42 +0200] "GET /component/mailto/?tmpl=component&template=neutre&link=3834f18d70251d6d8a6642ac485e5633f93c0028 HTTP/1.1" 200 4269 "-" "Mozilla/5.0 (compatible; AwarioBot/1.0; +https://awario.com/bots.html)"
65.21.113.199 - - [20/Jun/2025:18:38:44 +0200] "GET /component/mailto/?tmpl=component&template=neutre&link=3b432a02364a932cfc06b660c27e7956eab35aa3 HTTP/1.1" 200 4269 "-" "Mozilla/5.0 (compatible; AwarioBot/1.0; +https://awario.com/bots.html)"
65.21.113.199 - - [20/Jun/2025:18:38:45 +0200] "GET /component/mailto/?tmpl=component&template=neutre&link=3be64df102d6c887e48d672b3a8451e04b142d02 HTTP/1.1" 200 4269 "-" "Mozilla/5.0 (compatible; AwarioBot/1.0; +https://awario.com/bots.html)"
65.21.113.199 - - [20/Jun/2025:18:38:47 +0200] "GET /component/mailto/?tmpl=component&template=neutre&link=427adf50582a3c8ff9b497602a972ef5335a6ced HTTP/1.1" 200 4269 "-" "Mozilla/5.0 (compatible; AwarioBot/1.0; +https://awario.com/bots.html)"
65.21.113.199 - - [20/Jun/2025:18:38:49 +0200] "GET /component/mailto/?tmpl=component&template=neutre&link=43aa2775de2c891696028c66e7bdb5969556d625 HTTP/1.1" 200 4269 "-" "Mozilla/5.0 (compatible; AwarioBot/1.0; +https://awario.com/bots.html)"
65.21.113.199 - - [20/Jun/2025:18:38:51 +0200] "GET /component/mailto/?tmpl=component&template=neutre&link=4aa439fdd20db61ebf13da131f9cd73579d80e34 HTTP/1.1" 200 4269 "-" "Mozilla/5.0 (compatible; AwarioBot/1.0; +https://awario.com/bots.html)"
65.21.113.199 - - [20/Jun/2025:18:38:54 +0200] "GET /component/mailto/?tmpl=component&template=neutre&link=5b7b3eed900a7f9b8629b6327ad9772cfe8b6606 HTTP/1.1" 200 4269 "-" "Mozilla/5.0 (compatible; AwarioBot/1.0; +https://awario.com/bots.html)"
65.21.113.199 - - [20/Jun/2025:18:38:55 +0200] "GET /component/mailto/?tmpl=component&template=neutre&link=6e34d0d671df1d655bf08f60b9ee146406bd8478 HTTP/1.1" 200 4269 "-" "Mozilla/5.0 (compatible; AwarioBot/1.0; +https://awario.com/bots.html)"
65.21.113.199 - - [20/Jun/2025:18:38:58 +0200] "GET /component/mailto/?tmpl=component&template=neutre&link=71e977f9d395572dc2a4eff0d3b8f060acb344a2 HTTP/1.1" 200 4269 "-" "Mozilla/5.0 (compatible; AwarioBot/1.0; +https://awario.com/bots.html)"
65.21.113.199 - - [20/Jun/2025:18:39:00 +0200] "GET /component/mailto/?tmpl=component&template=neutre&link=722594f0ec88a72e5515e593c95fceb21a80fa88 HTTP/1.1" 200 4269 "-" "Mozilla/5.0 (compatible; AwarioBot/1.0; +https://awario.com/bots.html)"
65.21.113.199 - - [20/Jun/2025:18:39:05 +0200] "GET /component/mailto/?tmpl=component&template=neutre&link=73b7b7d781de47cf46c7bc9490e9d294c03a8451 HTTP/1.1" 200 4269 "-" "Mozilla/5.0 (compatible; AwarioBot/1.0; +https://awario.com/bots.html)"
65.21.113.199 - - [20/Jun/2025:18:39:07 +0200] "GET /component/mailto/?tmpl=component&template=neutre&link=786668411f5380d0b4b12aee609f4b0a0454e0bc HTTP/1.1" 200 4269 "-" "Mozilla/5.0 (compatible; AwarioBot/1.0; +https://awario.com/bots.html)"
65.21.113.199 - - [20/Jun/2025:18:39:10 +0200] "GET /component/mailto/?tmpl=component&template=neutre&link=7a9b0798d02e45265829eb1fa77b5b9609b24e56 HTTP/1.1" 200 4269 "-" "Mozilla/5.0 (compatible; AwarioBot/1.0; +https://awario.com/bots.html)"
65.21.113.199 - - [20/Jun/2025:18:39:12 +0200] "GET /component/mailto/?tmpl=component&template=neutre&link=880b4d2079c85028fcb4d7c497f590302b340d6b HTTP/1.1" 200 4269 "-" "Mozilla/5.0 (compatible; AwarioBot/1.0; +https://awario.com/bots.html)"
65.21.113.199 - - [20/Jun/2025:18:39:14 +0200] "GET /component/mailto/?tmpl=component&template=neutre&link=88533b97bebb5f047ad5489278565e9d5717382a HTTP/1.1" 200 4269 "-" "Mozilla/5.0 (compatible; AwarioBot/1.0; +https://awario.com/bots.html)"
65.21.113.199 - - [20/Jun/2025:18:39:18 +0200] "GET /component/mailto/?tmpl=component&template=neutre&link=97ef73fe16232e0ef84ba229717681594af35c8c HTTP/1.1" 200 4269 "-" "Mozilla/5.0 (compatible; AwarioBot/1.0; +https://awario.com/bots.html)"
65.21.113.199 - - [20/Jun/2025:18:39:22 +0200] "GET /component/mailto/?tmpl=component&template=neutre&link=a40bd8d328760058a299eef5782773d961d6a4d3 HTTP/1.1" 200 4269 "-" "Mozilla/5.0 (compatible; AwarioBot/1.0; +https://awario.com/bots.html)"
65.21.113.199 - - [20/Jun/2025:18:39:27 +0200] "GET /component/mailto/?tmpl=component&template=neutre&link=a48d55d91f2072210ec4801935259938c83846f5 HTTP/1.1" 200 4269 "-" "Mozilla/5.0 (compatible; AwarioBot/1.0; +https://awario.com/bots.html)"
136.243.228.195 - - [20/Jun/2025:18:39:33 +0200] "GET /robots.txt HTTP/1.1" 200 896 "-" "Mozilla/5.0 (compatible; DataForSeoBot/1.0; +https://dataforseo.com/dataforseo-bot)"
65.21.113.199 - - [20/Jun/2025:18:39:33 +0200] "GET /component/mailto/?tmpl=component&template=neutre&link=a50d134474e7d34399c6a35786ec1a3559cee026 HTTP/1.1" 200 4269 "-" "Mozilla/5.0 (compatible; AwarioBot/1.0; +https://awario.com/bots.html)"
136.243.228.195 - - [20/Jun/2025:18:39:33 +0200] "GET /index.php?option=com_xmap&view=xml&tmpl=component&id=1 HTTP/1.1" 200 1383 "-" "Mozilla/5.0 (compatible; DataForSeoBot/1.0; +https://dataforseo.com/dataforseo-bot)"
65.21.113.199 - - [20/Jun/2025:18:39:38 +0200] "GET /component/mailto/?tmpl=component&template=neutre&link=b0cf836ca39c7045963932380e01177428876b5d HTTP/1.1" 200 4269 "-" "Mozilla/5.0 (compatible; AwarioBot/1.0; +https://awario.com/bots.html)"
65.21.113.199 - - [20/Jun/2025:18:39:41 +0200] "GET /component/mailto/?tmpl=component&template=neutre&link=b517ca3b122183e0d5c479e329b4bd2ffcb76e71 HTTP/1.1" 200 4269 "-" "Mozilla/5.0 (compatible; AwarioBot/1.0; +https://awario.com/bots.html)"
65.21.113.199 - - [20/Jun/2025:18:39:43 +0200] "GET /component/mailto/?tmpl=component&template=neutre&link=bcaa7f5f77c233b3a8273345706ac4dc62d92296 HTTP/1.1" 200 4269 "-" "Mozilla/5.0 (compatible; AwarioBot/1.0; +https://awario.com/bots.html)"
65.21.113.199 - - [20/Jun/2025:18:39:46 +0200] "GET /component/mailto/?tmpl=component&template=neutre&link=bd07423df792eb33a28b23afea9788a369e732d9 HTTP/1.1" 200 4269 "-" "Mozilla/5.0 (compatible; AwarioBot/1.0; +https://awario.com/bots.html)"
65.21.113.199 - - [20/Jun/2025:18:39:48 +0200] "GET /component/mailto/?tmpl=component&template=neutre&link=be7ef485ee13d85c18a3b581dabefab661459687 HTTP/1.1" 200 4269 "-" "Mozilla/5.0 (compatible; AwarioBot/1.0; +https://awario.com/bots.html)"
65.21.113.199 - - [20/Jun/2025:18:39:51 +0200] "GET /component/mailto/?tmpl=component&template=neutre&link=c7ca25002ae3d4591f005281f440dfc21430b368 HTTP/1.1" 200 4269 "-" "Mozilla/5.0 (compatible; AwarioBot/1.0; +https://awario.com/bots.html)"
65.21.113.199 - - [20/Jun/2025:18:39:53 +0200] "GET /component/mailto/?tmpl=component&template=neutre&link=c938a7a8ef1e93ed9520cc968d34fd1d5650482d HTTP/1.1" 200 4269 "-" "Mozilla/5.0 (compatible; AwarioBot/1.0; +https://awario.com/bots.html)"
65.21.113.199 - - [20/Jun/2025:18:39:56 +0200] "GET /component/mailto/?tmpl=component&template=neutre&link=cba0add9d48771e72a32f4aba06e7fc9273dfb09 HTTP/1.1" 200 4269 "-" "Mozilla/5.0 (compatible; AwarioBot/1.0; +https://awario.com/bots.html)"
65.21.113.199 - - [20/Jun/2025:18:39:58 +0200] "GET /component/mailto/?tmpl=component&template=neutre&link=d2a629451b977d1b3e910c1c3a04b26d60b136ba HTTP/1.1" 200 4269 "-" "Mozilla/5.0 (compatible; AwarioBot/1.0; +https://awario.com/bots.html)"
65.21.113.199 - - [20/Jun/2025:18:40:00 +0200] "GET /component/mailto/?tmpl=component&template=neutre&link=d30ff48304ea9df89deb65b348614a73c6022f0f HTTP/1.1" 200 4269 "-" "Mozilla/5.0 (compatible; AwarioBot/1.0; +https://awario.com/bots.html)"
65.21.113.199 - - [20/Jun/2025:18:40:02 +0200] "GET /component/mailto/?tmpl=component&template=neutre&link=d90e3ff746ae321d505f525e97586905af292efb HTTP/1.1" 200 4269 "-" "Mozilla/5.0 (compatible; AwarioBot/1.0; +https://awario.com/bots.html)"
65.21.113.199 - - [20/Jun/2025:18:40:05 +0200] "GET /component/mailto/?tmpl=component&template=neutre&link=ddcfd9e0fb658e77aa44c0c55b0b5c96d20e7e47 HTTP/1.1" 200 4269 "-" "Mozilla/5.0 (compatible; AwarioBot/1.0; +https://awario.com/bots.html)"
65.21.113.199 - - [20/Jun/2025:18:40:07 +0200] "GET /component/mailto/?tmpl=component&template=neutre&link=e0fc9e6aa1da6baff9e71b52fd345f64903b411e HTTP/1.1" 200 4269 "-" "Mozilla/5.0 (compatible; AwarioBot/1.0; +https://awario.com/bots.html)"
65.21.113.199 - - [20/Jun/2025:18:40:09 +0200] "GET /component/mailto/?tmpl=component&template=neutre&link=e31b08adbca5977a8bdd8dda63ec42069b11565e HTTP/1.1" 200 4269 "-" "Mozilla/5.0 (compatible; AwarioBot/1.0; +https://awario.com/bots.html)"
65.21.113.199 - - [20/Jun/2025:18:40:11 +0200] "GET /component/mailto/?tmpl=component&template=neutre&link=e74b2595a8c10ba950e2f1bc13a7de1537151a0a HTTP/1.1" 200 4269 "-" "Mozilla/5.0 (compatible; AwarioBot/1.0; +https://awario.com/bots.html)"
65.21.113.199 - - [20/Jun/2025:18:40:13 +0200] "GET /component/mailto/?tmpl=component&template=neutre&link=ec7f78e9aaa0de5eea50286f359d255d36049ab9 HTTP/1.1" 200 4269 "-" "Mozilla/5.0 (compatible; AwarioBot/1.0; +https://awario.com/bots.html)"
65.21.113.199 - - [20/Jun/2025:18:40:15 +0200] "GET /component/mailto/?tmpl=component&template=neutre&link=f9b8f893afd9abbb3872212dced9c1365f90f651 HTTP/1.1" 200 4269 "-" "Mozilla/5.0 (compatible; AwarioBot/1.0; +https://awario.com/bots.html)"
65.21.113.199 - - [20/Jun/2025:18:40:18 +0200] "GET /component/ninjarsssyndicator/?feed_id=2&format=raw HTTP/1.1" 200 267197 "-" "Mozilla/5.0 (compatible; AwarioBot/1.0; +https://awario.com/bots.html)"
65.21.113.199 - - [20/Jun/2025:18:40:20 +0200] "GET /component/ninjarsssyndicator/?feed_id=3&format=raw HTTP/1.1" 200 4789 "-" "Mozilla/5.0 (compatible; AwarioBot/1.0; +https://awario.com/bots.html)"
