34.82.179.22 - - [19/Jun/2025:19:25:41 +0200] "HEAD /index.php HTTP/1.1" 200 - "http://paysagiste93.com/main" "Mozilla/5.0 (Windows NT 10.0; Win64; x64) AppleWebKit/537.36 (KHTML, like Gecko) Chrome/74.0.3729.169 Safari/537.36"
34.82.179.22 - - [19/Jun/2025:19:25:42 +0200] "HEAD /home HTTP/1.1" 301 - "-" "Mozilla/5.0 (Windows NT 10.0; Win64; x64) AppleWebKit/537.36 (KHTML, like Gecko) Chrome/74.0.3729.169 Safari/537.36"
34.82.179.22 - - [19/Jun/2025:19:25:42 +0200] "HEAD /index.php HTTP/1.1" 200 - "http://paysagiste93.com/home" "Mozilla/5.0 (Windows NT 10.0; Win64; x64) AppleWebKit/537.36 (KHTML, like Gecko) Chrome/74.0.3729.169 Safari/537.36"
203.23.179.24 - - [19/Jun/2025:19:25:50 +0200] "GET /contactez-nous HTTP/1.1" 200 28375 "-" "Mozilla/5.0 (Windows NT 10.0; Win64; x64) AppleWebKit/537.36 (KHTML, like Gecko) Chrome/114.0.0.0 Safari/537.36 Vivaldi/5.3.2679.68"
203.23.179.24 - - [19/Jun/2025:19:25:51 +0200] "POST /contactez-nous HTTP/1.1" 200 28375 "http://www.paysagiste93.com/contactez-nous" "Mozilla/5.0 (Windows NT 10.0; Win64; x64) AppleWebKit/537.36 (KHTML, like Gecko) Chrome/114.0.0.0 Safari/537.36 Vivaldi/5.3.2679.68"
43.157.170.13 - - [19/Jun/2025:19:30:42 +0200] "GET /entretiendujardin/pre-saint-gervais-93 HTTP/1.1" 200 43274 "-" "Mozilla/5.0 (iPhone; CPU iPhone OS 13_2_3 like Mac OS X) AppleWebKit/605.1.15 (KHTML, like Gecko) Version/13.0.3 Mobile/15E148 Safari/604.1"
102.129.223.92 - - [19/Jun/2025:19:35:02 +0200] "GET / HTTP/1.1" 200 43624 "-" "Mozilla/5.0 (Windows NT 10.0; Win64; x64) AppleWebKit/537.36 (KHTML, like Gecko) Chrome/114.0.0.0 Safari/537.36 Vivaldi/5.3.2679.68"
102.129.223.92 - - [19/Jun/2025:19:35:07 +0200] "POST / HTTP/1.1" 200 43624 "HTTP://www.paysagiste93.com/" "Mozilla/5.0 (Windows NT 10.0; Win64; x64) AppleWebKit/537.36 (KHTML, like Gecko) Chrome/114.0.0.0 Safari/537.36 Vivaldi/5.3.2679.68"
216.244.66.198 - - [19/Jun/2025:19:39:48 +0200] "GET /entretiendujardin/villepinte-93/10-Paysagiste%20-93?format=feed&type=rss HTTP/1.1" 200 75413 "-" "Mozilla/5.0 (compatible; DotBot/1.2; +https://opensiteexplorer.org/dotbot; help@moz.com)"
43.153.12.58 - - [19/Jun/2025:19:45:02 +0200] "GET /entretiendujardin/stains-93 HTTP/1.1" 200 42988 "-" "Mozilla/5.0 (iPhone; CPU iPhone OS 13_2_3 like Mac OS X) AppleWebKit/605.1.15 (KHTML, like Gecko) Version/13.0.3 Mobile/15E148 Safari/604.1"
43.153.27.244 - - [19/Jun/2025:19:51:25 +0200] "GET /entretiendujardin/pierrefitte-sur-seine-93 HTTP/1.1" 200 43378 "-" "Mozilla/5.0 (iPhone; CPU iPhone OS 13_2_3 like Mac OS X) AppleWebKit/605.1.15 (KHTML, like Gecko) Version/13.0.3 Mobile/15E148 Safari/604.1"
43.135.133.194 - - [19/Jun/2025:20:04:55 +0200] "GET /entretiendujardin/pantin-93 HTTP/1.1" 200 42984 "-" "Mozilla/5.0 (iPhone; CPU iPhone OS 13_2_3 like Mac OS X) AppleWebKit/605.1.15 (KHTML, like Gecko) Version/13.0.3 Mobile/15E148 Safari/604.1"
43.159.145.149 - - [19/Jun/2025:20:15:26 +0200] "GET /entretiendujardin/clichy-sous-bois-93 HTTP/1.1" 200 43248 "-" "Mozilla/5.0 (iPhone; CPU iPhone OS 13_2_3 like Mac OS X) AppleWebKit/605.1.15 (KHTML, like Gecko) Version/13.0.3 Mobile/15E148 Safari/604.1"
43.130.102.7 - - [19/Jun/2025:20:24:31 +0200] "GET /entretiendujardin/pavillons-sous-bois-93 HTTP/1.1" 200 43326 "-" "Mozilla/5.0 (iPhone; CPU iPhone OS 13_2_3 like Mac OS X) AppleWebKit/605.1.15 (KHTML, like Gecko) Version/13.0.3 Mobile/15E148 Safari/604.1"
146.19.215.12 - - [19/Jun/2025:20:25:17 +0200] "GET /administrator/ HTTP/1.1" 403 216 "-" "Mozilla/5.0 (Windows NT 10.0; Win64; x64; rv:121.0) Gecko/20100101 Firefox/121.0"
146.19.215.12 - - [19/Jun/2025:20:25:17 +0200] "GET /administrator/index.php HTTP/1.1" 403 225 "-" "Mozilla/5.0 (Windows NT 10.0; Win64; x64; rv:121.0) Gecko/20100101 Firefox/121.0"
43.153.71.12 - - [19/Jun/2025:20:33:20 +0200] "GET /component/mailto/?tmpl=component&template=neutre&link=cba0add9d48771e72a32f4aba06e7fc9273dfb09 HTTP/1.1" 200 4269 "-" "Mozilla/5.0 (iPhone; CPU iPhone OS 13_2_3 like Mac OS X) AppleWebKit/605.1.15 (KHTML, like Gecko) Version/13.0.3 Mobile/15E148 Safari/604.1"
203.2.64.59 - - [19/Jun/2025:20:36:31 +0200] "GET / HTTP/1.1" 301 236 "-" "Mozilla/5.0 (iPhone; CPU iPhone OS 13_2_3 like Mac OS X) AppleWebKit/605.1.15 (KHTML, like Gecko) Version/13.0.3 Mobile/15E148 Safari/604.1"
203.2.64.59 - - [19/Jun/2025:20:36:31 +0200] "GET / HTTP/1.1" 200 43624 "http://paysagiste93.com" "Mozilla/5.0 (iPhone; CPU iPhone OS 13_2_3 like Mac OS X) AppleWebKit/605.1.15 (KHTML, like Gecko) Version/13.0.3 Mobile/15E148 Safari/604.1"
43.153.85.46 - - [19/Jun/2025:20:43:18 +0200] "GET /entretiendujardin/neuilly-sur-marne-93 HTTP/1.1" 200 43274 "-" "Mozilla/5.0 (iPhone; CPU iPhone OS 13_2_3 like Mac OS X) AppleWebKit/605.1.15 (KHTML, like Gecko) Version/13.0.3 Mobile/15E148 Safari/604.1"
43.166.129.247 - - [19/Jun/2025:20:52:24 +0200] "GET /component/mailto/?tmpl=component&template=neutre&link=f9b8f893afd9abbb3872212dced9c1365f90f651 HTTP/1.1" 200 4269 "-" "Mozilla/5.0 (iPhone; CPU iPhone OS 13_2_3 like Mac OS X) AppleWebKit/605.1.15 (KHTML, like Gecko) Version/13.0.3 Mobile/15E148 Safari/604.1"
85.208.96.195 - - [19/Jun/2025:20:54:41 +0200] "GET /robots.txt HTTP/1.1" 200 896 "-" "Mozilla/5.0 (compatible; SemrushBot/7~bl; +http://www.semrush.com/bot.html)"
185.191.171.17 - - [19/Jun/2025:20:54:42 +0200] "GET /entretiendujardin/saint-denis-93/13-traitement/49-envoi-commentaire HTTP/1.1" 200 27632 "-" "Mozilla/5.0 (compatible; SemrushBot/7~bl; +http://www.semrush.com/bot.html)"
43.131.253.14 - - [19/Jun/2025:21:01:38 +0200] "GET /component/search/?Itemid=191&format=opensearch HTTP/1.1" 200 731 "-" "Mozilla/5.0 (iPhone; CPU iPhone OS 13_2_3 like Mac OS X) AppleWebKit/605.1.15 (KHTML, like Gecko) Version/13.0.3 Mobile/15E148 Safari/604.1"
102.67.203.62 - - [19/Jun/2025:21:02:13 +0200] "GET /contactez-nous HTTP/1.1" 200 28375 "-" "Mozilla/5.0 (Windows NT 10.0; Win64; x64; rv:109.0) Gecko/20100101 Firefox/111.0"
102.67.203.62 - - [19/Jun/2025:21:02:17 +0200] "GET /contactez-nous?tmpl=component&print=1&page= HTTP/1.1" 200 8586 "-" "Mozilla/5.0 (Windows NT 10.0; Win64; x64; rv:109.0) Gecko/20100101 Firefox/111.0"
102.67.203.62 - - [19/Jun/2025:21:02:17 +0200] "GET /contactez-nous/2-diverse HTTP/1.1" 200 37351 "-" "Mozilla/5.0 (Windows NT 10.0; Win64; x64; rv:109.0) Gecko/20100101 Firefox/111.0"
43.130.228.73 - - [19/Jun/2025:21:10:36 +0200] "GET /prestations HTTP/1.1" 200 29384 "-" "Mozilla/5.0 (iPhone; CPU iPhone OS 13_2_3 like Mac OS X) AppleWebKit/605.1.15 (KHTML, like Gecko) Version/13.0.3 Mobile/15E148 Safari/604.1"
101.33.55.204 - - [19/Jun/2025:21:21:57 +0200] "GET /entretiendujardin/coubron-93 HTTP/1.1" 200 43014 "-" "Mozilla/5.0 (iPhone; CPU iPhone OS 13_2_3 like Mac OS X) AppleWebKit/605.1.15 (KHTML, like Gecko) Version/13.0.3 Mobile/15E148 Safari/604.1"
35.209.68.128 - - [19/Jun/2025:21:23:25 +0200] "GET / HTTP/1.1" 200 43624 "https://www.google.com/" "Mozilla/5.0 (Windows NT 10.0; Win64; x64) AppleWebKit/537.36 (KHTML, like Gecko) Chrome/123.0.0.0 Safari/537.36"
43.157.153.236 - - [19/Jun/2025:21:31:05 +0200] "GET /?option=com_search&searchword=villepinte HTTP/1.1" 200 24774 "-" "Mozilla/5.0 (iPhone; CPU iPhone OS 13_2_3 like Mac OS X) AppleWebKit/605.1.15 (KHTML, like Gecko) Version/13.0.3 Mobile/15E148 Safari/604.1"
185.191.171.7 - - [19/Jun/2025:21:37:02 +0200] "GET /entretiendujardin/neuilly-sur-marne-93/13-traitement/49-envoi-commentaire HTTP/1.1" 200 27698 "-" "Mozilla/5.0 (compatible; SemrushBot/7~bl; +http://www.semrush.com/bot.html)"
85.208.96.200 - - [19/Jun/2025:21:40:30 +0200] "GET /entretiendujardin/neuilly-plaisance-93/index.php?id=49&option=com_content&view=article HTTP/1.1" 200 27663 "-" "Mozilla/5.0 (compatible; SemrushBot/7~bl; +http://www.semrush.com/bot.html)"
101.33.55.204 - - [19/Jun/2025:21:42:36 +0200] "GET /entretiendujardin/neuilly-sur-marne-93?tmpl=component&print=1&page= HTTP/1.1" 200 19396 "-" "Mozilla/5.0 (iPhone; CPU iPhone OS 13_2_3 like Mac OS X) AppleWebKit/605.1.15 (KHTML, like Gecko) Version/13.0.3 Mobile/15E148 Safari/604.1"
216.244.66.198 - - [19/Jun/2025:21:44:02 +0200] "GET /robots.txt HTTP/1.1" 200 896 "-" "Mozilla/5.0 (compatible; DotBot/1.2; +https://opensiteexplorer.org/dotbot; help@moz.com)"
43.156.232.190 - - [19/Jun/2025:21:58:20 +0200] "GET /component/search/?Itemid=102&format=opensearch HTTP/1.1" 200 731 "-" "Mozilla/5.0 (iPhone; CPU iPhone OS 13_2_3 like Mac OS X) AppleWebKit/605.1.15 (KHTML, like Gecko) Version/13.0.3 Mobile/15E148 Safari/604.1"
216.244.66.198 - - [19/Jun/2025:21:59:20 +0200] "GET /component/content/category/9-informations?format=feed&type=rss HTTP/1.1" 200 1020 "-" "Mozilla/5.0 (compatible; DotBot/1.2; +https://opensiteexplorer.org/dotbot; help@moz.com)"
216.244.66.198 - - [19/Jun/2025:21:59:27 +0200] "GET /entretiendujardin/pavillons-sous-bois-93/10-Paysagiste%20-93?format=feed&type=rss HTTP/1.1" 200 75440 "-" "Mozilla/5.0 (compatible; DotBot/1.2; +https://opensiteexplorer.org/dotbot; help@moz.com)"
43.167.236.228 - - [19/Jun/2025:22:01:22 +0200] "GET /component/mailto/?tmpl=component&template=neutre&link=bcaa7f5f77c233b3a8273345706ac4dc62d92296 HTTP/1.1" 200 4269 "-" "Mozilla/5.0 (iPhone; CPU iPhone OS 13_2_3 like Mac OS X) AppleWebKit/605.1.15 (KHTML, like Gecko) Version/13.0.3 Mobile/15E148 Safari/604.1"
102.129.223.92 - - [19/Jun/2025:22:06:00 +0200] "GET / HTTP/1.1" 200 43624 "-" "Mozilla/5.0 (Windows NT 10.0; Win64; x64) AppleWebKit/537.36 (KHTML, like Gecko) Chrome/114.0.0.0 Safari/537.36 Vivaldi/5.3.2679.68"
102.129.223.92 - - [19/Jun/2025:22:06:04 +0200] "POST / HTTP/1.1" 200 43624 "HTTP://www.paysagiste93.com/" "Mozilla/5.0 (Windows NT 10.0; Win64; x64) AppleWebKit/537.36 (KHTML, like Gecko) Chrome/114.0.0.0 Safari/537.36 Vivaldi/5.3.2679.68"
43.159.149.56 - - [19/Jun/2025:22:15:20 +0200] "GET /prestations?tmpl=component&print=1&page= HTTP/1.1" 200 5706 "-" "Mozilla/5.0 (iPhone; CPU iPhone OS 13_2_3 like Mac OS X) AppleWebKit/605.1.15 (KHTML, like Gecko) Version/13.0.3 Mobile/15E148 Safari/604.1"
119.28.177.175 - - [19/Jun/2025:22:21:03 +0200] "GET /component/search/?Itemid=223&format=opensearch HTTP/1.1" 200 731 "-" "Mozilla/5.0 (iPhone; CPU iPhone OS 13_2_3 like Mac OS X) AppleWebKit/605.1.15 (KHTML, like Gecko) Version/13.0.3 Mobile/15E148 Safari/604.1"
42.236.101.213 - - [19/Jun/2025:22:31:27 +0200] "GET / HTTP/1.1" 200 43624 "http://www.paysagiste93.com/" "Mozilla/5.0 (Windows NT 6.1; WOW64) AppleWebKit/537.36 (KHTML, like Gecko) Chrome/50.0.2661.102 Safari/537.36; 360Spider"
102.129.223.92 - - [19/Jun/2025:22:36:38 +0200] "GET / HTTP/1.1" 200 43624 "-" "Mozilla/5.0 (Windows NT 10.0; Win64; x64) AppleWebKit/537.36 (KHTML, like Gecko) Chrome/114.0.0.0 Safari/537.36 Vivaldi/5.3.2679.68"
123.6.49.12 - - [19/Jun/2025:22:38:03 +0200] "GET / HTTP/1.1" 200 43624 "-" "Mozilla/5.0 (Linux; U; Android 8.1.0; zh-cn; MI 8 Build/OPM1.171019.011) AppleWebKit/537.36 (KHTML, like Gecko) Version/4.0 Chrome/57.0.2987.108 Mobile Safari/537.36"
123.6.49.44 - - [19/Jun/2025:22:38:06 +0200] "GET /media/system/css/modal.css HTTP/1.1" 200 2823 "http://www.paysagiste93.com/" "Mozilla/5.0 (Linux; U; Android 8.1.0; zh-cn; MI 8 Build/OPM1.171019.011) AppleWebKit/537.36 (KHTML, like Gecko) Version/4.0 Chrome/57.0.2987.108 Mobile Safari/537.36"
123.6.49.15 - - [19/Jun/2025:22:38:06 +0200] "GET /plugins/system/jcemediabox/css/jcemediabox.css?a3b640def3ef13678e19cfeeb7397c85 HTTP/1.1" 200 5791 "http://www.paysagiste93.com/" "Mozilla/5.0 (Linux; U; Android 8.1.0; zh-cn; MI 8 Build/OPM1.171019.011) AppleWebKit/537.36 (KHTML, like Gecko) Version/4.0 Chrome/57.0.2987.108 Mobile Safari/537.36"
123.6.49.12 - - [19/Jun/2025:22:38:06 +0200] "GET /plugins/system/jcemediabox/themes/light/css/style.css?36c352a2b4ad8aa73f93eb9d76da8882 HTTP/1.1" 200 4357 "http://www.paysagiste93.com/" "Mozilla/5.0 (Linux; U; Android 8.1.0; zh-cn; MI 8 Build/OPM1.171019.011) AppleWebKit/537.36 (KHTML, like Gecko) Version/4.0 Chrome/57.0.2987.108 Mobile Safari/537.36"
123.6.49.47 - - [19/Jun/2025:22:38:06 +0200] "GET /media/mod_pwebcontact/css/bootstrap.css HTTP/1.1" 200 13926 "http://www.paysagiste93.com/" "Mozilla/5.0 (Linux; U; Android 8.1.0; zh-cn; MI 8 Build/OPM1.171019.011) AppleWebKit/537.36 (KHTML, like Gecko) Version/4.0 Chrome/57.0.2987.108 Mobile Safari/537.36"
123.6.49.47 - - [19/Jun/2025:22:38:07 +0200] "GET /media/mod_pwebcontact/css/background/lightgray.css HTTP/1.1" 200 2866 "http://www.paysagiste93.com/" "Mozilla/5.0 (Linux; U; Android 8.1.0; zh-cn; MI 8 Build/OPM1.171019.011) AppleWebKit/537.36 (KHTML, like Gecko) Version/4.0 Chrome/57.0.2987.108 Mobile Safari/537.36"
123.6.49.15 - - [19/Jun/2025:22:38:07 +0200] "GET /media/mod_pwebcontact/css/form/orange.css HTTP/1.1" 200 5566 "http://www.paysagiste93.com/" "Mozilla/5.0 (Linux; U; Android 8.1.0; zh-cn; MI 8 Build/OPM1.171019.011) AppleWebKit/537.36 (KHTML, like Gecko) Version/4.0 Chrome/57.0.2987.108 Mobile Safari/537.36"
123.6.49.12 - - [19/Jun/2025:22:38:07 +0200] "GET /media/mod_pwebcontact/css/toggler/lightblue.css HTTP/1.1" 200 3724 "http://www.paysagiste93.com/" "Mozilla/5.0 (Linux; U; Android 8.1.0; zh-cn; MI 8 Build/OPM1.171019.011) AppleWebKit/537.36 (KHTML, like Gecko) Version/4.0 Chrome/57.0.2987.108 Mobile Safari/537.36"
123.6.49.44 - - [19/Jun/2025:22:38:07 +0200] "GET /media/mod_pwebcontact/css/animations.css HTTP/1.1" 200 26025 "http://www.paysagiste93.com/" "Mozilla/5.0 (Linux; U; Android 8.1.0; zh-cn; MI 8 Build/OPM1.171019.011) AppleWebKit/537.36 (KHTML, like Gecko) Version/4.0 Chrome/57.0.2987.108 Mobile Safari/537.36"
123.6.49.15 - - [19/Jun/2025:22:38:07 +0200] "GET /media/mod_pwebcontact/css/layout.css HTTP/1.1" 200 35741 "http://www.paysagiste93.com/" "Mozilla/5.0 (Linux; U; Android 8.1.0; zh-cn; MI 8 Build/OPM1.171019.011) AppleWebKit/537.36 (KHTML, like Gecko) Version/4.0 Chrome/57.0.2987.108 Mobile Safari/537.36"
123.6.49.47 - - [19/Jun/2025:22:38:07 +0200] "GET /cache/mod_pwebcontact/16717e83a3f98200f504d2874c9df347.css HTTP/1.1" 200 2295 "http://www.paysagiste93.com/" "Mozilla/5.0 (Linux; U; Android 8.1.0; zh-cn; MI 8 Build/OPM1.171019.011) AppleWebKit/537.36 (KHTML, like Gecko) Version/4.0 Chrome/57.0.2987.108 Mobile Safari/537.36"
123.6.49.15 - - [19/Jun/2025:22:38:07 +0200] "GET /templates/system/css/system.css HTTP/1.1" 200 896 "http://www.paysagiste93.com/" "Mozilla/5.0 (Linux; U; Android 8.1.0; zh-cn; MI 8 Build/OPM1.171019.011) AppleWebKit/537.36 (KHTML, like Gecko) Version/4.0 Chrome/57.0.2987.108 Mobile Safari/537.36"
123.6.49.12 - - [19/Jun/2025:22:38:07 +0200] "GET /templates/system/css/general.css HTTP/1.1" 200 2730 "http://www.paysagiste93.com/" "Mozilla/5.0 (Linux; U; Android 8.1.0; zh-cn; MI 8 Build/OPM1.171019.011) AppleWebKit/537.36 (KHTML, like Gecko) Version/4.0 Chrome/57.0.2987.108 Mobile Safari/537.36"
123.6.49.44 - - [19/Jun/2025:22:38:07 +0200] "GET /templates/neutre/css/template.responsive.css HTTP/1.1" 200 8238 "http://www.paysagiste93.com/" "Mozilla/5.0 (Linux; U; Android 8.1.0; zh-cn; MI 8 Build/OPM1.171019.011) AppleWebKit/537.36 (KHTML, like Gecko) Version/4.0 Chrome/57.0.2987.108 Mobile Safari/537.36"
123.6.49.47 - - [19/Jun/2025:22:38:07 +0200] "GET /media/system/js/core.js HTTP/1.1" 200 4784 "http://www.paysagiste93.com/" "Mozilla/5.0 (Linux; U; Android 8.1.0; zh-cn; MI 8 Build/OPM1.171019.011) AppleWebKit/537.36 (KHTML, like Gecko) Version/4.0 Chrome/57.0.2987.108 Mobile Safari/537.36"
123.6.49.12 - - [19/Jun/2025:22:38:07 +0200] "GET /media/system/js/modal.js HTTP/1.1" 200 9756 "http://www.paysagiste93.com/" "Mozilla/5.0 (Linux; U; Android 8.1.0; zh-cn; MI 8 Build/OPM1.171019.011) AppleWebKit/537.36 (KHTML, like Gecko) Version/4.0 Chrome/57.0.2987.108 Mobile Safari/537.36"
123.6.49.15 - - [19/Jun/2025:22:38:07 +0200] "GET /media/system/js/caption.js HTTP/1.1" 200 733 "http://www.paysagiste93.com/" "Mozilla/5.0 (Linux; U; Android 8.1.0; zh-cn; MI 8 Build/OPM1.171019.011) AppleWebKit/537.36 (KHTML, like Gecko) Version/4.0 Chrome/57.0.2987.108 Mobile Safari/537.36"
123.6.49.47 - - [19/Jun/2025:22:38:07 +0200] "GET /templates/neutre/css/template.css HTTP/1.1" 200 68431 "http://www.paysagiste93.com/" "Mozilla/5.0 (Linux; U; Android 8.1.0; zh-cn; MI 8 Build/OPM1.171019.011) AppleWebKit/537.36 (KHTML, like Gecko) Version/4.0 Chrome/57.0.2987.108 Mobile Safari/537.36"
123.6.49.44 - - [19/Jun/2025:22:38:08 +0200] "GET /media/jui/js/jquery-noconflict.js HTTP/1.1" 200 21 "http://www.paysagiste93.com/" "Mozilla/5.0 (Linux; U; Android 8.1.0; zh-cn; MI 8 Build/OPM1.171019.011) AppleWebKit/537.36 (KHTML, like Gecko) Version/4.0 Chrome/57.0.2987.108 Mobile Safari/537.36"
123.6.49.44 - - [19/Jun/2025:22:38:08 +0200] "GET /media/jui/js/jquery-migrate.min.js HTTP/1.1" 200 7199 "http://www.paysagiste93.com/" "Mozilla/5.0 (Linux; U; Android 8.1.0; zh-cn; MI 8 Build/OPM1.171019.011) AppleWebKit/537.36 (KHTML, like Gecko) Version/4.0 Chrome/57.0.2987.108 Mobile Safari/537.36"
123.6.49.47 - - [19/Jun/2025:22:38:08 +0200] "GET /media/jui/js/bootstrap.min.js HTTP/1.1" 200 29156 "http://www.paysagiste93.com/" "Mozilla/5.0 (Linux; U; Android 8.1.0; zh-cn; MI 8 Build/OPM1.171019.011) AppleWebKit/537.36 (KHTML, like Gecko) Version/4.0 Chrome/57.0.2987.108 Mobile Safari/537.36"
123.6.49.44 - - [19/Jun/2025:22:38:08 +0200] "GET /media/mod_pwebcontact/js/jquery.validate.min.js?v=1.13.0 HTTP/1.1" 200 21584 "http://www.paysagiste93.com/" "Mozilla/5.0 (Linux; U; Android 8.1.0; zh-cn; MI 8 Build/OPM1.171019.011) AppleWebKit/537.36 (KHTML, like Gecko) Version/4.0 Chrome/57.0.2987.108 Mobile Safari/537.36"
123.6.49.15 - - [19/Jun/2025:22:38:08 +0200] "GET /media/jui/js/jquery.min.js HTTP/1.1" 200 95786 "http://www.paysagiste93.com/" "Mozilla/5.0 (Linux; U; Android 8.1.0; zh-cn; MI 8 Build/OPM1.171019.011) AppleWebKit/537.36 (KHTML, like Gecko) Version/4.0 Chrome/57.0.2987.108 Mobile Safari/537.36"
123.6.49.12 - - [19/Jun/2025:22:38:07 +0200] "GET /media/system/js/mootools-more.js HTTP/1.1" 200 238331 "http://www.paysagiste93.com/" "Mozilla/5.0 (Linux; U; Android 8.1.0; zh-cn; MI 8 Build/OPM1.171019.011) AppleWebKit/537.36 (KHTML, like Gecko) Version/4.0 Chrome/57.0.2987.108 Mobile Safari/537.36"
123.6.49.47 - - [19/Jun/2025:22:38:08 +0200] "GET /media/mod_pwebcontact/js/jquery.pwebcontact.min.js?v=3.2.14 HTTP/1.1" 200 34073 "http://www.paysagiste93.com/" "Mozilla/5.0 (Linux; U; Android 8.1.0; zh-cn; MI 8 Build/OPM1.171019.011) AppleWebKit/537.36 (KHTML, like Gecko) Version/4.0 Chrome/57.0.2987.108 Mobile Safari/537.36"
123.6.49.15 - - [19/Jun/2025:22:38:09 +0200] "GET /templates/neutre/script.js HTTP/1.1" 200 44910 "http://www.paysagiste93.com/" "Mozilla/5.0 (Linux; U; Android 8.1.0; zh-cn; MI 8 Build/OPM1.171019.011) AppleWebKit/537.36 (KHTML, like Gecko) Version/4.0 Chrome/57.0.2987.108 Mobile Safari/537.36"
123.6.49.15 - - [19/Jun/2025:22:38:07 +0200] "GET /media/system/js/mootools-core.js HTTP/1.1" 200 96362 "http://www.paysagiste93.com/" "Mozilla/5.0 (Linux; U; Android 8.1.0; zh-cn; MI 8 Build/OPM1.171019.011) AppleWebKit/537.36 (KHTML, like Gecko) Version/4.0 Chrome/57.0.2987.108 Mobile Safari/537.36"
123.6.49.12 - - [19/Jun/2025:22:38:09 +0200] "GET /templates/neutre/script.responsive.js HTTP/1.1" 200 15616 "http://www.paysagiste93.com/" "Mozilla/5.0 (Linux; U; Android 8.1.0; zh-cn; MI 8 Build/OPM1.171019.011) AppleWebKit/537.36 (KHTML, like Gecko) Version/4.0 Chrome/57.0.2987.108 Mobile Safari/537.36"
123.6.49.44 - - [19/Jun/2025:22:38:09 +0200] "GET /templates/neutre/jquery.js HTTP/1.1" 200 92793 "http://www.paysagiste93.com/" "Mozilla/5.0 (Linux; U; Android 8.1.0; zh-cn; MI 8 Build/OPM1.171019.011) AppleWebKit/537.36 (KHTML, like Gecko) Version/4.0 Chrome/57.0.2987.108 Mobile Safari/537.36"
123.6.49.47 - - [19/Jun/2025:22:38:07 +0200] "GET /plugins/system/jcemediabox/js/jcemediabox.js?fba42f665bbcc4047a23ba92244f4176 HTTP/1.1" 200 57539 "http://www.paysagiste93.com/" "Mozilla/5.0 (Linux; U; Android 8.1.0; zh-cn; MI 8 Build/OPM1.171019.011) AppleWebKit/537.36 (KHTML, like Gecko) Version/4.0 Chrome/57.0.2987.108 Mobile Safari/537.36"
123.6.49.47 - - [19/Jun/2025:22:38:10 +0200] "GET /media/system/css/system.css HTTP/1.1" 200 1446 "http://www.paysagiste93.com/" "Mozilla/5.0 (Linux; U; Android 8.1.0; zh-cn; MI 8 Build/OPM1.171019.011) AppleWebKit/537.36 (KHTML, like Gecko) Version/4.0 Chrome/57.0.2987.108 Mobile Safari/537.36"
123.6.49.44 - - [19/Jun/2025:22:38:11 +0200] "GET /images/contactimg.png HTTP/1.1" 200 556 "http://www.paysagiste93.com/" "Mozilla/5.0 (Linux; U; Android 8.1.0; zh-cn; MI 8 Build/OPM1.171019.011) AppleWebKit/537.36 (KHTML, like Gecko) Version/4.0 Chrome/57.0.2987.108 Mobile Safari/537.36"
123.6.49.15 - - [19/Jun/2025:22:38:11 +0200] "GET /images/logosmall.png HTTP/1.1" 200 1558 "http://www.paysagiste93.com/" "Mozilla/5.0 (Linux; U; Android 8.1.0; zh-cn; MI 8 Build/OPM1.171019.011) AppleWebKit/537.36 (KHTML, like Gecko) Version/4.0 Chrome/57.0.2987.108 Mobile Safari/537.36"
123.6.49.12 - - [19/Jun/2025:22:38:11 +0200] "GET /templates/neutre/images/page.png HTTP/1.1" 200 1712 "http://www.paysagiste93.com/templates/neutre/css/template.css" "Mozilla/5.0 (Linux; U; Android 8.1.0; zh-cn; MI 8 Build/OPM1.171019.011) AppleWebKit/537.36 (KHTML, like Gecko) Version/4.0 Chrome/57.0.2987.108 Mobile Safari/537.36"
123.6.49.47 - - [19/Jun/2025:22:38:11 +0200] "GET /templates/neutre/images/star_5.png HTTP/1.1" 200 971 "http://www.paysagiste93.com/templates/neutre/css/template.css" "Mozilla/5.0 (Linux; U; Android 8.1.0; zh-cn; MI 8 Build/OPM1.171019.011) AppleWebKit/537.36 (KHTML, like Gecko) Version/4.0 Chrome/57.0.2987.108 Mobile Safari/537.36"
123.6.49.15 - - [19/Jun/2025:22:38:11 +0200] "GET /images/rss_32-2.png HTTP/1.1" 200 1653 "http://www.paysagiste93.com/" "Mozilla/5.0 (Linux; U; Android 8.1.0; zh-cn; MI 8 Build/OPM1.171019.011) AppleWebKit/537.36 (KHTML, like Gecko) Version/4.0 Chrome/57.0.2987.108 Mobile Safari/537.36"
123.6.49.47 - - [19/Jun/2025:22:38:11 +0200] "GET /templates/neutre/images/object1139864562.png HTTP/1.1" 200 2895 "http://www.paysagiste93.com/templates/neutre/css/template.css" "Mozilla/5.0 (Linux; U; Android 8.1.0; zh-cn; MI 8 Build/OPM1.171019.011) AppleWebKit/537.36 (KHTML, like Gecko) Version/4.0 Chrome/57.0.2987.108 Mobile Safari/537.36"
123.6.49.15 - - [19/Jun/2025:22:38:11 +0200] "GET /templates/neutre/images/header.jpg HTTP/1.1" 200 27116 "http://www.paysagiste93.com/templates/neutre/css/template.css" "Mozilla/5.0 (Linux; U; Android 8.1.0; zh-cn; MI 8 Build/OPM1.171019.011) AppleWebKit/537.36 (KHTML, like Gecko) Version/4.0 Chrome/57.0.2987.108 Mobile Safari/537.36"
123.6.49.12 - - [19/Jun/2025:22:38:11 +0200] "GET /templates/neutre/images/object1876504310.jpg HTTP/1.1" 200 45872 "http://www.paysagiste93.com/templates/neutre/css/template.css" "Mozilla/5.0 (Linux; U; Android 8.1.0; zh-cn; MI 8 Build/OPM1.171019.011) AppleWebKit/537.36 (KHTML, like Gecko) Version/4.0 Chrome/57.0.2987.108 Mobile Safari/537.36"
123.6.49.44 - - [19/Jun/2025:22:38:11 +0200] "GET /templates/neutre/images/nav.png HTTP/1.1" 200 104 "http://www.paysagiste93.com/templates/neutre/css/template.css" "Mozilla/5.0 (Linux; U; Android 8.1.0; zh-cn; MI 8 Build/OPM1.171019.011) AppleWebKit/537.36 (KHTML, like Gecko) Version/4.0 Chrome/57.0.2987.108 Mobile Safari/537.36"
123.6.49.15 - - [19/Jun/2025:22:38:11 +0200] "GET /templates/neutre/images/object1481438740.png HTTP/1.1" 200 1602 "http://www.paysagiste93.com/templates/neutre/css/template.css" "Mozilla/5.0 (Linux; U; Android 8.1.0; zh-cn; MI 8 Build/OPM1.171019.011) AppleWebKit/537.36 (KHTML, like Gecko) Version/4.0 Chrome/57.0.2987.108 Mobile Safari/537.36"
123.6.49.47 - - [19/Jun/2025:22:38:11 +0200] "GET /templates/neutre/images/menuseparator.png HTTP/1.1" 200 99 "http://www.paysagiste93.com/templates/neutre/css/template.css" "Mozilla/5.0 (Linux; U; Android 8.1.0; zh-cn; MI 8 Build/OPM1.171019.011) AppleWebKit/537.36 (KHTML, like Gecko) Version/4.0 Chrome/57.0.2987.108 Mobile Safari/537.36"
123.6.49.47 - - [19/Jun/2025:22:38:11 +0200] "GET /qrcode/qrcode.js HTTP/1.1" 200 32907 "http://www.paysagiste93.com/" "Mozilla/5.0 (Linux; U; Android 8.1.0; zh-cn; MI 8 Build/OPM1.171019.011) AppleWebKit/537.36 (KHTML, like Gecko) Version/4.0 Chrome/57.0.2987.108 Mobile Safari/537.36"
27.115.124.96 - - [19/Jun/2025:22:38:13 +0200] "GET /favicon.ico HTTP/1.1" 404 1490 "-" "Mozilla/5.0 (Macintosh; Intel Mac OS X 10_7_0) AppleWebKit/535.11 (KHTML, like Gecko) Chrome/17.0.963.56 Safari/535.11"
123.6.49.44 - - [19/Jun/2025:22:38:16 +0200] "GET /prestations HTTP/1.1" 200 29384 "-" "Mozilla/5.0 (Linux; Android 11; V2055A) AppleWebKit/537.36 (KHTML, like Gecko) Chrome/91.0.4472.101 Mobile Safari/537.36"
123.6.49.18 - - [19/Jun/2025:22:38:16 +0200] "GET /media/system/css/modal.css HTTP/1.1" 200 2823 "http://www.paysagiste93.com/prestations" "Mozilla/5.0 (Linux; Android 11; V2055A) AppleWebKit/537.36 (KHTML, like Gecko) Chrome/91.0.4472.101 Mobile Safari/537.36"
123.6.49.18 - - [19/Jun/2025:22:38:17 +0200] "GET /plugins/system/jcemediabox/css/jcemediabox.css?a3b640def3ef13678e19cfeeb7397c85 HTTP/1.1" 200 5791 "http://www.paysagiste93.com/prestations" "Mozilla/5.0 (Linux; Android 11; V2055A) AppleWebKit/537.36 (KHTML, like Gecko) Chrome/91.0.4472.101 Mobile Safari/537.36"
123.6.49.50 - - [19/Jun/2025:22:38:17 +0200] "GET /plugins/system/jcemediabox/themes/light/css/style.css?36c352a2b4ad8aa73f93eb9d76da8882 HTTP/1.1" 200 4357 "http://www.paysagiste93.com/prestations" "Mozilla/5.0 (Linux; Android 11; V2055A) AppleWebKit/537.36 (KHTML, like Gecko) Chrome/91.0.4472.101 Mobile Safari/537.36"
123.6.49.18 - - [19/Jun/2025:22:38:17 +0200] "GET /media/mod_pwebcontact/css/bootstrap.css HTTP/1.1" 200 13926 "http://www.paysagiste93.com/prestations" "Mozilla/5.0 (Linux; Android 11; V2055A) AppleWebKit/537.36 (KHTML, like Gecko) Chrome/91.0.4472.101 Mobile Safari/537.36"
123.6.49.44 - - [19/Jun/2025:22:38:17 +0200] "GET /media/mod_pwebcontact/css/background/lightgray.css HTTP/1.1" 200 2866 "http://www.paysagiste93.com/prestations" "Mozilla/5.0 (Linux; Android 11; V2055A) AppleWebKit/537.36 (KHTML, like Gecko) Chrome/91.0.4472.101 Mobile Safari/537.36"
123.6.49.18 - - [19/Jun/2025:22:38:17 +0200] "GET /media/mod_pwebcontact/css/form/orange.css HTTP/1.1" 200 5566 "http://www.paysagiste93.com/prestations" "Mozilla/5.0 (Linux; Android 11; V2055A) AppleWebKit/537.36 (KHTML, like Gecko) Chrome/91.0.4472.101 Mobile Safari/537.36"
123.6.49.50 - - [19/Jun/2025:22:38:17 +0200] "GET /media/mod_pwebcontact/css/toggler/lightblue.css HTTP/1.1" 200 3724 "http://www.paysagiste93.com/prestations" "Mozilla/5.0 (Linux; Android 11; V2055A) AppleWebKit/537.36 (KHTML, like Gecko) Chrome/91.0.4472.101 Mobile Safari/537.36"
123.6.49.44 - - [19/Jun/2025:22:38:17 +0200] "GET /media/mod_pwebcontact/css/layout.css HTTP/1.1" 200 35741 "http://www.paysagiste93.com/prestations" "Mozilla/5.0 (Linux; Android 11; V2055A) AppleWebKit/537.36 (KHTML, like Gecko) Chrome/91.0.4472.101 Mobile Safari/537.36"
123.6.49.12 - - [19/Jun/2025:22:38:17 +0200] "GET /media/mod_pwebcontact/css/animations.css HTTP/1.1" 200 26025 "http://www.paysagiste93.com/prestations" "Mozilla/5.0 (Linux; Android 11; V2055A) AppleWebKit/537.36 (KHTML, like Gecko) Chrome/91.0.4472.101 Mobile Safari/537.36"
123.6.49.44 - - [19/Jun/2025:22:38:17 +0200] "GET /cache/mod_pwebcontact/16717e83a3f98200f504d2874c9df347.css HTTP/1.1" 200 2295 "http://www.paysagiste93.com/prestations" "Mozilla/5.0 (Linux; Android 11; V2055A) AppleWebKit/537.36 (KHTML, like Gecko) Chrome/91.0.4472.101 Mobile Safari/537.36"
123.6.49.18 - - [19/Jun/2025:22:38:17 +0200] "GET /templates/system/css/system.css HTTP/1.1" 200 896 "http://www.paysagiste93.com/prestations" "Mozilla/5.0 (Linux; Android 11; V2055A) AppleWebKit/537.36 (KHTML, like Gecko) Chrome/91.0.4472.101 Mobile Safari/537.36"
123.6.49.50 - - [19/Jun/2025:22:38:17 +0200] "GET /templates/system/css/general.css HTTP/1.1" 200 2730 "http://www.paysagiste93.com/prestations" "Mozilla/5.0 (Linux; Android 11; V2055A) AppleWebKit/537.36 (KHTML, like Gecko) Chrome/91.0.4472.101 Mobile Safari/537.36"
27.115.124.45 - - [19/Jun/2025:22:38:16 +0200] "GET /blog HTTP/1.1" 200 40522 "-" "Mozilla/5.0 (Linux; Android 11; V2055A) AppleWebKit/537.36 (KHTML, like Gecko) Chrome/91.0.4472.101 Mobile Safari/537.36"
27.115.124.109 - - [19/Jun/2025:22:38:17 +0200] "GET /media/system/css/modal.css HTTP/1.1" 200 2823 "http://www.paysagiste93.com/blog" "Mozilla/5.0 (Linux; Android 11; V2055A) AppleWebKit/537.36 (KHTML, like Gecko) Chrome/91.0.4472.101 Mobile Safari/537.36"
27.115.124.101 - - [19/Jun/2025:22:38:16 +0200] "GET /selection-web HTTP/1.1" 200 26972 "-" "Mozilla/5.0 (Linux; Android 11; V2055A) AppleWebKit/537.36 (KHTML, like Gecko) Chrome/91.0.4472.101 Mobile Safari/537.36"
27.115.124.38 - - [19/Jun/2025:22:38:17 +0200] "GET /media/system/css/modal.css HTTP/1.1" 200 2823 "http://www.paysagiste93.com/selection-web" "Mozilla/5.0 (Linux; Android 11; V2055A) AppleWebKit/537.36 (KHTML, like Gecko) Chrome/91.0.4472.101 Mobile Safari/537.36"
123.6.49.44 - - [19/Jun/2025:22:38:17 +0200] "GET /templates/neutre/css/template.responsive.css HTTP/1.1" 200 8238 "http://www.paysagiste93.com/prestations" "Mozilla/5.0 (Linux; Android 11; V2055A) AppleWebKit/537.36 (KHTML, like Gecko) Chrome/91.0.4472.101 Mobile Safari/537.36"
123.6.49.44 - - [19/Jun/2025:22:38:17 +0200] "GET /media/system/js/core.js HTTP/1.1" 200 4784 "http://www.paysagiste93.com/prestations" "Mozilla/5.0 (Linux; Android 11; V2055A) AppleWebKit/537.36 (KHTML, like Gecko) Chrome/91.0.4472.101 Mobile Safari/537.36"
123.6.49.50 - - [19/Jun/2025:22:38:17 +0200] "GET /media/system/js/caption.js HTTP/1.1" 200 733 "http://www.paysagiste93.com/prestations" "Mozilla/5.0 (Linux; Android 11; V2055A) AppleWebKit/537.36 (KHTML, like Gecko) Chrome/91.0.4472.101 Mobile Safari/537.36"
123.6.49.18 - - [19/Jun/2025:22:38:17 +0200] "GET /media/system/js/modal.js HTTP/1.1" 200 9756 "http://www.paysagiste93.com/prestations" "Mozilla/5.0 (Linux; Android 11; V2055A) AppleWebKit/537.36 (KHTML, like Gecko) Chrome/91.0.4472.101 Mobile Safari/537.36"
27.115.124.45 - - [19/Jun/2025:22:38:17 +0200] "GET /plugins/system/jcemediabox/css/jcemediabox.css?a3b640def3ef13678e19cfeeb7397c85 HTTP/1.1" 200 5791 "http://www.paysagiste93.com/blog" "Mozilla/5.0 (Linux; Android 11; V2055A) AppleWebKit/537.36 (KHTML, like Gecko) Chrome/91.0.4472.101 Mobile Safari/537.36"
27.115.124.101 - - [19/Jun/2025:22:38:18 +0200] "GET /plugins/system/jcemediabox/css/jcemediabox.css?a3b640def3ef13678e19cfeeb7397c85 HTTP/1.1" 200 5791 "http://www.paysagiste93.com/selection-web" "Mozilla/5.0 (Linux; Android 11; V2055A) AppleWebKit/537.36 (KHTML, like Gecko) Chrome/91.0.4472.101 Mobile Safari/537.36"
27.115.124.101 - - [19/Jun/2025:22:38:18 +0200] "GET /plugins/system/jcemediabox/themes/light/css/style.css?36c352a2b4ad8aa73f93eb9d76da8882 HTTP/1.1" 200 4357 "http://www.paysagiste93.com/selection-web" "Mozilla/5.0 (Linux; Android 11; V2055A) AppleWebKit/537.36 (KHTML, like Gecko) Chrome/91.0.4472.101 Mobile Safari/537.36"
27.115.124.38 - - [19/Jun/2025:22:38:18 +0200] "GET /media/mod_pwebcontact/css/bootstrap.css HTTP/1.1" 200 13926 "http://www.paysagiste93.com/blog" "Mozilla/5.0 (Linux; Android 11; V2055A) AppleWebKit/537.36 (KHTML, like Gecko) Chrome/91.0.4472.101 Mobile Safari/537.36"
27.115.124.101 - - [19/Jun/2025:22:38:18 +0200] "GET /media/mod_pwebcontact/css/bootstrap.css HTTP/1.1" 200 13926 "http://www.paysagiste93.com/selection-web" "Mozilla/5.0 (Linux; Android 11; V2055A) AppleWebKit/537.36 (KHTML, like Gecko) Chrome/91.0.4472.101 Mobile Safari/537.36"
27.115.124.109 - - [19/Jun/2025:22:38:18 +0200] "GET /plugins/system/jcemediabox/themes/light/css/style.css?36c352a2b4ad8aa73f93eb9d76da8882 HTTP/1.1" 200 4357 "http://www.paysagiste93.com/blog" "Mozilla/5.0 (Linux; Android 11; V2055A) AppleWebKit/537.36 (KHTML, like Gecko) Chrome/91.0.4472.101 Mobile Safari/537.36"
27.115.124.38 - - [19/Jun/2025:22:38:18 +0200] "GET /media/mod_pwebcontact/css/background/lightgray.css HTTP/1.1" 200 2866 "http://www.paysagiste93.com/selection-web" "Mozilla/5.0 (Linux; Android 11; V2055A) AppleWebKit/537.36 (KHTML, like Gecko) Chrome/91.0.4472.101 Mobile Safari/537.36"
123.6.49.18 - - [19/Jun/2025:22:38:18 +0200] "GET /media/jui/js/jquery-noconflict.js HTTP/1.1" 200 21 "http://www.paysagiste93.com/prestations" "Mozilla/5.0 (Linux; Android 11; V2055A) AppleWebKit/537.36 (KHTML, like Gecko) Chrome/91.0.4472.101 Mobile Safari/537.36"
27.115.124.45 - - [19/Jun/2025:22:38:18 +0200] "GET /media/mod_pwebcontact/css/background/lightgray.css HTTP/1.1" 200 2866 "http://www.paysagiste93.com/blog" "Mozilla/5.0 (Linux; Android 11; V2055A) AppleWebKit/537.36 (KHTML, like Gecko) Chrome/91.0.4472.101 Mobile Safari/537.36"
123.6.49.18 - - [19/Jun/2025:22:38:17 +0200] "GET /templates/neutre/css/template.css HTTP/1.1" 200 68431 "http://www.paysagiste93.com/prestations" "Mozilla/5.0 (Linux; Android 11; V2055A) AppleWebKit/537.36 (KHTML, like Gecko) Chrome/91.0.4472.101 Mobile Safari/537.36"
27.115.124.45 - - [19/Jun/2025:22:38:18 +0200] "GET /media/mod_pwebcontact/css/form/orange.css HTTP/1.1" 200 5566 "http://www.paysagiste93.com/blog" "Mozilla/5.0 (Linux; Android 11; V2055A) AppleWebKit/537.36 (KHTML, like Gecko) Chrome/91.0.4472.101 Mobile Safari/537.36"
27.115.124.101 - - [19/Jun/2025:22:38:18 +0200] "GET /media/mod_pwebcontact/css/form/orange.css HTTP/1.1" 200 5566 "http://www.paysagiste93.com/selection-web" "Mozilla/5.0 (Linux; Android 11; V2055A) AppleWebKit/537.36 (KHTML, like Gecko) Chrome/91.0.4472.101 Mobile Safari/537.36"
27.115.124.101 - - [19/Jun/2025:22:38:18 +0200] "GET /media/mod_pwebcontact/css/toggler/lightblue.css HTTP/1.1" 200 3724 "http://www.paysagiste93.com/selection-web" "Mozilla/5.0 (Linux; Android 11; V2055A) AppleWebKit/537.36 (KHTML, like Gecko) Chrome/91.0.4472.101 Mobile Safari/537.36"
27.115.124.109 - - [19/Jun/2025:22:38:18 +0200] "GET /media/mod_pwebcontact/css/toggler/lightblue.css HTTP/1.1" 200 3724 "http://www.paysagiste93.com/blog" "Mozilla/5.0 (Linux; Android 11; V2055A) AppleWebKit/537.36 (KHTML, like Gecko) Chrome/91.0.4472.101 Mobile Safari/537.36"
27.115.124.109 - - [19/Jun/2025:22:38:18 +0200] "GET /media/mod_pwebcontact/css/layout.css HTTP/1.1" 200 35741 "http://www.paysagiste93.com/blog" "Mozilla/5.0 (Linux; Android 11; V2055A) AppleWebKit/537.36 (KHTML, like Gecko) Chrome/91.0.4472.101 Mobile Safari/537.36"
123.6.49.44 - - [19/Jun/2025:22:38:18 +0200] "GET /plugins/system/jcemediabox/js/jcemediabox.js?fba42f665bbcc4047a23ba92244f4176 HTTP/1.1" 200 57539 "http://www.paysagiste93.com/prestations" "Mozilla/5.0 (Linux; Android 11; V2055A) AppleWebKit/537.36 (KHTML, like Gecko) Chrome/91.0.4472.101 Mobile Safari/537.36"
27.115.124.53 - - [19/Jun/2025:22:38:18 +0200] "GET /media/mod_pwebcontact/css/layout.css HTTP/1.1" 200 35741 "http://www.paysagiste93.com/selection-web" "Mozilla/5.0 (Linux; Android 11; V2055A) AppleWebKit/537.36 (KHTML, like Gecko) Chrome/91.0.4472.101 Mobile Safari/537.36"
27.115.124.53 - - [19/Jun/2025:22:38:18 +0200] "GET /media/mod_pwebcontact/css/animations.css HTTP/1.1" 200 26025 "http://www.paysagiste93.com/selection-web" "Mozilla/5.0 (Linux; Android 11; V2055A) AppleWebKit/537.36 (KHTML, like Gecko) Chrome/91.0.4472.101 Mobile Safari/537.36"
27.115.124.38 - - [19/Jun/2025:22:38:18 +0200] "GET /cache/mod_pwebcontact/16717e83a3f98200f504d2874c9df347.css HTTP/1.1" 200 2295 "http://www.paysagiste93.com/selection-web" "Mozilla/5.0 (Linux; Android 11; V2055A) AppleWebKit/537.36 (KHTML, like Gecko) Chrome/91.0.4472.101 Mobile Safari/537.36"
27.115.124.45 - - [19/Jun/2025:22:38:18 +0200] "GET /cache/mod_pwebcontact/16717e83a3f98200f504d2874c9df347.css HTTP/1.1" 200 2295 "http://www.paysagiste93.com/blog" "Mozilla/5.0 (Linux; Android 11; V2055A) AppleWebKit/537.36 (KHTML, like Gecko) Chrome/91.0.4472.101 Mobile Safari/537.36"
123.6.49.18 - - [19/Jun/2025:22:38:18 +0200] "GET /media/jui/js/jquery-migrate.min.js HTTP/1.1" 200 7199 "http://www.paysagiste93.com/prestations" "Mozilla/5.0 (Linux; Android 11; V2055A) AppleWebKit/537.36 (KHTML, like Gecko) Chrome/91.0.4472.101 Mobile Safari/537.36"
27.115.124.45 - - [19/Jun/2025:22:38:18 +0200] "GET /templates/system/css/system.css HTTP/1.1" 200 896 "http://www.paysagiste93.com/blog" "Mozilla/5.0 (Linux; Android 11; V2055A) AppleWebKit/537.36 (KHTML, like Gecko) Chrome/91.0.4472.101 Mobile Safari/537.36"
27.115.124.101 - - [19/Jun/2025:22:38:18 +0200] "GET /templates/system/css/system.css HTTP/1.1" 200 896 "http://www.paysagiste93.com/selection-web" "Mozilla/5.0 (Linux; Android 11; V2055A) AppleWebKit/537.36 (KHTML, like Gecko) Chrome/91.0.4472.101 Mobile Safari/537.36"
27.115.124.101 - - [19/Jun/2025:22:38:18 +0200] "GET /templates/system/css/general.css HTTP/1.1" 200 2730 "http://www.paysagiste93.com/selection-web" "Mozilla/5.0 (Linux; Android 11; V2055A) AppleWebKit/537.36 (KHTML, like Gecko) Chrome/91.0.4472.101 Mobile Safari/537.36"
27.115.124.38 - - [19/Jun/2025:22:38:18 +0200] "GET /templates/system/css/general.css HTTP/1.1" 200 2730 "http://www.paysagiste93.com/blog" "Mozilla/5.0 (Linux; Android 11; V2055A) AppleWebKit/537.36 (KHTML, like Gecko) Chrome/91.0.4472.101 Mobile Safari/537.36"
123.6.49.18 - - [19/Jun/2025:22:38:18 +0200] "GET /media/mod_pwebcontact/js/jquery.validate.min.js?v=1.13.0 HTTP/1.1" 200 21584 "http://www.paysagiste93.com/prestations" "Mozilla/5.0 (Linux; Android 11; V2055A) AppleWebKit/537.36 (KHTML, like Gecko) Chrome/91.0.4472.101 Mobile Safari/537.36"
27.115.124.45 - - [19/Jun/2025:22:38:18 +0200] "GET /templates/neutre/css/template.responsive.css HTTP/1.1" 200 8238 "http://www.paysagiste93.com/blog" "Mozilla/5.0 (Linux; Android 11; V2055A) AppleWebKit/537.36 (KHTML, like Gecko) Chrome/91.0.4472.101 Mobile Safari/537.36"
123.6.49.18 - - [19/Jun/2025:22:38:18 +0200] "GET /media/jui/js/bootstrap.min.js HTTP/1.1" 200 29156 "http://www.paysagiste93.com/prestations" "Mozilla/5.0 (Linux; Android 11; V2055A) AppleWebKit/537.36 (KHTML, like Gecko) Chrome/91.0.4472.101 Mobile Safari/537.36"
27.115.124.53 - - [19/Jun/2025:22:38:18 +0200] "GET /templates/neutre/css/template.responsive.css HTTP/1.1" 200 8238 "http://www.paysagiste93.com/selection-web" "Mozilla/5.0 (Linux; Android 11; V2055A) AppleWebKit/537.36 (KHTML, like Gecko) Chrome/91.0.4472.101 Mobile Safari/537.36"
123.6.49.12 - - [19/Jun/2025:22:38:17 +0200] "GET /media/system/js/mootools-core.js HTTP/1.1" 200 96362 "http://www.paysagiste93.com/prestations" "Mozilla/5.0 (Linux; Android 11; V2055A) AppleWebKit/537.36 (KHTML, like Gecko) Chrome/91.0.4472.101 Mobile Safari/537.36"
27.115.124.101 - - [19/Jun/2025:22:38:18 +0200] "GET /media/system/js/core.js HTTP/1.1" 200 4784 "http://www.paysagiste93.com/selection-web" "Mozilla/5.0 (Linux; Android 11; V2055A) AppleWebKit/537.36 (KHTML, like Gecko) Chrome/91.0.4472.101 Mobile Safari/537.36"
27.115.124.101 - - [19/Jun/2025:22:38:18 +0200] "GET /media/system/js/modal.js HTTP/1.1" 200 9756 "http://www.paysagiste93.com/selection-web" "Mozilla/5.0 (Linux; Android 11; V2055A) AppleWebKit/537.36 (KHTML, like Gecko) Chrome/91.0.4472.101 Mobile Safari/537.36"
27.115.124.101 - - [19/Jun/2025:22:38:18 +0200] "GET /templates/neutre/css/template.css HTTP/1.1" 200 68431 "http://www.paysagiste93.com/selection-web" "Mozilla/5.0 (Linux; Android 11; V2055A) AppleWebKit/537.36 (KHTML, like Gecko) Chrome/91.0.4472.101 Mobile Safari/537.36"
27.115.124.6 - - [19/Jun/2025:22:38:18 +0200] "GET /media/mod_pwebcontact/css/animations.css HTTP/1.1" 200 26025 "http://www.paysagiste93.com/blog" "Mozilla/5.0 (Linux; Android 11; V2055A) AppleWebKit/537.36 (KHTML, like Gecko) Chrome/91.0.4472.101 Mobile Safari/537.36"
123.6.49.50 - - [19/Jun/2025:22:38:18 +0200] "GET /media/jui/js/jquery.min.js HTTP/1.1" 200 95786 "http://www.paysagiste93.com/prestations" "Mozilla/5.0 (Linux; Android 11; V2055A) AppleWebKit/537.36 (KHTML, like Gecko) Chrome/91.0.4472.101 Mobile Safari/537.36"
123.6.49.18 - - [19/Jun/2025:22:38:18 +0200] "GET /media/mod_pwebcontact/js/jquery.pwebcontact.min.js?v=3.2.14 HTTP/1.1" 200 34073 "http://www.paysagiste93.com/prestations" "Mozilla/5.0 (Linux; Android 11; V2055A) AppleWebKit/537.36 (KHTML, like Gecko) Chrome/91.0.4472.101 Mobile Safari/537.36"
27.115.124.53 - - [19/Jun/2025:22:38:18 +0200] "GET /media/system/js/caption.js HTTP/1.1" 200 733 "http://www.paysagiste93.com/selection-web" "Mozilla/5.0 (Linux; Android 11; V2055A) AppleWebKit/537.36 (KHTML, like Gecko) Chrome/91.0.4472.101 Mobile Safari/537.36"
27.115.124.45 - - [19/Jun/2025:22:38:18 +0200] "GET /media/system/js/core.js HTTP/1.1" 200 4784 "http://www.paysagiste93.com/blog" "Mozilla/5.0 (Linux; Android 11; V2055A) AppleWebKit/537.36 (KHTML, like Gecko) Chrome/91.0.4472.101 Mobile Safari/537.36"
27.115.124.38 - - [19/Jun/2025:22:38:18 +0200] "GET /media/system/js/modal.js HTTP/1.1" 200 9756 "http://www.paysagiste93.com/blog" "Mozilla/5.0 (Linux; Android 11; V2055A) AppleWebKit/537.36 (KHTML, like Gecko) Chrome/91.0.4472.101 Mobile Safari/537.36"
123.6.49.44 - - [19/Jun/2025:22:38:18 +0200] "GET /templates/neutre/script.js HTTP/1.1" 200 44910 "http://www.paysagiste93.com/prestations" "Mozilla/5.0 (Linux; Android 11; V2055A) AppleWebKit/537.36 (KHTML, like Gecko) Chrome/91.0.4472.101 Mobile Safari/537.36"
27.115.124.109 - - [19/Jun/2025:22:38:18 +0200] "GET /media/system/js/caption.js HTTP/1.1" 200 733 "http://www.paysagiste93.com/blog" "Mozilla/5.0 (Linux; Android 11; V2055A) AppleWebKit/537.36 (KHTML, like Gecko) Chrome/91.0.4472.101 Mobile Safari/537.36"
123.6.49.18 - - [19/Jun/2025:22:38:19 +0200] "GET /templates/neutre/script.responsive.js HTTP/1.1" 200 15616 "http://www.paysagiste93.com/prestations" "Mozilla/5.0 (Linux; Android 11; V2055A) AppleWebKit/537.36 (KHTML, like Gecko) Chrome/91.0.4472.101 Mobile Safari/537.36"
27.115.124.53 - - [19/Jun/2025:22:38:19 +0200] "GET /media/jui/js/jquery-noconflict.js HTTP/1.1" 200 21 "http://www.paysagiste93.com/selection-web" "Mozilla/5.0 (Linux; Android 11; V2055A) AppleWebKit/537.36 (KHTML, like Gecko) Chrome/91.0.4472.101 Mobile Safari/537.36"
27.115.124.53 - - [19/Jun/2025:22:38:18 +0200] "GET /plugins/system/jcemediabox/js/jcemediabox.js?fba42f665bbcc4047a23ba92244f4176 HTTP/1.1" 200 57539 "http://www.paysagiste93.com/selection-web" "Mozilla/5.0 (Linux; Android 11; V2055A) AppleWebKit/537.36 (KHTML, like Gecko) Chrome/91.0.4472.101 Mobile Safari/537.36"
27.115.124.109 - - [19/Jun/2025:22:38:18 +0200] "GET /templates/neutre/css/template.css HTTP/1.1" 200 68431 "http://www.paysagiste93.com/blog" "Mozilla/5.0 (Linux; Android 11; V2055A) AppleWebKit/537.36 (KHTML, like Gecko) Chrome/91.0.4472.101 Mobile Safari/537.36"
123.6.49.12 - - [19/Jun/2025:22:38:18 +0200] "GET /templates/neutre/jquery.js HTTP/1.1" 200 92793 "http://www.paysagiste93.com/prestations" "Mozilla/5.0 (Linux; Android 11; V2055A) AppleWebKit/537.36 (KHTML, like Gecko) Chrome/91.0.4472.101 Mobile Safari/537.36"
27.115.124.109 - - [19/Jun/2025:22:38:19 +0200] "GET /media/jui/js/jquery-noconflict.js HTTP/1.1" 200 21 "http://www.paysagiste93.com/blog" "Mozilla/5.0 (Linux; Android 11; V2055A) AppleWebKit/537.36 (KHTML, like Gecko) Chrome/91.0.4472.101 Mobile Safari/537.36"
27.115.124.101 - - [19/Jun/2025:22:38:19 +0200] "GET /media/jui/js/jquery-migrate.min.js HTTP/1.1" 200 7199 "http://www.paysagiste93.com/selection-web" "Mozilla/5.0 (Linux; Android 11; V2055A) AppleWebKit/537.36 (KHTML, like Gecko) Chrome/91.0.4472.101 Mobile Safari/537.36"
27.115.124.45 - - [19/Jun/2025:22:38:19 +0200] "GET /plugins/system/jcemediabox/js/jcemediabox.js?fba42f665bbcc4047a23ba92244f4176 HTTP/1.1" 200 57539 "http://www.paysagiste93.com/blog" "Mozilla/5.0 (Linux; Android 11; V2055A) AppleWebKit/537.36 (KHTML, like Gecko) Chrome/91.0.4472.101 Mobile Safari/537.36"
27.115.124.53 - - [19/Jun/2025:22:38:19 +0200] "GET /media/jui/js/bootstrap.min.js HTTP/1.1" 200 29156 "http://www.paysagiste93.com/selection-web" "Mozilla/5.0 (Linux; Android 11; V2055A) AppleWebKit/537.36 (KHTML, like Gecko) Chrome/91.0.4472.101 Mobile Safari/537.36"
27.115.124.45 - - [19/Jun/2025:22:38:18 +0200] "GET /media/system/js/mootools-core.js HTTP/1.1" 200 96362 "http://www.paysagiste93.com/blog" "Mozilla/5.0 (Linux; Android 11; V2055A) AppleWebKit/537.36 (KHTML, like Gecko) Chrome/91.0.4472.101 Mobile Safari/537.36"
27.115.124.101 - - [19/Jun/2025:22:38:19 +0200] "GET /media/mod_pwebcontact/js/jquery.validate.min.js?v=1.13.0 HTTP/1.1" 200 21584 "http://www.paysagiste93.com/selection-web" "Mozilla/5.0 (Linux; Android 11; V2055A) AppleWebKit/537.36 (KHTML, like Gecko) Chrome/91.0.4472.101 Mobile Safari/537.36"
27.115.124.109 - - [19/Jun/2025:22:38:19 +0200] "GET /media/jui/js/jquery-migrate.min.js HTTP/1.1" 200 7199 "http://www.paysagiste93.com/blog" "Mozilla/5.0 (Linux; Android 11; V2055A) AppleWebKit/537.36 (KHTML, like Gecko) Chrome/91.0.4472.101 Mobile Safari/537.36"
27.115.124.38 - - [19/Jun/2025:22:38:18 +0200] "GET /media/system/js/mootools-core.js HTTP/1.1" 200 96362 "http://www.paysagiste93.com/selection-web" "Mozilla/5.0 (Linux; Android 11; V2055A) AppleWebKit/537.36 (KHTML, like Gecko) Chrome/91.0.4472.101 Mobile Safari/537.36"
27.115.124.101 - - [19/Jun/2025:22:38:19 +0200] "GET /media/jui/js/jquery.min.js HTTP/1.1" 200 95786 "http://www.paysagiste93.com/selection-web" "Mozilla/5.0 (Linux; Android 11; V2055A) AppleWebKit/537.36 (KHTML, like Gecko) Chrome/91.0.4472.101 Mobile Safari/537.36"
27.115.124.53 - - [19/Jun/2025:22:38:19 +0200] "GET /media/mod_pwebcontact/js/jquery.pwebcontact.min.js?v=3.2.14 HTTP/1.1" 200 34073 "http://www.paysagiste93.com/selection-web" "Mozilla/5.0 (Linux; Android 11; V2055A) AppleWebKit/537.36 (KHTML, like Gecko) Chrome/91.0.4472.101 Mobile Safari/537.36"
27.115.124.109 - - [19/Jun/2025:22:38:19 +0200] "GET /media/jui/js/bootstrap.min.js HTTP/1.1" 200 29156 "http://www.paysagiste93.com/blog" "Mozilla/5.0 (Linux; Android 11; V2055A) AppleWebKit/537.36 (KHTML, like Gecko) Chrome/91.0.4472.101 Mobile Safari/537.36"
123.6.49.44 - - [19/Jun/2025:22:38:18 +0200] "GET /media/system/js/mootools-more.js HTTP/1.1" 200 238331 "http://www.paysagiste93.com/prestations" "Mozilla/5.0 (Linux; Android 11; V2055A) AppleWebKit/537.36 (KHTML, like Gecko) Chrome/91.0.4472.101 Mobile Safari/537.36"
27.115.124.109 - - [19/Jun/2025:22:38:19 +0200] "GET /media/mod_pwebcontact/js/jquery.validate.min.js?v=1.13.0 HTTP/1.1" 200 21584 "http://www.paysagiste93.com/blog" "Mozilla/5.0 (Linux; Android 11; V2055A) AppleWebKit/537.36 (KHTML, like Gecko) Chrome/91.0.4472.101 Mobile Safari/537.36"
27.115.124.45 - - [19/Jun/2025:22:38:19 +0200] "GET /media/mod_pwebcontact/js/jquery.pwebcontact.min.js?v=3.2.14 HTTP/1.1" 200 34073 "http://www.paysagiste93.com/blog" "Mozilla/5.0 (Linux; Android 11; V2055A) AppleWebKit/537.36 (KHTML, like Gecko) Chrome/91.0.4472.101 Mobile Safari/537.36"
27.115.124.101 - - [19/Jun/2025:22:38:20 +0200] "GET /templates/neutre/script.js HTTP/1.1" 200 44910 "http://www.paysagiste93.com/selection-web" "Mozilla/5.0 (Linux; Android 11; V2055A) AppleWebKit/537.36 (KHTML, like Gecko) Chrome/91.0.4472.101 Mobile Safari/537.36"
27.115.124.38 - - [19/Jun/2025:22:38:19 +0200] "GET /media/jui/js/jquery.min.js HTTP/1.1" 200 95786 "http://www.paysagiste93.com/blog" "Mozilla/5.0 (Linux; Android 11; V2055A) AppleWebKit/537.36 (KHTML, like Gecko) Chrome/91.0.4472.101 Mobile Safari/537.36"
27.115.124.38 - - [19/Jun/2025:22:38:20 +0200] "GET /templates/neutre/script.responsive.js HTTP/1.1" 200 15616 "http://www.paysagiste93.com/selection-web" "Mozilla/5.0 (Linux; Android 11; V2055A) AppleWebKit/537.36 (KHTML, like Gecko) Chrome/91.0.4472.101 Mobile Safari/537.36"
27.115.124.45 - - [19/Jun/2025:22:38:20 +0200] "GET /templates/neutre/script.js HTTP/1.1" 200 44910 "http://www.paysagiste93.com/blog" "Mozilla/5.0 (Linux; Android 11; V2055A) AppleWebKit/537.36 (KHTML, like Gecko) Chrome/91.0.4472.101 Mobile Safari/537.36"
27.115.124.109 - - [19/Jun/2025:22:38:20 +0200] "GET /templates/neutre/jquery.js HTTP/1.1" 200 92793 "http://www.paysagiste93.com/blog" "Mozilla/5.0 (Linux; Android 11; V2055A) AppleWebKit/537.36 (KHTML, like Gecko) Chrome/91.0.4472.101 Mobile Safari/537.36"
27.115.124.45 - - [19/Jun/2025:22:38:20 +0200] "GET /templates/neutre/script.responsive.js HTTP/1.1" 200 15616 "http://www.paysagiste93.com/blog" "Mozilla/5.0 (Linux; Android 11; V2055A) AppleWebKit/537.36 (KHTML, like Gecko) Chrome/91.0.4472.101 Mobile Safari/537.36"
123.6.49.44 - - [19/Jun/2025:22:38:20 +0200] "GET /media/system/css/system.css HTTP/1.1" 200 1446 "http://www.paysagiste93.com/prestations" "Mozilla/5.0 (Linux; Android 11; V2055A) AppleWebKit/537.36 (KHTML, like Gecko) Chrome/91.0.4472.101 Mobile Safari/537.36"
27.115.124.6 - - [19/Jun/2025:22:38:19 +0200] "GET /media/system/js/mootools-more.js HTTP/1.1" 200 238331 "http://www.paysagiste93.com/blog" "Mozilla/5.0 (Linux; Android 11; V2055A) AppleWebKit/537.36 (KHTML, like Gecko) Chrome/91.0.4472.101 Mobile Safari/537.36"
123.6.49.18 - - [19/Jun/2025:22:38:20 +0200] "GET /images/logosmall.png HTTP/1.1" 200 1558 "http://www.paysagiste93.com/prestations" "Mozilla/5.0 (Linux; Android 11; V2055A) AppleWebKit/537.36 (KHTML, like Gecko) Chrome/91.0.4472.101 Mobile Safari/537.36"
123.6.49.44 - - [19/Jun/2025:22:38:20 +0200] "GET /images/contactimg.png HTTP/1.1" 200 556 "http://www.paysagiste93.com/prestations" "Mozilla/5.0 (Linux; Android 11; V2055A) AppleWebKit/537.36 (KHTML, like Gecko) Chrome/91.0.4472.101 Mobile Safari/537.36"
123.6.49.18 - - [19/Jun/2025:22:38:20 +0200] "GET /images/rss_32-2.png HTTP/1.1" 200 1653 "http://www.paysagiste93.com/prestations" "Mozilla/5.0 (Linux; Android 11; V2055A) AppleWebKit/537.36 (KHTML, like Gecko) Chrome/91.0.4472.101 Mobile Safari/537.36"
123.6.49.50 - - [19/Jun/2025:22:38:20 +0200] "GET /templates/neutre/images/page.png HTTP/1.1" 200 1712 "http://www.paysagiste93.com/templates/neutre/css/template.css" "Mozilla/5.0 (Linux; Android 11; V2055A) AppleWebKit/537.36 (KHTML, like Gecko) Chrome/91.0.4472.101 Mobile Safari/537.36"
