34.236.185.101 - - [15/Jun/2025:08:58:04 +0200] "GET /component/mailto/?link=a004b9799e03d204e787426a3d392b551f1dd1c1&template=neutre&tmpl=component HTTP/1.1" 200 1514 "-" "Mozilla/5.0 AppleWebKit/537.36 (KHTML, like Gecko; compatible; Amazonbot/0.1; +https://developer.amazon.com/support/amazonbot) Chrome/119.0.6045.214 Safari/537.36"
170.106.15.3 - - [15/Jun/2025:09:20:24 +0200] "GET / HTTP/1.1" 200 9712 "-" "Mozilla/5.0 (iPhone; CPU iPhone OS 13_2_3 like Mac OS X) AppleWebKit/605.1.15 (KHTML, like Gecko) Version/13.0.3 Mobile/15E148 Safari/604.1"
146.174.190.203 - - [15/Jun/2025:09:23:02 +0200] "GET /component/mailto/?template=neutre&tmpl=component HTTP/1.1" 403 1493 "-" "Mozilla/5.0 (ipad Windows; U; Windows NT 6.1; en-US) AppleWebKit/534.6 (KHTML, like Gecko) Chrome/7.0.498.0 Safari/534.6"
170.106.110.146 - - [15/Jun/2025:09:33:43 +0200] "GET /?option=com_search&searchword=saint-cloud HTTP/1.1" 200 4896 "-" "Mozilla/5.0 (iPhone; CPU iPhone OS 13_2_3 like Mac OS X) AppleWebKit/605.1.15 (KHTML, like Gecko) Version/13.0.3 Mobile/15E148 Safari/604.1"
54.83.56.1 - - [15/Jun/2025:09:34:28 +0200] "GET /a/sevres-92 HTTP/1.1" 200 11211 "-" "Mozilla/5.0 AppleWebKit/537.36 (KHTML, like Gecko; compatible; Amazonbot/0.1; +https://developer.amazon.com/support/amazonbot) Chrome/119.0.6045.214 Safari/537.36"
52.3.156.186 - - [15/Jun/2025:09:34:30 +0200] "GET /a/montrouge-92 HTTP/1.1" 200 9430 "-" "Mozilla/5.0 AppleWebKit/537.36 (KHTML, like Gecko; compatible; Amazonbot/0.1; +https://developer.amazon.com/support/amazonbot) Chrome/119.0.6045.214 Safari/537.36"
3.225.45.252 - - [15/Jun/2025:09:34:34 +0200] "GET /?amp;searchword=asni%C3%A8res-sur-seine&option=com_search HTTP/1.1" 200 4448 "-" "Mozilla/5.0 AppleWebKit/537.36 (KHTML, like Gecko; compatible; Amazonbot/0.1; +https://developer.amazon.com/support/amazonbot) Chrome/119.0.6045.214 Safari/537.36"
34.194.165.45 - - [15/Jun/2025:09:34:38 +0200] "GET /?amp;searchword=nettoyage&option=com_search HTTP/1.1" 200 4448 "-" "Mozilla/5.0 AppleWebKit/537.36 (KHTML, like Gecko; compatible; Amazonbot/0.1; +https://developer.amazon.com/support/amazonbot) Chrome/119.0.6045.214 Safari/537.36"
124.156.226.179 - - [15/Jun/2025:09:35:10 +0200] "GET / HTTP/1.1" 301 257 "-" "Mozilla/5.0 (iPhone; CPU iPhone OS 13_2_3 like Mac OS X) AppleWebKit/605.1.15 (KHTML, like Gecko) Version/13.0.3 Mobile/15E148 Safari/604.1"
124.156.226.179 - - [15/Jun/2025:09:35:12 +0200] "GET / HTTP/1.1" 200 9662 "http://locationbenne92-locationdebenne92.net" "Mozilla/5.0 (iPhone; CPU iPhone OS 13_2_3 like Mac OS X) AppleWebKit/605.1.15 (KHTML, like Gecko) Version/13.0.3 Mobile/15E148 Safari/604.1"
216.244.66.249 - - [15/Jun/2025:09:38:43 +0200] "GET /robots.txt HTTP/1.1" 200 892 "-" "Mozilla/5.0 (compatible; DotBot/1.2; +https://opensiteexplorer.org/dotbot; help@moz.com)"
43.159.138.217 - - [15/Jun/2025:09:43:07 +0200] "GET /?option=com_search& HTTP/1.1" 200 4448 "-" "Mozilla/5.0 (iPhone; CPU iPhone OS 13_2_3 like Mac OS X) AppleWebKit/605.1.15 (KHTML, like Gecko) Version/13.0.3 Mobile/15E148 Safari/604.1"
54.84.250.51 - - [15/Jun/2025:09:50:22 +0200] "GET /a/antony-92 HTTP/1.1" 200 11210 "-" "Mozilla/5.0 AppleWebKit/537.36 (KHTML, like Gecko; compatible; Amazonbot/0.1; +https://developer.amazon.com/support/amazonbot) Chrome/119.0.6045.214 Safari/537.36"
170.106.165.186 - - [15/Jun/2025:09:53:51 +0200] "GET /?option=com_search&searchword=professionnelle HTTP/1.1" 200 5151 "-" "Mozilla/5.0 (iPhone; CPU iPhone OS 13_2_3 like Mac OS X) AppleWebKit/605.1.15 (KHTML, like Gecko) Version/13.0.3 Mobile/15E148 Safari/604.1"
216.244.66.249 - - [15/Jun/2025:09:58:49 +0200] "GET /component/mailto/?tmpl=component&template=neutre&link=ccf8f51864d787cb96b180741135ecf6aef8b809 HTTP/1.1" 200 3613 "-" "Mozilla/5.0 (compatible; DotBot/1.2; +https://opensiteexplorer.org/dotbot; help@moz.com)"
43.135.139.165 - - [15/Jun/2025:10:00:52 +0200] "GET / HTTP/1.1" 200 9724 "-" "Mozilla/5.0 (iPhone; CPU iPhone OS 13_2_3 like Mac OS X) AppleWebKit/605.1.15 (KHTML, like Gecko) Version/13.0.3 Mobile/15E148 Safari/604.1"
49.51.253.83 - - [15/Jun/2025:10:04:25 +0200] "GET /?option=com_search&searchword=benne HTTP/1.1" 200 5868 "-" "Mozilla/5.0 (iPhone; CPU iPhone OS 13_2_3 like Mac OS X) AppleWebKit/605.1.15 (KHTML, like Gecko) Version/13.0.3 Mobile/15E148 Safari/604.1"
170.106.180.246 - - [15/Jun/2025:10:13:49 +0200] "GET /?option=com_search&searchword=ma\xc3\xa7on HTTP/1.1" 200 4799 "-" "Mozilla/5.0 (iPhone; CPU iPhone OS 13_2_3 like Mac OS X) AppleWebKit/605.1.15 (KHTML, like Gecko) Version/13.0.3 Mobile/15E148 Safari/604.1"
54.84.169.196 - - [15/Jun/2025:10:21:34 +0200] "GET /a/malakoff-92 HTTP/1.1" 200 11232 "-" "Mozilla/5.0 AppleWebKit/537.36 (KHTML, like Gecko; compatible; Amazonbot/0.1; +https://developer.amazon.com/support/amazonbot) Chrome/119.0.6045.214 Safari/537.36"
43.167.241.46 - - [15/Jun/2025:10:23:28 +0200] "GET /component/search/?format=opensearch HTTP/1.1" 200 437 "-" "Mozilla/5.0 (iPhone; CPU iPhone OS 13_2_3 like Mac OS X) AppleWebKit/605.1.15 (KHTML, like Gecko) Version/13.0.3 Mobile/15E148 Safari/604.1"
3.217.171.106 - - [15/Jun/2025:10:32:42 +0200] "GET /?amp;searchword=envoi&option=com_search HTTP/1.1" 200 4514 "-" "Mozilla/5.0 AppleWebKit/537.36 (KHTML, like Gecko; compatible; Amazonbot/0.1; +https://developer.amazon.com/support/amazonbot) Chrome/119.0.6045.214 Safari/537.36"
52.7.13.143 - - [15/Jun/2025:10:32:47 +0200] "GET /?amp;searchword=saint-cloud&option=com_search HTTP/1.1" 200 4448 "-" "Mozilla/5.0 AppleWebKit/537.36 (KHTML, like Gecko; compatible; Amazonbot/0.1; +https://developer.amazon.com/support/amazonbot) Chrome/119.0.6045.214 Safari/537.36"
3.81.253.213 - - [15/Jun/2025:10:32:50 +0200] "GET /?amp;searchword=ville-d%27avray&option=com_search HTTP/1.1" 200 4448 "-" "Mozilla/5.0 AppleWebKit/537.36 (KHTML, like Gecko; compatible; Amazonbot/0.1; +https://developer.amazon.com/support/amazonbot) Chrome/119.0.6045.214 Safari/537.36"
216.73.216.145 - - [15/Jun/2025:10:32:57 +0200] "GET /robots.txt HTTP/1.1" 200 892 "-" "Mozilla/5.0 AppleWebKit/537.36 (KHTML, like Gecko; compatible; ClaudeBot/1.0; +claudebot@anthropic.com)"
216.73.216.145 - - [15/Jun/2025:10:32:57 +0200] "GET /component/ninjarsssyndicator/?feed_id=1&format=raw HTTP/1.1" 200 2984 "-" "Mozilla/5.0 AppleWebKit/537.36 (KHTML, like Gecko; compatible; ClaudeBot/1.0; +claudebot@anthropic.com)"
216.73.216.145 - - [15/Jun/2025:10:32:58 +0200] "GET /selection-web HTTP/1.1" 200 5283 "-" "Mozilla/5.0 AppleWebKit/537.36 (KHTML, like Gecko; compatible; ClaudeBot/1.0; +claudebot@anthropic.com)"
216.73.216.145 - - [15/Jun/2025:10:32:58 +0200] "GET /blog HTTP/1.1" 200 9326 "-" "Mozilla/5.0 AppleWebKit/537.36 (KHTML, like Gecko; compatible; ClaudeBot/1.0; +claudebot@anthropic.com)"
43.166.245.250 - - [15/Jun/2025:10:33:50 +0200] "GET /component/search/?searchword=saint-cloud&format=opensearch HTTP/1.1" 200 449 "-" "Mozilla/5.0 (iPhone; CPU iPhone OS 13_2_3 like Mac OS X) AppleWebKit/605.1.15 (KHTML, like Gecko) Version/13.0.3 Mobile/15E148 Safari/604.1"
216.73.216.145 - - [15/Jun/2025:10:35:44 +0200] "GET /blog/70-solution-nettoyage-gestion-dechets-bureau HTTP/1.1" 200 7076 "-" "Mozilla/5.0 AppleWebKit/537.36 (KHTML, like Gecko; compatible; ClaudeBot/1.0; +claudebot@anthropic.com)"
216.73.216.145 - - [15/Jun/2025:10:35:44 +0200] "GET /a/meudon-92 HTTP/1.1" 200 9441 "-" "Mozilla/5.0 AppleWebKit/537.36 (KHTML, like Gecko; compatible; ClaudeBot/1.0; +claudebot@anthropic.com)"
216.73.216.145 - - [15/Jun/2025:10:35:46 +0200] "GET /blog/71-nettoyage-de-commerces HTTP/1.1" 200 7417 "-" "Mozilla/5.0 AppleWebKit/537.36 (KHTML, like Gecko; compatible; ClaudeBot/1.0; +claudebot@anthropic.com)"
216.73.216.145 - - [15/Jun/2025:10:38:33 +0200] "GET /prestations HTTP/1.1" 200 5997 "-" "Mozilla/5.0 AppleWebKit/537.36 (KHTML, like Gecko; compatible; ClaudeBot/1.0; +claudebot@anthropic.com)"
216.73.216.145 - - [15/Jun/2025:10:38:34 +0200] "GET /a/suresnes-92 HTTP/1.1" 200 9444 "-" "Mozilla/5.0 AppleWebKit/537.36 (KHTML, like Gecko; compatible; ClaudeBot/1.0; +claudebot@anthropic.com)"
216.73.216.145 - - [15/Jun/2025:10:38:35 +0200] "GET /a/puteaux-92 HTTP/1.1" 200 9443 "-" "Mozilla/5.0 AppleWebKit/537.36 (KHTML, like Gecko; compatible; ClaudeBot/1.0; +claudebot@anthropic.com)"
216.73.216.145 - - [15/Jun/2025:10:41:23 +0200] "GET /a/clamart-92 HTTP/1.1" 200 9443 "-" "Mozilla/5.0 AppleWebKit/537.36 (KHTML, like Gecko; compatible; ClaudeBot/1.0; +claudebot@anthropic.com)"
216.73.216.145 - - [15/Jun/2025:10:41:24 +0200] "GET /a/chatillon-92 HTTP/1.1" 200 11228 "-" "Mozilla/5.0 AppleWebKit/537.36 (KHTML, like Gecko; compatible; ClaudeBot/1.0; +claudebot@anthropic.com)"
43.133.91.48 - - [15/Jun/2025:10:42:47 +0200] "GET /a/gennevilliers-92 HTTP/1.1" 200 9459 "-" "Mozilla/5.0 (iPhone; CPU iPhone OS 13_2_3 like Mac OS X) AppleWebKit/605.1.15 (KHTML, like Gecko) Version/13.0.3 Mobile/15E148 Safari/604.1"
216.73.216.145 - - [15/Jun/2025:10:44:12 +0200] "GET /a/bagneux-92 HTTP/1.1" 200 9440 "-" "Mozilla/5.0 AppleWebKit/537.36 (KHTML, like Gecko; compatible; ClaudeBot/1.0; +claudebot@anthropic.com)"
216.73.216.145 - - [15/Jun/2025:10:44:13 +0200] "GET /a/clichy-92 HTTP/1.1" 200 9445 "-" "Mozilla/5.0 AppleWebKit/537.36 (KHTML, like Gecko; compatible; ClaudeBot/1.0; +claudebot@anthropic.com)"
216.73.216.145 - - [15/Jun/2025:10:47:02 +0200] "GET /component/search/?Itemid=217&format=opensearch HTTP/1.1" 200 446 "-" "Mozilla/5.0 AppleWebKit/537.36 (KHTML, like Gecko; compatible; ClaudeBot/1.0; +claudebot@anthropic.com)"
216.73.216.145 - - [15/Jun/2025:10:47:04 +0200] "GET /a/sevres-92 HTTP/1.1" 200 11223 "-" "Mozilla/5.0 AppleWebKit/537.36 (KHTML, like Gecko; compatible; ClaudeBot/1.0; +claudebot@anthropic.com)"
52.2.4.213 - - [15/Jun/2025:10:48:34 +0200] "GET /?amp;searchword=bois-colombes&option=com_search HTTP/1.1" 200 4515 "-" "Mozilla/5.0 AppleWebKit/537.36 (KHTML, like Gecko; compatible; Amazonbot/0.1; +https://developer.amazon.com/support/amazonbot) Chrome/119.0.6045.214 Safari/537.36"
52.200.142.199 - - [15/Jun/2025:10:48:38 +0200] "GET /?amp;searchword=menuisier&option=com_search HTTP/1.1" 200 4448 "-" "Mozilla/5.0 AppleWebKit/537.36 (KHTML, like Gecko; compatible; Amazonbot/0.1; +https://developer.amazon.com/support/amazonbot) Chrome/119.0.6045.214 Safari/537.36"
216.73.216.145 - - [15/Jun/2025:10:49:47 +0200] "GET /a/antony-92 HTTP/1.1" 200 11222 "-" "Mozilla/5.0 AppleWebKit/537.36 (KHTML, like Gecko; compatible; ClaudeBot/1.0; +claudebot@anthropic.com)"
216.73.216.145 - - [15/Jun/2025:10:49:48 +0200] "GET /a/sceaux-92 HTTP/1.1" 200 11223 "-" "Mozilla/5.0 AppleWebKit/537.36 (KHTML, like Gecko; compatible; ClaudeBot/1.0; +claudebot@anthropic.com)"
216.73.216.145 - - [15/Jun/2025:10:52:37 +0200] "GET /a/nanterre-92 HTTP/1.1" 200 11217 "-" "Mozilla/5.0 AppleWebKit/537.36 (KHTML, like Gecko; compatible; ClaudeBot/1.0; +claudebot@anthropic.com)"
216.73.216.145 - - [15/Jun/2025:10:52:39 +0200] "GET /a/vanves-92 HTTP/1.1" 200 11227 "-" "Mozilla/5.0 AppleWebKit/537.36 (KHTML, like Gecko; compatible; ClaudeBot/1.0; +claudebot@anthropic.com)"
43.166.132.142 - - [15/Jun/2025:10:54:23 +0200] "GET /selection-web/61-Organisme%20de%20formation%20professionnelle HTTP/1.1" 200 5678 "-" "Mozilla/5.0 (iPhone; CPU iPhone OS 13_2_3 like Mac OS X) AppleWebKit/605.1.15 (KHTML, like Gecko) Version/13.0.3 Mobile/15E148 Safari/604.1"
216.73.216.145 - - [15/Jun/2025:10:55:23 +0200] "GET /a/courbevoie-92 HTTP/1.1" 200 11628 "-" "Mozilla/5.0 AppleWebKit/537.36 (KHTML, like Gecko; compatible; ClaudeBot/1.0; +claudebot@anthropic.com)"
216.73.216.145 - - [15/Jun/2025:10:55:24 +0200] "GET /a/malakoff-92 HTTP/1.1" 200 11219 "-" "Mozilla/5.0 AppleWebKit/537.36 (KHTML, like Gecko; compatible; ClaudeBot/1.0; +claudebot@anthropic.com)"
216.73.216.145 - - [15/Jun/2025:10:58:01 +0200] "GET /a/chaville-92 HTTP/1.1" 200 11215 "-" "Mozilla/5.0 AppleWebKit/537.36 (KHTML, like Gecko; compatible; ClaudeBot/1.0; +claudebot@anthropic.com)"
216.73.216.145 - - [15/Jun/2025:10:58:03 +0200] "GET /a/vaucresson-92 HTTP/1.1" 200 11220 "-" "Mozilla/5.0 AppleWebKit/537.36 (KHTML, like Gecko; compatible; ClaudeBot/1.0; +claudebot@anthropic.com)"
216.73.216.145 - - [15/Jun/2025:11:01:01 +0200] "GET /a/chatenay-malabry-92 HTTP/1.1" 200 11232 "-" "Mozilla/5.0 AppleWebKit/537.36 (KHTML, like Gecko; compatible; ClaudeBot/1.0; +claudebot@anthropic.com)"
216.73.216.145 - - [15/Jun/2025:11:01:03 +0200] "GET /a/garches-92 HTTP/1.1" 200 11201 "-" "Mozilla/5.0 AppleWebKit/537.36 (KHTML, like Gecko; compatible; ClaudeBot/1.0; +claudebot@anthropic.com)"
43.128.67.187 - - [15/Jun/2025:11:03:00 +0200] "GET /a/gennevilliers-92 HTTP/1.1" 200 9446 "-" "Mozilla/5.0 (iPhone; CPU iPhone OS 13_2_3 like Mac OS X) AppleWebKit/605.1.15 (KHTML, like Gecko) Version/13.0.3 Mobile/15E148 Safari/604.1"
54.36.148.30 - - [15/Jun/2025:11:03:55 +0200] "GET /robots.txt HTTP/1.1" 200 892 "-" "Mozilla/5.0 (compatible; AhrefsBot/7.0; +http://ahrefs.com/robot/)"
216.73.216.145 - - [15/Jun/2025:11:04:03 +0200] "GET /a/montrouge-92 HTTP/1.1" 200 9433 "-" "Mozilla/5.0 AppleWebKit/537.36 (KHTML, like Gecko; compatible; ClaudeBot/1.0; +claudebot@anthropic.com)"
216.73.216.145 - - [15/Jun/2025:11:04:04 +0200] "GET /a/bourg-la-reine-92 HTTP/1.1" 200 11223 "-" "Mozilla/5.0 AppleWebKit/537.36 (KHTML, like Gecko; compatible; ClaudeBot/1.0; +claudebot@anthropic.com)"
216.244.66.249 - - [15/Jun/2025:11:06:16 +0200] "GET /robots.txt HTTP/1.1" 200 892 "-" "Mozilla/5.0 (compatible; DotBot/1.2; +https://opensiteexplorer.org/dotbot; help@moz.com)"
216.73.216.145 - - [15/Jun/2025:11:06:50 +0200] "GET /a/marnes-la-coquette-92 HTTP/1.1" 200 11232 "-" "Mozilla/5.0 AppleWebKit/537.36 (KHTML, like Gecko; compatible; ClaudeBot/1.0; +claudebot@anthropic.com)"
216.73.216.145 - - [15/Jun/2025:11:06:52 +0200] "GET /a/saint-cloud-92 HTTP/1.1" 200 11227 "-" "Mozilla/5.0 AppleWebKit/537.36 (KHTML, like Gecko; compatible; ClaudeBot/1.0; +claudebot@anthropic.com)"
216.73.216.145 - - [15/Jun/2025:11:09:39 +0200] "GET /plan-du-site HTTP/1.1" 200 5628 "-" "Mozilla/5.0 AppleWebKit/537.36 (KHTML, like Gecko; compatible; ClaudeBot/1.0; +claudebot@anthropic.com)"
216.73.216.145 - - [15/Jun/2025:11:09:41 +0200] "GET /a/bois-colombes-92 HTTP/1.1" 200 11844 "-" "Mozilla/5.0 AppleWebKit/537.36 (KHTML, like Gecko; compatible; ClaudeBot/1.0; +claudebot@anthropic.com)"
216.73.216.145 - - [15/Jun/2025:11:12:25 +0200] "GET /a/asnieres-sur-seine-92 HTTP/1.1" 200 11209 "-" "Mozilla/5.0 AppleWebKit/537.36 (KHTML, like Gecko; compatible; ClaudeBot/1.0; +claudebot@anthropic.com)"
216.73.216.145 - - [15/Jun/2025:11:12:28 +0200] "GET /a/gennevilliers-92 HTTP/1.1" 200 9383 "-" "Mozilla/5.0 AppleWebKit/537.36 (KHTML, like Gecko; compatible; ClaudeBot/1.0; +claudebot@anthropic.com)"
43.159.141.150 - - [15/Jun/2025:11:14:23 +0200] "GET /component/search/?searchword=ma HTTP/1.1" 200 4564 "-" "Mozilla/5.0 (iPhone; CPU iPhone OS 13_2_3 like Mac OS X) AppleWebKit/605.1.15 (KHTML, like Gecko) Version/13.0.3 Mobile/15E148 Safari/604.1"
44.221.180.179 - - [15/Jun/2025:11:14:41 +0200] "GET /?amp;searchword=d%C3%A9chets&option=com_search HTTP/1.1" 200 4448 "-" "Mozilla/5.0 AppleWebKit/537.36 (KHTML, like Gecko; compatible; Amazonbot/0.1; +https://developer.amazon.com/support/amazonbot) Chrome/119.0.6045.214 Safari/537.36"
216.73.216.145 - - [15/Jun/2025:11:15:21 +0200] "GET /contactez-nous HTTP/1.1" 200 6151 "-" "Mozilla/5.0 AppleWebKit/537.36 (KHTML, like Gecko; compatible; ClaudeBot/1.0; +claudebot@anthropic.com)"
216.73.216.145 - - [15/Jun/2025:11:15:21 +0200] "GET /a/ville-d-avray-92/10-Location%20Benne%2092%20-92 HTTP/1.1" 200 13863 "-" "Mozilla/5.0 AppleWebKit/537.36 (KHTML, like Gecko; compatible; ClaudeBot/1.0; +claudebot@anthropic.com)"
216.73.216.145 - - [15/Jun/2025:11:18:11 +0200] "GET /?option=com_search&searchword=solution HTTP/1.1" 200 4873 "-" "Mozilla/5.0 AppleWebKit/537.36 (KHTML, like Gecko; compatible; ClaudeBot/1.0; +claudebot@anthropic.com)"
216.73.216.145 - - [15/Jun/2025:11:18:11 +0200] "GET /a/colombes-92 HTTP/1.1" 200 11211 "-" "Mozilla/5.0 AppleWebKit/537.36 (KHTML, like Gecko; compatible; ClaudeBot/1.0; +claudebot@anthropic.com)"
54.84.93.8 - - [15/Jun/2025:11:20:06 +0200] "GET /a/puteaux-92 HTTP/1.1" 200 9421 "-" "Mozilla/5.0 AppleWebKit/537.36 (KHTML, like Gecko; compatible; Amazonbot/0.1; +https://developer.amazon.com/support/amazonbot) Chrome/119.0.6045.214 Safari/537.36"
100.27.153.9 - - [15/Jun/2025:11:20:10 +0200] "GET /?amp;searchword=levallois-perret&option=com_search HTTP/1.1" 200 4448 "-" "Mozilla/5.0 AppleWebKit/537.36 (KHTML, like Gecko; compatible; Amazonbot/0.1; +https://developer.amazon.com/support/amazonbot) Chrome/119.0.6045.214 Safari/537.36"
216.73.216.145 - - [15/Jun/2025:11:21:19 +0200] "GET /a/ville-d-avray-92?print=1&tmpl=component HTTP/1.1" 200 5387 "-" "Mozilla/5.0 AppleWebKit/537.36 (KHTML, like Gecko; compatible; ClaudeBot/1.0; +claudebot@anthropic.com)"
216.73.216.145 - - [15/Jun/2025:11:21:21 +0200] "GET /a/boulogne-billancourt-92 HTTP/1.1" 200 11210 "-" "Mozilla/5.0 AppleWebKit/537.36 (KHTML, like Gecko; compatible; ClaudeBot/1.0; +claudebot@anthropic.com)"
216.73.216.145 - - [15/Jun/2025:11:24:48 +0200] "GET /informations-legales HTTP/1.1" 200 6416 "-" "Mozilla/5.0 AppleWebKit/537.36 (KHTML, like Gecko; compatible; ClaudeBot/1.0; +claudebot@anthropic.com)"
216.73.216.145 - - [15/Jun/2025:11:24:49 +0200] "GET /a/garenne-colombes-92 HTTP/1.1" 200 11229 "-" "Mozilla/5.0 AppleWebKit/537.36 (KHTML, like Gecko; compatible; ClaudeBot/1.0; +claudebot@anthropic.com)"
170.106.160.90 - - [15/Jun/2025:11:25:01 +0200] "GET /a/gennevilliers-92 HTTP/1.1" 200 9439 "-" "Mozilla/5.0 (iPhone; CPU iPhone OS 13_2_3 like Mac OS X) AppleWebKit/605.1.15 (KHTML, like Gecko) Version/13.0.3 Mobile/15E148 Safari/604.1"
216.244.66.249 - - [15/Jun/2025:11:26:56 +0200] "GET /a/clichy-92/13-traitement?format=feed&type=rss HTTP/1.1" 200 1647 "-" "Mozilla/5.0 (compatible; DotBot/1.2; +https://opensiteexplorer.org/dotbot; help@moz.com)"
216.73.216.145 - - [15/Jun/2025:11:27:09 +0200] "GET /a/issy-les-moulineaux-92 HTTP/1.1" 200 11217 "-" "Mozilla/5.0 AppleWebKit/537.36 (KHTML, like Gecko; compatible; ClaudeBot/1.0; +claudebot@anthropic.com)"
216.73.216.145 - - [15/Jun/2025:11:27:08 +0200] "GET /a/levallois-perret-92 HTTP/1.1" 200 11209 "-" "Mozilla/5.0 AppleWebKit/537.36 (KHTML, like Gecko; compatible; ClaudeBot/1.0; +claudebot@anthropic.com)"
216.73.216.145 - - [15/Jun/2025:11:29:52 +0200] "GET /?option=com_search&searchword=d%C3%A9chets HTTP/1.1" 200 5823 "-" "Mozilla/5.0 AppleWebKit/537.36 (KHTML, like Gecko; compatible; ClaudeBot/1.0; +claudebot@anthropic.com)"
216.73.216.145 - - [15/Jun/2025:11:29:53 +0200] "GET /?option=com_search&searchword=envoi HTTP/1.1" 200 4939 "-" "Mozilla/5.0 AppleWebKit/537.36 (KHTML, like Gecko; compatible; ClaudeBot/1.0; +claudebot@anthropic.com)"
51.68.107.151 - - [15/Jun/2025:11:31:38 +0200] "GET /robots.txt HTTP/1.1" 200 892 "-" "Mozilla/5.0 (compatible; MJ12bot/v2.0.2; http://mj12bot.com/)"
51.68.107.151 - - [15/Jun/2025:11:31:38 +0200] "GET / HTTP/1.1" 200 9727 "-" "Mozilla/5.0 (compatible; MJ12bot/v2.0.2; http://mj12bot.com/)"
216.73.216.145 - - [15/Jun/2025:11:33:21 +0200] "GET /robots.txt HTTP/1.1" 200 892 "-" "Mozilla/5.0 AppleWebKit/537.36 (KHTML, like Gecko; compatible; ClaudeBot/1.0; +claudebot@anthropic.com)"
216.73.216.145 - - [15/Jun/2025:11:33:21 +0200] "GET /?option=com_search&searchword=divers HTTP/1.1" 200 4946 "-" "Mozilla/5.0 AppleWebKit/537.36 (KHTML, like Gecko; compatible; ClaudeBot/1.0; +claudebot@anthropic.com)"
216.73.216.145 - - [15/Jun/2025:11:33:24 +0200] "GET /a/rueil-malmaison-92 HTTP/1.1" 200 11225 "-" "Mozilla/5.0 AppleWebKit/537.36 (KHTML, like Gecko; compatible; ClaudeBot/1.0; +claudebot@anthropic.com)"
43.166.244.192 - - [15/Jun/2025:11:33:45 +0200] "GET /component/search/?Itemid=183&catid=16&id=61&format=opensearch HTTP/1.1" 200 456 "-" "Mozilla/5.0 (iPhone; CPU iPhone OS 13_2_3 like Mac OS X) AppleWebKit/605.1.15 (KHTML, like Gecko) Version/13.0.3 Mobile/15E148 Safari/604.1"
110.249.202.87 - - [15/Jun/2025:11:35:40 +0200] "GET / HTTP/1.1" 200 9678 "-" "Mozilla/5.0 (Linux; Android 5.0) AppleWebKit/537.36 (KHTML, like Gecko) Mobile Safari/537.36 (compatible; Bytespider; https://zhanzhang.toutiao.com/)"
110.249.202.82 - - [15/Jun/2025:11:35:41 +0200] "GET /media/plg_jchoptimize/assets/gz/30/2/dd77b53074cbbe2e9df81e5adb5af3fc.js HTTP/1.1" 200 8122 "http://www.locationbenne92-locationdebenne92.net/" "Mozilla/5.0 (Linux; Android 5.0) AppleWebKit/537.36 (KHTML, like Gecko) Mobile Safari/537.36 (compatible; Bytespider; https://zhanzhang.toutiao.com/)"
110.249.202.85 - - [15/Jun/2025:11:35:41 +0200] "GET /media/plg_jchoptimize/assets/gz/30/0/37aa39f3ca940ca374f4d119f9156a56.css HTTP/1.1" 200 13288 "http://www.locationbenne92-locationdebenne92.net/" "Mozilla/5.0 (Linux; Android 5.0) AppleWebKit/537.36 (KHTML, like Gecko) Mobile Safari/537.36 (compatible; Bytespider; https://zhanzhang.toutiao.com/)"
110.249.202.95 - - [15/Jun/2025:11:35:41 +0200] "GET /media/plg_jchoptimize/assets/gz/30/3/dd77b53074cbbe2e9df81e5adb5af3fc.js HTTP/1.1" 200 2453 "http://www.locationbenne92-locationdebenne92.net/" "Mozilla/5.0 (Linux; Android 5.0) AppleWebKit/537.36 (KHTML, like Gecko) Mobile Safari/537.36 (compatible; Bytespider; https://zhanzhang.toutiao.com/)"
110.249.202.86 - - [15/Jun/2025:11:35:41 +0200] "GET /media/plg_jchoptimize/assets/gz/30/1/dd77b53074cbbe2e9df81e5adb5af3fc.js HTTP/1.1" 200 34284 "http://www.locationbenne92-locationdebenne92.net/" "Mozilla/5.0 (Linux; Android 5.0) AppleWebKit/537.36 (KHTML, like Gecko) Mobile Safari/537.36 (compatible; Bytespider; https://zhanzhang.toutiao.com/)"
110.249.202.85 - - [15/Jun/2025:11:35:49 +0200] "GET /media/system/css/system.css HTTP/1.1" 200 1446 "http://www.locationbenne92-locationdebenne92.net/media/plg_jchoptimize/assets/gz/30/0/37aa39f3ca940ca374f4d119f9156a56.css" "Mozilla/5.0 (Linux; Android 5.0) AppleWebKit/537.36 (KHTML, like Gecko) Mobile Safari/537.36 (compatible; Bytespider; https://zhanzhang.toutiao.com/)"
110.249.202.86 - - [15/Jun/2025:11:35:41 +0200] "GET /media/plg_jchoptimize/assets/gz/30/0/dd77b53074cbbe2e9df81e5adb5af3fc.js HTTP/1.1" 200 122184 "http://www.locationbenne92-locationdebenne92.net/" "Mozilla/5.0 (Linux; Android 5.0) AppleWebKit/537.36 (KHTML, like Gecko) Mobile Safari/537.36 (compatible; Bytespider; https://zhanzhang.toutiao.com/)"
110.249.202.85 - - [15/Jun/2025:11:35:56 +0200] "GET /qrcode/qrcode.js HTTP/1.1" 200 32907 "http://www.locationbenne92-locationdebenne92.net/" "Mozilla/5.0 (Linux; Android 5.0) AppleWebKit/537.36 (KHTML, like Gecko) Mobile Safari/537.36 (compatible; Bytespider; https://zhanzhang.toutiao.com/)"
110.249.202.86 - - [15/Jun/2025:11:36:00 +0200] "GET /images/contactimg.png HTTP/1.1" 206 500 "http://www.locationbenne92-locationdebenne92.net/" "Mozilla/5.0 (Linux; Android 5.0) AppleWebKit/537.36 (KHTML, like Gecko) Mobile Safari/537.36 (compatible; Bytespider; https://zhanzhang.toutiao.com/)"
110.249.202.86 - - [15/Jun/2025:11:36:00 +0200] "GET /images/rss_32-2.png HTTP/1.1" 206 500 "http://www.locationbenne92-locationdebenne92.net/" "Mozilla/5.0 (Linux; Android 5.0) AppleWebKit/537.36 (KHTML, like Gecko) Mobile Safari/537.36 (compatible; Bytespider; https://zhanzhang.toutiao.com/)"
110.249.202.95 - - [15/Jun/2025:11:36:00 +0200] "GET /templates/neutre/images/page.png HTTP/1.1" 206 500 "http://www.locationbenne92-locationdebenne92.net/media/plg_jchoptimize/assets/gz/30/0/37aa39f3ca940ca374f4d119f9156a56.css" "Mozilla/5.0 (Linux; Android 5.0) AppleWebKit/537.36 (KHTML, like Gecko) Mobile Safari/537.36 (compatible; Bytespider; https://zhanzhang.toutiao.com/)"
110.249.202.87 - - [15/Jun/2025:11:36:00 +0200] "GET /templates/neutre/images/object1876504310.jpg HTTP/1.1" 206 500 "http://www.locationbenne92-locationdebenne92.net/media/plg_jchoptimize/assets/gz/30/0/37aa39f3ca940ca374f4d119f9156a56.css" "Mozilla/5.0 (Linux; Android 5.0) AppleWebKit/537.36 (KHTML, like Gecko) Mobile Safari/537.36 (compatible; Bytespider; https://zhanzhang.toutiao.com/)"
110.249.202.82 - - [15/Jun/2025:11:36:00 +0200] "GET /templates/neutre/images/header.jpg HTTP/1.1" 206 500 "http://www.locationbenne92-locationdebenne92.net/media/plg_jchoptimize/assets/gz/30/0/37aa39f3ca940ca374f4d119f9156a56.css" "Mozilla/5.0 (Linux; Android 5.0) AppleWebKit/537.36 (KHTML, like Gecko) Mobile Safari/537.36 (compatible; Bytespider; https://zhanzhang.toutiao.com/)"
110.249.202.86 - - [15/Jun/2025:11:36:00 +0200] "GET /templates/neutre/images/object839461247.png HTTP/1.1" 206 500 "http://www.locationbenne92-locationdebenne92.net/media/plg_jchoptimize/assets/gz/30/0/37aa39f3ca940ca374f4d119f9156a56.css" "Mozilla/5.0 (Linux; Android 5.0) AppleWebKit/537.36 (KHTML, like Gecko) Mobile Safari/537.36 (compatible; Bytespider; https://zhanzhang.toutiao.com/)"
110.249.202.85 - - [15/Jun/2025:11:36:00 +0200] "GET /templates/neutre/images/nav.png HTTP/1.1" 206 104 "http://www.locationbenne92-locationdebenne92.net/media/plg_jchoptimize/assets/gz/30/0/37aa39f3ca940ca374f4d119f9156a56.css" "Mozilla/5.0 (Linux; Android 5.0) AppleWebKit/537.36 (KHTML, like Gecko) Mobile Safari/537.36 (compatible; Bytespider; https://zhanzhang.toutiao.com/)"
110.249.202.87 - - [15/Jun/2025:11:36:00 +0200] "GET /templates/neutre/images/object1481438740.png HTTP/1.1" 206 500 "http://www.locationbenne92-locationdebenne92.net/media/plg_jchoptimize/assets/gz/30/0/37aa39f3ca940ca374f4d119f9156a56.css" "Mozilla/5.0 (Linux; Android 5.0) AppleWebKit/537.36 (KHTML, like Gecko) Mobile Safari/537.36 (compatible; Bytespider; https://zhanzhang.toutiao.com/)"
110.249.202.95 - - [15/Jun/2025:11:36:00 +0200] "GET /templates/neutre/images/object1139864562.png HTTP/1.1" 206 500 "http://www.locationbenne92-locationdebenne92.net/media/plg_jchoptimize/assets/gz/30/0/37aa39f3ca940ca374f4d119f9156a56.css" "Mozilla/5.0 (Linux; Android 5.0) AppleWebKit/537.36 (KHTML, like Gecko) Mobile Safari/537.36 (compatible; Bytespider; https://zhanzhang.toutiao.com/)"
110.249.202.82 - - [15/Jun/2025:11:36:01 +0200] "GET /templates/neutre/images/menuseparator.png HTTP/1.1" 206 99 "http://www.locationbenne92-locationdebenne92.net/media/plg_jchoptimize/assets/gz/30/0/37aa39f3ca940ca374f4d119f9156a56.css" "Mozilla/5.0 (Linux; Android 5.0) AppleWebKit/537.36 (KHTML, like Gecko) Mobile Safari/537.36 (compatible; Bytespider; https://zhanzhang.toutiao.com/)"
110.249.202.86 - - [15/Jun/2025:11:36:01 +0200] "GET /templates/neutre/images/postdateicon.png HTTP/1.1" 206 261 "http://www.locationbenne92-locationdebenne92.net/media/plg_jchoptimize/assets/gz/30/0/37aa39f3ca940ca374f4d119f9156a56.css" "Mozilla/5.0 (Linux; Android 5.0) AppleWebKit/537.36 (KHTML, like Gecko) Mobile Safari/537.36 (compatible; Bytespider; https://zhanzhang.toutiao.com/)"
110.249.202.87 - - [15/Jun/2025:11:36:01 +0200] "GET /plugins/system/jcemediabox/themes/light/popup.html HTTP/1.1" 200 1068 "http://www.locationbenne92-locationdebenne92.net/" "Mozilla/5.0 (Linux; Android 5.0) AppleWebKit/537.36 (KHTML, like Gecko) Mobile Safari/537.36 (compatible; Bytespider; https://zhanzhang.toutiao.com/)"
110.249.202.85 - - [15/Jun/2025:11:36:01 +0200] "GET /plugins/system/jcemediabox/themes/light/tooltip.html HTTP/1.1" 200 930 "http://www.locationbenne92-locationdebenne92.net/" "Mozilla/5.0 (Linux; Android 5.0) AppleWebKit/537.36 (KHTML, like Gecko) Mobile Safari/537.36 (compatible; Bytespider; https://zhanzhang.toutiao.com/)"
110.249.202.87 - - [15/Jun/2025:11:36:01 +0200] "GET /templates/neutre/images/blockbullets.png HTTP/1.1" 206 173 "http://www.locationbenne92-locationdebenne92.net/media/plg_jchoptimize/assets/gz/30/0/37aa39f3ca940ca374f4d119f9156a56.css" "Mozilla/5.0 (Linux; Android 5.0) AppleWebKit/537.36 (KHTML, like Gecko) Mobile Safari/537.36 (compatible; Bytespider; https://zhanzhang.toutiao.com/)"
110.249.202.95 - - [15/Jun/2025:11:36:01 +0200] "GET /templates/neutre/images/postbullets.png HTTP/1.1" 206 119 "http://www.locationbenne92-locationdebenne92.net/media/plg_jchoptimize/assets/gz/30/0/37aa39f3ca940ca374f4d119f9156a56.css" "Mozilla/5.0 (Linux; Android 5.0) AppleWebKit/537.36 (KHTML, like Gecko) Mobile Safari/537.36 (compatible; Bytespider; https://zhanzhang.toutiao.com/)"
110.249.202.86 - - [15/Jun/2025:11:36:01 +0200] "GET /templates/neutre/images/spacer.gif HTTP/1.1" 206 43 "http://www.locationbenne92-locationdebenne92.net/media/plg_jchoptimize/assets/gz/30/0/37aa39f3ca940ca374f4d119f9156a56.css" "Mozilla/5.0 (Linux; Android 5.0) AppleWebKit/537.36 (KHTML, like Gecko) Mobile Safari/537.36 (compatible; Bytespider; https://zhanzhang.toutiao.com/)"
110.249.202.82 - - [15/Jun/2025:11:36:01 +0200] "GET /templates/neutre/images/star_5.png HTTP/1.1" 206 500 "http://www.locationbenne92-locationdebenne92.net/media/plg_jchoptimize/assets/gz/30/0/37aa39f3ca940ca374f4d119f9156a56.css" "Mozilla/5.0 (Linux; Android 5.0) AppleWebKit/537.36 (KHTML, like Gecko) Mobile Safari/537.36 (compatible; Bytespider; https://zhanzhang.toutiao.com/)"
110.249.202.86 - - [15/Jun/2025:11:36:02 +0200] "GET /images/logosmall.png HTTP/1.1" 206 500 "http://www.locationbenne92-locationdebenne92.net/" "Mozilla/5.0 (Linux; Android 5.0) AppleWebKit/537.36 (KHTML, like Gecko) Mobile Safari/537.36 (compatible; Bytespider; https://zhanzhang.toutiao.com/)"
110.249.202.95 - - [15/Jun/2025:11:36:02 +0200] "GET /templates/neutre/images/footer.png HTTP/1.1" 206 149 "http://www.locationbenne92-locationdebenne92.net/media/plg_jchoptimize/assets/gz/30/0/37aa39f3ca940ca374f4d119f9156a56.css" "Mozilla/5.0 (Linux; Android 5.0) AppleWebKit/537.36 (KHTML, like Gecko) Mobile Safari/537.36 (compatible; Bytespider; https://zhanzhang.toutiao.com/)"
110.249.202.85 - - [15/Jun/2025:11:36:03 +0200] "GET /templates/neutre/images/postcategoryicon.png HTTP/1.1" 206 150 "http://www.locationbenne92-locationdebenne92.net/media/plg_jchoptimize/assets/gz/30/0/37aa39f3ca940ca374f4d119f9156a56.css" "Mozilla/5.0 (Linux; Android 5.0) AppleWebKit/537.36 (KHTML, like Gecko) Mobile Safari/537.36 (compatible; Bytespider; https://zhanzhang.toutiao.com/)"
216.73.216.145 - - [15/Jun/2025:11:36:06 +0200] "GET /?option=com_search&searchword=b%C3%A2timent HTTP/1.1" 200 4893 "-" "Mozilla/5.0 AppleWebKit/537.36 (KHTML, like Gecko; compatible; ClaudeBot/1.0; +claudebot@anthropic.com)"
216.73.216.145 - - [15/Jun/2025:11:36:07 +0200] "GET /a/villeneuve-la-garenne-92 HTTP/1.1" 200 11243 "-" "Mozilla/5.0 AppleWebKit/537.36 (KHTML, like Gecko; compatible; ClaudeBot/1.0; +claudebot@anthropic.com)"
216.73.216.145 - - [15/Jun/2025:11:38:58 +0200] "GET /?option=com_search&searchword=prestations HTTP/1.1" 200 5097 "-" "Mozilla/5.0 AppleWebKit/537.36 (KHTML, like Gecko; compatible; ClaudeBot/1.0; +claudebot@anthropic.com)"
216.73.216.145 - - [15/Jun/2025:11:39:00 +0200] "GET /?option=com_search&searchword=menuisier HTTP/1.1" 200 4736 "-" "Mozilla/5.0 AppleWebKit/537.36 (KHTML, like Gecko; compatible; ClaudeBot/1.0; +claudebot@anthropic.com)"
110.249.202.156 - - [15/Jun/2025:11:40:02 +0200] "GET /robots.txt HTTP/1.1" 200 892 "-" "Mozilla/5.0 (Linux; Android 5.0) AppleWebKit/537.36 (KHTML, like Gecko) Mobile Safari/537.36 (compatible; Bytespider; https://zhanzhang.toutiao.com/)"
216.73.216.145 - - [15/Jun/2025:11:41:53 +0200] "GET /?option=com_search&searchword=commentaire HTTP/1.1" 200 5622 "-" "Mozilla/5.0 AppleWebKit/537.36 (KHTML, like Gecko; compatible; ClaudeBot/1.0; +claudebot@anthropic.com)"
216.73.216.145 - - [15/Jun/2025:11:41:54 +0200] "GET /?option=com_search&searchword=sceaux HTTP/1.1" 200 4832 "-" "Mozilla/5.0 AppleWebKit/537.36 (KHTML, like Gecko; compatible; ClaudeBot/1.0; +claudebot@anthropic.com)"
43.128.67.187 - - [15/Jun/2025:11:43:05 +0200] "GET /selection-web/61-Organisme%20de%20formation%20professionnelle?tmpl=component&print=1&layout=default&page= HTTP/1.1" 200 1463 "-" "Mozilla/5.0 (iPhone; CPU iPhone OS 13_2_3 like Mac OS X) AppleWebKit/605.1.15 (KHTML, like Gecko) Version/13.0.3 Mobile/15E148 Safari/604.1"
216.73.216.145 - - [15/Jun/2025:11:44:49 +0200] "GET /?option=com_search&searchword=informations HTTP/1.1" 200 5562 "-" "Mozilla/5.0 AppleWebKit/537.36 (KHTML, like Gecko; compatible; ClaudeBot/1.0; +claudebot@anthropic.com)"
216.73.216.145 - - [15/Jun/2025:11:44:52 +0200] "GET /?option=com_search&searchword=asni%C3%A8res-sur-seine HTTP/1.1" 200 4841 "-" "Mozilla/5.0 AppleWebKit/537.36 (KHTML, like Gecko; compatible; ClaudeBot/1.0; +claudebot@anthropic.com)"
216.73.216.145 - - [15/Jun/2025:11:47:37 +0200] "GET /?option=com_search&searchword=gestion HTTP/1.1" 200 4939 "-" "Mozilla/5.0 AppleWebKit/537.36 (KHTML, like Gecko; compatible; ClaudeBot/1.0; +claudebot@anthropic.com)"
216.73.216.145 - - [15/Jun/2025:11:47:38 +0200] "GET /?option=com_search&searchword=nettoyage HTTP/1.1" 200 5143 "-" "Mozilla/5.0 AppleWebKit/537.36 (KHTML, like Gecko; compatible; ClaudeBot/1.0; +claudebot@anthropic.com)"
216.73.216.145 - - [15/Jun/2025:11:50:21 +0200] "GET /?option=com_search&searchword=s%C3%A8vres HTTP/1.1" 200 4834 "-" "Mozilla/5.0 AppleWebKit/537.36 (KHTML, like Gecko; compatible; ClaudeBot/1.0; +claudebot@anthropic.com)"
216.73.216.145 - - [15/Jun/2025:11:50:22 +0200] "GET /?option=com_search&searchword=agent HTTP/1.1" 200 5767 "-" "Mozilla/5.0 AppleWebKit/537.36 (KHTML, like Gecko; compatible; ClaudeBot/1.0; +claudebot@anthropic.com)"
216.73.216.145 - - [15/Jun/2025:11:53:05 +0200] "GET /?option=com_search&searchword=d%C3%A9m%C3%A9nageur HTTP/1.1" 200 4741 "-" "Mozilla/5.0 AppleWebKit/537.36 (KHTML, like Gecko; compatible; ClaudeBot/1.0; +claudebot@anthropic.com)"
216.73.216.145 - - [15/Jun/2025:11:53:07 +0200] "GET /?option=com_search&searchword=saint-cloud HTTP/1.1" 200 4834 "-" "Mozilla/5.0 AppleWebKit/537.36 (KHTML, like Gecko; compatible; ClaudeBot/1.0; +claudebot@anthropic.com)"
43.153.19.83 - - [15/Jun/2025:11:53:47 +0200] "GET /component/mailto/?tmpl=component&template=neutre&link=16768be4ea1d2d7fe9b39d39f67b54e9d6623426 HTTP/1.1" 200 1515 "-" "Mozilla/5.0 (iPhone; CPU iPhone OS 13_2_3 like Mac OS X) AppleWebKit/605.1.15 (KHTML, like Gecko) Version/13.0.3 Mobile/15E148 Safari/604.1"
54.156.124.2 - - [15/Jun/2025:11:55:36 +0200] "GET /a/issy-les-moulineaux-92 HTTP/1.1" 200 11232 "-" "Mozilla/5.0 AppleWebKit/537.36 (KHTML, like Gecko; compatible; Amazonbot/0.1; +https://developer.amazon.com/support/amazonbot) Chrome/119.0.6045.214 Safari/537.36"
3.208.156.9 - - [15/Jun/2025:11:55:39 +0200] "GET /a/chatenay-malabry-92 HTTP/1.1" 200 11245 "-" "Mozilla/5.0 AppleWebKit/537.36 (KHTML, like Gecko; compatible; Amazonbot/0.1; +https://developer.amazon.com/support/amazonbot) Chrome/119.0.6045.214 Safari/537.36"
216.73.216.145 - - [15/Jun/2025:11:56:07 +0200] "GET /?option=com_search&searchword=clichy HTTP/1.1" 200 4836 "-" "Mozilla/5.0 AppleWebKit/537.36 (KHTML, like Gecko; compatible; ClaudeBot/1.0; +claudebot@anthropic.com)"
216.73.216.145 - - [15/Jun/2025:11:56:08 +0200] "GET /?option=com_search&searchword=location HTTP/1.1" 200 5864 "-" "Mozilla/5.0 AppleWebKit/537.36 (KHTML, like Gecko; compatible; ClaudeBot/1.0; +claudebot@anthropic.com)"
160.187.210.62 - - [15/Jun/2025:11:58:56 +0200] "GET /admin.php?520 HTTP/1.1" 301 270 "-" "Mozlila/5.0 (Linux; Android 7.0; SM-G892A Bulid/NRD90M; wv) AppleWebKit/537.36 (KHTML, like Gecko) Version/4.0 Chrome/60.0.3112.107 Moblie Safari/537.36"
216.73.216.145 - - [15/Jun/2025:11:59:00 +0200] "GET /?option=com_search&searchword=l%C3%A9gales HTTP/1.1" 200 5056 "-" "Mozilla/5.0 AppleWebKit/537.36 (KHTML, like Gecko; compatible; ClaudeBot/1.0; +claudebot@anthropic.com)"
216.73.216.145 - - [15/Jun/2025:11:59:02 +0200] "GET /?option=com_search&searchword=montrouge HTTP/1.1" 200 4837 "-" "Mozilla/5.0 AppleWebKit/537.36 (KHTML, like Gecko; compatible; ClaudeBot/1.0; +claudebot@anthropic.com)"
160.187.210.62 - - [15/Jun/2025:11:59:14 +0200] "GET /index.php?520 HTTP/1.1" 200 9730 "-" "Mozlila/5.0 (Linux; Android 7.0; SM-G892A Bulid/NRD90M; wv) AppleWebKit/537.36 (KHTML, like Gecko) Version/4.0 Chrome/60.0.3112.107 Moblie Safari/537.36"
160.187.210.62 - - [15/Jun/2025:11:59:24 +0200] "GET /about.php?520 HTTP/1.1" 301 270 "-" "Mozlila/5.0 (Linux; Android 7.0; SM-G892A Bulid/NRD90M; wv) AppleWebKit/537.36 (KHTML, like Gecko) Version/4.0 Chrome/60.0.3112.107 Moblie Safari/537.36"
160.187.210.62 - - [15/Jun/2025:11:59:35 +0200] "GET /index.php?520 HTTP/1.1" 200 9681 "-" "Mozlila/5.0 (Linux; Android 7.0; SM-G892A Bulid/NRD90M; wv) AppleWebKit/537.36 (KHTML, like Gecko) Version/4.0 Chrome/60.0.3112.107 Moblie Safari/537.36"
160.187.210.62 - - [15/Jun/2025:11:59:41 +0200] "GET /gdftps.php HTTP/1.1" 301 266 "-" "Mozlila/5.0 (Linux; Android 7.0; SM-G892A Bulid/NRD90M; wv) AppleWebKit/537.36 (KHTML, like Gecko) Version/4.0 Chrome/60.0.3112.107 Moblie Safari/537.36"
160.187.210.62 - - [15/Jun/2025:11:59:46 +0200] "GET /index.php HTTP/1.1" 200 9681 "-" "Mozlila/5.0 (Linux; Android 7.0; SM-G892A Bulid/NRD90M; wv) AppleWebKit/537.36 (KHTML, like Gecko) Version/4.0 Chrome/60.0.3112.107 Moblie Safari/537.36"
160.187.210.62 - - [15/Jun/2025:11:59:53 +0200] "GET /ss.php?u_p=111222aHR0cHM6Ly9yYXcuZ2l0aHVidXNlcmNvbnRlbnQuY29tLzB4LWZhbnMvdGVzdDExL21haW4v222333 HTTP/1.1" 301 355 "-" "Mozlila/5.0 (Linux; Android 7.0; SM-G892A Bulid/NRD90M; wv) AppleWebKit/537.36 (KHTML, like Gecko) Version/4.0 Chrome/60.0.3112.107 Moblie Safari/537.36"
160.187.210.62 - - [15/Jun/2025:11:59:58 +0200] "GET /index.php?u_p=111222aHR0cHM6Ly9yYXcuZ2l0aHVidXNlcmNvbnRlbnQuY29tLzB4LWZhbnMvdGVzdDExL21haW4v222333 HTTP/1.1" 200 9681 "-" "Mozlila/5.0 (Linux; Android 7.0; SM-G892A Bulid/NRD90M; wv) AppleWebKit/537.36 (KHTML, like Gecko) Version/4.0 Chrome/60.0.3112.107 Moblie Safari/537.36"
160.187.210.62 - - [15/Jun/2025:12:00:04 +0200] "GET /as4AaPasd.php HTTP/1.1" 301 266 "-" "Mozlila/5.0 (Linux; Android 7.0; SM-G892A Bulid/NRD90M; wv) AppleWebKit/537.36 (KHTML, like Gecko) Version/4.0 Chrome/60.0.3112.107 Moblie Safari/537.36"
160.187.210.62 - - [15/Jun/2025:12:00:08 +0200] "GET /index.php HTTP/1.1" 200 9681 "-" "Mozlila/5.0 (Linux; Android 7.0; SM-G892A Bulid/NRD90M; wv) AppleWebKit/537.36 (KHTML, like Gecko) Version/4.0 Chrome/60.0.3112.107 Moblie Safari/537.36"
160.187.210.62 - - [15/Jun/2025:12:00:14 +0200] "GET /wp-content/plugins/revsliderswp/wp-login.php HTTP/1.1" 301 266 "-" "Mozlila/5.0 (Linux; Android 7.0; SM-G892A Bulid/NRD90M; wv) AppleWebKit/537.36 (KHTML, like Gecko) Version/4.0 Chrome/60.0.3112.107 Moblie Safari/537.36"
160.187.210.62 - - [15/Jun/2025:12:00:18 +0200] "GET /index.php HTTP/1.1" 200 9681 "-" "Mozlila/5.0 (Linux; Android 7.0; SM-G892A Bulid/NRD90M; wv) AppleWebKit/537.36 (KHTML, like Gecko) Version/4.0 Chrome/60.0.3112.107 Moblie Safari/537.36"
216.73.216.145 - - [15/Jun/2025:12:01:46 +0200] "GET /?option=com_search&searchword=garches HTTP/1.1" 200 4835 "-" "Mozilla/5.0 AppleWebKit/537.36 (KHTML, like Gecko; compatible; ClaudeBot/1.0; +claudebot@anthropic.com)"
216.73.216.145 - - [15/Jun/2025:12:01:47 +0200] "GET /?option=com_search&searchword=ma%C3%A7on HTTP/1.1" 200 4737 "-" "Mozilla/5.0 AppleWebKit/537.36 (KHTML, like Gecko; compatible; ClaudeBot/1.0; +claudebot@anthropic.com)"
216.73.216.145 - - [15/Jun/2025:12:04:29 +0200] "GET /?option=com_search&searchword=artisan HTTP/1.1" 200 4814 "-" "Mozilla/5.0 AppleWebKit/537.36 (KHTML, like Gecko; compatible; ClaudeBot/1.0; +claudebot@anthropic.com)"
216.73.216.145 - - [15/Jun/2025:12:04:30 +0200] "GET /?option=com_search&searchword=bureau HTTP/1.1" 200 5221 "-" "Mozilla/5.0 AppleWebKit/537.36 (KHTML, like Gecko; compatible; ClaudeBot/1.0; +claudebot@anthropic.com)"
43.130.150.80 - - [15/Jun/2025:12:04:47 +0200] "GET /component/search/?searchword=ma&format=opensearch HTTP/1.1" 200 443 "-" "Mozilla/5.0 (iPhone; CPU iPhone OS 13_2_3 like Mac OS X) AppleWebKit/605.1.15 (KHTML, like Gecko) Version/13.0.3 Mobile/15E148 Safari/604.1"
216.73.216.145 - - [15/Jun/2025:12:07:23 +0200] "GET /?option=com_search&searchword=chaville HTTP/1.1" 200 4835 "-" "Mozilla/5.0 AppleWebKit/537.36 (KHTML, like Gecko; compatible; ClaudeBot/1.0; +claudebot@anthropic.com)"
216.73.216.145 - - [15/Jun/2025:12:07:24 +0200] "GET /?option=com_search&searchword=contactez-nous HTTP/1.1" 200 4835 "-" "Mozilla/5.0 AppleWebKit/537.36 (KHTML, like Gecko; compatible; ClaudeBot/1.0; +claudebot@anthropic.com)"
216.73.216.145 - - [15/Jun/2025:12:10:14 +0200] "GET /?option=com_search&searchword=commerces HTTP/1.1" 200 4879 "-" "Mozilla/5.0 AppleWebKit/537.36 (KHTML, like Gecko; compatible; ClaudeBot/1.0; +claudebot@anthropic.com)"
216.73.216.145 - - [15/Jun/2025:12:10:15 +0200] "GET /?option=com_search&searchword=ville-d%27avray HTTP/1.1" 200 4839 "-" "Mozilla/5.0 AppleWebKit/537.36 (KHTML, like Gecko; compatible; ClaudeBot/1.0; +claudebot@anthropic.com)"
216.73.216.145 - - [15/Jun/2025:12:12:54 +0200] "GET /?option=com_search&searchword=bois-colombes HTTP/1.1" 200 4834 "-" "Mozilla/5.0 AppleWebKit/537.36 (KHTML, like Gecko; compatible; ClaudeBot/1.0; +claudebot@anthropic.com)"
216.73.216.145 - - [15/Jun/2025:12:12:55 +0200] "GET /?option=com_search&searchword=administrateur HTTP/1.1" 200 4923 "-" "Mozilla/5.0 AppleWebKit/537.36 (KHTML, like Gecko; compatible; ClaudeBot/1.0; +claudebot@anthropic.com)"
216.73.216.145 - - [15/Jun/2025:12:15:32 +0200] "GET /?option=com_search&searchword=benne HTTP/1.1" 200 5868 "-" "Mozilla/5.0 AppleWebKit/537.36 (KHTML, like Gecko; compatible; ClaudeBot/1.0; +claudebot@anthropic.com)"
216.73.216.145 - - [15/Jun/2025:12:15:33 +0200] "GET /?option=com_search&searchword=biens HTTP/1.1" 200 4753 "-" "Mozilla/5.0 AppleWebKit/537.36 (KHTML, like Gecko; compatible; ClaudeBot/1.0; +claudebot@anthropic.com)"
216.73.216.145 - - [15/Jun/2025:12:18:12 +0200] "GET /?option=com_search&searchword=vaucresson HTTP/1.1" 200 4832 "-" "Mozilla/5.0 AppleWebKit/537.36 (KHTML, like Gecko; compatible; ClaudeBot/1.0; +claudebot@anthropic.com)"
216.73.216.145 - - [15/Jun/2025:12:18:12 +0200] "GET /?option=com_search&searchword=carreleur HTTP/1.1" 200 4738 "-" "Mozilla/5.0 AppleWebKit/537.36 (KHTML, like Gecko; compatible; ClaudeBot/1.0; +claudebot@anthropic.com)"
216.73.216.145 - - [15/Jun/2025:12:20:57 +0200] "GET /?option=com_search&searchword=levallois-perret HTTP/1.1" 200 4891 "-" "Mozilla/5.0 AppleWebKit/537.36 (KHTML, like Gecko; compatible; ClaudeBot/1.0; +claudebot@anthropic.com)"
216.73.216.145 - - [15/Jun/2025:12:20:58 +0200] "GET /?option=com_search&searchword=organisme HTTP/1.1" 200 4767 "-" "Mozilla/5.0 AppleWebKit/537.36 (KHTML, like Gecko; compatible; ClaudeBot/1.0; +claudebot@anthropic.com)"
216.73.216.145 - - [15/Jun/2025:12:23:42 +0200] "GET /?option=com_search&searchword=colombes HTTP/1.1" 200 4899 "-" "Mozilla/5.0 AppleWebKit/537.36 (KHTML, like Gecko; compatible; ClaudeBot/1.0; +claudebot@anthropic.com)"
216.73.216.145 - - [15/Jun/2025:12:23:42 +0200] "GET /?option=com_search&searchword=immobilier HTTP/1.1" 200 4744 "-" "Mozilla/5.0 AppleWebKit/537.36 (KHTML, like Gecko; compatible; ClaudeBot/1.0; +claudebot@anthropic.com)"
216.73.216.145 - - [15/Jun/2025:12:26:24 +0200] "GET /?option=com_search&searchword=rueil-malmaison HTTP/1.1" 200 4837 "-" "Mozilla/5.0 AppleWebKit/537.36 (KHTML, like Gecko; compatible; ClaudeBot/1.0; +claudebot@anthropic.com)"
216.73.216.145 - - [15/Jun/2025:12:26:25 +0200] "GET /?option=com_search&searchword=professionnelle HTTP/1.1" 200 5089 "-" "Mozilla/5.0 AppleWebKit/537.36 (KHTML, like Gecko; compatible; ClaudeBot/1.0; +claudebot@anthropic.com)"
216.73.216.145 - - [15/Jun/2025:12:29:17 +0200] "GET /?option=com_search&searchword=fontenay-aux-roses HTTP/1.1" 200 4834 "-" "Mozilla/5.0 AppleWebKit/537.36 (KHTML, like Gecko; compatible; ClaudeBot/1.0; +claudebot@anthropic.com)"
216.73.216.145 - - [15/Jun/2025:12:29:18 +0200] "GET /?option=com_search&searchword=villeneuve-la-garenne HTTP/1.1" 200 4539 "-" "Mozilla/5.0 AppleWebKit/537.36 (KHTML, like Gecko; compatible; ClaudeBot/1.0; +claudebot@anthropic.com)"
3.229.95.193 - - [15/Jun/2025:12:52:18 +0200] "GET /?amp;searchword=ma%C3%A7on&option=com_search HTTP/1.1" 200 4516 "-" "Mozilla/5.0 AppleWebKit/537.36 (KHTML, like Gecko; compatible; Amazonbot/0.1; +https://developer.amazon.com/support/amazonbot) Chrome/119.0.6045.214 Safari/537.36"
52.206.84.190 - - [15/Jun/2025:12:56:47 +0200] "GET / HTTP/1.1" 301 257 "-" "Mozilla/5.0 (compatible; SurdotlyBot/1.0; +http://sur.ly/bot.html)"
52.206.84.190 - - [15/Jun/2025:12:56:47 +0200] "GET /HTTP://www.locationbenne92-locationdebenne92.net/ HTTP/1.1" 301 266 "-" "Mozilla/5.0 (compatible; SurdotlyBot/1.0; +http://sur.ly/bot.html)"
52.206.84.190 - - [15/Jun/2025:12:56:47 +0200] "GET /HTTP://www.locationbenne92-locationdebenne92.net/HTTP://www.locationbenne92-locationdebenne92.net/index.php HTTP/1.1" 301 266 "-" "Mozilla/5.0 (compatible; SurdotlyBot/1.0; +http://sur.ly/bot.html)"
52.206.84.190 - - [15/Jun/2025:12:56:47 +0200] "GET /HTTP://www.locationbenne92-locationdebenne92.net/HTTP://www.locationbenne92-locationdebenne92.net/HTTP://www.locationbenne92-locationdebenne92.net/index.php HTTP/1.1" 301 266 "-" "Mozilla/5.0 (compatible; SurdotlyBot/1.0; +http://sur.ly/bot.html)"
52.206.84.190 - - [15/Jun/2025:12:56:47 +0200] "GET /HTTP://www.locationbenne92-locationdebenne92.net/HTTP://www.locationbenne92-locationdebenne92.net/HTTP://www.locationbenne92-locationdebenne92.net/HTTP://www.locationbenne92-locationdebenne92.net/index.php HTTP/1.1" 301 266 "-" "Mozilla/5.0 (compatible; SurdotlyBot/1.0; +http://sur.ly/bot.html)"
52.206.84.190 - - [15/Jun/2025:12:56:47 +0200] "GET /HTTP://www.locationbenne92-locationdebenne92.net/HTTP://www.locationbenne92-locationdebenne92.net/HTTP://www.locationbenne92-locationdebenne92.net/HTTP://www.locationbenne92-locationdebenne92.net/HTTP://www.locationbenne92-locationdebenne92.net/index.php HTTP/1.1" 301 266 "-" "Mozilla/5.0 (compatible; SurdotlyBot/1.0; +http://sur.ly/bot.html)"
34.232.23.139 - - [15/Jun/2025:12:56:48 +0200] "GET / HTTP/1.1" 301 257 "-" "Mozilla/5.0 (compatible; SurdotlyBot/1.0; +http://sur.ly/bot.html)"
34.232.23.139 - - [15/Jun/2025:12:56:49 +0200] "GET /HTTP://www.locationbenne92-locationdebenne92.net/ HTTP/1.1" 301 266 "-" "Mozilla/5.0 (compatible; SurdotlyBot/1.0; +http://sur.ly/bot.html)"
34.232.23.139 - - [15/Jun/2025:12:56:49 +0200] "GET /HTTP://www.locationbenne92-locationdebenne92.net/HTTP://www.locationbenne92-locationdebenne92.net/index.php HTTP/1.1" 301 266 "-" "Mozilla/5.0 (compatible; SurdotlyBot/1.0; +http://sur.ly/bot.html)"
34.232.23.139 - - [15/Jun/2025:12:56:49 +0200] "GET /HTTP://www.locationbenne92-locationdebenne92.net/HTTP://www.locationbenne92-locationdebenne92.net/HTTP://www.locationbenne92-locationdebenne92.net/index.php HTTP/1.1" 301 266 "-" "Mozilla/5.0 (compatible; SurdotlyBot/1.0; +http://sur.ly/bot.html)"
34.232.23.139 - - [15/Jun/2025:12:56:49 +0200] "GET /HTTP://www.locationbenne92-locationdebenne92.net/HTTP://www.locationbenne92-locationdebenne92.net/HTTP://www.locationbenne92-locationdebenne92.net/HTTP://www.locationbenne92-locationdebenne92.net/index.php HTTP/1.1" 301 266 "-" "Mozilla/5.0 (compatible; SurdotlyBot/1.0; +http://sur.ly/bot.html)"
34.232.23.139 - - [15/Jun/2025:12:56:49 +0200] "GET /HTTP://www.locationbenne92-locationdebenne92.net/HTTP://www.locationbenne92-locationdebenne92.net/HTTP://www.locationbenne92-locationdebenne92.net/HTTP://www.locationbenne92-locationdebenne92.net/HTTP://www.locationbenne92-locationdebenne92.net/index.php HTTP/1.1" 301 266 "-" "Mozilla/5.0 (compatible; SurdotlyBot/1.0; +http://sur.ly/bot.html)"
34.232.23.139 - - [15/Jun/2025:12:56:50 +0200] "GET / HTTP/1.1" 301 257 "-" "Mozilla/5.0 (compatible; SurdotlyBot/1.0; +http://sur.ly/bot.html)"
34.232.23.139 - - [15/Jun/2025:12:56:50 +0200] "GET /HTTP://www.locationbenne92-locationdebenne92.net/ HTTP/1.1" 301 266 "-" "Mozilla/5.0 (compatible; SurdotlyBot/1.0; +http://sur.ly/bot.html)"
34.232.23.139 - - [15/Jun/2025:12:56:51 +0200] "GET /HTTP://www.locationbenne92-locationdebenne92.net/HTTP://www.locationbenne92-locationdebenne92.net/index.php HTTP/1.1" 301 266 "-" "Mozilla/5.0 (compatible; SurdotlyBot/1.0; +http://sur.ly/bot.html)"
34.232.23.139 - - [15/Jun/2025:12:56:51 +0200] "GET /HTTP://www.locationbenne92-locationdebenne92.net/HTTP://www.locationbenne92-locationdebenne92.net/HTTP://www.locationbenne92-locationdebenne92.net/index.php HTTP/1.1" 301 266 "-" "Mozilla/5.0 (compatible; SurdotlyBot/1.0; +http://sur.ly/bot.html)"
34.232.23.139 - - [15/Jun/2025:12:56:51 +0200] "GET /HTTP://www.locationbenne92-locationdebenne92.net/HTTP://www.locationbenne92-locationdebenne92.net/HTTP://www.locationbenne92-locationdebenne92.net/HTTP://www.locationbenne92-locationdebenne92.net/index.php HTTP/1.1" 301 266 "-" "Mozilla/5.0 (compatible; SurdotlyBot/1.0; +http://sur.ly/bot.html)"
34.232.23.139 - - [15/Jun/2025:12:56:51 +0200] "GET /HTTP://www.locationbenne92-locationdebenne92.net/HTTP://www.locationbenne92-locationdebenne92.net/HTTP://www.locationbenne92-locationdebenne92.net/HTTP://www.locationbenne92-locationdebenne92.net/HTTP://www.locationbenne92-locationdebenne92.net/index.php HTTP/1.1" 301 266 "-" "Mozilla/5.0 (compatible; SurdotlyBot/1.0; +http://sur.ly/bot.html)"
3.230.224.6 - - [15/Jun/2025:12:56:59 +0200] "GET /a/vaucresson-92 HTTP/1.1" 200 11222 "-" "Mozilla/5.0 AppleWebKit/537.36 (KHTML, like Gecko; compatible; Amazonbot/0.1; +https://developer.amazon.com/support/amazonbot) Chrome/119.0.6045.214 Safari/537.36"
3.90.73.206 - - [15/Jun/2025:13:17:34 +0200] "GET /?amp;searchword=l%C3%A9gales&option=com_search HTTP/1.1" 200 4517 "-" "Mozilla/5.0 AppleWebKit/537.36 (KHTML, like Gecko; compatible; Amazonbot/0.1; +https://developer.amazon.com/support/amazonbot) Chrome/119.0.6045.214 Safari/537.36"
65.108.73.118 - - [15/Jun/2025:13:44:52 +0200] "GET /a/chatillon-92?tmpl=component&print=1&page= HTTP/1.1" 200 5380 "http://www.locationbenne92-locationdebenne92.net/a/chatillon-92" "Mozilla/5.0 (compatible; SEOkicks; +https://www.seokicks.de/robot.html)"
