216.73.216.145 - - [15/Jun/2025:21:44:35 +0200] "GET /component/mailto/?link=6855f36eed68c9c6891db04d5b0440528705f760&template=neutre&tmpl=component HTTP/1.1" 200 1515 "-" "Mozilla/5.0 AppleWebKit/537.36 (KHTML, like Gecko; compatible; ClaudeBot/1.0; +claudebot@anthropic.com)"
65.108.73.118 - - [15/Jun/2025:21:44:36 +0200] "GET /component/search/?Itemid=195&id=10&format=opensearch HTTP/1.1" 200 449 "http://www.locationbenne92-locationdebenne92.net/a/clamart-92/10-Location%20Benne%2092%20-92" "Mozilla/5.0 (compatible; SEOkicks; +https://www.seokicks.de/robot.html)"
216.73.216.145 - - [15/Jun/2025:21:44:37 +0200] "GET /component/search/?Itemid=214&format=opensearch HTTP/1.1" 200 445 "-" "Mozilla/5.0 AppleWebKit/537.36 (KHTML, like Gecko; compatible; ClaudeBot/1.0; +claudebot@anthropic.com)"
65.108.73.118 - - [15/Jun/2025:21:44:38 +0200] "GET /a/montrouge-92/10-Location%20Benne%2092%20-92?format=feed&type=rss HTTP/1.1" 200 4802 "http://www.locationbenne92-locationdebenne92.net/a/montrouge-92/10-Location%20Benne%2092%20-92" "Mozilla/5.0 (compatible; SEOkicks; +https://www.seokicks.de/robot.html)"
65.108.73.118 - - [15/Jun/2025:21:44:40 +0200] "GET /a/montrouge-92/10-Location%20Benne%2092%20-92?format=feed&type=atom HTTP/1.1" 200 6456 "http://www.locationbenne92-locationdebenne92.net/a/montrouge-92/10-Location%20Benne%2092%20-92" "Mozilla/5.0 (compatible; SEOkicks; +https://www.seokicks.de/robot.html)"
65.108.73.118 - - [15/Jun/2025:21:44:41 +0200] "GET /component/search/?Itemid=196&id=10&format=opensearch HTTP/1.1" 200 449 "http://www.locationbenne92-locationdebenne92.net/a/montrouge-92/10-Location%20Benne%2092%20-92" "Mozilla/5.0 (compatible; SEOkicks; +https://www.seokicks.de/robot.html)"
65.108.73.118 - - [15/Jun/2025:21:44:42 +0200] "GET /a/suresnes-92/10-Location%20Benne%2092%20-92?format=feed&type=rss HTTP/1.1" 200 4802 "http://www.locationbenne92-locationdebenne92.net/a/suresnes-92/10-Location%20Benne%2092%20-92" "Mozilla/5.0 (compatible; SEOkicks; +https://www.seokicks.de/robot.html)"
65.108.73.118 - - [15/Jun/2025:21:44:44 +0200] "GET /a/suresnes-92/10-Location%20Benne%2092%20-92?format=feed&type=atom HTTP/1.1" 200 6450 "http://www.locationbenne92-locationdebenne92.net/a/suresnes-92/10-Location%20Benne%2092%20-92" "Mozilla/5.0 (compatible; SEOkicks; +https://www.seokicks.de/robot.html)"
65.108.73.118 - - [15/Jun/2025:21:44:46 +0200] "GET /component/search/?Itemid=197&id=10&format=opensearch HTTP/1.1" 200 449 "http://www.locationbenne92-locationdebenne92.net/a/suresnes-92/10-Location%20Benne%2092%20-92" "Mozilla/5.0 (compatible; SEOkicks; +https://www.seokicks.de/robot.html)"
65.108.73.118 - - [15/Jun/2025:21:44:48 +0200] "GET /a/meudon-92/10-Location%20Benne%2092%20-92?format=feed&type=rss HTTP/1.1" 200 4804 "http://www.locationbenne92-locationdebenne92.net/a/meudon-92/10-Location%20Benne%2092%20-92" "Mozilla/5.0 (compatible; SEOkicks; +https://www.seokicks.de/robot.html)"
65.108.73.118 - - [15/Jun/2025:21:44:49 +0200] "GET /a/meudon-92/10-Location%20Benne%2092%20-92?format=feed&type=atom HTTP/1.1" 200 6453 "http://www.locationbenne92-locationdebenne92.net/a/meudon-92/10-Location%20Benne%2092%20-92" "Mozilla/5.0 (compatible; SEOkicks; +https://www.seokicks.de/robot.html)"
65.108.73.118 - - [15/Jun/2025:21:44:51 +0200] "GET /component/search/?Itemid=198&id=10&format=opensearch HTTP/1.1" 200 449 "http://www.locationbenne92-locationdebenne92.net/a/meudon-92/10-Location%20Benne%2092%20-92" "Mozilla/5.0 (compatible; SEOkicks; +https://www.seokicks.de/robot.html)"
65.108.73.118 - - [15/Jun/2025:21:44:52 +0200] "GET /a/puteaux-92/10-Location%20Benne%2092%20-92?format=feed&type=rss HTTP/1.1" 200 4801 "http://www.locationbenne92-locationdebenne92.net/a/puteaux-92/10-Location%20Benne%2092%20-92" "Mozilla/5.0 (compatible; SEOkicks; +https://www.seokicks.de/robot.html)"
65.108.73.118 - - [15/Jun/2025:21:44:53 +0200] "GET /a/puteaux-92/10-Location%20Benne%2092%20-92?format=feed&type=atom HTTP/1.1" 200 6450 "http://www.locationbenne92-locationdebenne92.net/a/puteaux-92/10-Location%20Benne%2092%20-92" "Mozilla/5.0 (compatible; SEOkicks; +https://www.seokicks.de/robot.html)"
65.108.73.118 - - [15/Jun/2025:21:44:55 +0200] "GET /component/search/?Itemid=199&id=10&format=opensearch HTTP/1.1" 200 449 "http://www.locationbenne92-locationdebenne92.net/a/puteaux-92/10-Location%20Benne%2092%20-92" "Mozilla/5.0 (compatible; SEOkicks; +https://www.seokicks.de/robot.html)"
65.108.73.118 - - [15/Jun/2025:21:44:56 +0200] "GET /a/gennevilliers-92/10-Location%20Benne%2092%20-92?format=feed&type=rss HTTP/1.1" 200 4804 "http://www.locationbenne92-locationdebenne92.net/a/gennevilliers-92/10-Location%20Benne%2092%20-92" "Mozilla/5.0 (compatible; SEOkicks; +https://www.seokicks.de/robot.html)"
65.108.73.118 - - [15/Jun/2025:21:44:58 +0200] "GET /a/gennevilliers-92/10-Location%20Benne%2092%20-92?format=feed&type=atom HTTP/1.1" 200 6451 "http://www.locationbenne92-locationdebenne92.net/a/gennevilliers-92/10-Location%20Benne%2092%20-92" "Mozilla/5.0 (compatible; SEOkicks; +https://www.seokicks.de/robot.html)"
65.108.73.118 - - [15/Jun/2025:21:45:00 +0200] "GET /component/search/?Itemid=200&id=10&format=opensearch HTTP/1.1" 200 449 "http://www.locationbenne92-locationdebenne92.net/a/gennevilliers-92/10-Location%20Benne%2092%20-92" "Mozilla/5.0 (compatible; SEOkicks; +https://www.seokicks.de/robot.html)"
65.108.73.118 - - [15/Jun/2025:21:45:01 +0200] "GET /a/bagneux-92/10-Location%20Benne%2092%20-92?format=feed&type=rss HTTP/1.1" 200 4802 "http://www.locationbenne92-locationdebenne92.net/a/bagneux-92/10-Location%20Benne%2092%20-92" "Mozilla/5.0 (compatible; SEOkicks; +https://www.seokicks.de/robot.html)"
65.108.73.118 - - [15/Jun/2025:21:45:03 +0200] "GET /a/bagneux-92/10-Location%20Benne%2092%20-92?format=feed&type=atom HTTP/1.1" 200 6449 "http://www.locationbenne92-locationdebenne92.net/a/bagneux-92/10-Location%20Benne%2092%20-92" "Mozilla/5.0 (compatible; SEOkicks; +https://www.seokicks.de/robot.html)"
65.108.73.118 - - [15/Jun/2025:21:45:04 +0200] "GET /component/search/?Itemid=201&id=10&format=opensearch HTTP/1.1" 200 450 "http://www.locationbenne92-locationdebenne92.net/a/bagneux-92/10-Location%20Benne%2092%20-92" "Mozilla/5.0 (compatible; SEOkicks; +https://www.seokicks.de/robot.html)"
65.108.73.118 - - [15/Jun/2025:21:45:05 +0200] "GET /a/chatillon-92/10-Location%20Benne%2092%20-92?format=feed&type=rss HTTP/1.1" 200 4807 "http://www.locationbenne92-locationdebenne92.net/a/chatillon-92/10-Location%20Benne%2092%20-92" "Mozilla/5.0 (compatible; SEOkicks; +https://www.seokicks.de/robot.html)"
65.108.73.118 - - [15/Jun/2025:21:45:07 +0200] "GET /a/chatillon-92/10-Location%20Benne%2092%20-92?format=feed&type=atom HTTP/1.1" 200 6461 "http://www.locationbenne92-locationdebenne92.net/a/chatillon-92/10-Location%20Benne%2092%20-92" "Mozilla/5.0 (compatible; SEOkicks; +https://www.seokicks.de/robot.html)"
65.108.73.118 - - [15/Jun/2025:21:45:08 +0200] "GET /component/search/?Itemid=202&id=10&format=opensearch HTTP/1.1" 200 450 "http://www.locationbenne92-locationdebenne92.net/a/chatillon-92/10-Location%20Benne%2092%20-92" "Mozilla/5.0 (compatible; SEOkicks; +https://www.seokicks.de/robot.html)"
65.108.73.118 - - [15/Jun/2025:21:45:10 +0200] "GET /a/chatenay-malabry-92/10-Location%20Benne%2092%20-92?format=feed&type=rss HTTP/1.1" 200 4817 "http://www.locationbenne92-locationdebenne92.net/a/chatenay-malabry-92/10-Location%20Benne%2092%20-92" "Mozilla/5.0 (compatible; SEOkicks; +https://www.seokicks.de/robot.html)"
65.108.73.118 - - [15/Jun/2025:21:45:12 +0200] "GET /a/chatenay-malabry-92/10-Location%20Benne%2092%20-92?format=feed&type=atom HTTP/1.1" 200 6466 "http://www.locationbenne92-locationdebenne92.net/a/chatenay-malabry-92/10-Location%20Benne%2092%20-92" "Mozilla/5.0 (compatible; SEOkicks; +https://www.seokicks.de/robot.html)"
65.108.73.118 - - [15/Jun/2025:21:45:13 +0200] "GET /component/search/?Itemid=203&id=10&format=opensearch HTTP/1.1" 200 450 "http://www.locationbenne92-locationdebenne92.net/a/chatenay-malabry-92/10-Location%20Benne%2092%20-92" "Mozilla/5.0 (compatible; SEOkicks; +https://www.seokicks.de/robot.html)"
65.108.73.118 - - [15/Jun/2025:21:45:15 +0200] "GET /a/malakoff-92/10-Location%20Benne%2092%20-92?format=feed&type=rss HTTP/1.1" 200 4802 "http://www.locationbenne92-locationdebenne92.net/a/malakoff-92/10-Location%20Benne%2092%20-92" "Mozilla/5.0 (compatible; SEOkicks; +https://www.seokicks.de/robot.html)"
65.108.73.118 - - [15/Jun/2025:21:45:17 +0200] "GET /a/malakoff-92/10-Location%20Benne%2092%20-92?format=feed&type=atom HTTP/1.1" 200 6455 "http://www.locationbenne92-locationdebenne92.net/a/malakoff-92/10-Location%20Benne%2092%20-92" "Mozilla/5.0 (compatible; SEOkicks; +https://www.seokicks.de/robot.html)"
65.108.73.118 - - [15/Jun/2025:21:45:19 +0200] "GET /component/search/?Itemid=204&id=10&format=opensearch HTTP/1.1" 200 450 "http://www.locationbenne92-locationdebenne92.net/a/malakoff-92/10-Location%20Benne%2092%20-92" "Mozilla/5.0 (compatible; SEOkicks; +https://www.seokicks.de/robot.html)"
65.108.73.118 - - [15/Jun/2025:21:45:20 +0200] "GET /a/saint-cloud-92/10-Location%20Benne%2092%20-92?format=feed&type=rss HTTP/1.1" 200 4810 "http://www.locationbenne92-locationdebenne92.net/a/saint-cloud-92/10-Location%20Benne%2092%20-92" "Mozilla/5.0 (compatible; SEOkicks; +https://www.seokicks.de/robot.html)"
65.108.73.118 - - [15/Jun/2025:21:45:21 +0200] "GET /a/saint-cloud-92/10-Location%20Benne%2092%20-92?format=feed&type=atom HTTP/1.1" 200 6456 "http://www.locationbenne92-locationdebenne92.net/a/saint-cloud-92/10-Location%20Benne%2092%20-92" "Mozilla/5.0 (compatible; SEOkicks; +https://www.seokicks.de/robot.html)"
65.108.73.118 - - [15/Jun/2025:21:45:23 +0200] "GET /component/search/?Itemid=205&id=10&format=opensearch HTTP/1.1" 200 450 "http://www.locationbenne92-locationdebenne92.net/a/saint-cloud-92/10-Location%20Benne%2092%20-92" "Mozilla/5.0 (compatible; SEOkicks; +https://www.seokicks.de/robot.html)"
65.108.73.118 - - [15/Jun/2025:21:45:25 +0200] "GET /a/bois-colombes-92/10-Location%20Benne%2092%20-92?format=feed&type=rss HTTP/1.1" 200 4807 "http://www.locationbenne92-locationdebenne92.net/a/bois-colombes-92/10-Location%20Benne%2092%20-92" "Mozilla/5.0 (compatible; SEOkicks; +https://www.seokicks.de/robot.html)"
65.108.73.118 - - [15/Jun/2025:21:45:26 +0200] "GET /a/bois-colombes-92/10-Location%20Benne%2092%20-92?format=feed&type=atom HTTP/1.1" 200 6463 "http://www.locationbenne92-locationdebenne92.net/a/bois-colombes-92/10-Location%20Benne%2092%20-92" "Mozilla/5.0 (compatible; SEOkicks; +https://www.seokicks.de/robot.html)"
65.108.73.118 - - [15/Jun/2025:21:45:29 +0200] "GET /component/search/?Itemid=206&id=10&format=opensearch HTTP/1.1" 200 450 "http://www.locationbenne92-locationdebenne92.net/a/bois-colombes-92/10-Location%20Benne%2092%20-92" "Mozilla/5.0 (compatible; SEOkicks; +https://www.seokicks.de/robot.html)"
65.108.73.118 - - [15/Jun/2025:21:45:30 +0200] "GET /a/garenne-colombes-92/10-Location%20Benne%2092%20-92?format=feed&type=rss HTTP/1.1" 200 4810 "http://www.locationbenne92-locationdebenne92.net/a/garenne-colombes-92/10-Location%20Benne%2092%20-92" "Mozilla/5.0 (compatible; SEOkicks; +https://www.seokicks.de/robot.html)"
65.108.73.118 - - [15/Jun/2025:21:45:32 +0200] "GET /a/garenne-colombes-92/10-Location%20Benne%2092%20-92?format=feed&type=atom HTTP/1.1" 200 6459 "http://www.locationbenne92-locationdebenne92.net/a/garenne-colombes-92/10-Location%20Benne%2092%20-92" "Mozilla/5.0 (compatible; SEOkicks; +https://www.seokicks.de/robot.html)"
65.108.73.118 - - [15/Jun/2025:21:45:34 +0200] "GET /component/search/?Itemid=207&id=10&format=opensearch HTTP/1.1" 200 450 "http://www.locationbenne92-locationdebenne92.net/a/garenne-colombes-92/10-Location%20Benne%2092%20-92" "Mozilla/5.0 (compatible; SEOkicks; +https://www.seokicks.de/robot.html)"
65.108.73.118 - - [15/Jun/2025:21:45:36 +0200] "GET /a/vanves-92/10-Location%20Benne%2092%20-92?format=feed&type=rss HTTP/1.1" 200 4802 "http://www.locationbenne92-locationdebenne92.net/a/vanves-92/10-Location%20Benne%2092%20-92" "Mozilla/5.0 (compatible; SEOkicks; +https://www.seokicks.de/robot.html)"
65.108.73.118 - - [15/Jun/2025:21:45:37 +0200] "GET /a/vanves-92/10-Location%20Benne%2092%20-92?format=feed&type=atom HTTP/1.1" 200 6453 "http://www.locationbenne92-locationdebenne92.net/a/vanves-92/10-Location%20Benne%2092%20-92" "Mozilla/5.0 (compatible; SEOkicks; +https://www.seokicks.de/robot.html)"
65.108.73.118 - - [15/Jun/2025:21:45:39 +0200] "GET /component/search/?Itemid=208&id=10&format=opensearch HTTP/1.1" 200 450 "http://www.locationbenne92-locationdebenne92.net/a/vanves-92/10-Location%20Benne%2092%20-92" "Mozilla/5.0 (compatible; SEOkicks; +https://www.seokicks.de/robot.html)"
65.108.73.118 - - [15/Jun/2025:21:45:40 +0200] "GET /a/plessis-robinson-92/10-Location%20Benne%2092%20-92?format=feed&type=rss HTTP/1.1" 200 4817 "http://www.locationbenne92-locationdebenne92.net/a/plessis-robinson-92/10-Location%20Benne%2092%20-92" "Mozilla/5.0 (compatible; SEOkicks; +https://www.seokicks.de/robot.html)"
65.108.73.118 - - [15/Jun/2025:21:45:42 +0200] "GET /a/plessis-robinson-92/10-Location%20Benne%2092%20-92?format=feed&type=atom HTTP/1.1" 200 6467 "http://www.locationbenne92-locationdebenne92.net/a/plessis-robinson-92/10-Location%20Benne%2092%20-92" "Mozilla/5.0 (compatible; SEOkicks; +https://www.seokicks.de/robot.html)"
65.108.73.118 - - [15/Jun/2025:21:45:44 +0200] "GET /component/search/?Itemid=209&id=10&format=opensearch HTTP/1.1" 200 450 "http://www.locationbenne92-locationdebenne92.net/a/plessis-robinson-92/10-Location%20Benne%2092%20-92" "Mozilla/5.0 (compatible; SEOkicks; +https://www.seokicks.de/robot.html)"
65.108.73.118 - - [15/Jun/2025:21:45:45 +0200] "GET /a/villeneuve-la-garenne-92/10-Location%20Benne%2092%20-92?format=feed&type=rss HTTP/1.1" 200 4814 "http://www.locationbenne92-locationdebenne92.net/a/villeneuve-la-garenne-92/10-Location%20Benne%2092%20-92" "Mozilla/5.0 (compatible; SEOkicks; +https://www.seokicks.de/robot.html)"
65.108.73.118 - - [15/Jun/2025:21:45:46 +0200] "GET /a/villeneuve-la-garenne-92/10-Location%20Benne%2092%20-92?format=feed&type=atom HTTP/1.1" 200 6462 "http://www.locationbenne92-locationdebenne92.net/a/villeneuve-la-garenne-92/10-Location%20Benne%2092%20-92" "Mozilla/5.0 (compatible; SEOkicks; +https://www.seokicks.de/robot.html)"
65.108.73.118 - - [15/Jun/2025:21:45:48 +0200] "GET /component/search/?Itemid=210&id=10&format=opensearch HTTP/1.1" 200 448 "http://www.locationbenne92-locationdebenne92.net/a/villeneuve-la-garenne-92/10-Location%20Benne%2092%20-92" "Mozilla/5.0 (compatible; SEOkicks; +https://www.seokicks.de/robot.html)"
216.73.216.145 - - [15/Jun/2025:21:47:04 +0200] "GET /component/mailto/?link=f204208f4ed3660392a1c3f98388871b96df5ea7&template=neutre&tmpl=component HTTP/1.1" 200 1516 "-" "Mozilla/5.0 AppleWebKit/537.36 (KHTML, like Gecko; compatible; ClaudeBot/1.0; +claudebot@anthropic.com)"
216.73.216.145 - - [15/Jun/2025:21:47:05 +0200] "GET /a/courbevoie-92/10-Location%20Benne%2092%20-92 HTTP/1.1" 200 14293 "-" "Mozilla/5.0 AppleWebKit/537.36 (KHTML, like Gecko; compatible; ClaudeBot/1.0; +claudebot@anthropic.com)"
216.73.216.145 - - [15/Jun/2025:21:49:43 +0200] "GET /component/search/?Itemid=197&format=opensearch HTTP/1.1" 200 445 "-" "Mozilla/5.0 AppleWebKit/537.36 (KHTML, like Gecko; compatible; ClaudeBot/1.0; +claudebot@anthropic.com)"
216.73.216.145 - - [15/Jun/2025:21:49:41 +0200] "GET /selection-web/55-Artisan%20du%20b%C3%A2timent HTTP/1.1" 200 5665 "-" "Mozilla/5.0 AppleWebKit/537.36 (KHTML, like Gecko; compatible; ClaudeBot/1.0; +claudebot@anthropic.com)"
216.73.216.145 - - [15/Jun/2025:21:52:23 +0200] "GET /prestations?print=1&tmpl=component HTTP/1.1" 200 1775 "-" "Mozilla/5.0 AppleWebKit/537.36 (KHTML, like Gecko; compatible; ClaudeBot/1.0; +claudebot@anthropic.com)"
216.73.216.145 - - [15/Jun/2025:21:52:23 +0200] "GET /a/sevres-92?print=1&tmpl=component HTTP/1.1" 200 5374 "-" "Mozilla/5.0 AppleWebKit/537.36 (KHTML, like Gecko; compatible; ClaudeBot/1.0; +claudebot@anthropic.com)"
216.73.216.145 - - [15/Jun/2025:21:54:52 +0200] "GET /component/search/?Itemid=210&format=opensearch HTTP/1.1" 200 445 "-" "Mozilla/5.0 AppleWebKit/537.36 (KHTML, like Gecko; compatible; ClaudeBot/1.0; +claudebot@anthropic.com)"
216.73.216.145 - - [15/Jun/2025:21:54:53 +0200] "GET /component/search/?format=opensearch&searchword=d%C3%A9chets HTTP/1.1" 200 439 "-" "Mozilla/5.0 AppleWebKit/537.36 (KHTML, like Gecko; compatible; ClaudeBot/1.0; +claudebot@anthropic.com)"
216.73.216.145 - - [15/Jun/2025:21:58:17 +0200] "GET /component/mailto/?link=252532db9ae448f4c02fc1a04424cfcc83def758&template=neutre&tmpl=component HTTP/1.1" 200 1518 "-" "Mozilla/5.0 AppleWebKit/537.36 (KHTML, like Gecko; compatible; ClaudeBot/1.0; +claudebot@anthropic.com)"
216.73.216.145 - - [15/Jun/2025:21:58:18 +0200] "GET /component/search/?Itemid=186&format=opensearch HTTP/1.1" 200 446 "-" "Mozilla/5.0 AppleWebKit/537.36 (KHTML, like Gecko; compatible; ClaudeBot/1.0; +claudebot@anthropic.com)"
216.73.216.145 - - [15/Jun/2025:22:00:57 +0200] "GET /component/mailto/?link=720d2c091549b5e0b94ec117129380068a361b67&template=neutre&tmpl=component HTTP/1.1" 200 1516 "-" "Mozilla/5.0 AppleWebKit/537.36 (KHTML, like Gecko; compatible; ClaudeBot/1.0; +claudebot@anthropic.com)"
216.73.216.145 - - [15/Jun/2025:22:00:58 +0200] "GET /component/mailto/?link=87a615156edf3d823b2fc84cd03348fcc0d36dee&template=neutre&tmpl=component HTTP/1.1" 200 1514 "-" "Mozilla/5.0 AppleWebKit/537.36 (KHTML, like Gecko; compatible; ClaudeBot/1.0; +claudebot@anthropic.com)"
98.83.10.183 - - [15/Jun/2025:22:00:56 +0200] "GET /a/meudon-92 HTTP/1.1" 200 9431 "-" "Mozilla/5.0 AppleWebKit/537.36 (KHTML, like Gecko; compatible; Amazonbot/0.1; +https://developer.amazon.com/support/amazonbot) Chrome/119.0.6045.214 Safari/537.36"
34.226.89.140 - - [15/Jun/2025:22:00:58 +0200] "GET /?amp;searchword=location&option=com_search HTTP/1.1" 200 4512 "-" "Mozilla/5.0 AppleWebKit/537.36 (KHTML, like Gecko; compatible; Amazonbot/0.1; +https://developer.amazon.com/support/amazonbot) Chrome/119.0.6045.214 Safari/537.36"
216.73.216.145 - - [15/Jun/2025:22:03:33 +0200] "GET /component/search/?searchword=d%C3%A9chets&start=20 HTTP/1.1" 200 5749 "-" "Mozilla/5.0 AppleWebKit/537.36 (KHTML, like Gecko; compatible; ClaudeBot/1.0; +claudebot@anthropic.com)"
216.73.216.145 - - [15/Jun/2025:22:03:34 +0200] "GET /component/search/?Itemid=212&format=opensearch HTTP/1.1" 200 446 "-" "Mozilla/5.0 AppleWebKit/537.36 (KHTML, like Gecko; compatible; ClaudeBot/1.0; +claudebot@anthropic.com)"
216.73.216.145 - - [15/Jun/2025:22:06:10 +0200] "GET /a/antony-92?print=1&tmpl=component HTTP/1.1" 200 5372 "-" "Mozilla/5.0 AppleWebKit/537.36 (KHTML, like Gecko; compatible; ClaudeBot/1.0; +claudebot@anthropic.com)"
216.73.216.145 - - [15/Jun/2025:22:06:11 +0200] "GET /component/search/?Itemid=102&format=opensearch HTTP/1.1" 200 445 "-" "Mozilla/5.0 AppleWebKit/537.36 (KHTML, like Gecko; compatible; ClaudeBot/1.0; +claudebot@anthropic.com)"
216.73.216.145 - - [15/Jun/2025:22:09:05 +0200] "GET /a/nanterre-92?print=1&tmpl=component HTTP/1.1" 200 5371 "-" "Mozilla/5.0 AppleWebKit/537.36 (KHTML, like Gecko; compatible; ClaudeBot/1.0; +claudebot@anthropic.com)"
216.73.216.145 - - [15/Jun/2025:22:09:06 +0200] "GET /component/mailto/?link=c05489d9859008c22b685bf4515763727fa382fe&template=neutre&tmpl=component HTTP/1.1" 200 1518 "-" "Mozilla/5.0 AppleWebKit/537.36 (KHTML, like Gecko; compatible; ClaudeBot/1.0; +claudebot@anthropic.com)"
216.73.216.145 - - [15/Jun/2025:22:11:39 +0200] "GET /component/mailto/?link=6475a7285cc202257ce700bffaa4db1a41253883&template=neutre&tmpl=component HTTP/1.1" 200 1516 "-" "Mozilla/5.0 AppleWebKit/537.36 (KHTML, like Gecko; compatible; ClaudeBot/1.0; +claudebot@anthropic.com)"
216.73.216.145 - - [15/Jun/2025:22:11:40 +0200] "GET /a/vanves-92?print=1&tmpl=component HTTP/1.1" 200 5375 "-" "Mozilla/5.0 AppleWebKit/537.36 (KHTML, like Gecko; compatible; ClaudeBot/1.0; +claudebot@anthropic.com)"
216.73.216.145 - - [15/Jun/2025:22:14:07 +0200] "GET /a/courbevoie-92?print=1&tmpl=component HTTP/1.1" 200 5790 "-" "Mozilla/5.0 AppleWebKit/537.36 (KHTML, like Gecko; compatible; ClaudeBot/1.0; +claudebot@anthropic.com)"
216.73.216.145 - - [15/Jun/2025:22:14:09 +0200] "GET /a/malakoff-92?print=1&tmpl=component HTTP/1.1" 200 5377 "-" "Mozilla/5.0 AppleWebKit/537.36 (KHTML, like Gecko; compatible; ClaudeBot/1.0; +claudebot@anthropic.com)"
50.16.248.61 - - [15/Jun/2025:22:16:46 +0200] "GET /a/gennevilliers-92 HTTP/1.1" 200 9432 "-" "Mozilla/5.0 AppleWebKit/537.36 (KHTML, like Gecko; compatible; Amazonbot/0.1; +https://developer.amazon.com/support/amazonbot) Chrome/119.0.6045.214 Safari/537.36"
216.73.216.145 - - [15/Jun/2025:22:17:40 +0200] "GET /a/vaucresson-92?print=1&tmpl=component HTTP/1.1" 200 5365 "-" "Mozilla/5.0 AppleWebKit/537.36 (KHTML, like Gecko; compatible; ClaudeBot/1.0; +claudebot@anthropic.com)"
216.73.216.145 - - [15/Jun/2025:22:17:39 +0200] "GET /selection-web/58-D%C3%A9m%C3%A9nageur HTTP/1.1" 200 5649 "-" "Mozilla/5.0 AppleWebKit/537.36 (KHTML, like Gecko; compatible; ClaudeBot/1.0; +claudebot@anthropic.com)"
216.73.216.145 - - [15/Jun/2025:22:20:12 +0200] "GET /a/colombes-92/10-Location%20Benne%2092%20-92 HTTP/1.1" 200 13804 "-" "Mozilla/5.0 AppleWebKit/537.36 (KHTML, like Gecko; compatible; ClaudeBot/1.0; +claudebot@anthropic.com)"
216.73.216.145 - - [15/Jun/2025:22:20:13 +0200] "GET /selection-web/53-Administrateur%20de%20biens HTTP/1.1" 200 5573 "-" "Mozilla/5.0 AppleWebKit/537.36 (KHTML, like Gecko; compatible; ClaudeBot/1.0; +claudebot@anthropic.com)"
54.36.148.34 - - [15/Jun/2025:22:22:38 +0200] "GET /index.php?option=com_xmap&view=xml&tmpl=component&id=1 HTTP/1.1" 200 1258 "-" "Mozilla/5.0 (compatible; AhrefsBot/7.0; +http://ahrefs.com/robot/)"
216.73.216.145 - - [15/Jun/2025:22:22:45 +0200] "GET /a/ville-d-avray-92/10-Location%20Benne%2092%20-92?format=feed&type=rss HTTP/1.1" 200 4811 "-" "Mozilla/5.0 AppleWebKit/537.36 (KHTML, like Gecko; compatible; ClaudeBot/1.0; +claudebot@anthropic.com)"
216.73.216.145 - - [15/Jun/2025:22:22:46 +0200] "GET /contactez-nous/2-diverse HTTP/1.1" 200 8471 "-" "Mozilla/5.0 AppleWebKit/537.36 (KHTML, like Gecko; compatible; ClaudeBot/1.0; +claudebot@anthropic.com)"
97.74.89.246 - - [15/Jun/2025:22:23:55 +0200] "GET / HTTP/1.1" 301 257 "-" "Mozilla/5.0 (Macintosh; Intel Mac OS X 10_15_7) AppleWebKit/537.36 (KHTML, like Gecko) Chrome/126.0.0.0 Safari/537.36"
97.74.89.246 - - [15/Jun/2025:22:23:56 +0200] "GET / HTTP/1.1" 200 9703 "http://locationbenne92-locationdebenne92.net" "Mozilla/5.0 (Macintosh; Intel Mac OS X 10_15_7) AppleWebKit/537.36 (KHTML, like Gecko) Chrome/126.0.0.0 Safari/537.36"
216.73.216.145 - - [15/Jun/2025:22:25:12 +0200] "GET /a/ville-d-avray-92/10-Location%20Benne%2092%20-92?format=feed&type=atom HTTP/1.1" 200 6458 "-" "Mozilla/5.0 AppleWebKit/537.36 (KHTML, like Gecko; compatible; ClaudeBot/1.0; +claudebot@anthropic.com)"
216.73.216.145 - - [15/Jun/2025:22:25:14 +0200] "GET /a/boulogne-billancourt-92/10-Location%20Benne%2092%20-92 HTTP/1.1" 200 13812 "-" "Mozilla/5.0 AppleWebKit/537.36 (KHTML, like Gecko; compatible; ClaudeBot/1.0; +claudebot@anthropic.com)"
216.73.216.145 - - [15/Jun/2025:22:27:45 +0200] "GET /informations-legales?print=1&tmpl=component HTTP/1.1" 200 2524 "-" "Mozilla/5.0 AppleWebKit/537.36 (KHTML, like Gecko; compatible; ClaudeBot/1.0; +claudebot@anthropic.com)"
216.73.216.145 - - [15/Jun/2025:22:27:46 +0200] "GET /a/colombes-92?print=1&tmpl=component HTTP/1.1" 200 5368 "-" "Mozilla/5.0 AppleWebKit/537.36 (KHTML, like Gecko; compatible; ClaudeBot/1.0; +claudebot@anthropic.com)"
216.73.216.145 - - [15/Jun/2025:22:30:57 +0200] "GET /a/rueil-malmaison-92/10-Location%20Benne%2092%20-92 HTTP/1.1" 200 13815 "-" "Mozilla/5.0 AppleWebKit/537.36 (KHTML, like Gecko; compatible; ClaudeBot/1.0; +claudebot@anthropic.com)"
216.73.216.145 - - [15/Jun/2025:22:33:47 +0200] "GET /robots.txt HTTP/1.1" 200 892 "-" "Mozilla/5.0 AppleWebKit/537.36 (KHTML, like Gecko; compatible; ClaudeBot/1.0; +claudebot@anthropic.com)"
216.73.216.145 - - [15/Jun/2025:22:33:47 +0200] "GET /a/boulogne-billancourt-92?print=1&tmpl=component HTTP/1.1" 200 5395 "-" "Mozilla/5.0 AppleWebKit/537.36 (KHTML, like Gecko; compatible; ClaudeBot/1.0; +claudebot@anthropic.com)"
216.73.216.145 - - [15/Jun/2025:22:36:17 +0200] "GET /contactez-nous?print=1&tmpl=component HTTP/1.1" 200 2885 "-" "Mozilla/5.0 AppleWebKit/537.36 (KHTML, like Gecko; compatible; ClaudeBot/1.0; +claudebot@anthropic.com)"
216.73.216.145 - - [15/Jun/2025:22:38:00 +0200] "GET /a/garenne-colombes-92?print=1&tmpl=component HTTP/1.1" 200 5395 "-" "Mozilla/5.0 AppleWebKit/537.36 (KHTML, like Gecko; compatible; ClaudeBot/1.0; +claudebot@anthropic.com)"
216.73.216.145 - - [15/Jun/2025:22:41:11 +0200] "GET /a/villeneuve-la-garenne-92/10-Location%20Benne%2092%20-92 HTTP/1.1" 200 13885 "-" "Mozilla/5.0 AppleWebKit/537.36 (KHTML, like Gecko; compatible; ClaudeBot/1.0; +claudebot@anthropic.com)"
216.73.216.145 - - [15/Jun/2025:22:43:53 +0200] "GET /a/rueil-malmaison-92?print=1&tmpl=component HTTP/1.1" 200 5384 "-" "Mozilla/5.0 AppleWebKit/537.36 (KHTML, like Gecko; compatible; ClaudeBot/1.0; +claudebot@anthropic.com)"
102.129.223.92 - - [15/Jun/2025:22:44:48 +0200] "GET / HTTP/1.1" 200 9714 "-" "Mozilla/5.0 (Macintosh; Intel Mac OS X 12_5) AppleWebKit/537.36 (KHTML, like Gecko) Chrome/114.0.0.0 Safari/537.36"
102.129.223.92 - - [15/Jun/2025:22:45:00 +0200] "POST /index.php?option=com_content&view=article&id=49 HTTP/1.1" 200 4476 "HTTP://www.locationbenne92-locationdebenne92.net/" "Mozilla/5.0 (Macintosh; Intel Mac OS X 12_5) AppleWebKit/537.36 (KHTML, like Gecko) Chrome/114.0.0.0 Safari/537.36"
216.73.216.145 - - [15/Jun/2025:22:47:13 +0200] "GET /a/villeneuve-la-garenne-92?print=1&tmpl=component HTTP/1.1" 200 5389 "-" "Mozilla/5.0 AppleWebKit/537.36 (KHTML, like Gecko; compatible; ClaudeBot/1.0; +claudebot@anthropic.com)"
216.73.216.145 - - [15/Jun/2025:22:49:46 +0200] "GET /informations-legales/2-diverse HTTP/1.1" 200 8994 "-" "Mozilla/5.0 AppleWebKit/537.36 (KHTML, like Gecko; compatible; ClaudeBot/1.0; +claudebot@anthropic.com)"
216.244.66.249 - - [15/Jun/2025:22:52:09 +0200] "GET /robots.txt HTTP/1.1" 301 267 "-" "Mozilla/5.0 (compatible; DotBot/1.2; +https://opensiteexplorer.org/dotbot; help@moz.com)"
216.244.66.249 - - [15/Jun/2025:22:52:09 +0200] "GET /robots.txt HTTP/1.1" 200 892 "-" "Mozilla/5.0 (compatible; DotBot/1.2; +https://opensiteexplorer.org/dotbot; help@moz.com)"
216.244.66.249 - - [15/Jun/2025:22:52:09 +0200] "GET /robots.txt HTTP/1.1" 200 892 "-" "Mozilla/5.0 (compatible; DotBot/1.2; +https://opensiteexplorer.org/dotbot; help@moz.com)"
216.73.216.145 - - [15/Jun/2025:22:52:18 +0200] "GET /a/gennevilliers-92?print=1&tmpl=component HTTP/1.1" 200 5394 "-" "Mozilla/5.0 AppleWebKit/537.36 (KHTML, like Gecko; compatible; ClaudeBot/1.0; +claudebot@anthropic.com)"
216.73.216.145 - - [15/Jun/2025:22:54:21 +0200] "GET /a/bourg-la-reine-92/10-Location%20Benne%2092%20-92 HTTP/1.1" 200 13813 "-" "Mozilla/5.0 AppleWebKit/537.36 (KHTML, like Gecko; compatible; ClaudeBot/1.0; +claudebot@anthropic.com)"
216.244.66.249 - - [15/Jun/2025:22:58:45 +0200] "GET /a/clichy-92/13-traitement/49-envoi-commentaire HTTP/1.1" 200 17671 "-" "Mozilla/5.0 (compatible; DotBot/1.2; +https://opensiteexplorer.org/dotbot; help@moz.com)"
216.73.216.145 - - [15/Jun/2025:22:59:21 +0200] "GET /component/mailto/?link=22223c8332d9dd096df1f27b7f52e401c763aa91&template=neutre&tmpl=component HTTP/1.1" 200 1515 "-" "Mozilla/5.0 AppleWebKit/537.36 (KHTML, like Gecko; compatible; ClaudeBot/1.0; +claudebot@anthropic.com)"
52.54.15.103 - - [15/Jun/2025:23:00:35 +0200] "GET /plan-du-site HTTP/1.1" 200 5628 "-" "Mozilla/5.0 AppleWebKit/537.36 (KHTML, like Gecko; compatible; Amazonbot/0.1; +https://developer.amazon.com/support/amazonbot) Chrome/119.0.6045.214 Safari/537.36"
52.73.6.26 - - [15/Jun/2025:23:00:39 +0200] "GET /?amp;searchword=carreleur&option=com_search HTTP/1.1" 200 4517 "-" "Mozilla/5.0 AppleWebKit/537.36 (KHTML, like Gecko; compatible; Amazonbot/0.1; +https://developer.amazon.com/support/amazonbot) Chrome/119.0.6045.214 Safari/537.36"
216.73.216.145 - - [15/Jun/2025:23:03:09 +0200] "GET /a/chatenay-malabry-92/10-Location%20Benne%2092%20-92 HTTP/1.1" 200 13819 "-" "Mozilla/5.0 AppleWebKit/537.36 (KHTML, like Gecko; compatible; ClaudeBot/1.0; +claudebot@anthropic.com)"
216.73.216.145 - - [15/Jun/2025:23:03:10 +0200] "GET /a/clichy-92/10-Location%20Benne%2092%20-92 HTTP/1.1" 200 11876 "-" "Mozilla/5.0 AppleWebKit/537.36 (KHTML, like Gecko; compatible; ClaudeBot/1.0; +claudebot@anthropic.com)"
216.244.66.249 - - [15/Jun/2025:23:04:28 +0200] "GET /?option=com_search&searchword=antony HTTP/1.1" 301 303 "-" "Mozilla/5.0 (compatible; DotBot/1.2; +https://opensiteexplorer.org/dotbot; help@moz.com)"
51.222.253.8 - - [15/Jun/2025:23:06:51 +0200] "GET /robots.txt HTTP/1.1" 200 892 "-" "Mozilla/5.0 (compatible; AhrefsBot/7.0; +http://ahrefs.com/robot/)"
216.73.216.145 - - [15/Jun/2025:23:07:34 +0200] "GET /component/mailto/?link=ebbf93ac6fdcc2bda5228d1eb6d4b3b1fba3b779&template=neutre&tmpl=component HTTP/1.1" 200 1515 "-" "Mozilla/5.0 AppleWebKit/537.36 (KHTML, like Gecko; compatible; ClaudeBot/1.0; +claudebot@anthropic.com)"
216.73.216.145 - - [15/Jun/2025:23:09:24 +0200] "GET /component/mailto/?link=7a35577ac96b2efac02a817ea30363455da930e6&template=neutre&tmpl=component HTTP/1.1" 200 1515 "-" "Mozilla/5.0 AppleWebKit/537.36 (KHTML, like Gecko; compatible; ClaudeBot/1.0; +claudebot@anthropic.com)"
216.73.216.145 - - [15/Jun/2025:23:11:26 +0200] "GET /a/bois-colombes-92?print=1&tmpl=component HTTP/1.1" 200 6020 "-" "Mozilla/5.0 AppleWebKit/537.36 (KHTML, like Gecko; compatible; ClaudeBot/1.0; +claudebot@anthropic.com)"
216.73.216.145 - - [15/Jun/2025:23:15:10 +0200] "GET /component/search/?format=opensearch&searchword=artisan HTTP/1.1" 200 442 "-" "Mozilla/5.0 AppleWebKit/537.36 (KHTML, like Gecko; compatible; ClaudeBot/1.0; +claudebot@anthropic.com)"
216.73.216.145 - - [15/Jun/2025:23:15:11 +0200] "GET /a/garches-92?print=1&tmpl=component HTTP/1.1" 200 5371 "-" "Mozilla/5.0 AppleWebKit/537.36 (KHTML, like Gecko; compatible; ClaudeBot/1.0; +claudebot@anthropic.com)"
100.28.57.133 - - [15/Jun/2025:23:17:18 +0200] "GET /a/sceaux-92 HTTP/1.1" 200 11224 "-" "Mozilla/5.0 AppleWebKit/537.36 (KHTML, like Gecko; compatible; Amazonbot/0.1; +https://developer.amazon.com/support/amazonbot) Chrome/119.0.6045.214 Safari/537.36"
216.73.216.145 - - [15/Jun/2025:23:21:34 +0200] "GET /a/issy-les-moulineaux-92?print=1&tmpl=component HTTP/1.1" 200 5399 "-" "Mozilla/5.0 AppleWebKit/537.36 (KHTML, like Gecko; compatible; ClaudeBot/1.0; +claudebot@anthropic.com)"
216.73.216.145 - - [15/Jun/2025:23:23:40 +0200] "GET /component/search/?searchword=agent&start=20 HTTP/1.1" 200 5560 "-" "Mozilla/5.0 AppleWebKit/537.36 (KHTML, like Gecko; compatible; ClaudeBot/1.0; +claudebot@anthropic.com)"
216.73.216.145 - - [15/Jun/2025:23:23:42 +0200] "GET /component/mailto/?link=050abf4a1fd80cf2ed5a207a9f633930eafa9833&template=neutre&tmpl=component HTTP/1.1" 200 1516 "-" "Mozilla/5.0 AppleWebKit/537.36 (KHTML, like Gecko; compatible; ClaudeBot/1.0; +claudebot@anthropic.com)"
216.73.216.145 - - [15/Jun/2025:23:23:42 +0200] "GET /component/mailto/?link=437c0252c36bde9fae4df33b8b7b24b2916f31a3&template=neutre&tmpl=component HTTP/1.1" 200 1515 "-" "Mozilla/5.0 AppleWebKit/537.36 (KHTML, like Gecko; compatible; ClaudeBot/1.0; +claudebot@anthropic.com)"
216.73.216.145 - - [15/Jun/2025:23:27:25 +0200] "GET /component/search/?searchword=location&start=40 HTTP/1.1" 200 5094 "-" "Mozilla/5.0 AppleWebKit/537.36 (KHTML, like Gecko; compatible; ClaudeBot/1.0; +claudebot@anthropic.com)"
216.73.216.145 - - [15/Jun/2025:23:27:26 +0200] "GET /component/mailto/?link=05df9bc2acd4513f4fdad4bf790b68bdf6348645&template=neutre&tmpl=component HTTP/1.1" 200 1515 "-" "Mozilla/5.0 AppleWebKit/537.36 (KHTML, like Gecko; compatible; ClaudeBot/1.0; +claudebot@anthropic.com)"
216.73.216.145 - - [15/Jun/2025:23:27:26 +0200] "GET /component/mailto/?link=cc0a4261ec621a4dee0a63f6a8268f6c0f25430e&template=neutre&tmpl=component HTTP/1.1" 200 1514 "-" "Mozilla/5.0 AppleWebKit/537.36 (KHTML, like Gecko; compatible; ClaudeBot/1.0; +claudebot@anthropic.com)"
216.73.216.145 - - [15/Jun/2025:23:29:15 +0200] "GET /a/chatenay-malabry-92?print=1&tmpl=component HTTP/1.1" 200 5407 "-" "Mozilla/5.0 AppleWebKit/537.36 (KHTML, like Gecko; compatible; ClaudeBot/1.0; +claudebot@anthropic.com)"
216.73.216.145 - - [15/Jun/2025:23:29:16 +0200] "GET /a/chaville-92/10-Location%20Benne%2092%20-92 HTTP/1.1" 200 13803 "-" "Mozilla/5.0 AppleWebKit/537.36 (KHTML, like Gecko; compatible; ClaudeBot/1.0; +claudebot@anthropic.com)"
216.73.216.145 - - [15/Jun/2025:23:31:00 +0200] "GET /a/clichy-92?print=1&tmpl=component HTTP/1.1" 200 5388 "-" "Mozilla/5.0 AppleWebKit/537.36 (KHTML, like Gecko; compatible; ClaudeBot/1.0; +claudebot@anthropic.com)"
216.73.216.145 - - [15/Jun/2025:23:33:23 +0200] "GET /component/search/?searchword=location&start=20 HTTP/1.1" 200 5470 "-" "Mozilla/5.0 AppleWebKit/537.36 (KHTML, like Gecko; compatible; ClaudeBot/1.0; +claudebot@anthropic.com)"
51.68.107.157 - - [15/Jun/2025:23:33:35 +0200] "GET /robots.txt HTTP/1.1" 200 892 "-" "Mozilla/5.0 (compatible; MJ12bot/v2.0.2; http://mj12bot.com/)"
51.68.107.157 - - [15/Jun/2025:23:33:35 +0200] "GET / HTTP/1.1" 200 9730 "-" "Mozilla/5.0 (compatible; MJ12bot/v2.0.2; http://mj12bot.com/)"
216.73.216.145 - - [15/Jun/2025:23:35:14 +0200] "GET /robots.txt HTTP/1.1" 200 892 "-" "Mozilla/5.0 AppleWebKit/537.36 (KHTML, like Gecko; compatible; ClaudeBot/1.0; +claudebot@anthropic.com)"
216.73.216.145 - - [15/Jun/2025:23:35:14 +0200] "GET /component/mailto/?link=4cda754b825744567f17e6d38b56a85d4ca6fc38&template=neutre&tmpl=component HTTP/1.1" 200 1518 "-" "Mozilla/5.0 AppleWebKit/537.36 (KHTML, like Gecko; compatible; ClaudeBot/1.0; +claudebot@anthropic.com)"
18.214.124.6 - - [15/Jun/2025:23:37:50 +0200] "GET /?amp;searchword=courbevoie&option=com_search HTTP/1.1" 200 4448 "-" "Mozilla/5.0 AppleWebKit/537.36 (KHTML, like Gecko; compatible; Amazonbot/0.1; +https://developer.amazon.com/support/amazonbot) Chrome/119.0.6045.214 Safari/537.36"
216.73.216.145 - - [15/Jun/2025:23:38:56 +0200] "GET /component/search/?format=opensearch&searchword=levallois-perret HTTP/1.1" 200 447 "-" "Mozilla/5.0 AppleWebKit/537.36 (KHTML, like Gecko; compatible; ClaudeBot/1.0; +claudebot@anthropic.com)"
216.73.216.145 - - [15/Jun/2025:23:38:56 +0200] "GET /component/search/?Itemid=188&format=opensearch HTTP/1.1" 200 446 "-" "Mozilla/5.0 AppleWebKit/537.36 (KHTML, like Gecko; compatible; ClaudeBot/1.0; +claudebot@anthropic.com)"
216.73.216.145 - - [15/Jun/2025:23:40:45 +0200] "GET /a/saint-cloud-92/10-Location%20Benne%2092%20-92 HTTP/1.1" 200 13804 "-" "Mozilla/5.0 AppleWebKit/537.36 (KHTML, like Gecko; compatible; ClaudeBot/1.0; +claudebot@anthropic.com)"
216.73.216.145 - - [15/Jun/2025:23:55:27 +0200] "GET /a/chaville-92?print=1&tmpl=component HTTP/1.1" 200 5383 "-" "Mozilla/5.0 AppleWebKit/537.36 (KHTML, like Gecko; compatible; ClaudeBot/1.0; +claudebot@anthropic.com)"
216.73.216.145 - - [15/Jun/2025:23:55:28 +0200] "GET /component/search/?Itemid=206&format=opensearch HTTP/1.1" 200 445 "-" "Mozilla/5.0 AppleWebKit/537.36 (KHTML, like Gecko; compatible; ClaudeBot/1.0; +claudebot@anthropic.com)"
216.73.216.145 - - [15/Jun/2025:23:58:15 +0200] "GET /component/search/?searchword=benne&start=40 HTTP/1.1" 200 5139 "-" "Mozilla/5.0 AppleWebKit/537.36 (KHTML, like Gecko; compatible; ClaudeBot/1.0; +claudebot@anthropic.com)"
216.73.216.145 - - [15/Jun/2025:23:58:17 +0200] "GET /a/bagneux-92/10-Location%20Benne%2092%20-92 HTTP/1.1" 200 12013 "-" "Mozilla/5.0 AppleWebKit/537.36 (KHTML, like Gecko; compatible; ClaudeBot/1.0; +claudebot@anthropic.com)"
45.84.107.76 - - [16/Jun/2025:00:01:43 +0200] "GET / HTTP/1.1" 200 35315 "http://www.locationbenne92-locationdebenne92.net" "Mozilla/5.0 (Linux; Android 6.0; Apollo Lite) AppleWebKit/537.36 (KHTML, like Gecko) Chrome/81.0.4044.138 Mobile Safari/537.36"
216.73.216.145 - - [16/Jun/2025:00:04:44 +0200] "GET /a/asnieres-sur-seine-92/10-Location%20Benne%2092%20-92 HTTP/1.1" 200 13885 "-" "Mozilla/5.0 AppleWebKit/537.36 (KHTML, like Gecko; compatible; ClaudeBot/1.0; +claudebot@anthropic.com)"
216.73.216.145 - - [16/Jun/2025:00:06:31 +0200] "GET /component/search/?Itemid=219&format=opensearch HTTP/1.1" 200 446 "-" "Mozilla/5.0 AppleWebKit/537.36 (KHTML, like Gecko; compatible; ClaudeBot/1.0; +claudebot@anthropic.com)"
17.241.227.18 - - [16/Jun/2025:00:08:05 +0200] "GET /component/search/?searchword=d%C3%A9molition&start=20 HTTP/1.1" 200 5551 "-" "Mozilla/5.0 (Macintosh; Intel Mac OS X 10_15_7) AppleWebKit/605.1.15 (KHTML, like Gecko) Version/17.4 Safari/605.1.15 (Applebot/0.1; +http://www.apple.com/go/applebot)"
216.73.216.145 - - [16/Jun/2025:00:08:23 +0200] "GET /a/vaucresson-92/10-Location%20Benne%2092%20-92 HTTP/1.1" 200 13876 "-" "Mozilla/5.0 AppleWebKit/537.36 (KHTML, like Gecko; compatible; ClaudeBot/1.0; +claudebot@anthropic.com)"
216.73.216.145 - - [16/Jun/2025:00:08:22 +0200] "GET /a/levallois-perret-92/10-Location%20Benne%2092%20-92 HTTP/1.1" 200 13902 "-" "Mozilla/5.0 AppleWebKit/537.36 (KHTML, like Gecko; compatible; ClaudeBot/1.0; +claudebot@anthropic.com)"
216.73.216.145 - - [16/Jun/2025:00:16:54 +0200] "GET /a/marnes-la-coquette-92?print=1&tmpl=component HTTP/1.1" 200 5411 "-" "Mozilla/5.0 AppleWebKit/537.36 (KHTML, like Gecko; compatible; ClaudeBot/1.0; +claudebot@anthropic.com)"
216.73.216.145 - - [16/Jun/2025:00:16:55 +0200] "GET /component/search/?Itemid=216&format=opensearch HTTP/1.1" 200 446 "-" "Mozilla/5.0 AppleWebKit/537.36 (KHTML, like Gecko; compatible; ClaudeBot/1.0; +claudebot@anthropic.com)"
54.80.185.200 - - [16/Jun/2025:00:20:04 +0200] "GET /robots.txt HTTP/1.1" 200 892 "-" "Mozilla/5.0 AppleWebKit/537.36 (KHTML, like Gecko; compatible; Amazonbot/0.1; +https://developer.amazon.com/support/amazonbot) Chrome/119.0.6045.214 Safari/537.36"
23.21.119.232 - - [16/Jun/2025:00:20:07 +0200] "GET /?amp;searchword=b%C3%A2timent&option=com_search HTTP/1.1" 200 4517 "-" "Mozilla/5.0 AppleWebKit/537.36 (KHTML, like Gecko; compatible; Amazonbot/0.1; +https://developer.amazon.com/support/amazonbot) Chrome/119.0.6045.214 Safari/537.36"
34.202.88.37 - - [16/Jun/2025:00:20:11 +0200] "GET /?amp;searchword=commentaire&option=com_search HTTP/1.1" 200 4448 "-" "Mozilla/5.0 AppleWebKit/537.36 (KHTML, like Gecko; compatible; Amazonbot/0.1; +https://developer.amazon.com/support/amazonbot) Chrome/119.0.6045.214 Safari/537.36"
57.141.0.10 - - [16/Jun/2025:00:21:09 +0200] "GET /index.php?option=com_xmap&view=xml&tmpl=component&id=1 HTTP/1.1" 200 10542 "-" "meta-externalagent/1.1 (+https://developers.facebook.com/docs/sharing/webmasters/crawler)"
216.73.216.145 - - [16/Jun/2025:00:22:32 +0200] "GET /a/saint-cloud-92?print=1&tmpl=component HTTP/1.1" 200 5405 "-" "Mozilla/5.0 AppleWebKit/537.36 (KHTML, like Gecko; compatible; ClaudeBot/1.0; +claudebot@anthropic.com)"
216.73.216.145 - - [16/Jun/2025:00:25:59 +0200] "GET /a/bourg-la-reine-92?print=1&tmpl=component HTTP/1.1" 200 5407 "-" "Mozilla/5.0 AppleWebKit/537.36 (KHTML, like Gecko; compatible; ClaudeBot/1.0; +claudebot@anthropic.com)"
216.73.216.145 - - [16/Jun/2025:00:26:00 +0200] "GET /component/mailto/?link=20b046b0106c879b8b3c0f74ce15e362c51b146c&template=neutre&tmpl=component HTTP/1.1" 200 1515 "-" "Mozilla/5.0 AppleWebKit/537.36 (KHTML, like Gecko; compatible; ClaudeBot/1.0; +claudebot@anthropic.com)"
216.73.216.145 - - [16/Jun/2025:00:26:01 +0200] "GET /component/mailto/?link=b527c25888626cf4ca65dfd1c6237a2bcbb35a8f&template=neutre&tmpl=component HTTP/1.1" 200 1515 "-" "Mozilla/5.0 AppleWebKit/537.36 (KHTML, like Gecko; compatible; ClaudeBot/1.0; +claudebot@anthropic.com)"
216.73.216.145 - - [16/Jun/2025:00:26:00 +0200] "GET /component/search/?searchword=benne&start=20 HTTP/1.1" 200 5477 "-" "Mozilla/5.0 AppleWebKit/537.36 (KHTML, like Gecko; compatible; ClaudeBot/1.0; +claudebot@anthropic.com)"
3.226.106.93 - - [16/Jun/2025:00:27:42 +0200] "GET /?amp;searchword=rueil-malmaison&option=com_search HTTP/1.1" 200 4448 "-" "Mozilla/5.0 AppleWebKit/537.36 (KHTML, like Gecko; compatible; Amazonbot/0.1; +https://developer.amazon.com/support/amazonbot) Chrome/119.0.6045.214 Safari/537.36"
216.73.216.145 - - [16/Jun/2025:00:27:48 +0200] "GET /a/asnieres-sur-seine-92?print=1&tmpl=component HTTP/1.1" 200 5408 "-" "Mozilla/5.0 AppleWebKit/537.36 (KHTML, like Gecko; compatible; ClaudeBot/1.0; +claudebot@anthropic.com)"
216.73.216.145 - - [16/Jun/2025:00:29:52 +0200] "GET /component/mailto/?link=28242659c41e9b5e6114fbf921ea3ca2c1a6aca5&template=neutre&tmpl=component HTTP/1.1" 200 1516 "-" "Mozilla/5.0 AppleWebKit/537.36 (KHTML, like Gecko; compatible; ClaudeBot/1.0; +claudebot@anthropic.com)"
216.73.216.145 - - [16/Jun/2025:00:33:30 +0200] "GET /component/search/?Itemid=205&format=opensearch HTTP/1.1" 200 446 "-" "Mozilla/5.0 AppleWebKit/537.36 (KHTML, like Gecko; compatible; ClaudeBot/1.0; +claudebot@anthropic.com)"
216.73.216.145 - - [16/Jun/2025:00:33:30 +0200] "GET /a/issy-les-moulineaux-92/10-Location%20Benne%2092%20-92 HTTP/1.1" 200 13926 "-" "Mozilla/5.0 AppleWebKit/537.36 (KHTML, like Gecko; compatible; ClaudeBot/1.0; +claudebot@anthropic.com)"
216.73.216.145 - - [16/Jun/2025:00:38:55 +0200] "GET /robots.txt HTTP/1.1" 200 892 "-" "Mozilla/5.0 AppleWebKit/537.36 (KHTML, like Gecko; compatible; ClaudeBot/1.0; +claudebot@anthropic.com)"
216.73.216.145 - - [16/Jun/2025:00:38:55 +0200] "GET /component/search/?format=opensearch&searchword=gestion HTTP/1.1" 200 440 "-" "Mozilla/5.0 AppleWebKit/537.36 (KHTML, like Gecko; compatible; ClaudeBot/1.0; +claudebot@anthropic.com)"
216.73.216.145 - - [16/Jun/2025:00:41:01 +0200] "GET /component/mailto/?link=91d8ab12e1bc919b66bc2d9d9442ddfc5be15699&template=neutre&tmpl=component HTTP/1.1" 200 1515 "-" "Mozilla/5.0 AppleWebKit/537.36 (KHTML, like Gecko; compatible; ClaudeBot/1.0; +claudebot@anthropic.com)"
216.73.216.145 - - [16/Jun/2025:00:42:55 +0200] "GET /component/search/?Itemid=201&format=opensearch HTTP/1.1" 200 445 "-" "Mozilla/5.0 AppleWebKit/537.36 (KHTML, like Gecko; compatible; ClaudeBot/1.0; +claudebot@anthropic.com)"
216.73.216.145 - - [16/Jun/2025:00:46:49 +0200] "GET /component/search/?Itemid=215&format=opensearch HTTP/1.1" 200 446 "-" "Mozilla/5.0 AppleWebKit/537.36 (KHTML, like Gecko; compatible; ClaudeBot/1.0; +claudebot@anthropic.com)"
23.21.148.226 - - [16/Jun/2025:00:47:26 +0200] "GET /a/boulogne-billancourt-92 HTTP/1.1" 200 11224 "-" "Mozilla/5.0 AppleWebKit/537.36 (KHTML, like Gecko; compatible; Amazonbot/0.1; +https://developer.amazon.com/support/amazonbot) Chrome/119.0.6045.214 Safari/537.36"
216.73.216.145 - - [16/Jun/2025:00:52:38 +0200] "GET /component/search/?Itemid=203&format=opensearch HTTP/1.1" 200 445 "-" "Mozilla/5.0 AppleWebKit/537.36 (KHTML, like Gecko; compatible; ClaudeBot/1.0; +claudebot@anthropic.com)"
216.73.216.145 - - [16/Jun/2025:00:52:38 +0200] "GET /a/gennevilliers-92/10-Location%20Benne%2092%20-92 HTTP/1.1" 200 11932 "-" "Mozilla/5.0 AppleWebKit/537.36 (KHTML, like Gecko; compatible; ClaudeBot/1.0; +claudebot@anthropic.com)"
216.73.216.145 - - [16/Jun/2025:00:54:31 +0200] "GET /a/marnes-la-coquette-92/10-Location%20Benne%2092%20-92 HTTP/1.1" 200 13801 "-" "Mozilla/5.0 AppleWebKit/537.36 (KHTML, like Gecko; compatible; ClaudeBot/1.0; +claudebot@anthropic.com)"
43.130.40.120 - - [16/Jun/2025:00:55:31 +0200] "GET / HTTP/1.1" 200 9723 "-" "Mozilla/5.0 (iPhone; CPU iPhone OS 13_2_3 like Mac OS X) AppleWebKit/605.1.15 (KHTML, like Gecko) Version/13.0.3 Mobile/15E148 Safari/604.1"
216.73.216.145 - - [16/Jun/2025:00:58:11 +0200] "GET /component/content/category/10-Location%20Benne%2092%20-92 HTTP/1.1" 200 10894 "-" "Mozilla/5.0 AppleWebKit/537.36 (KHTML, like Gecko; compatible; ClaudeBot/1.0; +claudebot@anthropic.com)"
69.171.231.5 - - [16/Jun/2025:00:59:43 +0200] "GET /robots.txt HTTP/1.1" 206 892 "-" "facebookexternalhit/1.1 (+http://www.facebook.com/externalhit_uatext.php)"
216.73.216.145 - - [16/Jun/2025:01:03:36 +0200] "GET /component/search/?Itemid=218&format=opensearch HTTP/1.1" 200 446 "-" "Mozilla/5.0 AppleWebKit/537.36 (KHTML, like Gecko; compatible; ClaudeBot/1.0; +claudebot@anthropic.com)"
216.73.216.145 - - [16/Jun/2025:01:05:21 +0200] "GET /component/mailto/?link=629d85fec3f2372810afa38ee271d1782cba17cf&template=neutre&tmpl=component HTTP/1.1" 200 1515 "-" "Mozilla/5.0 AppleWebKit/537.36 (KHTML, like Gecko; compatible; ClaudeBot/1.0; +claudebot@anthropic.com)"
216.73.216.145 - - [16/Jun/2025:01:09:01 +0200] "GET /component/search/?Itemid=194&format=opensearch HTTP/1.1" 200 445 "-" "Mozilla/5.0 AppleWebKit/537.36 (KHTML, like Gecko; compatible; ClaudeBot/1.0; +claudebot@anthropic.com)"
43.131.36.84 - - [16/Jun/2025:01:10:42 +0200] "GET / HTTP/1.1" 301 257 "-" "Mozilla/5.0 (iPhone; CPU iPhone OS 13_2_3 like Mac OS X) AppleWebKit/605.1.15 (KHTML, like Gecko) Version/13.0.3 Mobile/15E148 Safari/604.1"
43.131.36.84 - - [16/Jun/2025:01:10:42 +0200] "GET / HTTP/1.1" 200 9720 "http://locationbenne92-locationdebenne92.net" "Mozilla/5.0 (iPhone; CPU iPhone OS 13_2_3 like Mac OS X) AppleWebKit/605.1.15 (KHTML, like Gecko) Version/13.0.3 Mobile/15E148 Safari/604.1"
43.130.111.40 - - [16/Jun/2025:01:10:16 +0200] "GET /a/gennevilliers-92 HTTP/1.1" 200 9450 "-" "Mozilla/5.0 (iPhone; CPU iPhone OS 13_2_3 like Mac OS X) AppleWebKit/605.1.15 (KHTML, like Gecko) Version/13.0.3 Mobile/15E148 Safari/604.1"
216.73.216.145 - - [16/Jun/2025:01:10:49 +0200] "GET /component/search/?Itemid=196&format=opensearch HTTP/1.1" 200 446 "-" "Mozilla/5.0 AppleWebKit/537.36 (KHTML, like Gecko; compatible; ClaudeBot/1.0; +claudebot@anthropic.com)"
216.73.216.145 - - [16/Jun/2025:01:10:51 +0200] "GET /component/search/?Itemid=213&format=opensearch HTTP/1.1" 200 446 "-" "Mozilla/5.0 AppleWebKit/537.36 (KHTML, like Gecko; compatible; ClaudeBot/1.0; +claudebot@anthropic.com)"
216.73.216.145 - - [16/Jun/2025:01:10:52 +0200] "GET /component/search/?Itemid=158&format=opensearch HTTP/1.1" 200 446 "-" "Mozilla/5.0 AppleWebKit/537.36 (KHTML, like Gecko; compatible; ClaudeBot/1.0; +claudebot@anthropic.com)"
216.73.216.145 - - [16/Jun/2025:01:19:18 +0200] "GET /selection-web?format=feed&type=rss HTTP/1.1" 200 1030 "-" "Mozilla/5.0 AppleWebKit/537.36 (KHTML, like Gecko; compatible; ClaudeBot/1.0; +claudebot@anthropic.com)"
216.73.216.145 - - [16/Jun/2025:01:19:19 +0200] "GET /blog?format=feed&type=atom HTTP/1.1" 200 4809 "-" "Mozilla/5.0 AppleWebKit/537.36 (KHTML, like Gecko; compatible; ClaudeBot/1.0; +claudebot@anthropic.com)"
43.166.134.114 - - [16/Jun/2025:01:20:35 +0200] "GET /?option=com_search&searchword=commentaire HTTP/1.1" 200 5669 "-" "Mozilla/5.0 (iPhone; CPU iPhone OS 13_2_3 like Mac OS X) AppleWebKit/605.1.15 (KHTML, like Gecko) Version/13.0.3 Mobile/15E148 Safari/604.1"
216.73.216.145 - - [16/Jun/2025:01:22:17 +0200] "GET /a/bois-colombes-92/10-Location%20Benne%2092%20-92 HTTP/1.1" 200 14536 "-" "Mozilla/5.0 AppleWebKit/537.36 (KHTML, like Gecko; compatible; ClaudeBot/1.0; +claudebot@anthropic.com)"
216.73.216.145 - - [16/Jun/2025:01:22:17 +0200] "GET /a/levallois-perret-92?print=1&tmpl=component HTTP/1.1" 200 5380 "-" "Mozilla/5.0 AppleWebKit/537.36 (KHTML, like Gecko; compatible; ClaudeBot/1.0; +claudebot@anthropic.com)"
216.73.216.145 - - [16/Jun/2025:01:26:01 +0200] "GET /component/search/?searchword=informations&start=20 HTTP/1.1" 200 5445 "-" "Mozilla/5.0 AppleWebKit/537.36 (KHTML, like Gecko; compatible; ClaudeBot/1.0; +claudebot@anthropic.com)"
170.106.113.159 - - [16/Jun/2025:01:29:38 +0200] "GET /component/ninjarsssyndicator/?feed_id=1&format=raw HTTP/1.1" 200 2982 "-" "Mozilla/5.0 (iPhone; CPU iPhone OS 13_2_3 like Mac OS X) AppleWebKit/605.1.15 (KHTML, like Gecko) Version/13.0.3 Mobile/15E148 Safari/604.1"
43.165.65.180 - - [16/Jun/2025:01:40:23 +0200] "GET /a/chatillon-92 HTTP/1.1" 200 11220 "-" "Mozilla/5.0 (iPhone; CPU iPhone OS 13_2_3 like Mac OS X) AppleWebKit/605.1.15 (KHTML, like Gecko) Version/13.0.3 Mobile/15E148 Safari/604.1"
18.215.24.66 - - [16/Jun/2025:01:41:46 +0200] "GET /?amp;searchword=fontenay-aux-roses&option=com_search HTTP/1.1" 200 4515 "-" "Mozilla/5.0 AppleWebKit/537.36 (KHTML, like Gecko; compatible; Amazonbot/0.1; +https://developer.amazon.com/support/amazonbot) Chrome/119.0.6045.214 Safari/537.36"
216.244.66.249 - - [16/Jun/2025:01:48:22 +0200] "GET /robots.txt HTTP/1.1" 200 892 "-" "Mozilla/5.0 (compatible; DotBot/1.2; +https://opensiteexplorer.org/dotbot; help@moz.com)"
43.157.147.3 - - [16/Jun/2025:01:49:25 +0200] "GET / HTTP/1.1" 200 9725 "-" "Mozilla/5.0 (iPhone; CPU iPhone OS 13_2_3 like Mac OS X) AppleWebKit/605.1.15 (KHTML, like Gecko) Version/13.0.3 Mobile/15E148 Safari/604.1"
43.133.253.253 - - [16/Jun/2025:01:49:33 +0200] "GET /a/villeneuve-la-garenne-92 HTTP/1.1" 200 11239 "-" "Mozilla/5.0 (iPhone; CPU iPhone OS 13_2_3 like Mac OS X) AppleWebKit/605.1.15 (KHTML, like Gecko) Version/13.0.3 Mobile/15E148 Safari/604.1"
216.244.66.249 - - [16/Jun/2025:01:50:24 +0200] "GET /a/saint-cloud-92 HTTP/1.1" 200 40162 "-" "Mozilla/5.0 (compatible; DotBot/1.2; +https://opensiteexplorer.org/dotbot; help@moz.com)"
216.244.66.249 - - [16/Jun/2025:01:54:26 +0200] "GET /?option=com_search&searchword=courbevoie HTTP/1.1" 200 15558 "-" "Mozilla/5.0 (compatible; DotBot/1.2; +https://opensiteexplorer.org/dotbot; help@moz.com)"
170.106.180.246 - - [16/Jun/2025:01:59:04 +0200] "GET /a/chatenay-malabry-92 HTTP/1.1" 200 11238 "-" "Mozilla/5.0 (iPhone; CPU iPhone OS 13_2_3 like Mac OS X) AppleWebKit/605.1.15 (KHTML, like Gecko) Version/13.0.3 Mobile/15E148 Safari/604.1"
