170.106.35.153 - - [24/Jun/2025:07:56:30 +0200] "GET /?option=com_search&searchword=b\xc3\xa2timent HTTP/1.1" 200 4960 "-" "Mozilla/5.0 (iPhone; CPU iPhone OS 13_2_3 like Mac OS X) AppleWebKit/605.1.15 (KHTML, like Gecko) Version/13.0.3 Mobile/15E148 Safari/604.1"
43.135.133.194 - - [24/Jun/2025:08:07:28 +0200] "GET /?option=com_search&searchword=bureau HTTP/1.1" 200 5221 "-" "Mozilla/5.0 (iPhone; CPU iPhone OS 13_2_3 like Mac OS X) AppleWebKit/605.1.15 (KHTML, like Gecko) Version/13.0.3 Mobile/15E148 Safari/604.1"
43.159.140.236 - - [24/Jun/2025:08:17:02 +0200] "GET /selection-web/56-Carreleur HTTP/1.1" 200 5645 "-" "Mozilla/5.0 (iPhone; CPU iPhone OS 13_2_3 like Mac OS X) AppleWebKit/605.1.15 (KHTML, like Gecko) Version/13.0.3 Mobile/15E148 Safari/604.1"
5.102.173.71 - - [24/Jun/2025:08:23:20 +0200] "GET /robots.txt HTTP/1.1" 200 892 "-" "Mozilla/5.0 (compatible; MojeekBot/0.11; +https://www.mojeek.com/bot.html)"
5.102.173.71 - - [24/Jun/2025:08:23:20 +0200] "GET /a/courbevoie-92 HTTP/1.1" 200 11644 "-" "Mozilla/5.0 (compatible; MojeekBot/0.11; +https://www.mojeek.com/bot.html)"
43.159.139.164 - - [24/Jun/2025:08:27:03 +0200] "GET /component/search/?searchword=gestion&format=opensearch HTTP/1.1" 200 445 "-" "Mozilla/5.0 (iPhone; CPU iPhone OS 13_2_3 like Mac OS X) AppleWebKit/605.1.15 (KHTML, like Gecko) Version/13.0.3 Mobile/15E148 Safari/604.1"
87.250.224.236 - - [24/Jun/2025:08:37:43 +0200] "GET /robots.txt HTTP/1.1" 200 892 "-" "Mozilla/5.0 (compatible; YandexBot/3.0; +http://yandex.com/bots)"
5.255.231.91 - - [24/Jun/2025:08:37:43 +0200] "GET /a/bois-colombes-92 HTTP/1.1" 200 11847 "-" "Mozilla/5.0 (compatible; YandexBot/3.0; +http://yandex.com/bots)"
49.51.141.76 - - [24/Jun/2025:08:41:13 +0200] "GET /selection-web/60-Menuisier HTTP/1.1" 200 5649 "-" "Mozilla/5.0 (iPhone; CPU iPhone OS 13_2_3 like Mac OS X) AppleWebKit/605.1.15 (KHTML, like Gecko) Version/13.0.3 Mobile/15E148 Safari/604.1"
43.166.1.243 - - [24/Jun/2025:08:47:27 +0200] "GET /component/mailto/?tmpl=component&template=neutre&link=666830d09ff22a8d1a3c39c79149fc4dc7616f9e HTTP/1.1" 200 1519 "-" "Mozilla/5.0 (iPhone; CPU iPhone OS 13_2_3 like Mac OS X) AppleWebKit/605.1.15 (KHTML, like Gecko) Version/13.0.3 Mobile/15E148 Safari/604.1"
4.227.36.95 - - [24/Jun/2025:08:49:27 +0200] "GET /robots.txt HTTP/1.1" 200 892 "-" "Mozilla/5.0 AppleWebKit/537.36 (KHTML, like Gecko; compatible; GPTBot/1.2; +https://openai.com/gptbot)"
20.171.207.121 - - [24/Jun/2025:08:49:28 +0200] "GET /index.php?id=1&option=com_xmap&tmpl=component&view=xml HTTP/1.1" 200 1258 "-" "Mozilla/5.0 AppleWebKit/537.36 (KHTML, like Gecko; compatible; GPTBot/1.2; +https://openai.com/gptbot)"
185.191.171.2 - - [24/Jun/2025:08:55:52 +0200] "GET /robots.txt HTTP/1.1" 200 892 "-" "Mozilla/5.0 (compatible; SemrushBot/7~bl; +http://www.semrush.com/bot.html)"
85.208.96.201 - - [24/Jun/2025:08:55:52 +0200] "GET /a/bourg-la-reine-92/13-traitement/49-envoi-commentaire HTTP/1.1" 200 7315 "-" "Mozilla/5.0 (compatible; SemrushBot/7~bl; +http://www.semrush.com/bot.html)"
43.135.172.89 - - [24/Jun/2025:08:56:30 +0200] "GET /selection-web/55-Artisan%20du%20b%C3%A2timent HTTP/1.1" 200 5665 "-" "Mozilla/5.0 (iPhone; CPU iPhone OS 13_2_3 like Mac OS X) AppleWebKit/605.1.15 (KHTML, like Gecko) Version/13.0.3 Mobile/15E148 Safari/604.1"
170.106.160.90 - - [24/Jun/2025:09:07:13 +0200] "GET /informations-legales HTTP/1.1" 200 6416 "-" "Mozilla/5.0 (iPhone; CPU iPhone OS 13_2_3 like Mac OS X) AppleWebKit/605.1.15 (KHTML, like Gecko) Version/13.0.3 Mobile/15E148 Safari/604.1"
66.249.66.42 - - [24/Jun/2025:09:13:12 +0200] "GET /?option=com_search&%3Bsearchword=s%25C3%25A8vres HTTP/1.1" 200 4898 "-" "Mozilla/5.0 (Linux; Android 6.0.1; Nexus 5X Build/MMB29P) AppleWebKit/537.36 (KHTML, like Gecko) Chrome/137.0.7151.103 Mobile Safari/537.36 (compatible; Googlebot/2.1; +http://www.google.com/bot.html)"
43.153.54.138 - - [24/Jun/2025:09:17:22 +0200] "GET /component/ninjarsssyndicator/?feed_id=3&format=raw HTTP/1.1" 200 940 "-" "Mozilla/5.0 (iPhone; CPU iPhone OS 13_2_3 like Mac OS X) AppleWebKit/605.1.15 (KHTML, like Gecko) Version/13.0.3 Mobile/15E148 Safari/604.1"
66.249.66.193 - - [24/Jun/2025:09:21:17 +0200] "GET /?option=com_search&searchword=b%C3%A2timent HTTP/1.1" 301 314 "-" "Mozilla/5.0 (Linux; Android 6.0.1; Nexus 5X Build/MMB29P) AppleWebKit/537.36 (KHTML, like Gecko) Chrome/137.0.7151.103 Mobile Safari/537.36 (compatible; Googlebot/2.1; +http://www.google.com/bot.html)"
66.249.66.193 - - [24/Jun/2025:09:21:17 +0200] "GET /robots.txt HTTP/1.1" 301 267 "-" "Mozilla/5.0 (compatible; Googlebot/2.1; +http://www.google.com/bot.html)"
66.249.66.42 - - [24/Jun/2025:09:21:17 +0200] "GET /robots.txt HTTP/1.1" 200 892 "-" "Mozilla/5.0 (compatible; Googlebot/2.1; +http://www.google.com/bot.html)"
66.249.66.42 - - [24/Jun/2025:09:21:18 +0200] "GET /?option=com_search&%3Bsearchword=b%25C3%25A2timent HTTP/1.1" 200 4893 "-" "Mozilla/5.0 (Linux; Android 6.0.1; Nexus 5X Build/MMB29P) AppleWebKit/537.36 (KHTML, like Gecko) Chrome/137.0.7151.103 Mobile Safari/537.36 (compatible; Googlebot/2.1; +http://www.google.com/bot.html)"
66.249.66.41 - - [24/Jun/2025:09:21:21 +0200] "GET /plugins/system/jcemediabox/themes/light/popup.html HTTP/1.1" 200 1068 "http://www.locationbenne92-locationdebenne92.net/?option=com_search&%3Bsearchword=b%25C3%25A2timent" "Mozilla/5.0 (Linux; Android 6.0.1; Nexus 5X Build/MMB29P) AppleWebKit/537.36 (KHTML, like Gecko) Chrome/137.0.7151.68 Mobile Safari/537.36 (compatible; Googlebot/2.1; +http://www.google.com/bot.html)"
66.249.66.42 - - [24/Jun/2025:09:23:58 +0200] "GET /?option=com_search&%3Bsearchword=b%25C3%25A2timent HTTP/1.1" 200 4893 "-" "Mozilla/5.0 (Linux; Android 6.0.1; Nexus 5X Build/MMB29P) AppleWebKit/537.36 (KHTML, like Gecko) Chrome/137.0.7151.103 Mobile Safari/537.36 (compatible; Googlebot/2.1; +http://www.google.com/bot.html)"
51.68.111.215 - - [24/Jun/2025:09:24:09 +0200] "GET /robots.txt HTTP/1.1" 301 267 "-" "Mozilla/5.0 (compatible; MJ12bot/v2.0.2; http://mj12bot.com/)"
51.68.111.215 - - [24/Jun/2025:09:24:09 +0200] "GET /robots.txt HTTP/1.1" 200 892 "-" "Mozilla/5.0 (compatible; MJ12bot/v2.0.2; http://mj12bot.com/)"
51.68.111.215 - - [24/Jun/2025:09:24:09 +0200] "GET / HTTP/1.1" 301 257 "-" "Mozilla/5.0 (compatible; MJ12bot/v2.0.2; http://mj12bot.com/)"
217.113.194.147 - - [24/Jun/2025:09:24:09 +0200] "GET /robots.txt HTTP/1.1" 200 892 "-" "Mozilla/5.0 (compatible; Barkrowler/0.9; +https://babbar.tech/crawler)"
51.68.111.215 - - [24/Jun/2025:09:24:09 +0200] "GET / HTTP/1.1" 200 9728 "-" "Mozilla/5.0 (compatible; MJ12bot/v2.0.2; http://mj12bot.com/)"
217.113.194.148 - - [24/Jun/2025:09:24:24 +0200] "GET /14-home HTTP/1.1" 301 257 "-" "Mozilla/5.0 (compatible; Barkrowler/0.9; +https://babbar.tech/crawler)"
154.54.249.207 - - [24/Jun/2025:09:24:39 +0200] "GET /prestations?tmpl=component&print=1&page= HTTP/1.1" 200 1775 "-" "Mozilla/5.0 (compatible; Barkrowler/0.9; +https://babbar.tech/crawler)"
217.113.194.144 - - [24/Jun/2025:09:24:55 +0200] "GET /component/search/?Itemid=186&id=10&format=opensearch HTTP/1.1" 200 449 "-" "Mozilla/5.0 (compatible; Barkrowler/0.9; +https://babbar.tech/crawler)"
154.54.249.207 - - [24/Jun/2025:09:25:10 +0200] "GET /component/search/?Itemid=166&id=2&format=opensearch HTTP/1.1" 200 450 "-" "Mozilla/5.0 (compatible; Barkrowler/0.9; +https://babbar.tech/crawler)"
217.113.194.148 - - [24/Jun/2025:09:25:25 +0200] "GET /component/search/?searchword=d%C3%A9chets&format=opensearch HTTP/1.1" 200 444 "-" "Mozilla/5.0 (compatible; Barkrowler/0.9; +https://babbar.tech/crawler)"
217.113.194.150 - - [24/Jun/2025:09:25:40 +0200] "GET /component/search/?id=2:diverse&format=opensearch HTTP/1.1" 200 447 "-" "Mozilla/5.0 (compatible; Barkrowler/0.9; +https://babbar.tech/crawler)"
217.113.194.143 - - [24/Jun/2025:09:25:55 +0200] "GET /component/search/?id=13:traitement&format=opensearch HTTP/1.1" 200 449 "-" "Mozilla/5.0 (compatible; Barkrowler/0.9; +https://babbar.tech/crawler)"
43.133.220.37 - - [24/Jun/2025:09:25:59 +0200] "GET /component/search/?Itemid=183&catid=16&id=60&format=opensearch HTTP/1.1" 200 455 "-" "Mozilla/5.0 (iPhone; CPU iPhone OS 13_2_3 like Mac OS X) AppleWebKit/605.1.15 (KHTML, like Gecko) Version/13.0.3 Mobile/15E148 Safari/604.1"
217.113.194.147 - - [24/Jun/2025:09:26:10 +0200] "GET /component/search/?id=9:informations&format=opensearch HTTP/1.1" 200 447 "-" "Mozilla/5.0 (compatible; Barkrowler/0.9; +https://babbar.tech/crawler)"
154.54.249.207 - - [24/Jun/2025:09:26:26 +0200] "GET /a/issy-les-moulineaux-92?tmpl=component&print=1&page= HTTP/1.1" 200 5389 "-" "Mozilla/5.0 (compatible; Barkrowler/0.9; +https://babbar.tech/crawler)"
217.113.194.150 - - [24/Jun/2025:09:26:42 +0200] "GET /a/chatenay-malabry-92?tmpl=component&print=1&page= HTTP/1.1" 200 5401 "-" "Mozilla/5.0 (compatible; Barkrowler/0.9; +https://babbar.tech/crawler)"
217.113.194.151 - - [24/Jun/2025:09:26:57 +0200] "GET /component/search/?searchword=s%C3%A8vres&format=opensearch HTTP/1.1" 200 447 "-" "Mozilla/5.0 (compatible; Barkrowler/0.9; +https://babbar.tech/crawler)"
217.113.194.142 - - [24/Jun/2025:09:27:12 +0200] "GET /component/search/?searchword=vaucresson&format=opensearch HTTP/1.1" 200 448 "-" "Mozilla/5.0 (compatible; Barkrowler/0.9; +https://babbar.tech/crawler)"
217.113.194.145 - - [24/Jun/2025:09:27:27 +0200] "GET /component/search/?searchword=fontenay-aux-roses&format=opensearch HTTP/1.1" 200 453 "-" "Mozilla/5.0 (compatible; Barkrowler/0.9; +https://babbar.tech/crawler)"
217.113.194.143 - - [24/Jun/2025:09:27:43 +0200] "GET /component/search/?searchword=rueil-malmaison&format=opensearch HTTP/1.1" 200 451 "-" "Mozilla/5.0 (compatible; Barkrowler/0.9; +https://babbar.tech/crawler)"
217.113.194.149 - - [24/Jun/2025:09:27:58 +0200] "GET /component/search/?Itemid=182&catid=15&id=70&format=opensearch HTTP/1.1" 200 454 "-" "Mozilla/5.0 (compatible; Barkrowler/0.9; +https://babbar.tech/crawler)"
217.113.194.144 - - [24/Jun/2025:09:28:13 +0200] "GET /component/search/?Itemid=182&catid=15&id=71&format=opensearch HTTP/1.1" 200 455 "-" "Mozilla/5.0 (compatible; Barkrowler/0.9; +https://babbar.tech/crawler)"
154.54.249.207 - - [24/Jun/2025:09:28:28 +0200] "GET /component/search/?Itemid=214&catid=13&id=49&format=opensearch HTTP/1.1" 200 456 "-" "Mozilla/5.0 (compatible; Barkrowler/0.9; +https://babbar.tech/crawler)"
217.113.194.148 - - [24/Jun/2025:09:28:43 +0200] "GET /component/search/?Itemid=196&catid=13&id=49&format=opensearch HTTP/1.1" 200 455 "-" "Mozilla/5.0 (compatible; Barkrowler/0.9; +https://babbar.tech/crawler)"
217.113.194.147 - - [24/Jun/2025:09:28:59 +0200] "GET /component/search/?Itemid=183&catid=16&id=55&format=opensearch HTTP/1.1" 200 456 "-" "Mozilla/5.0 (compatible; Barkrowler/0.9; +https://babbar.tech/crawler)"
217.113.194.148 - - [24/Jun/2025:09:29:14 +0200] "GET /component/search/?Itemid=183&catid=16&id=60&format=opensearch HTTP/1.1" 200 455 "-" "Mozilla/5.0 (compatible; Barkrowler/0.9; +https://babbar.tech/crawler)"
66.249.66.194 - - [24/Jun/2025:09:29:21 +0200] "GET /?option=com_search&searchword=clichy HTTP/1.1" 301 303 "-" "Mozilla/5.0 (Linux; Android 6.0.1; Nexus 5X Build/MMB29P) AppleWebKit/537.36 (KHTML, like Gecko) Chrome/137.0.7151.103 Mobile Safari/537.36 (compatible; Googlebot/2.1; +http://www.google.com/bot.html)"
66.249.66.41 - - [24/Jun/2025:09:29:22 +0200] "GET /?option=com_search&%3Bsearchword=clichy HTTP/1.1" 200 4900 "-" "Mozilla/5.0 (Linux; Android 6.0.1; Nexus 5X Build/MMB29P) AppleWebKit/537.36 (KHTML, like Gecko) Chrome/137.0.7151.103 Mobile Safari/537.36 (compatible; Googlebot/2.1; +http://www.google.com/bot.html)"
217.113.194.148 - - [24/Jun/2025:09:29:29 +0200] "GET /component/search/?Itemid=183&catid=16&id=61&format=opensearch HTTP/1.1" 200 456 "-" "Mozilla/5.0 (compatible; Barkrowler/0.9; +https://babbar.tech/crawler)"
217.113.194.142 - - [24/Jun/2025:09:29:44 +0200] "GET /component/search/?Itemid=183&catid=16&id=53&format=opensearch HTTP/1.1" 200 455 "-" "Mozilla/5.0 (compatible; Barkrowler/0.9; +https://babbar.tech/crawler)"
217.113.194.249 - - [24/Jun/2025:09:29:59 +0200] "GET /component/search/?Itemid=183&catid=16&id=58&format=opensearch HTTP/1.1" 200 456 "-" "Mozilla/5.0 (compatible; Barkrowler/0.9; +https://babbar.tech/crawler)"
217.113.194.142 - - [24/Jun/2025:09:30:15 +0200] "GET /component/search/?Itemid=197&catid=13&id=49&format=opensearch HTTP/1.1" 200 456 "-" "Mozilla/5.0 (compatible; Barkrowler/0.9; +https://babbar.tech/crawler)"
217.113.194.145 - - [24/Jun/2025:09:30:31 +0200] "GET /component/search/?Itemid=189&catid=13&id=49&format=opensearch HTTP/1.1" 200 454 "-" "Mozilla/5.0 (compatible; Barkrowler/0.9; +https://babbar.tech/crawler)"
217.113.194.145 - - [24/Jun/2025:09:30:46 +0200] "GET /component/search/?Itemid=199&catid=13&id=49&format=opensearch HTTP/1.1" 200 454 "-" "Mozilla/5.0 (compatible; Barkrowler/0.9; +https://babbar.tech/crawler)"
217.113.194.147 - - [24/Jun/2025:09:31:01 +0200] "GET /?option=com_search&searchword=fontenay-aux-roses HTTP/1.1" 200 4834 "-" "Mozilla/5.0 (compatible; Barkrowler/0.9; +https://babbar.tech/crawler)"
217.113.194.249 - - [24/Jun/2025:09:31:16 +0200] "GET /?option=com_search&searchword=d%C3%A9m%C3%A9nageur HTTP/1.1" 200 4741 "-" "Mozilla/5.0 (compatible; Barkrowler/0.9; +https://babbar.tech/crawler)"
217.113.194.150 - - [24/Jun/2025:09:31:32 +0200] "GET /component/ninjarsssyndicator/?feed_id=2&format=raw HTTP/1.1" 200 10692 "-" "Mozilla/5.0 (compatible; Barkrowler/0.9; +https://babbar.tech/crawler)"
217.113.194.249 - - [24/Jun/2025:09:31:47 +0200] "GET /component/ninjarsssyndicator/?feed_id=1&format=raw HTTP/1.1" 200 2982 "-" "Mozilla/5.0 (compatible; Barkrowler/0.9; +https://babbar.tech/crawler)"
217.113.194.149 - - [24/Jun/2025:09:32:02 +0200] "GET /component/ninjarsssyndicator/?feed_id=3&format=raw HTTP/1.1" 200 940 "-" "Mozilla/5.0 (compatible; Barkrowler/0.9; +https://babbar.tech/crawler)"
217.113.194.149 - - [24/Jun/2025:09:32:17 +0200] "GET /component/search/?searchword=levallois-perret&format=opensearch HTTP/1.1" 200 451 "-" "Mozilla/5.0 (compatible; Barkrowler/0.9; +https://babbar.tech/crawler)"
217.113.194.146 - - [24/Jun/2025:09:32:32 +0200] "GET /a/clamart-92/10-Location%20Benne%2092%20-92 HTTP/1.1" 200 11926 "-" "Mozilla/5.0 (compatible; Barkrowler/0.9; +https://babbar.tech/crawler)"
217.113.194.249 - - [24/Jun/2025:09:32:49 +0200] "GET /a/suresnes-92/13-traitement/49-envoi-commentaire HTTP/1.1" 200 5543 "-" "Mozilla/5.0 (compatible; Barkrowler/0.9; +https://babbar.tech/crawler)"
154.54.249.207 - - [24/Jun/2025:09:33:04 +0200] "GET /a/sceaux-92/10-Location%20Benne%2092%20-92 HTTP/1.1" 200 13816 "-" "Mozilla/5.0 (compatible; Barkrowler/0.9; +https://babbar.tech/crawler)"
217.113.194.147 - - [24/Jun/2025:09:33:20 +0200] "GET /a/meudon-92/10-Location%20Benne%2092%20-92 HTTP/1.1" 200 11926 "-" "Mozilla/5.0 (compatible; Barkrowler/0.9; +https://babbar.tech/crawler)"
217.113.194.142 - - [24/Jun/2025:09:33:36 +0200] "GET /component/search/?searchword=villeneuve-la-garenne&format=opensearch HTTP/1.1" 200 453 "-" "Mozilla/5.0 (compatible; Barkrowler/0.9; +https://babbar.tech/crawler)"
217.113.194.144 - - [24/Jun/2025:09:33:51 +0200] "GET /component/search/?searchword=commentaire&limitstart=0&format=opensearch HTTP/1.1" 200 456 "-" "Mozilla/5.0 (compatible; Barkrowler/0.9; +https://babbar.tech/crawler)"
217.113.194.146 - - [24/Jun/2025:09:34:07 +0200] "GET /component/search/?id=49:envoi-commentaire&format=opensearch HTTP/1.1" 200 453 "-" "Mozilla/5.0 (compatible; Barkrowler/0.9; +https://babbar.tech/crawler)"
217.113.194.147 - - [24/Jun/2025:09:34:22 +0200] "GET /?option=com_search&searchword=villeneuve-la-garenne HTTP/1.1" 200 4539 "-" "Mozilla/5.0 (compatible; Barkrowler/0.9; +https://babbar.tech/crawler)"
217.113.194.147 - - [24/Jun/2025:09:34:37 +0200] "GET /?option=com_search&searchword=asni%C3%A8res-sur-seine HTTP/1.1" 200 4841 "-" "Mozilla/5.0 (compatible; Barkrowler/0.9; +https://babbar.tech/crawler)"
217.113.194.249 - - [24/Jun/2025:09:34:52 +0200] "GET /a/chatillon-92/10-Location%20Benne%2092%20-92 HTTP/1.1" 200 13815 "-" "Mozilla/5.0 (compatible; Barkrowler/0.9; +https://babbar.tech/crawler)"
217.113.194.145 - - [24/Jun/2025:09:35:10 +0200] "GET /component/search/?searchword=d%C3%A9chets&limitstart=0&format=opensearch HTTP/1.1" 200 452 "-" "Mozilla/5.0 (compatible; Barkrowler/0.9; +https://babbar.tech/crawler)"
217.113.194.151 - - [24/Jun/2025:09:35:25 +0200] "GET /selection-web/60-Menuisier?tmpl=component&print=1&layout=default&page= HTTP/1.1" 200 1429 "-" "Mozilla/5.0 (compatible; Barkrowler/0.9; +https://babbar.tech/crawler)"
217.113.194.148 - - [24/Jun/2025:09:35:41 +0200] "GET /a/malakoff-92/10-Location%20Benne%2092%20-92 HTTP/1.1" 200 13804 "-" "Mozilla/5.0 (compatible; Barkrowler/0.9; +https://babbar.tech/crawler)"
217.113.194.144 - - [24/Jun/2025:09:35:57 +0200] "GET /a/courbevoie-92/10-Location%20Benne%2092%20-92 HTTP/1.1" 200 14323 "-" "Mozilla/5.0 (compatible; Barkrowler/0.9; +https://babbar.tech/crawler)"
43.157.170.126 - - [24/Jun/2025:09:36:12 +0200] "GET /selection-web/60-Menuisier?tmpl=component&print=1&layout=default&page= HTTP/1.1" 200 1429 "-" "Mozilla/5.0 (iPhone; CPU iPhone OS 13_2_3 like Mac OS X) AppleWebKit/605.1.15 (KHTML, like Gecko) Version/13.0.3 Mobile/15E148 Safari/604.1"
217.113.194.142 - - [24/Jun/2025:09:36:13 +0200] "GET /a/chatenay-malabry-92/10-Location%20Benne%2092%20-92 HTTP/1.1" 200 13823 "-" "Mozilla/5.0 (compatible; Barkrowler/0.9; +https://babbar.tech/crawler)"
154.54.249.207 - - [24/Jun/2025:09:36:29 +0200] "GET /a/fontenay-aux-roses-92/10-Location%20Benne%2092%20-92 HTTP/1.1" 200 13823 "-" "Mozilla/5.0 (compatible; Barkrowler/0.9; +https://babbar.tech/crawler)"
217.113.194.249 - - [24/Jun/2025:09:36:45 +0200] "GET /component/search/?id=10:Location%20Benne%2092%20-92&format=opensearch HTTP/1.1" 200 448 "-" "Mozilla/5.0 (compatible; Barkrowler/0.9; +https://babbar.tech/crawler)"
217.113.194.249 - - [24/Jun/2025:09:37:00 +0200] "GET /blog/70-solution-nettoyage-gestion-dechets-bureau?tmpl=component&print=1&layout=default&page= HTTP/1.1" 200 2988 "-" "Mozilla/5.0 (compatible; Barkrowler/0.9; +https://babbar.tech/crawler)"
217.113.194.249 - - [24/Jun/2025:09:37:15 +0200] "GET /a/suresnes-92/13-traitement/49-envoi-commentaire?tmpl=component&print=1&page= HTTP/1.1" 200 1250 "-" "Mozilla/5.0 (compatible; Barkrowler/0.9; +https://babbar.tech/crawler)"
66.249.66.42 - - [24/Jun/2025:09:37:26 +0200] "GET /?option=com_search&%3Bsearchword=clichy HTTP/1.1" 200 4836 "-" "Mozilla/5.0 (Linux; Android 6.0.1; Nexus 5X Build/MMB29P) AppleWebKit/537.36 (KHTML, like Gecko) Chrome/137.0.7151.103 Mobile Safari/537.36 (compatible; Googlebot/2.1; +http://www.google.com/bot.html)"
217.113.194.151 - - [24/Jun/2025:09:37:31 +0200] "GET /selection-web/61-Organisme%20de%20formation%20professionnelle?tmpl=component&print=1&layout=default&page= HTTP/1.1" 200 1463 "-" "Mozilla/5.0 (compatible; Barkrowler/0.9; +https://babbar.tech/crawler)"
217.113.194.143 - - [24/Jun/2025:09:37:46 +0200] "GET /a/rueil-malmaison-92/13-traitement/49-envoi-commentaire?tmpl=component&print=1&page= HTTP/1.1" 200 1256 "-" "Mozilla/5.0 (compatible; Barkrowler/0.9; +https://babbar.tech/crawler)"
49.51.183.15 - - [24/Jun/2025:09:47:16 +0200] "GET /component/mailto/ HTTP/1.1" 403 1493 "-" "Mozilla/5.0 (iPhone; CPU iPhone OS 13_2_3 like Mac OS X) AppleWebKit/605.1.15 (KHTML, like Gecko) Version/13.0.3 Mobile/15E148 Safari/604.1"
66.249.66.42 - - [24/Jun/2025:09:48:12 +0200] "GET /?option=com_search&searchword=location HTTP/1.1" 200 5914 "-" "Mozilla/5.0 (Linux; Android 6.0.1; Nexus 5X Build/MMB29P) AppleWebKit/537.36 (KHTML, like Gecko) Chrome/137.0.7151.103 Mobile Safari/537.36 (compatible; Googlebot/2.1; +http://www.google.com/bot.html)"
216.244.66.249 - - [24/Jun/2025:09:55:21 +0200] "GET /robots.txt HTTP/1.1" 200 892 "-" "Mozilla/5.0 (compatible; DotBot/1.2; +https://opensiteexplorer.org/dotbot; help@moz.com)"
43.173.1.57 - - [24/Jun/2025:09:55:51 +0200] "GET /component/search/?Itemid=183&catid=16&id=55&format=opensearch HTTP/1.1" 200 456 "-" "Mozilla/5.0 (iPhone; CPU iPhone OS 13_2_3 like Mac OS X) AppleWebKit/605.1.15 (KHTML, like Gecko) Version/13.0.3 Mobile/15E148 Safari/604.1"
66.249.66.42 - - [24/Jun/2025:10:07:03 +0200] "GET /a/ville-d-avray-92 HTTP/1.1" 200 11246 "-" "Mozilla/5.0 (Linux; Android 6.0.1; Nexus 5X Build/MMB29P) AppleWebKit/537.36 (KHTML, like Gecko) Chrome/137.0.7151.103 Mobile Safari/537.36 (compatible; Googlebot/2.1; +http://www.google.com/bot.html)"
3.145.209.60 - - [24/Jun/2025:10:07:27 +0200] "GET / HTTP/1.1" 301 257 "-" "Mozilla/5.0 (Macintosh; Intel Mac OS X 10_15_7) AppleWebKit/537.36 (KHTML, like Gecko) Chrome/121.0.0.0 Safari/537.36"
3.145.209.60 - - [24/Jun/2025:10:07:27 +0200] "GET / HTTP/1.1" 200 9738 "-" "Mozilla/5.0 (Macintosh; Intel Mac OS X 10_15_7) AppleWebKit/537.36 (KHTML, like Gecko) Chrome/121.0.0.0 Safari/537.36"
3.145.209.60 - - [24/Jun/2025:10:07:28 +0200] "GET / HTTP/1.1" 200 9688 "-" "Mozilla/5.0 (Macintosh; Intel Mac OS X 10_15_7) AppleWebKit/537.36 (KHTML, like Gecko) Chrome/121.0.0.0 Safari/537.36"
3.145.209.60 - - [24/Jun/2025:10:07:28 +0200] "GET / HTTP/1.1" 200 9688 "-" "Mozilla/5.0 (Macintosh; Intel Mac OS X 10_15_7) AppleWebKit/537.36 (KHTML, like Gecko) Chrome/121.0.0.0 Safari/537.36"
3.145.209.60 - - [24/Jun/2025:10:07:29 +0200] "GET /media/plg_jchoptimize/assets/gz/30/0/37aa39f3ca940ca374f4d119f9156a56.css HTTP/1.1" 200 13288 "http://www.locationbenne92-locationdebenne92.net/" "Mozilla/5.0 (Macintosh; Intel Mac OS X 10_15_7) AppleWebKit/537.36 (KHTML, like Gecko) Chrome/121.0.0.0 Safari/537.36"
3.145.209.60 - - [24/Jun/2025:10:07:29 +0200] "GET /media/system/css/system.css HTTP/1.1" 200 1446 "http://www.locationbenne92-locationdebenne92.net/media/plg_jchoptimize/assets/gz/30/0/37aa39f3ca940ca374f4d119f9156a56.css" "Mozilla/5.0 (Macintosh; Intel Mac OS X 10_15_7) AppleWebKit/537.36 (KHTML, like Gecko) Chrome/121.0.0.0 Safari/537.36"
3.145.209.60 - - [24/Jun/2025:10:07:29 +0200] "GET /media/plg_jchoptimize/assets/gz/30/3/dd77b53074cbbe2e9df81e5adb5af3fc.js HTTP/1.1" 200 2453 "http://www.locationbenne92-locationdebenne92.net/" "Mozilla/5.0 (Macintosh; Intel Mac OS X 10_15_7) AppleWebKit/537.36 (KHTML, like Gecko) Chrome/121.0.0.0 Safari/537.36"
3.145.209.60 - - [24/Jun/2025:10:07:29 +0200] "GET /media/plg_jchoptimize/assets/gz/30/2/dd77b53074cbbe2e9df81e5adb5af3fc.js HTTP/1.1" 200 8122 "http://www.locationbenne92-locationdebenne92.net/" "Mozilla/5.0 (Macintosh; Intel Mac OS X 10_15_7) AppleWebKit/537.36 (KHTML, like Gecko) Chrome/121.0.0.0 Safari/537.36"
3.145.209.60 - - [24/Jun/2025:10:07:29 +0200] "GET /media/plg_jchoptimize/assets/gz/30/1/dd77b53074cbbe2e9df81e5adb5af3fc.js HTTP/1.1" 200 34284 "http://www.locationbenne92-locationdebenne92.net/" "Mozilla/5.0 (Macintosh; Intel Mac OS X 10_15_7) AppleWebKit/537.36 (KHTML, like Gecko) Chrome/121.0.0.0 Safari/537.36"
3.145.209.60 - - [24/Jun/2025:10:07:29 +0200] "GET /qrcode/qrcode.js HTTP/1.1" 200 32907 "http://www.locationbenne92-locationdebenne92.net/" "Mozilla/5.0 (Macintosh; Intel Mac OS X 10_15_7) AppleWebKit/537.36 (KHTML, like Gecko) Chrome/121.0.0.0 Safari/537.36"
3.145.209.60 - - [24/Jun/2025:10:07:29 +0200] "GET /media/plg_jchoptimize/assets/gz/30/0/dd77b53074cbbe2e9df81e5adb5af3fc.js HTTP/1.1" 200 122184 "http://www.locationbenne92-locationdebenne92.net/" "Mozilla/5.0 (Macintosh; Intel Mac OS X 10_15_7) AppleWebKit/537.36 (KHTML, like Gecko) Chrome/121.0.0.0 Safari/537.36"
3.145.209.60 - - [24/Jun/2025:10:07:30 +0200] "GET /plugins/system/jcemediabox/themes/light/popup.html HTTP/1.1" 200 1068 "http://www.locationbenne92-locationdebenne92.net/" "Mozilla/5.0 (Macintosh; Intel Mac OS X 10_15_7) AppleWebKit/537.36 (KHTML, like Gecko) Chrome/121.0.0.0 Safari/537.36"
3.145.209.60 - - [24/Jun/2025:10:07:30 +0200] "GET /plugins/system/jcemediabox/themes/light/tooltip.html HTTP/1.1" 200 930 "http://www.locationbenne92-locationdebenne92.net/" "Mozilla/5.0 (Macintosh; Intel Mac OS X 10_15_7) AppleWebKit/537.36 (KHTML, like Gecko) Chrome/121.0.0.0 Safari/537.36"
66.249.66.40 - - [24/Jun/2025:10:07:32 +0200] "GET /media/system/css/system.css HTTP/1.1" 200 1446 "http://www.locationbenne92-locationdebenne92.net/media/plg_jchoptimize/assets/gz/30/0/ee6c1a6404510a4037727a5aef47a4b5.css" "Mozilla/5.0 (Linux; Android 6.0.1; Nexus 5X Build/MMB29P) AppleWebKit/537.36 (KHTML, like Gecko) Chrome/137.0.7151.68 Mobile Safari/537.36 (compatible; Googlebot/2.1; +http://www.google.com/bot.html)"
3.145.209.60 - - [24/Jun/2025:10:07:32 +0200] "GET /favicon.ico HTTP/1.1" 404 1490 "http://www.locationbenne92-locationdebenne92.net" "Mozilla/5.0 (Macintosh; Intel Mac OS X 10_15_7) AppleWebKit/537.36 (KHTML, like Gecko) Chrome/121.0.0.0 Safari/537.36"
3.145.209.60 - - [24/Jun/2025:10:07:32 +0200] "GET /robots.txt HTTP/1.1" 200 892 "-" "python-requests/2.31.0"
66.249.66.40 - - [24/Jun/2025:10:07:32 +0200] "GET /floatbox/modules/resizeHandler.js HTTP/1.1" 404 1499 "http://www.locationbenne92-locationdebenne92.net/a/ville-d-avray-92" "Mozilla/5.0 (Linux; Android 6.0.1; Nexus 5X Build/MMB29P) AppleWebKit/537.36 (KHTML, like Gecko) Chrome/137.0.7151.68 Mobile Safari/537.36 (compatible; Googlebot/2.1; +http://www.google.com/bot.html)"
66.249.66.40 - - [24/Jun/2025:10:07:33 +0200] "GET /floatbox/modules/core.js HTTP/1.1" 404 1499 "http://www.locationbenne92-locationdebenne92.net/a/ville-d-avray-92" "Mozilla/5.0 (Linux; Android 6.0.1; Nexus 5X Build/MMB29P) AppleWebKit/537.36 (KHTML, like Gecko) Chrome/137.0.7151.68 Mobile Safari/537.36 (compatible; Googlebot/2.1; +http://www.google.com/bot.html)"
66.249.66.41 - - [24/Jun/2025:10:07:33 +0200] "GET /floatbox/licenseKey.js HTTP/1.1" 404 1499 "http://www.locationbenne92-locationdebenne92.net/a/ville-d-avray-92" "Mozilla/5.0 (Linux; Android 6.0.1; Nexus 5X Build/MMB29P) AppleWebKit/537.36 (KHTML, like Gecko) Chrome/137.0.7151.68 Mobile Safari/537.36 (compatible; Googlebot/2.1; +http://www.google.com/bot.html)"
66.249.66.40 - - [24/Jun/2025:10:07:34 +0200] "GET /floatbox/modules/keydownHandler.js HTTP/1.1" 404 1499 "http://www.locationbenne92-locationdebenne92.net/a/ville-d-avray-92" "Mozilla/5.0 (Linux; Android 6.0.1; Nexus 5X Build/MMB29P) AppleWebKit/537.36 (KHTML, like Gecko) Chrome/137.0.7151.68 Mobile Safari/537.36 (compatible; Googlebot/2.1; +http://www.google.com/bot.html)"
3.145.209.60 - - [24/Jun/2025:10:07:34 +0200] "GET /blog HTTP/1.1" 200 9326 "-" "Mozilla/5.0 (Macintosh; Intel Mac OS X 10_15_7) AppleWebKit/537.36 (KHTML, like Gecko) Chrome/121.0.0.0 Safari/537.36"
3.145.209.60 - - [24/Jun/2025:10:07:34 +0200] "GET /media/plg_jchoptimize/assets/gz/30/0/37aa39f3ca940ca374f4d119f9156a56.css HTTP/1.1" 200 13288 "http://www.locationbenne92-locationdebenne92.net/blog" "Mozilla/5.0 (Macintosh; Intel Mac OS X 10_15_7) AppleWebKit/537.36 (KHTML, like Gecko) Chrome/121.0.0.0 Safari/537.36"
3.145.209.60 - - [24/Jun/2025:10:07:35 +0200] "GET /media/system/css/system.css HTTP/1.1" 200 1446 "http://www.locationbenne92-locationdebenne92.net/media/plg_jchoptimize/assets/gz/30/0/37aa39f3ca940ca374f4d119f9156a56.css" "Mozilla/5.0 (Macintosh; Intel Mac OS X 10_15_7) AppleWebKit/537.36 (KHTML, like Gecko) Chrome/121.0.0.0 Safari/537.36"
3.145.209.60 - - [24/Jun/2025:10:07:35 +0200] "GET /media/plg_jchoptimize/assets/gz/30/3/83e0c297103feb7352e9d6f2e63c7d81.js HTTP/1.1" 200 2453 "http://www.locationbenne92-locationdebenne92.net/blog" "Mozilla/5.0 (Macintosh; Intel Mac OS X 10_15_7) AppleWebKit/537.36 (KHTML, like Gecko) Chrome/121.0.0.0 Safari/537.36"
3.145.209.60 - - [24/Jun/2025:10:07:35 +0200] "GET /media/plg_jchoptimize/assets/gz/30/2/83e0c297103feb7352e9d6f2e63c7d81.js HTTP/1.1" 200 8122 "http://www.locationbenne92-locationdebenne92.net/blog" "Mozilla/5.0 (Macintosh; Intel Mac OS X 10_15_7) AppleWebKit/537.36 (KHTML, like Gecko) Chrome/121.0.0.0 Safari/537.36"
3.145.209.60 - - [24/Jun/2025:10:07:35 +0200] "GET /media/plg_jchoptimize/assets/gz/30/1/83e0c297103feb7352e9d6f2e63c7d81.js HTTP/1.1" 200 34284 "http://www.locationbenne92-locationdebenne92.net/blog" "Mozilla/5.0 (Macintosh; Intel Mac OS X 10_15_7) AppleWebKit/537.36 (KHTML, like Gecko) Chrome/121.0.0.0 Safari/537.36"
66.249.66.40 - - [24/Jun/2025:10:07:34 +0200] "GET /floatbox/modules/keydownHandler.js HTTP/1.1" 404 1499 "http://www.locationbenne92-locationdebenne92.net/a/ville-d-avray-92" "Mozilla/5.0 (Linux; Android 6.0.1; Nexus 5X Build/MMB29P) AppleWebKit/537.36 (KHTML, like Gecko) Chrome/137.0.7151.68 Mobile Safari/537.36 (compatible; Googlebot/2.1; +http://www.google.com/bot.html)"
3.145.209.60 - - [24/Jun/2025:10:07:35 +0200] "GET /qrcode/qrcode.js HTTP/1.1" 200 32907 "http://www.locationbenne92-locationdebenne92.net/blog" "Mozilla/5.0 (Macintosh; Intel Mac OS X 10_15_7) AppleWebKit/537.36 (KHTML, like Gecko) Chrome/121.0.0.0 Safari/537.36"
3.145.209.60 - - [24/Jun/2025:10:07:35 +0200] "GET /media/plg_jchoptimize/assets/gz/30/0/83e0c297103feb7352e9d6f2e63c7d81.js HTTP/1.1" 200 122704 "http://www.locationbenne92-locationdebenne92.net/blog" "Mozilla/5.0 (Macintosh; Intel Mac OS X 10_15_7) AppleWebKit/537.36 (KHTML, like Gecko) Chrome/121.0.0.0 Safari/537.36"
3.145.209.60 - - [24/Jun/2025:10:07:36 +0200] "GET /plugins/system/jcemediabox/themes/light/popup.html HTTP/1.1" 200 1068 "http://www.locationbenne92-locationdebenne92.net/blog" "Mozilla/5.0 (Macintosh; Intel Mac OS X 10_15_7) AppleWebKit/537.36 (KHTML, like Gecko) Chrome/121.0.0.0 Safari/537.36"
3.145.209.60 - - [24/Jun/2025:10:07:36 +0200] "GET /plugins/system/jcemediabox/themes/light/tooltip.html HTTP/1.1" 200 930 "http://www.locationbenne92-locationdebenne92.net/blog" "Mozilla/5.0 (Macintosh; Intel Mac OS X 10_15_7) AppleWebKit/537.36 (KHTML, like Gecko) Chrome/121.0.0.0 Safari/537.36"
3.145.209.60 - - [24/Jun/2025:10:07:37 +0200] "GET /contactez-nous HTTP/1.1" 200 6151 "-" "Mozilla/5.0 (Macintosh; Intel Mac OS X 10_15_7) AppleWebKit/537.36 (KHTML, like Gecko) Chrome/121.0.0.0 Safari/537.36"
3.145.209.60 - - [24/Jun/2025:10:07:38 +0200] "GET /media/plg_jchoptimize/assets/gz/30/0/8191199f5bd52c3454aff3705a5fe331.css HTTP/1.1" 200 14709 "http://www.locationbenne92-locationdebenne92.net/contactez-nous" "Mozilla/5.0 (Macintosh; Intel Mac OS X 10_15_7) AppleWebKit/537.36 (KHTML, like Gecko) Chrome/121.0.0.0 Safari/537.36"
3.145.209.60 - - [24/Jun/2025:10:07:38 +0200] "GET /media/system/css/system.css HTTP/1.1" 200 1446 "http://www.locationbenne92-locationdebenne92.net/media/plg_jchoptimize/assets/gz/30/0/8191199f5bd52c3454aff3705a5fe331.css" "Mozilla/5.0 (Macintosh; Intel Mac OS X 10_15_7) AppleWebKit/537.36 (KHTML, like Gecko) Chrome/121.0.0.0 Safari/537.36"
3.145.209.60 - - [24/Jun/2025:10:07:38 +0200] "GET /media/plg_jchoptimize/assets/gz/30/3/646563b5f39c45955c8ea180ad8d1657.js HTTP/1.1" 200 2453 "http://www.locationbenne92-locationdebenne92.net/contactez-nous" "Mozilla/5.0 (Macintosh; Intel Mac OS X 10_15_7) AppleWebKit/537.36 (KHTML, like Gecko) Chrome/121.0.0.0 Safari/537.36"
3.145.209.60 - - [24/Jun/2025:10:07:38 +0200] "GET /media/plg_jchoptimize/assets/gz/30/2/646563b5f39c45955c8ea180ad8d1657.js HTTP/1.1" 200 8122 "http://www.locationbenne92-locationdebenne92.net/contactez-nous" "Mozilla/5.0 (Macintosh; Intel Mac OS X 10_15_7) AppleWebKit/537.36 (KHTML, like Gecko) Chrome/121.0.0.0 Safari/537.36"
3.145.209.60 - - [24/Jun/2025:10:07:38 +0200] "GET /media/plg_jchoptimize/assets/gz/30/1/646563b5f39c45955c8ea180ad8d1657.js HTTP/1.1" 200 34284 "http://www.locationbenne92-locationdebenne92.net/contactez-nous" "Mozilla/5.0 (Macintosh; Intel Mac OS X 10_15_7) AppleWebKit/537.36 (KHTML, like Gecko) Chrome/121.0.0.0 Safari/537.36"
3.145.209.60 - - [24/Jun/2025:10:07:38 +0200] "GET /qrcode/qrcode.js HTTP/1.1" 200 32907 "http://www.locationbenne92-locationdebenne92.net/contactez-nous" "Mozilla/5.0 (Macintosh; Intel Mac OS X 10_15_7) AppleWebKit/537.36 (KHTML, like Gecko) Chrome/121.0.0.0 Safari/537.36"
3.145.209.60 - - [24/Jun/2025:10:07:38 +0200] "GET /media/plg_jchoptimize/assets/gz/30/0/646563b5f39c45955c8ea180ad8d1657.js HTTP/1.1" 200 131135 "http://www.locationbenne92-locationdebenne92.net/contactez-nous" "Mozilla/5.0 (Macintosh; Intel Mac OS X 10_15_7) AppleWebKit/537.36 (KHTML, like Gecko) Chrome/121.0.0.0 Safari/537.36"
3.145.209.60 - - [24/Jun/2025:10:07:39 +0200] "GET /plugins/system/jcemediabox/themes/light/popup.html HTTP/1.1" 200 1068 "http://www.locationbenne92-locationdebenne92.net/contactez-nous" "Mozilla/5.0 (Macintosh; Intel Mac OS X 10_15_7) AppleWebKit/537.36 (KHTML, like Gecko) Chrome/121.0.0.0 Safari/537.36"
3.145.209.60 - - [24/Jun/2025:10:07:39 +0200] "GET /plugins/system/jcemediabox/themes/light/tooltip.html HTTP/1.1" 200 930 "http://www.locationbenne92-locationdebenne92.net/contactez-nous" "Mozilla/5.0 (Macintosh; Intel Mac OS X 10_15_7) AppleWebKit/537.36 (KHTML, like Gecko) Chrome/121.0.0.0 Safari/537.36"
3.145.209.60 - - [24/Jun/2025:10:07:41 +0200] "GET /14-home HTTP/1.1" 301 257 "-" "Mozilla/5.0 (Macintosh; Intel Mac OS X 10_15_7) AppleWebKit/537.36 (KHTML, like Gecko) Chrome/121.0.0.0 Safari/537.36"
3.145.209.60 - - [24/Jun/2025:10:07:41 +0200] "GET / HTTP/1.1" 200 9688 "-" "Mozilla/5.0 (Macintosh; Intel Mac OS X 10_15_7) AppleWebKit/537.36 (KHTML, like Gecko) Chrome/121.0.0.0 Safari/537.36"
3.145.209.60 - - [24/Jun/2025:10:07:41 +0200] "GET /media/plg_jchoptimize/assets/gz/30/0/37aa39f3ca940ca374f4d119f9156a56.css HTTP/1.1" 200 13288 "http://www.locationbenne92-locationdebenne92.net/" "Mozilla/5.0 (Macintosh; Intel Mac OS X 10_15_7) AppleWebKit/537.36 (KHTML, like Gecko) Chrome/121.0.0.0 Safari/537.36"
3.145.209.60 - - [24/Jun/2025:10:07:42 +0200] "GET /media/system/css/system.css HTTP/1.1" 200 1446 "http://www.locationbenne92-locationdebenne92.net/media/plg_jchoptimize/assets/gz/30/0/37aa39f3ca940ca374f4d119f9156a56.css" "Mozilla/5.0 (Macintosh; Intel Mac OS X 10_15_7) AppleWebKit/537.36 (KHTML, like Gecko) Chrome/121.0.0.0 Safari/537.36"
3.145.209.60 - - [24/Jun/2025:10:07:42 +0200] "GET /media/plg_jchoptimize/assets/gz/30/3/dd77b53074cbbe2e9df81e5adb5af3fc.js HTTP/1.1" 200 2453 "http://www.locationbenne92-locationdebenne92.net/" "Mozilla/5.0 (Macintosh; Intel Mac OS X 10_15_7) AppleWebKit/537.36 (KHTML, like Gecko) Chrome/121.0.0.0 Safari/537.36"
3.145.209.60 - - [24/Jun/2025:10:07:42 +0200] "GET /media/plg_jchoptimize/assets/gz/30/2/dd77b53074cbbe2e9df81e5adb5af3fc.js HTTP/1.1" 200 8122 "http://www.locationbenne92-locationdebenne92.net/" "Mozilla/5.0 (Macintosh; Intel Mac OS X 10_15_7) AppleWebKit/537.36 (KHTML, like Gecko) Chrome/121.0.0.0 Safari/537.36"
3.145.209.60 - - [24/Jun/2025:10:07:42 +0200] "GET /media/plg_jchoptimize/assets/gz/30/1/dd77b53074cbbe2e9df81e5adb5af3fc.js HTTP/1.1" 200 34284 "http://www.locationbenne92-locationdebenne92.net/" "Mozilla/5.0 (Macintosh; Intel Mac OS X 10_15_7) AppleWebKit/537.36 (KHTML, like Gecko) Chrome/121.0.0.0 Safari/537.36"
3.145.209.60 - - [24/Jun/2025:10:07:42 +0200] "GET /qrcode/qrcode.js HTTP/1.1" 200 32907 "http://www.locationbenne92-locationdebenne92.net/" "Mozilla/5.0 (Macintosh; Intel Mac OS X 10_15_7) AppleWebKit/537.36 (KHTML, like Gecko) Chrome/121.0.0.0 Safari/537.36"
3.145.209.60 - - [24/Jun/2025:10:07:42 +0200] "GET /media/plg_jchoptimize/assets/gz/30/0/dd77b53074cbbe2e9df81e5adb5af3fc.js HTTP/1.1" 200 122184 "http://www.locationbenne92-locationdebenne92.net/" "Mozilla/5.0 (Macintosh; Intel Mac OS X 10_15_7) AppleWebKit/537.36 (KHTML, like Gecko) Chrome/121.0.0.0 Safari/537.36"
3.145.209.60 - - [24/Jun/2025:10:07:43 +0200] "GET /plugins/system/jcemediabox/themes/light/popup.html HTTP/1.1" 200 1068 "http://www.locationbenne92-locationdebenne92.net/" "Mozilla/5.0 (Macintosh; Intel Mac OS X 10_15_7) AppleWebKit/537.36 (KHTML, like Gecko) Chrome/121.0.0.0 Safari/537.36"
3.145.209.60 - - [24/Jun/2025:10:07:43 +0200] "GET /plugins/system/jcemediabox/themes/light/tooltip.html HTTP/1.1" 200 930 "http://www.locationbenne92-locationdebenne92.net/" "Mozilla/5.0 (Macintosh; Intel Mac OS X 10_15_7) AppleWebKit/537.36 (KHTML, like Gecko) Chrome/121.0.0.0 Safari/537.36"
3.145.209.60 - - [24/Jun/2025:10:07:45 +0200] "GET /component/mailto/?tmpl=component&template=neutre&link=a004b9799e03d204e787426a3d392b551f1dd1c1 HTTP/1.1" 200 1515 "-" "Mozilla/5.0 (Macintosh; Intel Mac OS X 10_15_7) AppleWebKit/537.36 (KHTML, like Gecko) Chrome/121.0.0.0 Safari/537.36"
3.145.209.60 - - [24/Jun/2025:10:07:46 +0200] "GET /media/plg_jchoptimize/assets/gz/30/0/fe44e060e9fdda5d2dc32b3c0f42723b.css HTTP/1.1" 200 2514 "http://www.locationbenne92-locationdebenne92.net/component/mailto/?tmpl=component&template=neutre&link=a004b9799e03d204e787426a3d392b551f1dd1c1" "Mozilla/5.0 (Macintosh; Intel Mac OS X 10_15_7) AppleWebKit/537.36 (KHTML, like Gecko) Chrome/121.0.0.0 Safari/537.36"
3.145.209.60 - - [24/Jun/2025:10:07:46 +0200] "GET /media/system/css/system.css HTTP/1.1" 200 1446 "http://www.locationbenne92-locationdebenne92.net/media/plg_jchoptimize/assets/gz/30/0/fe44e060e9fdda5d2dc32b3c0f42723b.css" "Mozilla/5.0 (Macintosh; Intel Mac OS X 10_15_7) AppleWebKit/537.36 (KHTML, like Gecko) Chrome/121.0.0.0 Safari/537.36"
3.145.209.60 - - [24/Jun/2025:10:07:46 +0200] "GET /media/plg_jchoptimize/assets/gz/30/0/827b97b7026613851a5b3825121cbd49.js HTTP/1.1" 200 35689 "http://www.locationbenne92-locationdebenne92.net/component/mailto/?tmpl=component&template=neutre&link=a004b9799e03d204e787426a3d392b551f1dd1c1" "Mozilla/5.0 (Macintosh; Intel Mac OS X 10_15_7) AppleWebKit/537.36 (KHTML, like Gecko) Chrome/121.0.0.0 Safari/537.36"
216.244.66.249 - - [24/Jun/2025:10:11:35 +0200] "GET /?option=com_search&%3Bsearchword=formation HTTP/1.1" 200 26487 "-" "Mozilla/5.0 (compatible; DotBot/1.2; +https://opensiteexplorer.org/dotbot; help@moz.com)"
216.244.66.249 - - [24/Jun/2025:10:12:13 +0200] "GET /?option=com_search&%3Bsearchword=ch%25C3%25A2tillon HTTP/1.1" 200 15557 "-" "Mozilla/5.0 (compatible; DotBot/1.2; +https://opensiteexplorer.org/dotbot; help@moz.com)"
185.117.225.210 - - [24/Jun/2025:10:13:20 +0200] "GET /robots.txt HTTP/1.1" 200 892 "-" "python-requests/2.31.0"
185.117.225.210 - - [24/Jun/2025:10:13:20 +0200] "GET / HTTP/1.1" 200 9688 "-" "Mozilla/5.0 (compatible; BitSightBot/1.0)"
185.117.225.210 - - [24/Jun/2025:10:13:22 +0200] "GET /media/plg_jchoptimize/assets/gz/30/0/37aa39f3ca940ca374f4d119f9156a56.css HTTP/1.1" 200 13288 "http://www.locationbenne92-locationdebenne92.net/" "Mozilla/5.0 (compatible; BitSightBot/1.0)"
185.117.225.210 - - [24/Jun/2025:10:13:22 +0200] "GET /images/contactimg.png HTTP/1.1" 200 556 "http://www.locationbenne92-locationdebenne92.net/" "Mozilla/5.0 (compatible; BitSightBot/1.0)"
185.117.225.210 - - [24/Jun/2025:10:13:22 +0200] "GET /media/plg_jchoptimize/assets/gz/30/3/dd77b53074cbbe2e9df81e5adb5af3fc.js HTTP/1.1" 200 2453 "http://www.locationbenne92-locationdebenne92.net/" "Mozilla/5.0 (compatible; BitSightBot/1.0)"
185.117.225.210 - - [24/Jun/2025:10:13:22 +0200] "GET /qrcode/qrcode.js HTTP/1.1" 200 32907 "http://www.locationbenne92-locationdebenne92.net/" "Mozilla/5.0 (compatible; BitSightBot/1.0)"
185.117.225.210 - - [24/Jun/2025:10:13:22 +0200] "GET /media/plg_jchoptimize/assets/gz/30/2/dd77b53074cbbe2e9df81e5adb5af3fc.js HTTP/1.1" 200 8122 "http://www.locationbenne92-locationdebenne92.net/" "Mozilla/5.0 (compatible; BitSightBot/1.0)"
185.117.225.210 - - [24/Jun/2025:10:13:22 +0200] "GET /media/plg_jchoptimize/assets/gz/30/1/dd77b53074cbbe2e9df81e5adb5af3fc.js HTTP/1.1" 200 34284 "http://www.locationbenne92-locationdebenne92.net/" "Mozilla/5.0 (compatible; BitSightBot/1.0)"
185.117.225.210 - - [24/Jun/2025:10:13:22 +0200] "GET /media/system/css/system.css HTTP/1.1" 200 1446 "http://www.locationbenne92-locationdebenne92.net/media/plg_jchoptimize/assets/gz/30/0/37aa39f3ca940ca374f4d119f9156a56.css" "Mozilla/5.0 (compatible; BitSightBot/1.0)"
185.117.225.210 - - [24/Jun/2025:10:13:22 +0200] "GET /images/rss_32-2.png HTTP/1.1" 200 1653 "http://www.locationbenne92-locationdebenne92.net/" "Mozilla/5.0 (compatible; BitSightBot/1.0)"
185.117.225.210 - - [24/Jun/2025:10:13:22 +0200] "GET /media/plg_jchoptimize/assets/gz/30/0/dd77b53074cbbe2e9df81e5adb5af3fc.js HTTP/1.1" 200 122184 "http://www.locationbenne92-locationdebenne92.net/" "Mozilla/5.0 (compatible; BitSightBot/1.0)"
185.117.225.210 - - [24/Jun/2025:10:13:23 +0200] "GET /images/logosmall.png HTTP/1.1" 200 1558 "http://www.locationbenne92-locationdebenne92.net/" "Mozilla/5.0 (compatible; BitSightBot/1.0)"
185.117.225.210 - - [24/Jun/2025:10:13:24 +0200] "GET /templates/neutre/images/page.png HTTP/1.1" 200 1712 "http://www.locationbenne92-locationdebenne92.net/media/plg_jchoptimize/assets/gz/30/0/37aa39f3ca940ca374f4d119f9156a56.css" "Mozilla/5.0 (compatible; BitSightBot/1.0)"
185.117.225.210 - - [24/Jun/2025:10:13:24 +0200] "GET /templates/neutre/images/object1481438740.png HTTP/1.1" 200 872 "http://www.locationbenne92-locationdebenne92.net/media/plg_jchoptimize/assets/gz/30/0/37aa39f3ca940ca374f4d119f9156a56.css" "Mozilla/5.0 (compatible; BitSightBot/1.0)"
185.117.225.210 - - [24/Jun/2025:10:13:24 +0200] "GET /templates/neutre/images/header.jpg HTTP/1.1" 200 25395 "http://www.locationbenne92-locationdebenne92.net/media/plg_jchoptimize/assets/gz/30/0/37aa39f3ca940ca374f4d119f9156a56.css" "Mozilla/5.0 (compatible; BitSightBot/1.0)"
185.117.225.210 - - [24/Jun/2025:10:13:24 +0200] "GET /templates/neutre/images/object839461247.png HTTP/1.1" 200 1979 "http://www.locationbenne92-locationdebenne92.net/media/plg_jchoptimize/assets/gz/30/0/37aa39f3ca940ca374f4d119f9156a56.css" "Mozilla/5.0 (compatible; BitSightBot/1.0)"
185.117.225.210 - - [24/Jun/2025:10:13:24 +0200] "GET /templates/neutre/images/object1139864562.png HTTP/1.1" 200 3613 "http://www.locationbenne92-locationdebenne92.net/media/plg_jchoptimize/assets/gz/30/0/37aa39f3ca940ca374f4d119f9156a56.css" "Mozilla/5.0 (compatible; BitSightBot/1.0)"
185.117.225.210 - - [24/Jun/2025:10:13:24 +0200] "GET /templates/neutre/images/object1876504310.jpg HTTP/1.1" 200 56145 "http://www.locationbenne92-locationdebenne92.net/media/plg_jchoptimize/assets/gz/30/0/37aa39f3ca940ca374f4d119f9156a56.css" "Mozilla/5.0 (compatible; BitSightBot/1.0)"
185.117.225.210 - - [24/Jun/2025:10:13:24 +0200] "GET /templates/neutre/images/menuseparator.png HTTP/1.1" 200 99 "http://www.locationbenne92-locationdebenne92.net/media/plg_jchoptimize/assets/gz/30/0/37aa39f3ca940ca374f4d119f9156a56.css" "Mozilla/5.0 (compatible; BitSightBot/1.0)"
185.117.225.210 - - [24/Jun/2025:10:13:24 +0200] "GET /templates/neutre/images/postdateicon.png HTTP/1.1" 200 261 "http://www.locationbenne92-locationdebenne92.net/media/plg_jchoptimize/assets/gz/30/0/37aa39f3ca940ca374f4d119f9156a56.css" "Mozilla/5.0 (compatible; BitSightBot/1.0)"
185.117.225.210 - - [24/Jun/2025:10:13:24 +0200] "GET /templates/neutre/images/spacer.gif HTTP/1.1" 200 43 "http://www.locationbenne92-locationdebenne92.net/media/plg_jchoptimize/assets/gz/30/0/37aa39f3ca940ca374f4d119f9156a56.css" "Mozilla/5.0 (compatible; BitSightBot/1.0)"
185.117.225.210 - - [24/Jun/2025:10:13:24 +0200] "GET /templates/neutre/images/nav.png HTTP/1.1" 200 104 "http://www.locationbenne92-locationdebenne92.net/media/plg_jchoptimize/assets/gz/30/0/37aa39f3ca940ca374f4d119f9156a56.css" "Mozilla/5.0 (compatible; BitSightBot/1.0)"
185.117.225.210 - - [24/Jun/2025:10:13:24 +0200] "GET /templates/neutre/images/postbullets.png HTTP/1.1" 200 119 "http://www.locationbenne92-locationdebenne92.net/media/plg_jchoptimize/assets/gz/30/0/37aa39f3ca940ca374f4d119f9156a56.css" "Mozilla/5.0 (compatible; BitSightBot/1.0)"
185.117.225.210 - - [24/Jun/2025:10:13:24 +0200] "GET /plugins/system/jcemediabox/themes/light/popup.html HTTP/1.1" 200 1068 "http://www.locationbenne92-locationdebenne92.net/" "Mozilla/5.0 (compatible; BitSightBot/1.0)"
185.117.225.210 - - [24/Jun/2025:10:13:24 +0200] "GET /plugins/system/jcemediabox/themes/light/tooltip.html HTTP/1.1" 200 930 "http://www.locationbenne92-locationdebenne92.net/" "Mozilla/5.0 (compatible; BitSightBot/1.0)"
185.117.225.210 - - [24/Jun/2025:10:13:24 +0200] "GET /templates/neutre/images/blockbullets.png HTTP/1.1" 200 173 "http://www.locationbenne92-locationdebenne92.net/media/plg_jchoptimize/assets/gz/30/0/37aa39f3ca940ca374f4d119f9156a56.css" "Mozilla/5.0 (compatible; BitSightBot/1.0)"
185.117.225.210 - - [24/Jun/2025:10:13:24 +0200] "GET /templates/neutre/images/star_5.png HTTP/1.1" 200 971 "http://www.locationbenne92-locationdebenne92.net/media/plg_jchoptimize/assets/gz/30/0/37aa39f3ca940ca374f4d119f9156a56.css" "Mozilla/5.0 (compatible; BitSightBot/1.0)"
185.117.225.210 - - [24/Jun/2025:10:13:24 +0200] "GET /templates/neutre/images/postcategoryicon.png HTTP/1.1" 200 150 "http://www.locationbenne92-locationdebenne92.net/media/plg_jchoptimize/assets/gz/30/0/37aa39f3ca940ca374f4d119f9156a56.css" "Mozilla/5.0 (compatible; BitSightBot/1.0)"
185.117.225.210 - - [24/Jun/2025:10:13:24 +0200] "GET /templates/neutre/images/footer.png HTTP/1.1" 200 149 "http://www.locationbenne92-locationdebenne92.net/media/plg_jchoptimize/assets/gz/30/0/37aa39f3ca940ca374f4d119f9156a56.css" "Mozilla/5.0 (compatible; BitSightBot/1.0)"
185.117.225.210 - - [24/Jun/2025:10:13:25 +0200] "GET /media/plg_jchoptimize/assets/gz/30/0/37aa39f3ca940ca374f4d119f9156a56.css HTTP/1.1" 304 - "http://www.locationbenne92-locationdebenne92.net/" "Mozilla/5.0 (compatible; BitSightBot/1.0)"
185.117.225.210 - - [24/Jun/2025:10:13:28 +0200] "GET /robots.txt HTTP/1.1" 200 892 "-" "python-requests/2.31.0"
185.117.225.210 - - [24/Jun/2025:10:13:28 +0200] "GET /administrator HTTP/1.1" 403 215 "-" "Mozilla/5.0 (compatible; BitSightBot/1.0)"
43.165.189.206 - - [24/Jun/2025:10:15:16 +0200] "GET /index.php HTTP/1.1" 200 9694 "-" "Mozilla/5.0 (iPhone; CPU iPhone OS 13_2_3 like Mac OS X) AppleWebKit/605.1.15 (KHTML, like Gecko) Version/13.0.3 Mobile/15E148 Safari/604.1"
66.249.66.42 - - [24/Jun/2025:10:23:12 +0200] "GET /?option=com_search&searchword=contactez-nous HTTP/1.1" 200 4835 "-" "Mozilla/5.0 (Linux; Android 6.0.1; Nexus 5X Build/MMB29P) AppleWebKit/537.36 (KHTML, like Gecko) Chrome/137.0.7151.103 Mobile Safari/537.36 (compatible; Googlebot/2.1; +http://www.google.com/bot.html)"
66.249.66.41 - - [24/Jun/2025:10:31:16 +0200] "GET /blog/70-solution-nettoyage-gestion-dechets-bureau HTTP/1.1" 200 7161 "-" "Mozilla/5.0 (Linux; Android 6.0.1; Nexus 5X Build/MMB29P) AppleWebKit/537.36 (KHTML, like Gecko) Chrome/137.0.7151.103 Mobile Safari/537.36 (compatible; Googlebot/2.1; +http://www.google.com/bot.html)"
40.77.167.12 - - [24/Jun/2025:10:32:38 +0200] "GET /index.php?option=com_xmap&view=xml&tmpl=component&id=1 HTTP/1.1" 200 1258 "-" "Mozilla/5.0 AppleWebKit/537.36 (KHTML, like Gecko; compatible; bingbot/2.0; +http://www.bing.com/bingbot.htm) Chrome/116.0.1938.76 Safari/537.36"
5.102.173.71 - - [24/Jun/2025:10:35:27 +0200] "GET /a/bois-colombes-92 HTTP/1.1" 200 11840 "-" "Mozilla/5.0 (compatible; MojeekBot/0.11; +https://www.mojeek.com/bot.html)"
216.73.216.227 - - [24/Jun/2025:10:57:30 +0200] "GET /robots.txt HTTP/1.1" 200 892 "-" "Mozilla/5.0 AppleWebKit/537.36 (KHTML, like Gecko; compatible; ClaudeBot/1.0; +claudebot@anthropic.com)"
216.73.216.227 - - [24/Jun/2025:10:57:31 +0200] "GET /a/clichy-92/13-traitement?format=feed&type=rss HTTP/1.1" 200 801 "-" "Mozilla/5.0 AppleWebKit/537.36 (KHTML, like Gecko; compatible; ClaudeBot/1.0; +claudebot@anthropic.com)"
5.255.231.13 - - [24/Jun/2025:11:07:49 +0200] "GET /robots.txt HTTP/1.1" 200 892 "-" "Mozilla/5.0 (compatible; YandexBot/3.0; +http://yandex.com/bots)"
5.255.231.92 - - [24/Jun/2025:11:07:50 +0200] "GET /?option=com_search&searchword=ma%C3%A7on HTTP/1.1" 200 4799 "-" "Mozilla/5.0 (compatible; YandexBot/3.0; +http://yandex.com/bots)"
40.77.167.12 - - [24/Jun/2025:11:52:08 +0200] "GET /a/rueil-malmaison-92/10-Location%20Benne%2092%20-92 HTTP/1.1" 200 13845 "-" "Mozilla/5.0 AppleWebKit/537.36 (KHTML, like Gecko; compatible; bingbot/2.0; +http://www.bing.com/bingbot.htm) Chrome/116.0.1938.76 Safari/537.36"
66.249.66.42 - - [24/Jun/2025:11:56:22 +0200] "GET /robots.txt HTTP/1.1" 200 892 "-" "Mozilla/5.0 (compatible; Googlebot/2.1; +http://www.google.com/bot.html)"
66.249.66.40 - - [24/Jun/2025:11:56:23 +0200] "GET /a/courbevoie-92/13-traitement HTTP/1.1" 200 7480 "-" "Mozilla/5.0 (Linux; Android 6.0.1; Nexus 5X Build/MMB29P) AppleWebKit/537.36 (KHTML, like Gecko) Chrome/137.0.7151.103 Mobile Safari/537.36 (compatible; Googlebot/2.1; +http://www.google.com/bot.html)"
66.249.66.41 - - [24/Jun/2025:11:56:23 +0200] "GET /index.php HTTP/1.1" 200 9725 "-" "Mozilla/5.0 (Linux; Android 6.0.1; Nexus 5X Build/MMB29P) AppleWebKit/537.36 (KHTML, like Gecko) Chrome/137.0.7151.103 Mobile Safari/537.36 (compatible; Googlebot/2.1; +http://www.google.com/bot.html)"
66.249.66.41 - - [24/Jun/2025:11:57:07 +0200] "GET /media/plg_jchoptimize/assets/gz/30/0/8cce43ab9d7ed02cae6f155c7a0f30f9.js HTTP/1.1" 200 122704 "http://www.locationbenne92-locationdebenne92.net/a/courbevoie-92/13-traitement" "Mozilla/5.0 (Linux; Android 6.0.1; Nexus 5X Build/MMB29P) AppleWebKit/537.36 (KHTML, like Gecko) Chrome/137.0.7151.68 Mobile Safari/537.36 (compatible; Googlebot/2.1; +http://www.google.com/bot.html)"
66.249.66.41 - - [24/Jun/2025:11:57:08 +0200] "GET /media/plg_jchoptimize/assets/gz/30/2/8cce43ab9d7ed02cae6f155c7a0f30f9.js HTTP/1.1" 200 1745 "http://www.locationbenne92-locationdebenne92.net/a/courbevoie-92/13-traitement" "Mozilla/5.0 (Linux; Android 6.0.1; Nexus 5X Build/MMB29P) AppleWebKit/537.36 (KHTML, like Gecko) Chrome/137.0.7151.68 Mobile Safari/537.36 (compatible; Googlebot/2.1; +http://www.google.com/bot.html)"
66.249.66.41 - - [24/Jun/2025:11:57:08 +0200] "GET /media/plg_jchoptimize/assets/gz/30/4/8cce43ab9d7ed02cae6f155c7a0f30f9.js HTTP/1.1" 200 8122 "http://www.locationbenne92-locationdebenne92.net/a/courbevoie-92/13-traitement" "Mozilla/5.0 (Linux; Android 6.0.1; Nexus 5X Build/MMB29P) AppleWebKit/537.36 (KHTML, like Gecko) Chrome/137.0.7151.68 Mobile Safari/537.36 (compatible; Googlebot/2.1; +http://www.google.com/bot.html)"
