66.249.73.103 - - [15/Jun/2025:22:30:20 +0200] "GET /?option=com_search&searchword=Container HTTP/1.1" 301 287 "-" "Mozilla/5.0 (Linux; Android 6.0.1; Nexus 5X Build/MMB29P) AppleWebKit/537.36 (KHTML, like Gecko) Chrome/136.0.7103.113 Mobile Safari/537.36 (compatible; Googlebot/2.1; +http://www.google.com/bot.html)"
66.249.74.162 - - [15/Jun/2025:22:30:21 +0200] "GET /?option=com_search&searchword=Container HTTP/1.1" 200 22497 "-" "Mozilla/5.0 (Linux; Android 6.0.1; Nexus 5X Build/MMB29P) AppleWebKit/537.36 (KHTML, like Gecko) Chrome/136.0.7103.113 Mobile Safari/537.36 (compatible; Googlebot/2.1; +http://www.google.com/bot.html)"
216.73.216.217 - - [15/Jun/2025:22:31:50 +0200] "GET /component/search/?format=opensearch&searchword=d%C3%A9chet+industriel HTTP/1.1" 200 779 "-" "Mozilla/5.0 AppleWebKit/537.36 (KHTML, like Gecko; compatible; ClaudeBot/1.0; +claudebot@anthropic.com)"
85.208.96.198 - - [15/Jun/2025:22:31:52 +0200] "GET /robots.txt HTTP/1.1" 200 823 "-" "Mozilla/5.0 (compatible; SemrushBot/7~bl; +http://www.semrush.com/bot.html)"
185.191.171.15 - - [15/Jun/2025:22:31:53 +0200] "GET /index.php/plan-du-site HTTP/1.1" 200 22832 "-" "Mozilla/5.0 (compatible; SemrushBot/7~bl; +http://www.semrush.com/bot.html)"
216.73.216.217 - - [15/Jun/2025:22:32:29 +0200] "GET /component/search/?Itemid=125&format=opensearch HTTP/1.1" 200 760 "-" "Mozilla/5.0 AppleWebKit/537.36 (KHTML, like Gecko; compatible; ClaudeBot/1.0; +claudebot@anthropic.com)"
216.73.216.217 - - [15/Jun/2025:22:33:07 +0200] "GET /component/search/?format=opensearch&searchword=d%C3%A9bris HTTP/1.1" 200 768 "-" "Mozilla/5.0 AppleWebKit/537.36 (KHTML, like Gecko; compatible; ClaudeBot/1.0; +claudebot@anthropic.com)"
216.73.216.217 - - [15/Jun/2025:22:33:41 +0200] "GET /location-benne-paris-75017?print=1&tmpl=component HTTP/1.1" 200 24962 "-" "Mozilla/5.0 AppleWebKit/537.36 (KHTML, like Gecko; compatible; ClaudeBot/1.0; +claudebot@anthropic.com)"
216.73.216.217 - - [15/Jun/2025:22:33:41 +0200] "GET /component/search/?searchword=encombrants&start=20 HTTP/1.1" 200 23589 "-" "Mozilla/5.0 AppleWebKit/537.36 (KHTML, like Gecko; compatible; ClaudeBot/1.0; +claudebot@anthropic.com)"
216.73.216.217 - - [15/Jun/2025:22:34:14 +0200] "GET /location-benne-paris-75020/10-Location%20Benne%20Paris%20-75 HTTP/1.1" 200 117854 "-" "Mozilla/5.0 AppleWebKit/537.36 (KHTML, like Gecko; compatible; ClaudeBot/1.0; +claudebot@anthropic.com)"
216.73.216.217 - - [15/Jun/2025:22:34:15 +0200] "GET /services-prestations/une-benne-durant-une-demolition?print=1&tmpl=component HTTP/1.1" 200 8141 "-" "Mozilla/5.0 AppleWebKit/537.36 (KHTML, like Gecko; compatible; ClaudeBot/1.0; +claudebot@anthropic.com)"
216.73.216.217 - - [15/Jun/2025:22:34:15 +0200] "GET /component/search/?format=opensearch&searchword=encombrants HTTP/1.1" 200 772 "-" "Mozilla/5.0 AppleWebKit/537.36 (KHTML, like Gecko; compatible; ClaudeBot/1.0; +claudebot@anthropic.com)"
216.73.216.217 - - [15/Jun/2025:22:39:00 +0200] "GET /component/search/?format=opensearch&searchword=d%C3%A9barrasser HTTP/1.1" 200 773 "-" "Mozilla/5.0 AppleWebKit/537.36 (KHTML, like Gecko; compatible; ClaudeBot/1.0; +claudebot@anthropic.com)"
216.73.216.217 - - [15/Jun/2025:22:39:37 +0200] "GET /component/search/?format=opensearch&searchword=types+de+bennes HTTP/1.1" 200 776 "-" "Mozilla/5.0 AppleWebKit/537.36 (KHTML, like Gecko; compatible; ClaudeBot/1.0; +claudebot@anthropic.com)"
216.73.216.217 - - [15/Jun/2025:22:39:37 +0200] "GET /services-prestations/bennes-pour-dechets-de-chantier/2-diverse HTTP/1.1" 200 32575 "-" "Mozilla/5.0 AppleWebKit/537.36 (KHTML, like Gecko; compatible; ClaudeBot/1.0; +claudebot@anthropic.com)"
216.73.216.217 - - [15/Jun/2025:22:39:38 +0200] "GET /component/search/?format=opensearch&searchword=tarif HTTP/1.1" 200 766 "-" "Mozilla/5.0 AppleWebKit/537.36 (KHTML, like Gecko; compatible; ClaudeBot/1.0; +claudebot@anthropic.com)"
216.73.216.217 - - [15/Jun/2025:22:39:38 +0200] "GET /component/search/?searchword=30m3&start=20 HTTP/1.1" 200 22747 "-" "Mozilla/5.0 AppleWebKit/537.36 (KHTML, like Gecko; compatible; ClaudeBot/1.0; +claudebot@anthropic.com)"
216.73.216.217 - - [15/Jun/2025:22:40:51 +0200] "GET /component/mailto/?link=870b6e58b70672a36aca42a68264e07975d5af35&template=neutre&tmpl=component HTTP/1.1" 200 8091 "-" "Mozilla/5.0 AppleWebKit/537.36 (KHTML, like Gecko; compatible; ClaudeBot/1.0; +claudebot@anthropic.com)"
216.73.216.217 - - [15/Jun/2025:22:41:27 +0200] "GET /location-benne-paris-75001?print=1&tmpl=component HTTP/1.1" 200 24904 "-" "Mozilla/5.0 AppleWebKit/537.36 (KHTML, like Gecko; compatible; ClaudeBot/1.0; +claudebot@anthropic.com)"
216.73.216.217 - - [15/Jun/2025:22:41:27 +0200] "GET /nouvelles/3-actualites-de-votre-ville HTTP/1.1" 200 21529 "-" "Mozilla/5.0 AppleWebKit/537.36 (KHTML, like Gecko; compatible; ClaudeBot/1.0; +claudebot@anthropic.com)"
216.73.216.217 - - [15/Jun/2025:22:42:00 +0200] "GET /component/search/?searchword=8m3&start=20 HTTP/1.1" 200 22355 "-" "Mozilla/5.0 AppleWebKit/537.36 (KHTML, like Gecko; compatible; ClaudeBot/1.0; +claudebot@anthropic.com)"
216.73.216.217 - - [15/Jun/2025:22:42:34 +0200] "GET /component/search/?format=opensearch&searchword=cave HTTP/1.1" 200 765 "-" "Mozilla/5.0 AppleWebKit/537.36 (KHTML, like Gecko; compatible; ClaudeBot/1.0; +claudebot@anthropic.com)"
216.73.216.217 - - [15/Jun/2025:22:43:06 +0200] "GET /component/mailto/?link=fb7d4fc8fea6a32e405f2cc4e6929549455cd5af&template=neutre&tmpl=component HTTP/1.1" 200 8091 "-" "Mozilla/5.0 AppleWebKit/537.36 (KHTML, like Gecko; compatible; ClaudeBot/1.0; +claudebot@anthropic.com)"
216.73.216.217 - - [15/Jun/2025:22:43:42 +0200] "GET /component/search/?Itemid=126&format=opensearch HTTP/1.1" 200 760 "-" "Mozilla/5.0 AppleWebKit/537.36 (KHTML, like Gecko; compatible; ClaudeBot/1.0; +claudebot@anthropic.com)"
40.77.167.65 - - [15/Jun/2025:22:43:43 +0200] "GET /?option=com_search&searchword=30m3 HTTP/1.1" 200 29775 "-" "Mozilla/5.0 AppleWebKit/537.36 (KHTML, like Gecko; compatible; bingbot/2.0; +http://www.bing.com/bingbot.htm) Chrome/116.0.1938.76 Safari/537.36"
216.73.216.217 - - [15/Jun/2025:22:44:10 +0200] "GET /component/search/?searchword=benne+Paris&start=20 HTTP/1.1" 200 28719 "-" "Mozilla/5.0 AppleWebKit/537.36 (KHTML, like Gecko; compatible; ClaudeBot/1.0; +claudebot@anthropic.com)"
216.73.216.217 - - [15/Jun/2025:22:44:11 +0200] "GET /component/search/?format=opensearch&searchword=contenance HTTP/1.1" 200 771 "-" "Mozilla/5.0 AppleWebKit/537.36 (KHTML, like Gecko; compatible; ClaudeBot/1.0; +claudebot@anthropic.com)"
216.73.216.217 - - [15/Jun/2025:22:44:11 +0200] "GET /component/search/?Itemid=127&format=opensearch HTTP/1.1" 200 760 "-" "Mozilla/5.0 AppleWebKit/537.36 (KHTML, like Gecko; compatible; ClaudeBot/1.0; +claudebot@anthropic.com)"
216.73.216.217 - - [15/Jun/2025:22:44:42 +0200] "GET /services-prestations/tri-recyclage-ou-valorisation-des-dechets?print=1&tmpl=component HTTP/1.1" 200 7961 "-" "Mozilla/5.0 AppleWebKit/537.36 (KHTML, like Gecko; compatible; ClaudeBot/1.0; +claudebot@anthropic.com)"
216.73.216.217 - - [15/Jun/2025:22:46:18 +0200] "GET /location-benne-paris-75015/10-Location%20Benne%20Paris%20-75 HTTP/1.1" 200 117854 "-" "Mozilla/5.0 AppleWebKit/537.36 (KHTML, like Gecko; compatible; ClaudeBot/1.0; +claudebot@anthropic.com)"
216.73.216.217 - - [15/Jun/2025:22:46:52 +0200] "GET /location-benne-paris-75016?print=1&tmpl=component HTTP/1.1" 200 24962 "-" "Mozilla/5.0 AppleWebKit/537.36 (KHTML, like Gecko; compatible; ClaudeBot/1.0; +claudebot@anthropic.com)"
216.73.216.217 - - [15/Jun/2025:22:47:24 +0200] "GET /location-benne-paris-75018/10-Location%20Benne%20Paris%20-75 HTTP/1.1" 200 117854 "-" "Mozilla/5.0 AppleWebKit/537.36 (KHTML, like Gecko; compatible; ClaudeBot/1.0; +claudebot@anthropic.com)"
216.73.216.217 - - [15/Jun/2025:22:47:58 +0200] "GET /component/search/?Itemid=183&format=opensearch HTTP/1.1" 200 760 "-" "Mozilla/5.0 AppleWebKit/537.36 (KHTML, like Gecko; compatible; ClaudeBot/1.0; +claudebot@anthropic.com)"
216.73.216.217 - - [15/Jun/2025:22:48:34 +0200] "GET /component/search/?format=opensearch&searchword=travaux+de+d%C3%A9molition HTTP/1.1" 200 783 "-" "Mozilla/5.0 AppleWebKit/537.36 (KHTML, like Gecko; compatible; ClaudeBot/1.0; +claudebot@anthropic.com)"
216.73.216.217 - - [15/Jun/2025:22:50:56 +0200] "GET /component/search/?Itemid=131&format=opensearch HTTP/1.1" 200 760 "-" "Mozilla/5.0 AppleWebKit/537.36 (KHTML, like Gecko; compatible; ClaudeBot/1.0; +claudebot@anthropic.com)"
216.73.216.217 - - [15/Jun/2025:22:50:56 +0200] "GET /component/mailto/?link=aa1581c981ecec6f3af32ed5fe9f0eed47df0108&template=neutre&tmpl=component HTTP/1.1" 200 8091 "-" "Mozilla/5.0 AppleWebKit/537.36 (KHTML, like Gecko; compatible; ClaudeBot/1.0; +claudebot@anthropic.com)"
216.73.216.217 - - [15/Jun/2025:22:52:03 +0200] "GET /component/search/?searchword=chantier&start=20 HTTP/1.1" 200 24469 "-" "Mozilla/5.0 AppleWebKit/537.36 (KHTML, like Gecko; compatible; ClaudeBot/1.0; +claudebot@anthropic.com)"
216.73.216.217 - - [15/Jun/2025:22:52:38 +0200] "GET /component/search/?format=opensearch&searchword=devis HTTP/1.1" 200 766 "-" "Mozilla/5.0 AppleWebKit/537.36 (KHTML, like Gecko; compatible; ClaudeBot/1.0; +claudebot@anthropic.com)"
216.73.216.217 - - [15/Jun/2025:22:53:11 +0200] "GET /component/mailto/?link=d2bde1c237e8b7a51ee8ee732d366ab32ee1aa16&template=neutre&tmpl=component HTTP/1.1" 200 8091 "-" "Mozilla/5.0 AppleWebKit/537.36 (KHTML, like Gecko; compatible; ClaudeBot/1.0; +claudebot@anthropic.com)"
216.73.216.217 - - [15/Jun/2025:22:53:43 +0200] "GET /component/search/?format=opensearch&searchword=gravillons HTTP/1.1" 200 771 "-" "Mozilla/5.0 AppleWebKit/537.36 (KHTML, like Gecko; compatible; ClaudeBot/1.0; +claudebot@anthropic.com)"
216.73.216.217 - - [15/Jun/2025:22:54:19 +0200] "GET /component/mailto/?link=a296a96880f9cd3c3a6fc6f2d65c4e7101c2fa2a&template=neutre&tmpl=component HTTP/1.1" 200 8091 "-" "Mozilla/5.0 AppleWebKit/537.36 (KHTML, like Gecko; compatible; ClaudeBot/1.0; +claudebot@anthropic.com)"
216.73.216.217 - - [15/Jun/2025:22:54:50 +0200] "GET /location-benne-paris-75020?print=1&tmpl=component HTTP/1.1" 200 24962 "-" "Mozilla/5.0 AppleWebKit/537.36 (KHTML, like Gecko; compatible; ClaudeBot/1.0; +claudebot@anthropic.com)"
216.73.216.217 - - [15/Jun/2025:22:54:50 +0200] "GET /component/mailto/?link=ad023051d87e52099ae44dc851b845f43ccb0058&template=neutre&tmpl=component HTTP/1.1" 200 8091 "-" "Mozilla/5.0 AppleWebKit/537.36 (KHTML, like Gecko; compatible; ClaudeBot/1.0; +claudebot@anthropic.com)"
216.73.216.217 - - [15/Jun/2025:22:55:55 +0200] "GET /component/search/?format=opensearch&searchword=bois HTTP/1.1" 200 765 "-" "Mozilla/5.0 AppleWebKit/537.36 (KHTML, like Gecko; compatible; ClaudeBot/1.0; +claudebot@anthropic.com)"
216.73.216.217 - - [15/Jun/2025:22:55:56 +0200] "GET /component/search/?Itemid=116&format=opensearch HTTP/1.1" 200 760 "-" "Mozilla/5.0 AppleWebKit/537.36 (KHTML, like Gecko; compatible; ClaudeBot/1.0; +claudebot@anthropic.com)"
216.73.216.217 - - [15/Jun/2025:22:55:55 +0200] "GET /location-benne-paris-75006/10-Location%20Benne%20Paris%20-75 HTTP/1.1" 200 117779 "-" "Mozilla/5.0 AppleWebKit/537.36 (KHTML, like Gecko; compatible; ClaudeBot/1.0; +claudebot@anthropic.com)"
216.73.216.217 - - [15/Jun/2025:22:56:26 +0200] "GET /component/search/?format=opensearch&searchword=r%C3%A9servation HTTP/1.1" 200 773 "-" "Mozilla/5.0 AppleWebKit/537.36 (KHTML, like Gecko; compatible; ClaudeBot/1.0; +claudebot@anthropic.com)"
216.73.216.217 - - [15/Jun/2025:22:56:26 +0200] "GET /component/search/?format=opensearch&searchword=briques HTTP/1.1" 200 768 "-" "Mozilla/5.0 AppleWebKit/537.36 (KHTML, like Gecko; compatible; ClaudeBot/1.0; +claudebot@anthropic.com)"
216.73.216.217 - - [15/Jun/2025:22:57:34 +0200] "GET /component/search/?format=opensearch&searchword=Ile-de-France HTTP/1.1" 200 774 "-" "Mozilla/5.0 AppleWebKit/537.36 (KHTML, like Gecko; compatible; ClaudeBot/1.0; +claudebot@anthropic.com)"
216.73.216.217 - - [15/Jun/2025:22:57:34 +0200] "GET /component/search/?format=opensearch&searchword=formule+location HTTP/1.1" 200 777 "-" "Mozilla/5.0 AppleWebKit/537.36 (KHTML, like Gecko; compatible; ClaudeBot/1.0; +claudebot@anthropic.com)"
216.73.216.217 - - [15/Jun/2025:22:57:34 +0200] "GET /component/search/?format=opensearch&searchword=ramassage HTTP/1.1" 200 770 "-" "Mozilla/5.0 AppleWebKit/537.36 (KHTML, like Gecko; compatible; ClaudeBot/1.0; +claudebot@anthropic.com)"
104.168.134.82 - - [15/Jun/2025:22:57:47 +0200] "GET /contact HTTP/1.1" 200 22127 "-" "Mozilla/5.0 (X11; Ubuntu; Linux i686; rv:114.0) Gecko/20100101 Firefox/114.0"
104.168.134.82 - - [15/Jun/2025:22:57:48 +0200] "POST /contact HTTP/1.1" 200 22200 "http://www.locationdebenneparis.net/contact" "Mozilla/5.0 (X11; Ubuntu; Linux i686; rv:114.0) Gecko/20100101 Firefox/114.0"
216.73.216.217 - - [15/Jun/2025:22:58:05 +0200] "GET /contact-entreprise?print=1&tmpl=component HTTP/1.1" 200 8084 "-" "Mozilla/5.0 AppleWebKit/537.36 (KHTML, like Gecko; compatible; ClaudeBot/1.0; +claudebot@anthropic.com)"
216.73.216.217 - - [15/Jun/2025:22:58:05 +0200] "GET /services-prestations/une-benne-pour-un-demenagement/2-diverse HTTP/1.1" 200 32565 "-" "Mozilla/5.0 AppleWebKit/537.36 (KHTML, like Gecko; compatible; ClaudeBot/1.0; +claudebot@anthropic.com)"
216.73.216.217 - - [15/Jun/2025:22:58:05 +0200] "GET /component/search/?searchword=particuliers&start=20 HTTP/1.1" 200 23372 "-" "Mozilla/5.0 AppleWebKit/537.36 (KHTML, like Gecko; compatible; ClaudeBot/1.0; +claudebot@anthropic.com)"
216.73.216.217 - - [15/Jun/2025:22:59:42 +0200] "GET /location-benne-paris-75010?print=1&tmpl=component HTTP/1.1" 200 24962 "-" "Mozilla/5.0 AppleWebKit/537.36 (KHTML, like Gecko; compatible; ClaudeBot/1.0; +claudebot@anthropic.com)"
216.73.216.217 - - [15/Jun/2025:23:00:15 +0200] "GET /component/search/?format=opensearch&searchword=professionnel HTTP/1.1" 200 774 "-" "Mozilla/5.0 AppleWebKit/537.36 (KHTML, like Gecko; compatible; ClaudeBot/1.0; +claudebot@anthropic.com)"
216.73.216.217 - - [15/Jun/2025:23:00:16 +0200] "GET /component/mailto/?link=a6cd4b88b09ade7f397522d15f71edb85cff0acb&template=neutre&tmpl=component HTTP/1.1" 200 8091 "-" "Mozilla/5.0 AppleWebKit/537.36 (KHTML, like Gecko; compatible; ClaudeBot/1.0; +claudebot@anthropic.com)"
216.73.216.217 - - [15/Jun/2025:23:00:48 +0200] "GET /component/search/?searchword=recyclage&start=20 HTTP/1.1" 200 23342 "-" "Mozilla/5.0 AppleWebKit/537.36 (KHTML, like Gecko; compatible; ClaudeBot/1.0; +claudebot@anthropic.com)"
66.249.73.102 - - [15/Jun/2025:23:01:41 +0200] "GET /?option=com_search&searchword=construction HTTP/1.1" 301 290 "-" "Mozilla/5.0 (Linux; Android 6.0.1; Nexus 5X Build/MMB29P) AppleWebKit/537.36 (KHTML, like Gecko) Chrome/136.0.7103.113 Mobile Safari/537.36 (compatible; Googlebot/2.1; +http://www.google.com/bot.html)"
66.249.74.162 - - [15/Jun/2025:23:01:42 +0200] "GET /?option=com_search&searchword=construction HTTP/1.1" 200 23737 "-" "Mozilla/5.0 (Linux; Android 6.0.1; Nexus 5X Build/MMB29P) AppleWebKit/537.36 (KHTML, like Gecko) Chrome/136.0.7103.113 Mobile Safari/537.36 (compatible; Googlebot/2.1; +http://www.google.com/bot.html)"
216.73.216.217 - - [15/Jun/2025:23:01:53 +0200] "GET /component/search/?format=opensearch&searchword=recyclage HTTP/1.1" 200 770 "-" "Mozilla/5.0 AppleWebKit/537.36 (KHTML, like Gecko; compatible; ClaudeBot/1.0; +claudebot@anthropic.com)"
216.73.216.217 - - [15/Jun/2025:23:01:53 +0200] "GET /component/search/?Itemid=102&format=opensearch HTTP/1.1" 200 760 "-" "Mozilla/5.0 AppleWebKit/537.36 (KHTML, like Gecko; compatible; ClaudeBot/1.0; +claudebot@anthropic.com)"
216.73.216.217 - - [15/Jun/2025:23:13:47 +0200] "GET /component/search/?format=opensearch&searchword=stationnement HTTP/1.1" 200 774 "-" "Mozilla/5.0 AppleWebKit/537.36 (KHTML, like Gecko; compatible; ClaudeBot/1.0; +claudebot@anthropic.com)"
216.244.66.232 - - [15/Jun/2025:23:17:31 +0200] "GET /robots.txt HTTP/1.1" 200 823 "-" "Mozilla/5.0 (compatible; DotBot/1.2; +https://opensiteexplorer.org/dotbot; help@moz.com)"
114.119.147.32 - - [15/Jun/2025:23:29:29 +0200] "GET /location-benne-paris-75008?tmpl=component&print=1&page HTTP/1.1" 200 24944 "http://www.locationdebenneparis.net/location-benne-paris-75008" "Mozilla/5.0 (Linux; Android 7.0;) AppleWebKit/537.36 (KHTML, like Gecko) Mobile Safari/537.36 (compatible; PetalBot;+https://webmaster.petalsearch.com/site/petalbot)"
216.73.216.217 - - [15/Jun/2025:23:30:20 +0200] "GET /robots.txt HTTP/1.1" 200 823 "-" "Mozilla/5.0 AppleWebKit/537.36 (KHTML, like Gecko; compatible; ClaudeBot/1.0; +claudebot@anthropic.com)"
216.73.216.217 - - [15/Jun/2025:23:30:20 +0200] "GET /component/search/?format=opensearch&searchword=Container HTTP/1.1" 200 770 "-" "Mozilla/5.0 AppleWebKit/537.36 (KHTML, like Gecko; compatible; ClaudeBot/1.0; +claudebot@anthropic.com)"
216.73.216.217 - - [15/Jun/2025:23:33:13 +0200] "GET /component/search/?Itemid=114&format=opensearch HTTP/1.1" 200 760 "-" "Mozilla/5.0 AppleWebKit/537.36 (KHTML, like Gecko; compatible; ClaudeBot/1.0; +claudebot@anthropic.com)"
51.68.107.157 - - [15/Jun/2025:23:33:35 +0200] "GET /robots.txt HTTP/1.1" 200 823 "-" "Mozilla/5.0 (compatible; MJ12bot/v2.0.2; http://mj12bot.com/)"
51.68.107.157 - - [15/Jun/2025:23:33:35 +0200] "GET / HTTP/1.1" 200 39678 "-" "Mozilla/5.0 (compatible; MJ12bot/v2.0.2; http://mj12bot.com/)"
223.109.252.232 - - [15/Jun/2025:23:36:00 +0200] "GET / HTTP/1.1" 200 39678 "-" "Sogou web spider/4.0(+http://www.sogou.com/docs/help/webmasters.htm#07)"
216.244.66.232 - - [15/Jun/2025:23:38:28 +0200] "GET /?option=com_search&searchword=Location%20de%20bennes HTTP/1.1" 200 31914 "-" "Mozilla/5.0 (compatible; DotBot/1.2; +https://opensiteexplorer.org/dotbot; help@moz.com)"
216.73.216.217 - - [15/Jun/2025:23:41:00 +0200] "GET /location-benne-paris-75012/10-Location%20Benne%20Paris%20-75 HTTP/1.1" 200 117854 "-" "Mozilla/5.0 AppleWebKit/537.36 (KHTML, like Gecko; compatible; ClaudeBot/1.0; +claudebot@anthropic.com)"
216.73.216.217 - - [15/Jun/2025:23:41:29 +0200] "GET /component/mailto/?link=4e11be4eb90ba0f54fc61c1be1b908b5d79220f0&template=neutre&tmpl=component HTTP/1.1" 200 8091 "-" "Mozilla/5.0 AppleWebKit/537.36 (KHTML, like Gecko; compatible; ClaudeBot/1.0; +claudebot@anthropic.com)"
216.73.216.217 - - [15/Jun/2025:23:42:03 +0200] "GET /component/search/?Itemid=119&format=opensearch HTTP/1.1" 200 760 "-" "Mozilla/5.0 AppleWebKit/537.36 (KHTML, like Gecko; compatible; ClaudeBot/1.0; +claudebot@anthropic.com)"
85.236.152.148 - - [15/Jun/2025:23:45:51 +0200] "GET /.well-known/acme-challenge/AOH_XQXK82QA3T_MS0Q8C1FTTJDFOH_M HTTP/1.1" 301 253 "-" "Cpanel-HTTP-Client/1.0"
85.236.152.148 - - [15/Jun/2025:23:45:51 +0200] "GET /index.php HTTP/1.1" 200 39687 "-" "Cpanel-HTTP-Client/1.0"
85.236.152.148 - - [15/Jun/2025:23:45:52 +0200] "GET /.well-known/acme-challenge/_8IYB847HWG_36XM8AENNER441IXOP6B HTTP/1.1" 404 1499 "-" "Cpanel-HTTP-Client/1.0"
216.73.216.217 - - [15/Jun/2025:23:47:13 +0200] "GET /component/search/?Itemid=115&format=opensearch HTTP/1.1" 200 760 "-" "Mozilla/5.0 AppleWebKit/537.36 (KHTML, like Gecko; compatible; ClaudeBot/1.0; +claudebot@anthropic.com)"
216.73.216.217 - - [15/Jun/2025:23:48:18 +0200] "GET /component/search/?Itemid=189&format=opensearch HTTP/1.1" 200 760 "-" "Mozilla/5.0 AppleWebKit/537.36 (KHTML, like Gecko; compatible; ClaudeBot/1.0; +claudebot@anthropic.com)"
216.73.216.217 - - [15/Jun/2025:23:51:35 +0200] "GET /component/mailto/?link=6eec3857488a49a5280911b11caffc16de231f57&template=neutre&tmpl=component HTTP/1.1" 200 8091 "-" "Mozilla/5.0 AppleWebKit/537.36 (KHTML, like Gecko; compatible; ClaudeBot/1.0; +claudebot@anthropic.com)"
182.44.9.147 - - [15/Jun/2025:23:53:18 +0200] "GET / HTTP/1.1" 301 244 "-" "Mozilla/5.0 (iPhone; CPU iPhone OS 13_2_3 like Mac OS X) AppleWebKit/605.1.15 (KHTML, like Gecko) Version/13.0.3 Mobile/15E148 Safari/604.1"
182.44.9.147 - - [15/Jun/2025:23:53:19 +0200] "GET / HTTP/1.1" 200 39678 "http://locationdebenneparis.net" "Mozilla/5.0 (iPhone; CPU iPhone OS 13_2_3 like Mac OS X) AppleWebKit/605.1.15 (KHTML, like Gecko) Version/13.0.3 Mobile/15E148 Safari/604.1"
114.119.147.32 - - [15/Jun/2025:23:57:10 +0200] "GET /component/search?searchword=tarif&start=20 HTTP/1.1" 200 22751 "http://www.locationdebenneparis.net/component/search?searchword=tarif&limitstart=0" "Mozilla/5.0 (Linux; Android 7.0;) AppleWebKit/537.36 (KHTML, like Gecko) Mobile Safari/537.36 (compatible; PetalBot;+https://webmaster.petalsearch.com/site/petalbot)"
216.73.216.217 - - [15/Jun/2025:23:59:20 +0200] "GET /component/mailto/?link=83ef7b6516a23af135353e1940bb9beeb4ba273f&template=neutre&tmpl=component HTTP/1.1" 200 8091 "-" "Mozilla/5.0 AppleWebKit/537.36 (KHTML, like Gecko; compatible; ClaudeBot/1.0; +claudebot@anthropic.com)"
45.84.107.33 - - [16/Jun/2025:00:02:27 +0200] "GET / HTTP/1.1" 200 39678 "http://www.locationdebenneparis.net" "Mozilla/5.0 (Linux; Android 6.0; Apollo Lite) AppleWebKit/537.36 (KHTML, like Gecko) Chrome/81.0.4044.138 Mobile Safari/537.36"
216.73.216.217 - - [16/Jun/2025:00:02:36 +0200] "GET /component/search/?format=opensearch&searchword=r%C3%A9server+une+benne HTTP/1.1" 200 780 "-" "Mozilla/5.0 AppleWebKit/537.36 (KHTML, like Gecko; compatible; ClaudeBot/1.0; +claudebot@anthropic.com)"
216.73.216.217 - - [16/Jun/2025:00:02:37 +0200] "GET /component/search/?format=opensearch&searchword=d%C3%A9chets HTTP/1.1" 200 769 "-" "Mozilla/5.0 AppleWebKit/537.36 (KHTML, like Gecko; compatible; ClaudeBot/1.0; +claudebot@anthropic.com)"
216.73.216.217 - - [16/Jun/2025:00:03:42 +0200] "GET /location-benne-paris-75007?print=1&tmpl=component HTTP/1.1" 200 24944 "-" "Mozilla/5.0 AppleWebKit/537.36 (KHTML, like Gecko; compatible; ClaudeBot/1.0; +claudebot@anthropic.com)"
216.244.66.232 - - [16/Jun/2025:00:05:15 +0200] "GET /robots.txt HTTP/1.1" 200 823 "-" "Mozilla/5.0 (compatible; DotBot/1.2; +https://opensiteexplorer.org/dotbot; help@moz.com)"
216.73.216.217 - - [16/Jun/2025:00:07:40 +0200] "GET /component/search/?format=opensearch&searchword=d%C3%A9chet+informatique HTTP/1.1" 200 781 "-" "Mozilla/5.0 AppleWebKit/537.36 (KHTML, like Gecko; compatible; ClaudeBot/1.0; +claudebot@anthropic.com)"
216.73.216.217 - - [16/Jun/2025:00:11:35 +0200] "GET /services-prestations/autorisation-de-stationnement-de-la-benne?print=1&tmpl=component HTTP/1.1" 200 7863 "-" "Mozilla/5.0 AppleWebKit/537.36 (KHTML, like Gecko; compatible; ClaudeBot/1.0; +claudebot@anthropic.com)"
216.244.66.232 - - [16/Jun/2025:00:12:02 +0200] "GET /?option=com_search&searchword=formule%20location HTTP/1.1" 200 22064 "-" "Mozilla/5.0 (compatible; DotBot/1.2; +https://opensiteexplorer.org/dotbot; help@moz.com)"
85.204.70.100 - - [16/Jun/2025:00:13:10 +0200] "GET / HTTP/1.1" 301 244 "-" "Mozilla/5.0 (Windows NT 10.0; Win64; x64) AppleWebKit/537.36 (KHTML, like Gecko) Chrome/78.0.3904.108 Safari/537.36"
85.204.70.100 - - [16/Jun/2025:00:13:10 +0200] "GET / HTTP/1.1" 200 39678 "-" "Mozilla/5.0 (Windows NT 10.0; Win64; x64) AppleWebKit/537.36 (KHTML, like Gecko) Chrome/78.0.3904.108 Safari/537.36"
85.204.70.100 - - [16/Jun/2025:00:13:10 +0200] "GET //wp-includes/wlwmanifest.xml HTTP/1.1" 404 225 "-" "Mozilla/5.0 (Windows NT 10.0; Win64; x64) AppleWebKit/537.36 (KHTML, like Gecko) Chrome/78.0.3904.108 Safari/537.36"
85.204.70.100 - - [16/Jun/2025:00:13:10 +0200] "GET //xmlrpc.php?rsd HTTP/1.1" 404 1490 "-" "Mozilla/5.0 (Windows NT 10.0; Win64; x64) AppleWebKit/537.36 (KHTML, like Gecko) Chrome/78.0.3904.108 Safari/537.36"
85.204.70.100 - - [16/Jun/2025:00:13:10 +0200] "GET / HTTP/1.1" 200 39678 "-" "Mozilla/5.0 (Windows NT 10.0; Win64; x64) AppleWebKit/537.36 (KHTML, like Gecko) Chrome/78.0.3904.108 Safari/537.36"
85.204.70.100 - - [16/Jun/2025:00:13:11 +0200] "GET //blog/wp-includes/wlwmanifest.xml HTTP/1.1" 404 230 "-" "Mozilla/5.0 (Windows NT 10.0; Win64; x64) AppleWebKit/537.36 (KHTML, like Gecko) Chrome/78.0.3904.108 Safari/537.36"
85.204.70.100 - - [16/Jun/2025:00:13:11 +0200] "GET //web/wp-includes/wlwmanifest.xml HTTP/1.1" 404 229 "-" "Mozilla/5.0 (Windows NT 10.0; Win64; x64) AppleWebKit/537.36 (KHTML, like Gecko) Chrome/78.0.3904.108 Safari/537.36"
85.204.70.100 - - [16/Jun/2025:00:13:11 +0200] "GET //wordpress/wp-includes/wlwmanifest.xml HTTP/1.1" 404 235 "-" "Mozilla/5.0 (Windows NT 10.0; Win64; x64) AppleWebKit/537.36 (KHTML, like Gecko) Chrome/78.0.3904.108 Safari/537.36"
85.204.70.100 - - [16/Jun/2025:00:13:11 +0200] "GET //website/wp-includes/wlwmanifest.xml HTTP/1.1" 404 233 "-" "Mozilla/5.0 (Windows NT 10.0; Win64; x64) AppleWebKit/537.36 (KHTML, like Gecko) Chrome/78.0.3904.108 Safari/537.36"
85.204.70.100 - - [16/Jun/2025:00:13:11 +0200] "GET //wp/wp-includes/wlwmanifest.xml HTTP/1.1" 404 228 "-" "Mozilla/5.0 (Windows NT 10.0; Win64; x64) AppleWebKit/537.36 (KHTML, like Gecko) Chrome/78.0.3904.108 Safari/537.36"
85.204.70.100 - - [16/Jun/2025:00:13:11 +0200] "GET //news/wp-includes/wlwmanifest.xml HTTP/1.1" 404 230 "-" "Mozilla/5.0 (Windows NT 10.0; Win64; x64) AppleWebKit/537.36 (KHTML, like Gecko) Chrome/78.0.3904.108 Safari/537.36"
85.204.70.100 - - [16/Jun/2025:00:13:11 +0200] "GET //2018/wp-includes/wlwmanifest.xml HTTP/1.1" 404 230 "-" "Mozilla/5.0 (Windows NT 10.0; Win64; x64) AppleWebKit/537.36 (KHTML, like Gecko) Chrome/78.0.3904.108 Safari/537.36"
85.204.70.100 - - [16/Jun/2025:00:13:11 +0200] "GET //2019/wp-includes/wlwmanifest.xml HTTP/1.1" 404 230 "-" "Mozilla/5.0 (Windows NT 10.0; Win64; x64) AppleWebKit/537.36 (KHTML, like Gecko) Chrome/78.0.3904.108 Safari/537.36"
85.204.70.100 - - [16/Jun/2025:00:13:11 +0200] "GET //shop/wp-includes/wlwmanifest.xml HTTP/1.1" 404 230 "-" "Mozilla/5.0 (Windows NT 10.0; Win64; x64) AppleWebKit/537.36 (KHTML, like Gecko) Chrome/78.0.3904.108 Safari/537.36"
85.204.70.100 - - [16/Jun/2025:00:13:11 +0200] "GET //wp1/wp-includes/wlwmanifest.xml HTTP/1.1" 404 229 "-" "Mozilla/5.0 (Windows NT 10.0; Win64; x64) AppleWebKit/537.36 (KHTML, like Gecko) Chrome/78.0.3904.108 Safari/537.36"
85.204.70.100 - - [16/Jun/2025:00:13:11 +0200] "GET //test/wp-includes/wlwmanifest.xml HTTP/1.1" 404 230 "-" "Mozilla/5.0 (Windows NT 10.0; Win64; x64) AppleWebKit/537.36 (KHTML, like Gecko) Chrome/78.0.3904.108 Safari/537.36"
85.204.70.100 - - [16/Jun/2025:00:13:11 +0200] "GET //media/wp-includes/wlwmanifest.xml HTTP/1.1" 404 231 "-" "Mozilla/5.0 (Windows NT 10.0; Win64; x64) AppleWebKit/537.36 (KHTML, like Gecko) Chrome/78.0.3904.108 Safari/537.36"
85.204.70.100 - - [16/Jun/2025:00:13:11 +0200] "GET //wp2/wp-includes/wlwmanifest.xml HTTP/1.1" 404 229 "-" "Mozilla/5.0 (Windows NT 10.0; Win64; x64) AppleWebKit/537.36 (KHTML, like Gecko) Chrome/78.0.3904.108 Safari/537.36"
85.204.70.100 - - [16/Jun/2025:00:13:11 +0200] "GET //site/wp-includes/wlwmanifest.xml HTTP/1.1" 404 230 "-" "Mozilla/5.0 (Windows NT 10.0; Win64; x64) AppleWebKit/537.36 (KHTML, like Gecko) Chrome/78.0.3904.108 Safari/537.36"
85.204.70.100 - - [16/Jun/2025:00:13:11 +0200] "GET //cms/wp-includes/wlwmanifest.xml HTTP/1.1" 404 229 "-" "Mozilla/5.0 (Windows NT 10.0; Win64; x64) AppleWebKit/537.36 (KHTML, like Gecko) Chrome/78.0.3904.108 Safari/537.36"
85.204.70.100 - - [16/Jun/2025:00:13:11 +0200] "GET //sito/wp-includes/wlwmanifest.xml HTTP/1.1" 404 230 "-" "Mozilla/5.0 (Windows NT 10.0; Win64; x64) AppleWebKit/537.36 (KHTML, like Gecko) Chrome/78.0.3904.108 Safari/537.36"
216.73.216.217 - - [16/Jun/2025:00:13:47 +0200] "GET /location-benne-paris-75003/10-Location%20Benne%20Paris%20-75 HTTP/1.1" 200 117779 "-" "Mozilla/5.0 AppleWebKit/537.36 (KHTML, like Gecko; compatible; ClaudeBot/1.0; +claudebot@anthropic.com)"
216.73.216.217 - - [16/Jun/2025:00:22:14 +0200] "GET /location-benne-paris-75012?print=1&tmpl=component HTTP/1.1" 200 24962 "-" "Mozilla/5.0 AppleWebKit/537.36 (KHTML, like Gecko; compatible; ClaudeBot/1.0; +claudebot@anthropic.com)"
216.73.216.217 - - [16/Jun/2025:00:24:57 +0200] "GET /services-prestations/autorisation-de-stationnement-de-la-benne/2-diverse HTTP/1.1" 200 32693 "-" "Mozilla/5.0 AppleWebKit/537.36 (KHTML, like Gecko; compatible; ClaudeBot/1.0; +claudebot@anthropic.com)"
216.73.216.217 - - [16/Jun/2025:00:25:57 +0200] "GET /component/search/?Itemid=123&format=opensearch HTTP/1.1" 200 760 "-" "Mozilla/5.0 AppleWebKit/537.36 (KHTML, like Gecko; compatible; ClaudeBot/1.0; +claudebot@anthropic.com)"
216.73.216.217 - - [16/Jun/2025:00:26:59 +0200] "GET /component/search/?searchword=d%C3%A9chets&start=20 HTTP/1.1" 200 26352 "-" "Mozilla/5.0 AppleWebKit/537.36 (KHTML, like Gecko; compatible; ClaudeBot/1.0; +claudebot@anthropic.com)"
114.119.132.57 - - [16/Jun/2025:00:46:44 +0200] "GET /?option=com_search&%3Bsearchword=contenance HTTP/1.1" 200 21965 "http://www.locationdebenneparis.net/location-benne-paris-75014/10-Location%20Benne%20Paris%20-75" "Mozilla/5.0 (Linux; Android 7.0;) AppleWebKit/537.36 (KHTML, like Gecko) Mobile Safari/537.36 (compatible; PetalBot;+https://webmaster.petalsearch.com/site/petalbot)"
217.113.194.181 - - [16/Jun/2025:00:50:09 +0200] "GET /robots.txt HTTP/1.1" 301 254 "-" "Mozilla/5.0 (compatible; Barkrowler/0.9; +https://babbar.tech/crawler)"
217.113.194.181 - - [16/Jun/2025:00:50:09 +0200] "GET /robots.txt HTTP/1.1" 200 823 "-" "Mozilla/5.0 (compatible; Barkrowler/0.9; +https://babbar.tech/crawler)"
217.113.194.179 - - [16/Jun/2025:00:50:38 +0200] "GET /robots.txt HTTP/1.1" 200 823 "-" "Mozilla/5.0 (compatible; Barkrowler/0.9; +https://babbar.tech/crawler)"
217.113.194.172 - - [16/Jun/2025:00:51:10 +0200] "GET / HTTP/1.1" 301 244 "-" "Mozilla/5.0 (compatible; Barkrowler/0.9; +https://babbar.tech/crawler)"
217.113.194.180 - - [16/Jun/2025:00:51:43 +0200] "GET /contact HTTP/1.1" 200 22127 "-" "Mozilla/5.0 (compatible; Barkrowler/0.9; +https://babbar.tech/crawler)"
217.113.194.181 - - [16/Jun/2025:00:58:11 +0200] "GET /nouvelles HTTP/1.1" 200 22238 "-" "Mozilla/5.0 (compatible; Barkrowler/0.9; +https://babbar.tech/crawler)"
217.113.194.179 - - [16/Jun/2025:00:59:09 +0200] "GET /14-home HTTP/1.1" 301 244 "-" "Mozilla/5.0 (compatible; Barkrowler/0.9; +https://babbar.tech/crawler)"
217.113.194.179 - - [16/Jun/2025:00:59:51 +0200] "GET /contact/2-diverse HTTP/1.1" 200 33207 "-" "Mozilla/5.0 (compatible; Barkrowler/0.9; +https://babbar.tech/crawler)"
217.113.194.179 - - [16/Jun/2025:01:00:37 +0200] "GET /contact-entreprise HTTP/1.1" 200 20857 "-" "Mozilla/5.0 (compatible; Barkrowler/0.9; +https://babbar.tech/crawler)"
217.113.194.181 - - [16/Jun/2025:01:01:31 +0200] "GET /services-prestations HTTP/1.1" 200 22925 "-" "Mozilla/5.0 (compatible; Barkrowler/0.9; +https://babbar.tech/crawler)"
217.113.194.181 - - [16/Jun/2025:01:02:19 +0200] "GET /informations-legales HTTP/1.1" 200 22871 "-" "Mozilla/5.0 (compatible; Barkrowler/0.9; +https://babbar.tech/crawler)"
154.54.249.212 - - [16/Jun/2025:01:02:59 +0200] "GET /index.php/plan-du-site HTTP/1.1" 200 22832 "-" "Mozilla/5.0 (compatible; Barkrowler/0.9; +https://babbar.tech/crawler)"
217.113.194.173 - - [16/Jun/2025:01:03:41 +0200] "GET /index.php/contact-entreprise HTTP/1.1" 200 20867 "-" "Mozilla/5.0 (compatible; Barkrowler/0.9; +https://babbar.tech/crawler)"
217.113.194.173 - - [16/Jun/2025:01:04:19 +0200] "GET /index.php/informations-legales HTTP/1.1" 200 22881 "-" "Mozilla/5.0 (compatible; Barkrowler/0.9; +https://babbar.tech/crawler)"
217.113.194.172 - - [16/Jun/2025:01:04:59 +0200] "GET /location-benne-paris-75005 HTTP/1.1" 200 39055 "-" "Mozilla/5.0 (compatible; Barkrowler/0.9; +https://babbar.tech/crawler)"
217.113.194.172 - - [16/Jun/2025:01:05:39 +0200] "GET /nouvelles?format=feed&type=rss HTTP/1.1" 200 1857 "-" "Mozilla/5.0 (compatible; Barkrowler/0.9; +https://babbar.tech/crawler)"
217.113.194.177 - - [16/Jun/2025:01:06:23 +0200] "GET /location-benne-paris-75020 HTTP/1.1" 200 39073 "-" "Mozilla/5.0 (compatible; Barkrowler/0.9; +https://babbar.tech/crawler)"
217.113.194.175 - - [16/Jun/2025:01:07:04 +0200] "GET /location-benne-paris-75006 HTTP/1.1" 200 39055 "-" "Mozilla/5.0 (compatible; Barkrowler/0.9; +https://babbar.tech/crawler)"
217.113.194.172 - - [16/Jun/2025:01:07:42 +0200] "GET /location-benne-paris-75007 HTTP/1.1" 200 39055 "-" "Mozilla/5.0 (compatible; Barkrowler/0.9; +https://babbar.tech/crawler)"
217.113.194.179 - - [16/Jun/2025:01:08:23 +0200] "GET /location-benne-paris-75003 HTTP/1.1" 200 39055 "-" "Mozilla/5.0 (compatible; Barkrowler/0.9; +https://babbar.tech/crawler)"
217.113.194.175 - - [16/Jun/2025:01:09:02 +0200] "GET /location-benne-paris-75002 HTTP/1.1" 200 39055 "-" "Mozilla/5.0 (compatible; Barkrowler/0.9; +https://babbar.tech/crawler)"
217.113.194.172 - - [16/Jun/2025:01:09:42 +0200] "GET /location-benne-paris-75001 HTTP/1.1" 200 39015 "-" "Mozilla/5.0 (compatible; Barkrowler/0.9; +https://babbar.tech/crawler)"
217.113.194.178 - - [16/Jun/2025:01:10:23 +0200] "GET /location-benne-paris-75008 HTTP/1.1" 200 39055 "-" "Mozilla/5.0 (compatible; Barkrowler/0.9; +https://babbar.tech/crawler)"
217.113.194.180 - - [16/Jun/2025:01:11:06 +0200] "GET /location-benne-paris-75015 HTTP/1.1" 200 39073 "-" "Mozilla/5.0 (compatible; Barkrowler/0.9; +https://babbar.tech/crawler)"
217.113.194.172 - - [16/Jun/2025:01:11:48 +0200] "GET /location-benne-paris-75013 HTTP/1.1" 200 39073 "-" "Mozilla/5.0 (compatible; Barkrowler/0.9; +https://babbar.tech/crawler)"
217.113.194.180 - - [16/Jun/2025:01:12:28 +0200] "GET /location-benne-paris-75010 HTTP/1.1" 200 39073 "-" "Mozilla/5.0 (compatible; Barkrowler/0.9; +https://babbar.tech/crawler)"
217.113.194.180 - - [16/Jun/2025:01:13:11 +0200] "GET /location-benne-paris-75012 HTTP/1.1" 200 39073 "-" "Mozilla/5.0 (compatible; Barkrowler/0.9; +https://babbar.tech/crawler)"
217.113.194.173 - - [16/Jun/2025:01:13:54 +0200] "GET /location-benne-paris-75019 HTTP/1.1" 200 39073 "-" "Mozilla/5.0 (compatible; Barkrowler/0.9; +https://babbar.tech/crawler)"
217.113.194.180 - - [16/Jun/2025:01:14:34 +0200] "GET /location-benne-paris-75018 HTTP/1.1" 200 39073 "-" "Mozilla/5.0 (compatible; Barkrowler/0.9; +https://babbar.tech/crawler)"
114.119.157.112 - - [16/Jun/2025:01:14:43 +0200] "GET /component/mailto/?tmpl=component&template=neutre&link=a6cd4b88b09ade7f397522d15f71edb85cff0acb HTTP/1.1" 200 8091 "http://www.locationdebenneparis.net/services-prestations" "Mozilla/5.0 (Linux; Android 7.0;) AppleWebKit/537.36 (KHTML, like Gecko) Mobile Safari/537.36 (compatible; PetalBot;+https://webmaster.petalsearch.com/site/petalbot)"
217.113.194.181 - - [16/Jun/2025:01:15:13 +0200] "GET /location-benne-paris-75014 HTTP/1.1" 200 39073 "-" "Mozilla/5.0 (compatible; Barkrowler/0.9; +https://babbar.tech/crawler)"
217.113.194.180 - - [16/Jun/2025:01:15:53 +0200] "GET /contact-entreprise/2-diverse HTTP/1.1" 200 32014 "-" "Mozilla/5.0 (compatible; Barkrowler/0.9; +https://babbar.tech/crawler)"
217.113.194.181 - - [16/Jun/2025:01:16:36 +0200] "GET /component/search/?format=opensearch HTTP/1.1" 200 745 "-" "Mozilla/5.0 (compatible; Barkrowler/0.9; +https://babbar.tech/crawler)"
217.113.194.172 - - [16/Jun/2025:01:17:16 +0200] "GET /informations-legales/2-diverse HTTP/1.1" 200 32062 "-" "Mozilla/5.0 (compatible; Barkrowler/0.9; +https://babbar.tech/crawler)"
217.113.194.173 - - [16/Jun/2025:01:17:53 +0200] "GET /services-prestations?tmpl=component&print=1&page= HTTP/1.1" 200 8841 "-" "Mozilla/5.0 (compatible; Barkrowler/0.9; +https://babbar.tech/crawler)"
217.113.194.177 - - [16/Jun/2025:01:18:36 +0200] "GET /services-prestations/bennes-a-gravats HTTP/1.1" 200 21330 "-" "Mozilla/5.0 (compatible; Barkrowler/0.9; +https://babbar.tech/crawler)"
217.113.194.181 - - [16/Jun/2025:01:19:15 +0200] "GET /component/search/?Itemid=158&format=opensearch HTTP/1.1" 200 760 "-" "Mozilla/5.0 (compatible; Barkrowler/0.9; +https://babbar.tech/crawler)"
217.113.194.172 - - [16/Jun/2025:01:19:56 +0200] "GET /component/search/?Itemid=182&format=opensearch HTTP/1.1" 200 760 "-" "Mozilla/5.0 (compatible; Barkrowler/0.9; +https://babbar.tech/crawler)"
217.113.194.177 - - [16/Jun/2025:01:20:38 +0200] "GET /component/search/?Itemid=131&format=opensearch HTTP/1.1" 200 760 "-" "Mozilla/5.0 (compatible; Barkrowler/0.9; +https://babbar.tech/crawler)"
217.113.194.173 - - [16/Jun/2025:01:21:18 +0200] "GET /component/search/?Itemid=180&format=opensearch HTTP/1.1" 200 760 "-" "Mozilla/5.0 (compatible; Barkrowler/0.9; +https://babbar.tech/crawler)"
217.113.194.175 - - [16/Jun/2025:01:21:58 +0200] "GET /component/search/?Itemid=119&format=opensearch HTTP/1.1" 200 760 "-" "Mozilla/5.0 (compatible; Barkrowler/0.9; +https://babbar.tech/crawler)"
217.113.194.180 - - [16/Jun/2025:01:22:38 +0200] "GET /component/search/?Itemid=185&format=opensearch HTTP/1.1" 200 760 "-" "Mozilla/5.0 (compatible; Barkrowler/0.9; +https://babbar.tech/crawler)"
217.113.194.177 - - [16/Jun/2025:01:23:18 +0200] "GET /component/search/?Itemid=184&format=opensearch HTTP/1.1" 200 760 "-" "Mozilla/5.0 (compatible; Barkrowler/0.9; +https://babbar.tech/crawler)"
217.113.194.172 - - [16/Jun/2025:01:24:00 +0200] "GET /component/search/?Itemid=129&format=opensearch HTTP/1.1" 200 760 "-" "Mozilla/5.0 (compatible; Barkrowler/0.9; +https://babbar.tech/crawler)"
217.113.194.179 - - [16/Jun/2025:01:24:57 +0200] "GET /component/search/?Itemid=181&format=opensearch HTTP/1.1" 200 760 "-" "Mozilla/5.0 (compatible; Barkrowler/0.9; +https://babbar.tech/crawler)"
217.113.194.179 - - [16/Jun/2025:01:25:55 +0200] "GET /component/search/?Itemid=130&format=opensearch HTTP/1.1" 200 760 "-" "Mozilla/5.0 (compatible; Barkrowler/0.9; +https://babbar.tech/crawler)"
217.113.194.172 - - [16/Jun/2025:01:26:53 +0200] "GET /component/search/?Itemid=167&format=opensearch HTTP/1.1" 200 760 "-" "Mozilla/5.0 (compatible; Barkrowler/0.9; +https://babbar.tech/crawler)"
154.54.249.212 - - [16/Jun/2025:01:27:55 +0200] "GET /component/search/?Itemid=166&format=opensearch HTTP/1.1" 200 760 "-" "Mozilla/5.0 (compatible; Barkrowler/0.9; +https://babbar.tech/crawler)"
217.113.194.177 - - [16/Jun/2025:01:28:46 +0200] "GET /component/search/?Itemid=125&format=opensearch HTTP/1.1" 200 760 "-" "Mozilla/5.0 (compatible; Barkrowler/0.9; +https://babbar.tech/crawler)"
154.54.249.212 - - [16/Jun/2025:01:29:24 +0200] "GET /component/search/?Itemid=122&format=opensearch HTTP/1.1" 200 760 "-" "Mozilla/5.0 (compatible; Barkrowler/0.9; +https://babbar.tech/crawler)"
217.113.194.172 - - [16/Jun/2025:01:30:07 +0200] "GET /component/search/?Itemid=116&format=opensearch HTTP/1.1" 200 760 "-" "Mozilla/5.0 (compatible; Barkrowler/0.9; +https://babbar.tech/crawler)"
154.47.20.233 - - [16/Jun/2025:01:30:20 +0200] "GET /wp-login.php HTTP/1.1" 404 1499 "-" "Mozilla/5.0 (Windows NT 10.0; Win64; x64) AppleWebKit/537.36 (KHTML, like Gecko) Chrome/91.0.4472.124 Safari/537.36"
217.113.194.180 - - [16/Jun/2025:01:30:47 +0200] "GET /component/search/?Itemid=127&format=opensearch HTTP/1.1" 200 760 "-" "Mozilla/5.0 (compatible; Barkrowler/0.9; +https://babbar.tech/crawler)"
217.113.194.177 - - [16/Jun/2025:01:31:31 +0200] "GET /informations-legales?tmpl=component&print=1&page= HTTP/1.1" 200 10080 "-" "Mozilla/5.0 (compatible; Barkrowler/0.9; +https://babbar.tech/crawler)"
217.113.194.180 - - [16/Jun/2025:01:32:11 +0200] "GET /contact-entreprise?tmpl=component&print=1&page= HTTP/1.1" 200 8084 "-" "Mozilla/5.0 (compatible; Barkrowler/0.9; +https://babbar.tech/crawler)"
217.113.194.177 - - [16/Jun/2025:01:32:50 +0200] "GET /nouvelles/3-actualites-de-votre-ville HTTP/1.1" 200 21529 "-" "Mozilla/5.0 (compatible; Barkrowler/0.9; +https://babbar.tech/crawler)"
154.54.249.212 - - [16/Jun/2025:01:33:29 +0200] "GET /component/search/?searchword=prix&start=20 HTTP/1.1" 200 23135 "-" "Mozilla/5.0 (compatible; Barkrowler/0.9; +https://babbar.tech/crawler)"
154.54.249.212 - - [16/Jun/2025:01:34:12 +0200] "GET /component/search/?searchword=tarif&start=20 HTTP/1.1" 200 22752 "-" "Mozilla/5.0 (compatible; Barkrowler/0.9; +https://babbar.tech/crawler)"
217.113.194.179 - - [16/Jun/2025:01:34:51 +0200] "GET /component/search/?searchword=chantier&start=20 HTTP/1.1" 200 24469 "-" "Mozilla/5.0 (compatible; Barkrowler/0.9; +https://babbar.tech/crawler)"
217.113.194.180 - - [16/Jun/2025:01:35:35 +0200] "GET /component/search/?Itemid=106&format=opensearch HTTP/1.1" 200 760 "-" "Mozilla/5.0 (compatible; Barkrowler/0.9; +https://babbar.tech/crawler)"
217.113.194.174 - - [16/Jun/2025:01:36:17 +0200] "GET /component/search/?Itemid=103&format=opensearch HTTP/1.1" 200 760 "-" "Mozilla/5.0 (compatible; Barkrowler/0.9; +https://babbar.tech/crawler)"
217.113.194.174 - - [16/Jun/2025:01:37:00 +0200] "GET /component/search/?Itemid=117&format=opensearch HTTP/1.1" 200 760 "-" "Mozilla/5.0 (compatible; Barkrowler/0.9; +https://babbar.tech/crawler)"
217.113.194.176 - - [16/Jun/2025:01:37:39 +0200] "GET /component/search/?Itemid=102&format=opensearch HTTP/1.1" 200 760 "-" "Mozilla/5.0 (compatible; Barkrowler/0.9; +https://babbar.tech/crawler)"
217.113.194.180 - - [16/Jun/2025:01:38:18 +0200] "GET /component/search/?Itemid=115&format=opensearch HTTP/1.1" 200 760 "-" "Mozilla/5.0 (compatible; Barkrowler/0.9; +https://babbar.tech/crawler)"
217.113.194.173 - - [16/Jun/2025:01:38:57 +0200] "GET /component/search/?Itemid=188&format=opensearch HTTP/1.1" 200 760 "-" "Mozilla/5.0 (compatible; Barkrowler/0.9; +https://babbar.tech/crawler)"
57.141.0.30 - - [16/Jun/2025:01:39:36 +0200] "GET /index.php?option=com_xmap&view=xml&tmpl=component&id=1 HTTP/1.1" 200 7114 "-" "meta-externalagent/1.1 (+https://developers.facebook.com/docs/sharing/webmasters/crawler)"
217.113.194.177 - - [16/Jun/2025:01:39:39 +0200] "GET /component/search/?Itemid=186&format=opensearch HTTP/1.1" 200 760 "-" "Mozilla/5.0 (compatible; Barkrowler/0.9; +https://babbar.tech/crawler)"
217.113.194.172 - - [16/Jun/2025:01:40:17 +0200] "GET /component/search/?searchword=volume&format=opensearch HTTP/1.1" 200 767 "-" "Mozilla/5.0 (compatible; Barkrowler/0.9; +https://babbar.tech/crawler)"
217.113.194.181 - - [16/Jun/2025:01:40:57 +0200] "GET /component/search/?searchword=terre&format=opensearch HTTP/1.1" 200 766 "-" "Mozilla/5.0 (compatible; Barkrowler/0.9; +https://babbar.tech/crawler)"
217.113.194.177 - - [16/Jun/2025:01:41:39 +0200] "GET /component/search/?searchword=30m3&start=20 HTTP/1.1" 200 22747 "-" "Mozilla/5.0 (compatible; Barkrowler/0.9; +https://babbar.tech/crawler)"
217.113.194.172 - - [16/Jun/2025:01:42:31 +0200] "GET /component/search/?searchword=8m3&start=20 HTTP/1.1" 200 22355 "-" "Mozilla/5.0 (compatible; Barkrowler/0.9; +https://babbar.tech/crawler)"
217.113.194.172 - - [16/Jun/2025:01:43:27 +0200] "GET /component/search/?searchword=bois&format=opensearch HTTP/1.1" 200 765 "-" "Mozilla/5.0 (compatible; Barkrowler/0.9; +https://babbar.tech/crawler)"
154.54.249.212 - - [16/Jun/2025:01:44:16 +0200] "GET /?option=com_search&searchword=tarif HTTP/1.1" 200 29745 "-" "Mozilla/5.0 (compatible; Barkrowler/0.9; +https://babbar.tech/crawler)"
217.113.194.181 - - [16/Jun/2025:01:45:18 +0200] "GET /?option=com_search&searchword=devis HTTP/1.1" 200 25253 "-" "Mozilla/5.0 (compatible; Barkrowler/0.9; +https://babbar.tech/crawler)"
217.113.194.174 - - [16/Jun/2025:01:46:00 +0200] "GET /?option=com_search&searchword=BTP HTTP/1.1" 200 20818 "-" "Mozilla/5.0 (compatible; Barkrowler/0.9; +https://babbar.tech/crawler)"
217.113.194.178 - - [16/Jun/2025:01:46:43 +0200] "GET /?option=com_search&searchword=prix HTTP/1.1" 200 29837 "-" "Mozilla/5.0 (compatible; Barkrowler/0.9; +https://babbar.tech/crawler)"
217.113.194.175 - - [16/Jun/2025:01:47:22 +0200] "GET /?option=com_search&searchword=cave HTTP/1.1" 200 22593 "-" "Mozilla/5.0 (compatible; Barkrowler/0.9; +https://babbar.tech/crawler)"
217.113.194.179 - - [16/Jun/2025:01:48:05 +0200] "GET /?option=com_search&searchword=sable HTTP/1.1" 200 23198 "-" "Mozilla/5.0 (compatible; Barkrowler/0.9; +https://babbar.tech/crawler)"
217.113.194.177 - - [16/Jun/2025:01:48:50 +0200] "GET /?option=com_search&searchword=batiment HTTP/1.1" 200 20828 "-" "Mozilla/5.0 (compatible; Barkrowler/0.9; +https://babbar.tech/crawler)"
217.113.194.178 - - [16/Jun/2025:01:49:30 +0200] "GET /?option=com_search&searchword=volume HTTP/1.1" 200 22601 "-" "Mozilla/5.0 (compatible; Barkrowler/0.9; +https://babbar.tech/crawler)"
217.113.194.180 - - [16/Jun/2025:01:50:09 +0200] "GET /?option=com_search&searchword=chantier HTTP/1.1" 200 30319 "-" "Mozilla/5.0 (compatible; Barkrowler/0.9; +https://babbar.tech/crawler)"
217.113.194.177 - - [16/Jun/2025:01:50:48 +0200] "GET /?option=com_search&searchword=terre HTTP/1.1" 200 23176 "-" "Mozilla/5.0 (compatible; Barkrowler/0.9; +https://babbar.tech/crawler)"
217.113.194.177 - - [16/Jun/2025:01:51:30 +0200] "GET /?option=com_search&searchword=voirie HTTP/1.1" 200 22511 "-" "Mozilla/5.0 (compatible; Barkrowler/0.9; +https://babbar.tech/crawler)"
4.227.36.86 - - [16/Jun/2025:01:51:39 +0200] "GET /robots.txt HTTP/1.1" 301 254 "-" "Mozilla/5.0 AppleWebKit/537.36 (KHTML, like Gecko; compatible; GPTBot/1.2; +https://openai.com/gptbot)"
4.227.36.86 - - [16/Jun/2025:01:51:40 +0200] "GET /robots.txt HTTP/1.1" 200 823 "http://locationdebenneparis.net/robots.txt" "Mozilla/5.0 AppleWebKit/537.36 (KHTML, like Gecko; compatible; GPTBot/1.2; +https://openai.com/gptbot)"
20.171.207.243 - - [16/Jun/2025:01:51:40 +0200] "GET / HTTP/1.1" 301 244 "-" "Mozilla/5.0 AppleWebKit/537.36 (KHTML, like Gecko; compatible; GPTBot/1.2; +https://openai.com/gptbot)"
217.113.194.177 - - [16/Jun/2025:01:52:09 +0200] "GET /?option=com_search&searchword=bois HTTP/1.1" 200 22575 "-" "Mozilla/5.0 (compatible; Barkrowler/0.9; +https://babbar.tech/crawler)"
217.113.194.181 - - [16/Jun/2025:01:52:50 +0200] "GET /services-prestations/bennes-pour-dechets-de-chantier HTTP/1.1" 200 20989 "-" "Mozilla/5.0 (compatible; Barkrowler/0.9; +https://babbar.tech/crawler)"
217.113.194.176 - - [16/Jun/2025:01:53:27 +0200] "GET /services-prestations/bennes-pour-dechets-industriels HTTP/1.1" 200 21060 "-" "Mozilla/5.0 (compatible; Barkrowler/0.9; +https://babbar.tech/crawler)"
217.113.194.174 - - [16/Jun/2025:01:54:05 +0200] "GET /services-prestations/une-benne-pour-du-debarras HTTP/1.1" 200 21112 "-" "Mozilla/5.0 (compatible; Barkrowler/0.9; +https://babbar.tech/crawler)"
217.113.194.174 - - [16/Jun/2025:01:54:46 +0200] "GET /component/search/?searchword=prix&limitstart=0 HTTP/1.1" 200 29871 "-" "Mozilla/5.0 (compatible; Barkrowler/0.9; +https://babbar.tech/crawler)"
217.113.194.179 - - [16/Jun/2025:01:55:28 +0200] "GET /component/search/?searchword=particuliers&start=20 HTTP/1.1" 200 23372 "-" "Mozilla/5.0 (compatible; Barkrowler/0.9; +https://babbar.tech/crawler)"
217.113.194.175 - - [16/Jun/2025:01:56:10 +0200] "GET /component/search/?searchword=tarif&format=opensearch HTTP/1.1" 200 766 "-" "Mozilla/5.0 (compatible; Barkrowler/0.9; +https://babbar.tech/crawler)"
114.119.157.112 - - [16/Jun/2025:01:56:35 +0200] "GET /services-prestations/bennes-a-gravats?tmpl=component&print=1&page HTTP/1.1" 200 8338 "http://www.locationdebenneparis.net/services-prestations/bennes-a-gravats" "Mozilla/5.0 (Linux; Android 7.0;) AppleWebKit/537.36 (KHTML, like Gecko) Mobile Safari/537.36 (compatible; PetalBot;+https://webmaster.petalsearch.com/site/petalbot)"
217.113.194.181 - - [16/Jun/2025:01:56:48 +0200] "GET /component/search/?searchword=tarif&limitstart=0 HTTP/1.1" 200 29779 "-" "Mozilla/5.0 (compatible; Barkrowler/0.9; +https://babbar.tech/crawler)"
217.113.194.179 - - [16/Jun/2025:01:57:27 +0200] "GET /component/search/?searchword=cave&format=opensearch HTTP/1.1" 200 765 "-" "Mozilla/5.0 (compatible; Barkrowler/0.9; +https://babbar.tech/crawler)"
217.113.194.181 - - [16/Jun/2025:01:58:10 +0200] "GET /component/search/?searchword=devis&format=opensearch HTTP/1.1" 200 766 "-" "Mozilla/5.0 (compatible; Barkrowler/0.9; +https://babbar.tech/crawler)"
66.249.74.163 - - [16/Jun/2025:01:58:26 +0200] "GET /index.php?option=com_content&view=article&id=62:autorisation-de-stationnement&catid=2:diverse&Itemid=189 HTTP/1.1" 200 20936 "-" "Mozilla/5.0 (Linux; Android 6.0.1; Nexus 5X Build/MMB29P) AppleWebKit/537.36 (KHTML, like Gecko) Chrome/136.0.7103.113 Mobile Safari/537.36 (compatible; Googlebot/2.1; +http://www.google.com/bot.html)"
217.113.194.179 - - [16/Jun/2025:01:58:56 +0200] "GET /component/search/?searchword=Ile-de-France&start=20 HTTP/1.1" 200 23689 "-" "Mozilla/5.0 (compatible; Barkrowler/0.9; +https://babbar.tech/crawler)"
154.54.249.212 - - [16/Jun/2025:01:59:41 +0200] "GET /component/search/?searchword=chantier&format=opensearch HTTP/1.1" 200 769 "-" "Mozilla/5.0 (compatible; Barkrowler/0.9; +https://babbar.tech/crawler)"
51.68.107.156 - - [16/Jun/2025:02:00:10 +0200] "GET /robots.txt HTTP/1.1" 200 823 "-" "Mozilla/5.0 (compatible; MJ12bot/v2.0.2; http://mj12bot.com/)"
51.68.107.156 - - [16/Jun/2025:02:00:10 +0200] "GET / HTTP/1.1" 200 39678 "-" "Mozilla/5.0 (compatible; MJ12bot/v2.0.2; http://mj12bot.com/)"
217.113.194.174 - - [16/Jun/2025:02:00:20 +0200] "GET /component/search/?searchword=chantier&limitstart=0 HTTP/1.1" 200 30353 "-" "Mozilla/5.0 (compatible; Barkrowler/0.9; +https://babbar.tech/crawler)"
217.113.194.175 - - [16/Jun/2025:02:01:04 +0200] "GET /component/search/?searchword=voirie&format=opensearch HTTP/1.1" 200 767 "-" "Mozilla/5.0 (compatible; Barkrowler/0.9; +https://babbar.tech/crawler)"
217.113.194.174 - - [16/Jun/2025:02:01:43 +0200] "GET /component/search/?Itemid=113&id=10&format=opensearch HTTP/1.1" 200 770 "-" "Mozilla/5.0 (compatible; Barkrowler/0.9; +https://babbar.tech/crawler)"
217.113.194.172 - - [16/Jun/2025:02:02:19 +0200] "GET /component/search/?Itemid=110&id=10&format=opensearch HTTP/1.1" 200 770 "-" "Mozilla/5.0 (compatible; Barkrowler/0.9; +https://babbar.tech/crawler)"
217.113.194.180 - - [16/Jun/2025:02:02:54 +0200] "GET /component/search/?Itemid=123&id=10&format=opensearch HTTP/1.1" 200 770 "-" "Mozilla/5.0 (compatible; Barkrowler/0.9; +https://babbar.tech/crawler)"
217.113.194.179 - - [16/Jun/2025:02:03:36 +0200] "GET /component/search/?Itemid=114&id=10&format=opensearch HTTP/1.1" 200 770 "-" "Mozilla/5.0 (compatible; Barkrowler/0.9; +https://babbar.tech/crawler)"
