66.249.66.200 - - [22/Jun/2025:03:37:04 +0200] "GET /?option=com_search&searchword=parquets HTTP/1.1" 200 5733 "-" "Mozilla/5.0 (Linux; Android 6.0.1; Nexus 5X Build/MMB29P) AppleWebKit/537.36 (KHTML, like Gecko) Chrome/137.0.7151.103 Mobile Safari/537.36 (compatible; Googlebot/2.1; +http://www.google.com/bot.html)"
51.68.111.212 - - [22/Jun/2025:03:52:47 +0200] "GET /robots.txt HTTP/1.1" 200 819 "-" "Mozilla/5.0 (compatible; MJ12bot/v2.0.2; http://mj12bot.com/)"
51.68.111.212 - - [22/Jun/2025:03:52:48 +0200] "GET / HTTP/1.1" 200 10004 "-" "Mozilla/5.0 (compatible; MJ12bot/v2.0.2; http://mj12bot.com/)"
162.14.197.180 - - [22/Jun/2025:04:04:02 +0200] "GET / HTTP/1.1" 301 240 "-" "Mozilla/5.0 (iPhone; CPU iPhone OS 13_2_3 like Mac OS X) AppleWebKit/605.1.15 (KHTML, like Gecko) Version/13.0.3 Mobile/15E148 Safari/604.1"
162.14.197.180 - - [22/Jun/2025:04:04:06 +0200] "GET / HTTP/1.1" 200 9987 "http://menuiserie-paris.net" "Mozilla/5.0 (iPhone; CPU iPhone OS 13_2_3 like Mac OS X) AppleWebKit/605.1.15 (KHTML, like Gecko) Version/13.0.3 Mobile/15E148 Safari/604.1"
216.244.66.199 - - [22/Jun/2025:04:21:37 +0200] "GET /robots.txt HTTP/1.1" 200 819 "-" "Mozilla/5.0 (compatible; DotBot/1.2; +https://opensiteexplorer.org/dotbot; help@moz.com)"
196.127.39.42 - - [22/Jun/2025:04:23:08 +0200] "GET / HTTP/1.1" 200 9972 "-" "Mozilla/5.0 (compatible; Googlebot/2.1; +http://www.google.com/bot.html)"
112.86.225.252 - - [22/Jun/2025:04:24:16 +0200] "GET / HTTP/1.1" 200 10002 "-" "Sogou web spider/4.0(+http://www.sogou.com/docs/help/webmasters.htm#07)"
216.244.66.199 - - [22/Jun/2025:04:34:57 +0200] "GET /?option=com_search&searchword=actualit%C3%A9s HTTP/1.1" 200 18162 "-" "Mozilla/5.0 (compatible; DotBot/1.2; +https://opensiteexplorer.org/dotbot; help@moz.com)"
216.244.66.199 - - [22/Jun/2025:04:42:20 +0200] "GET /component/search/?searchword=commentaire&start=20 HTTP/1.1" 200 19010 "-" "Mozilla/5.0 (compatible; DotBot/1.2; +https://opensiteexplorer.org/dotbot; help@moz.com)"
34.68.193.35 - - [22/Jun/2025:04:43:57 +0200] "HEAD /wordpress HTTP/1.1" 301 - "-" "Mozilla/5.0 (Windows NT 10.0; Win64; x64) AppleWebKit/537.36 (KHTML, like Gecko) Chrome/74.0.3729.169 Safari/537.36"
34.68.193.35 - - [22/Jun/2025:04:43:57 +0200] "HEAD /wordpress HTTP/1.1" 404 - "-" "Mozilla/5.0 (Windows NT 10.0; Win64; x64) AppleWebKit/537.36 (KHTML, like Gecko) Chrome/74.0.3729.169 Safari/537.36"
34.68.193.35 - - [22/Jun/2025:04:43:58 +0200] "HEAD / HTTP/1.1" 200 - "-" "Mozilla/5.0 (Windows NT 10.0; Win64; x64) AppleWebKit/537.36 (KHTML, like Gecko) Chrome/74.0.3729.169 Safari/537.36"
34.68.193.35 - - [22/Jun/2025:04:43:58 +0200] "HEAD /wp HTTP/1.1" 404 - "-" "Mozilla/5.0 (Windows NT 10.0; Win64; x64) AppleWebKit/537.36 (KHTML, like Gecko) Chrome/74.0.3729.169 Safari/537.36"
34.68.193.35 - - [22/Jun/2025:04:43:59 +0200] "HEAD /bc HTTP/1.1" 404 - "-" "Mozilla/5.0 (Windows NT 10.0; Win64; x64) AppleWebKit/537.36 (KHTML, like Gecko) Chrome/74.0.3729.169 Safari/537.36"
34.68.193.35 - - [22/Jun/2025:04:43:59 +0200] "HEAD /bk HTTP/1.1" 404 - "-" "Mozilla/5.0 (Windows NT 10.0; Win64; x64) AppleWebKit/537.36 (KHTML, like Gecko) Chrome/74.0.3729.169 Safari/537.36"
34.68.193.35 - - [22/Jun/2025:04:43:59 +0200] "HEAD /index.php HTTP/1.1" 200 - "http://menuiserie-paris.net/wordpress" "Mozilla/5.0 (Windows NT 10.0; Win64; x64) AppleWebKit/537.36 (KHTML, like Gecko) Chrome/74.0.3729.169 Safari/537.36"
34.68.193.35 - - [22/Jun/2025:04:43:59 +0200] "HEAD / HTTP/1.1" 301 - "-" "Mozilla/5.0 (Windows NT 10.0; Win64; x64) AppleWebKit/537.36 (KHTML, like Gecko) Chrome/74.0.3729.169 Safari/537.36"
34.68.193.35 - - [22/Jun/2025:04:43:59 +0200] "HEAD /backup HTTP/1.1" 404 - "-" "Mozilla/5.0 (Windows NT 10.0; Win64; x64) AppleWebKit/537.36 (KHTML, like Gecko) Chrome/74.0.3729.169 Safari/537.36"
34.68.193.35 - - [22/Jun/2025:04:44:00 +0200] "HEAD /old HTTP/1.1" 404 - "-" "Mozilla/5.0 (Windows NT 10.0; Win64; x64) AppleWebKit/537.36 (KHTML, like Gecko) Chrome/74.0.3729.169 Safari/537.36"
34.68.193.35 - - [22/Jun/2025:04:44:00 +0200] "HEAD / HTTP/1.1" 200 - "http://menuiserie-paris.net/" "Mozilla/5.0 (Windows NT 10.0; Win64; x64) AppleWebKit/537.36 (KHTML, like Gecko) Chrome/74.0.3729.169 Safari/537.36"
34.68.193.35 - - [22/Jun/2025:04:44:00 +0200] "HEAD /new HTTP/1.1" 404 - "-" "Mozilla/5.0 (Windows NT 10.0; Win64; x64) AppleWebKit/537.36 (KHTML, like Gecko) Chrome/74.0.3729.169 Safari/537.36"
34.68.193.35 - - [22/Jun/2025:04:44:00 +0200] "HEAD /wp HTTP/1.1" 301 - "-" "Mozilla/5.0 (Windows NT 10.0; Win64; x64) AppleWebKit/537.36 (KHTML, like Gecko) Chrome/74.0.3729.169 Safari/537.36"
34.68.193.35 - - [22/Jun/2025:04:44:00 +0200] "HEAD /main HTTP/1.1" 404 - "-" "Mozilla/5.0 (Windows NT 10.0; Win64; x64) AppleWebKit/537.36 (KHTML, like Gecko) Chrome/74.0.3729.169 Safari/537.36"
34.68.193.35 - - [22/Jun/2025:04:44:00 +0200] "HEAD /index.php HTTP/1.1" 200 - "http://menuiserie-paris.net/wp" "Mozilla/5.0 (Windows NT 10.0; Win64; x64) AppleWebKit/537.36 (KHTML, like Gecko) Chrome/74.0.3729.169 Safari/537.36"
34.68.193.35 - - [22/Jun/2025:04:44:01 +0200] "HEAD /home HTTP/1.1" 404 - "-" "Mozilla/5.0 (Windows NT 10.0; Win64; x64) AppleWebKit/537.36 (KHTML, like Gecko) Chrome/74.0.3729.169 Safari/537.36"
34.68.193.35 - - [22/Jun/2025:04:44:01 +0200] "HEAD /bc HTTP/1.1" 301 - "-" "Mozilla/5.0 (Windows NT 10.0; Win64; x64) AppleWebKit/537.36 (KHTML, like Gecko) Chrome/74.0.3729.169 Safari/537.36"
34.68.193.35 - - [22/Jun/2025:04:44:01 +0200] "HEAD /index.php HTTP/1.1" 200 - "http://menuiserie-paris.net/bc" "Mozilla/5.0 (Windows NT 10.0; Win64; x64) AppleWebKit/537.36 (KHTML, like Gecko) Chrome/74.0.3729.169 Safari/537.36"
34.68.193.35 - - [22/Jun/2025:04:44:02 +0200] "HEAD /bk HTTP/1.1" 301 - "-" "Mozilla/5.0 (Windows NT 10.0; Win64; x64) AppleWebKit/537.36 (KHTML, like Gecko) Chrome/74.0.3729.169 Safari/537.36"
34.68.193.35 - - [22/Jun/2025:04:44:02 +0200] "HEAD /index.php HTTP/1.1" 200 - "http://menuiserie-paris.net/bk" "Mozilla/5.0 (Windows NT 10.0; Win64; x64) AppleWebKit/537.36 (KHTML, like Gecko) Chrome/74.0.3729.169 Safari/537.36"
34.68.193.35 - - [22/Jun/2025:04:44:02 +0200] "HEAD /backup HTTP/1.1" 301 - "-" "Mozilla/5.0 (Windows NT 10.0; Win64; x64) AppleWebKit/537.36 (KHTML, like Gecko) Chrome/74.0.3729.169 Safari/537.36"
34.68.193.35 - - [22/Jun/2025:04:44:02 +0200] "HEAD /index.php HTTP/1.1" 200 - "http://menuiserie-paris.net/backup" "Mozilla/5.0 (Windows NT 10.0; Win64; x64) AppleWebKit/537.36 (KHTML, like Gecko) Chrome/74.0.3729.169 Safari/537.36"
34.68.193.35 - - [22/Jun/2025:04:44:03 +0200] "HEAD /old HTTP/1.1" 301 - "-" "Mozilla/5.0 (Windows NT 10.0; Win64; x64) AppleWebKit/537.36 (KHTML, like Gecko) Chrome/74.0.3729.169 Safari/537.36"
34.68.193.35 - - [22/Jun/2025:04:44:03 +0200] "HEAD /index.php HTTP/1.1" 200 - "http://menuiserie-paris.net/old" "Mozilla/5.0 (Windows NT 10.0; Win64; x64) AppleWebKit/537.36 (KHTML, like Gecko) Chrome/74.0.3729.169 Safari/537.36"
34.68.193.35 - - [22/Jun/2025:04:44:04 +0200] "HEAD /new HTTP/1.1" 301 - "-" "Mozilla/5.0 (Windows NT 10.0; Win64; x64) AppleWebKit/537.36 (KHTML, like Gecko) Chrome/74.0.3729.169 Safari/537.36"
34.68.193.35 - - [22/Jun/2025:04:44:04 +0200] "HEAD /index.php HTTP/1.1" 200 - "http://menuiserie-paris.net/new" "Mozilla/5.0 (Windows NT 10.0; Win64; x64) AppleWebKit/537.36 (KHTML, like Gecko) Chrome/74.0.3729.169 Safari/537.36"
34.68.193.35 - - [22/Jun/2025:04:44:04 +0200] "HEAD /main HTTP/1.1" 301 - "-" "Mozilla/5.0 (Windows NT 10.0; Win64; x64) AppleWebKit/537.36 (KHTML, like Gecko) Chrome/74.0.3729.169 Safari/537.36"
34.68.193.35 - - [22/Jun/2025:04:44:04 +0200] "HEAD /index.php HTTP/1.1" 200 - "http://menuiserie-paris.net/main" "Mozilla/5.0 (Windows NT 10.0; Win64; x64) AppleWebKit/537.36 (KHTML, like Gecko) Chrome/74.0.3729.169 Safari/537.36"
34.68.193.35 - - [22/Jun/2025:04:44:05 +0200] "HEAD /home HTTP/1.1" 301 - "-" "Mozilla/5.0 (Windows NT 10.0; Win64; x64) AppleWebKit/537.36 (KHTML, like Gecko) Chrome/74.0.3729.169 Safari/537.36"
34.68.193.35 - - [22/Jun/2025:04:44:05 +0200] "HEAD /index.php HTTP/1.1" 200 - "http://menuiserie-paris.net/home" "Mozilla/5.0 (Windows NT 10.0; Win64; x64) AppleWebKit/537.36 (KHTML, like Gecko) Chrome/74.0.3729.169 Safari/537.36"
154.54.249.217 - - [22/Jun/2025:04:47:28 +0200] "GET /robots.txt HTTP/1.1" 200 819 "-" "Mozilla/5.0 (compatible; Barkrowler/0.9; +https://babbar.tech/crawler)"
217.113.194.225 - - [22/Jun/2025:04:47:43 +0200] "GET / HTTP/1.1" 200 9985 "-" "Mozilla/5.0 (compatible; Barkrowler/0.9; +https://babbar.tech/crawler)"
154.54.249.217 - - [22/Jun/2025:04:47:58 +0200] "GET /component/search/?format=opensearch HTTP/1.1" 200 442 "-" "Mozilla/5.0 (compatible; Barkrowler/0.9; +https://babbar.tech/crawler)"
217.113.194.253 - - [22/Jun/2025:04:48:14 +0200] "GET /component/search/?Itemid=113&format=opensearch HTTP/1.1" 200 451 "-" "Mozilla/5.0 (compatible; Barkrowler/0.9; +https://babbar.tech/crawler)"
217.113.194.223 - - [22/Jun/2025:04:48:29 +0200] "GET /component/search/?Itemid=126&format=opensearch HTTP/1.1" 200 451 "-" "Mozilla/5.0 (compatible; Barkrowler/0.9; +https://babbar.tech/crawler)"
66.249.66.199 - - [22/Jun/2025:04:48:39 +0200] "GET /images/menuiserieparis/parquet-menuiserieparis.jpg HTTP/1.1" 304 - "-" "Googlebot-Image/1.0"
217.113.194.226 - - [22/Jun/2025:04:48:44 +0200] "GET /component/search/?Itemid=158&format=opensearch HTTP/1.1" 200 451 "-" "Mozilla/5.0 (compatible; Barkrowler/0.9; +https://babbar.tech/crawler)"
217.113.194.225 - - [22/Jun/2025:04:48:59 +0200] "GET /component/search/?Itemid=123&format=opensearch HTTP/1.1" 200 451 "-" "Mozilla/5.0 (compatible; Barkrowler/0.9; +https://babbar.tech/crawler)"
217.113.194.222 - - [22/Jun/2025:04:49:14 +0200] "GET /component/search/?Itemid=131&format=opensearch HTTP/1.1" 200 451 "-" "Mozilla/5.0 (compatible; Barkrowler/0.9; +https://babbar.tech/crawler)"
217.113.194.227 - - [22/Jun/2025:04:49:30 +0200] "GET /component/search/?Itemid=180&format=opensearch HTTP/1.1" 200 451 "-" "Mozilla/5.0 (compatible; Barkrowler/0.9; +https://babbar.tech/crawler)"
217.113.194.230 - - [22/Jun/2025:04:49:45 +0200] "GET /component/search/?Itemid=119&format=opensearch HTTP/1.1" 200 451 "-" "Mozilla/5.0 (compatible; Barkrowler/0.9; +https://babbar.tech/crawler)"
217.113.194.231 - - [22/Jun/2025:04:50:00 +0200] "GET /component/search/?Itemid=183&format=opensearch HTTP/1.1" 200 451 "-" "Mozilla/5.0 (compatible; Barkrowler/0.9; +https://babbar.tech/crawler)"
217.113.194.225 - - [22/Jun/2025:04:50:15 +0200] "GET /component/search/?Itemid=114&format=opensearch HTTP/1.1" 200 451 "-" "Mozilla/5.0 (compatible; Barkrowler/0.9; +https://babbar.tech/crawler)"
217.113.194.225 - - [22/Jun/2025:04:50:30 +0200] "GET /component/search/?Itemid=184&format=opensearch HTTP/1.1" 200 451 "-" "Mozilla/5.0 (compatible; Barkrowler/0.9; +https://babbar.tech/crawler)"
217.113.194.227 - - [22/Jun/2025:04:50:45 +0200] "GET /component/search/?Itemid=181&format=opensearch HTTP/1.1" 200 451 "-" "Mozilla/5.0 (compatible; Barkrowler/0.9; +https://babbar.tech/crawler)"
217.113.194.227 - - [22/Jun/2025:04:51:01 +0200] "GET /component/search/?Itemid=130&format=opensearch HTTP/1.1" 200 451 "-" "Mozilla/5.0 (compatible; Barkrowler/0.9; +https://babbar.tech/crawler)"
217.113.194.230 - - [22/Jun/2025:04:51:16 +0200] "GET /component/search/?Itemid=179&format=opensearch HTTP/1.1" 200 451 "-" "Mozilla/5.0 (compatible; Barkrowler/0.9; +https://babbar.tech/crawler)"
217.113.194.225 - - [22/Jun/2025:04:51:31 +0200] "GET /component/search/?Itemid=125&format=opensearch HTTP/1.1" 200 451 "-" "Mozilla/5.0 (compatible; Barkrowler/0.9; +https://babbar.tech/crawler)"
217.113.194.253 - - [22/Jun/2025:04:51:46 +0200] "GET /component/search/?Itemid=128&format=opensearch HTTP/1.1" 200 451 "-" "Mozilla/5.0 (compatible; Barkrowler/0.9; +https://babbar.tech/crawler)"
154.54.249.217 - - [22/Jun/2025:04:52:01 +0200] "GET /component/search/?Itemid=122&format=opensearch HTTP/1.1" 200 451 "-" "Mozilla/5.0 (compatible; Barkrowler/0.9; +https://babbar.tech/crawler)"
217.113.194.224 - - [22/Jun/2025:04:52:16 +0200] "GET /component/search/?Itemid=106&format=opensearch HTTP/1.1" 200 451 "-" "Mozilla/5.0 (compatible; Barkrowler/0.9; +https://babbar.tech/crawler)"
217.113.194.225 - - [22/Jun/2025:04:52:32 +0200] "GET /component/search/?Itemid=103&format=opensearch HTTP/1.1" 200 451 "-" "Mozilla/5.0 (compatible; Barkrowler/0.9; +https://babbar.tech/crawler)"
217.113.194.222 - - [22/Jun/2025:04:52:47 +0200] "GET /component/search/?Itemid=102&format=opensearch HTTP/1.1" 200 451 "-" "Mozilla/5.0 (compatible; Barkrowler/0.9; +https://babbar.tech/crawler)"
217.113.194.227 - - [22/Jun/2025:04:53:02 +0200] "GET /component/search/?Itemid=121&format=opensearch HTTP/1.1" 200 451 "-" "Mozilla/5.0 (compatible; Barkrowler/0.9; +https://babbar.tech/crawler)"
217.113.194.231 - - [22/Jun/2025:04:53:17 +0200] "GET /component/search/?Itemid=124&format=opensearch HTTP/1.1" 200 451 "-" "Mozilla/5.0 (compatible; Barkrowler/0.9; +https://babbar.tech/crawler)"
217.113.194.226 - - [22/Jun/2025:04:53:32 +0200] "GET /component/search/?Itemid=188&format=opensearch HTTP/1.1" 200 451 "-" "Mozilla/5.0 (compatible; Barkrowler/0.9; +https://babbar.tech/crawler)"
154.54.249.217 - - [22/Jun/2025:04:53:47 +0200] "GET /component/search/?searchword=dressing&format=opensearch HTTP/1.1" 200 453 "-" "Mozilla/5.0 (compatible; Barkrowler/0.9; +https://babbar.tech/crawler)"
217.113.194.229 - - [22/Jun/2025:04:54:03 +0200] "GET /component/search/?searchword=concept&format=opensearch HTTP/1.1" 200 450 "-" "Mozilla/5.0 (compatible; Barkrowler/0.9; +https://babbar.tech/crawler)"
217.113.194.224 - - [22/Jun/2025:04:54:18 +0200] "GET /component/search/?searchword=cuisine&format=opensearch HTTP/1.1" 200 450 "-" "Mozilla/5.0 (compatible; Barkrowler/0.9; +https://babbar.tech/crawler)"
217.113.194.226 - - [22/Jun/2025:04:54:33 +0200] "GET /component/search/?searchword=travail&format=opensearch HTTP/1.1" 200 450 "-" "Mozilla/5.0 (compatible; Barkrowler/0.9; +https://babbar.tech/crawler)"
217.113.194.226 - - [22/Jun/2025:04:54:48 +0200] "GET /component/search/?searchword=dans&format=opensearch HTTP/1.1" 200 448 "-" "Mozilla/5.0 (compatible; Barkrowler/0.9; +https://babbar.tech/crawler)"
217.113.194.230 - - [22/Jun/2025:04:55:04 +0200] "GET /component/search/?searchword=site&format=opensearch HTTP/1.1" 200 448 "-" "Mozilla/5.0 (compatible; Barkrowler/0.9; +https://babbar.tech/crawler)"
217.113.194.227 - - [22/Jun/2025:04:55:19 +0200] "GET /component/search/?searchword=espace&format=opensearch HTTP/1.1" 200 449 "-" "Mozilla/5.0 (compatible; Barkrowler/0.9; +https://babbar.tech/crawler)"
217.113.194.225 - - [22/Jun/2025:04:55:34 +0200] "GET /component/search/?searchword=pour&format=opensearch HTTP/1.1" 200 448 "-" "Mozilla/5.0 (compatible; Barkrowler/0.9; +https://babbar.tech/crawler)"
217.113.194.226 - - [22/Jun/2025:04:55:49 +0200] "GET /component/search/?searchword=plus&format=opensearch HTTP/1.1" 200 448 "-" "Mozilla/5.0 (compatible; Barkrowler/0.9; +https://babbar.tech/crawler)"
217.113.194.224 - - [22/Jun/2025:04:56:04 +0200] "GET /component/search/?searchword=bois&format=opensearch HTTP/1.1" 200 448 "-" "Mozilla/5.0 (compatible; Barkrowler/0.9; +https://babbar.tech/crawler)"
217.113.194.231 - - [22/Jun/2025:04:56:19 +0200] "GET /component/search/?searchword=services&format=opensearch HTTP/1.1" 200 452 "-" "Mozilla/5.0 (compatible; Barkrowler/0.9; +https://babbar.tech/crawler)"
217.113.194.228 - - [22/Jun/2025:04:56:35 +0200] "GET /component/search/?searchword=paris&format=opensearch HTTP/1.1" 200 448 "-" "Mozilla/5.0 (compatible; Barkrowler/0.9; +https://babbar.tech/crawler)"
217.113.194.225 - - [22/Jun/2025:04:56:50 +0200] "GET /component/search/?searchword=porte&format=opensearch HTTP/1.1" 200 449 "-" "Mozilla/5.0 (compatible; Barkrowler/0.9; +https://babbar.tech/crawler)"
217.113.194.226 - - [22/Jun/2025:04:57:05 +0200] "GET /component/search/?Itemid=103&id=2&format=opensearch HTTP/1.1" 200 456 "-" "Mozilla/5.0 (compatible; Barkrowler/0.9; +https://babbar.tech/crawler)"
217.113.194.222 - - [22/Jun/2025:04:57:20 +0200] "GET /component/search/?searchword=permet&format=opensearch HTTP/1.1" 200 449 "-" "Mozilla/5.0 (compatible; Barkrowler/0.9; +https://babbar.tech/crawler)"
217.113.194.224 - - [22/Jun/2025:04:57:35 +0200] "GET /component/search/?searchword=placard&format=opensearch HTTP/1.1" 200 448 "-" "Mozilla/5.0 (compatible; Barkrowler/0.9; +https://babbar.tech/crawler)"
217.113.194.227 - - [22/Jun/2025:04:57:50 +0200] "GET /component/search/?searchword=cette&format=opensearch HTTP/1.1" 200 448 "-" "Mozilla/5.0 (compatible; Barkrowler/0.9; +https://babbar.tech/crawler)"
217.113.194.226 - - [22/Jun/2025:04:58:06 +0200] "GET /component/search/?searchword=votre&format=opensearch HTTP/1.1" 200 449 "-" "Mozilla/5.0 (compatible; Barkrowler/0.9; +https://babbar.tech/crawler)"
217.113.194.228 - - [22/Jun/2025:04:58:21 +0200] "GET /component/search/?searchword=meuble&format=opensearch HTTP/1.1" 200 450 "-" "Mozilla/5.0 (compatible; Barkrowler/0.9; +https://babbar.tech/crawler)"
217.113.194.228 - - [22/Jun/2025:04:58:36 +0200] "GET /component/search/?searchword=devis&format=opensearch HTTP/1.1" 200 449 "-" "Mozilla/5.0 (compatible; Barkrowler/0.9; +https://babbar.tech/crawler)"
217.113.194.231 - - [22/Jun/2025:04:58:51 +0200] "GET /component/search/?searchword=meubles&format=opensearch HTTP/1.1" 200 450 "-" "Mozilla/5.0 (compatible; Barkrowler/0.9; +https://babbar.tech/crawler)"
217.113.194.227 - - [22/Jun/2025:04:59:07 +0200] "GET /component/search/?searchword=avec&format=opensearch HTTP/1.1" 200 448 "-" "Mozilla/5.0 (compatible; Barkrowler/0.9; +https://babbar.tech/crawler)"
217.113.194.225 - - [22/Jun/2025:04:59:22 +0200] "GET /component/search/?searchword=salle&format=opensearch HTTP/1.1" 200 449 "-" "Mozilla/5.0 (compatible; Barkrowler/0.9; +https://babbar.tech/crawler)"
217.113.194.226 - - [22/Jun/2025:04:59:37 +0200] "GET /component/search/?searchword=demande&format=opensearch HTTP/1.1" 200 450 "-" "Mozilla/5.0 (compatible; Barkrowler/0.9; +https://babbar.tech/crawler)"
217.113.194.227 - - [22/Jun/2025:04:59:52 +0200] "GET /component/search/?searchword=comme&format=opensearch HTTP/1.1" 200 448 "-" "Mozilla/5.0 (compatible; Barkrowler/0.9; +https://babbar.tech/crawler)"
154.54.249.217 - - [22/Jun/2025:05:00:07 +0200] "GET /component/search/?searchword=nous&format=opensearch HTTP/1.1" 200 448 "-" "Mozilla/5.0 (compatible; Barkrowler/0.9; +https://babbar.tech/crawler)"
217.113.194.230 - - [22/Jun/2025:05:00:22 +0200] "GET /component/search/?searchword=chaque&format=opensearch HTTP/1.1" 200 450 "-" "Mozilla/5.0 (compatible; Barkrowler/0.9; +https://babbar.tech/crawler)"
217.113.194.223 - - [22/Jun/2025:05:00:38 +0200] "GET /component/search/?searchword=peut&format=opensearch HTTP/1.1" 200 448 "-" "Mozilla/5.0 (compatible; Barkrowler/0.9; +https://babbar.tech/crawler)"
217.113.194.227 - - [22/Jun/2025:05:00:53 +0200] "GET /component/search/?searchword=mesure&format=opensearch HTTP/1.1" 200 449 "-" "Mozilla/5.0 (compatible; Barkrowler/0.9; +https://babbar.tech/crawler)"
217.113.194.231 - - [22/Jun/2025:05:01:08 +0200] "GET /component/search/?searchword=portes&format=opensearch HTTP/1.1" 200 449 "-" "Mozilla/5.0 (compatible; Barkrowler/0.9; +https://babbar.tech/crawler)"
217.113.194.229 - - [22/Jun/2025:05:01:23 +0200] "GET /component/search/?Itemid=113&id=10&format=opensearch HTTP/1.1" 200 456 "-" "Mozilla/5.0 (compatible; Barkrowler/0.9; +https://babbar.tech/crawler)"
217.113.194.227 - - [22/Jun/2025:05:01:38 +0200] "GET /component/search/?Itemid=126&id=10&format=opensearch HTTP/1.1" 200 456 "-" "Mozilla/5.0 (compatible; Barkrowler/0.9; +https://babbar.tech/crawler)"
217.113.194.223 - - [22/Jun/2025:05:01:53 +0200] "GET /component/search/?Itemid=117&id=2&format=opensearch HTTP/1.1" 200 456 "-" "Mozilla/5.0 (compatible; Barkrowler/0.9; +https://babbar.tech/crawler)"
217.113.194.225 - - [22/Jun/2025:05:02:09 +0200] "GET /component/search/?Itemid=110&id=10&format=opensearch HTTP/1.1" 200 455 "-" "Mozilla/5.0 (compatible; Barkrowler/0.9; +https://babbar.tech/crawler)"
217.113.194.223 - - [22/Jun/2025:05:02:24 +0200] "GET /component/search/?Itemid=123&id=10&format=opensearch HTTP/1.1" 200 456 "-" "Mozilla/5.0 (compatible; Barkrowler/0.9; +https://babbar.tech/crawler)"
217.113.194.229 - - [22/Jun/2025:05:02:39 +0200] "GET /component/search/?Itemid=101&id=2&format=opensearch HTTP/1.1" 200 456 "-" "Mozilla/5.0 (compatible; Barkrowler/0.9; +https://babbar.tech/crawler)"
217.113.194.229 - - [22/Jun/2025:05:02:54 +0200] "GET /component/search/?Itemid=131&id=10&format=opensearch HTTP/1.1" 200 456 "-" "Mozilla/5.0 (compatible; Barkrowler/0.9; +https://babbar.tech/crawler)"
217.113.194.222 - - [22/Jun/2025:05:03:09 +0200] "GET /component/search/?Itemid=121&id=2&format=opensearch HTTP/1.1" 200 456 "-" "Mozilla/5.0 (compatible; Barkrowler/0.9; +https://babbar.tech/crawler)"
217.113.194.224 - - [22/Jun/2025:05:03:25 +0200] "GET /component/search/?Itemid=114&id=10&format=opensearch HTTP/1.1" 200 456 "-" "Mozilla/5.0 (compatible; Barkrowler/0.9; +https://babbar.tech/crawler)"
217.113.194.224 - - [22/Jun/2025:05:03:40 +0200] "GET /component/search/?Itemid=115&id=2&format=opensearch HTTP/1.1" 200 456 "-" "Mozilla/5.0 (compatible; Barkrowler/0.9; +https://babbar.tech/crawler)"
217.113.194.227 - - [22/Jun/2025:05:03:55 +0200] "GET /component/search/?Itemid=129&id=10&format=opensearch HTTP/1.1" 200 456 "-" "Mozilla/5.0 (compatible; Barkrowler/0.9; +https://babbar.tech/crawler)"
154.54.249.217 - - [22/Jun/2025:05:04:10 +0200] "GET /component/search/?Itemid=188&id=2&format=opensearch HTTP/1.1" 200 456 "-" "Mozilla/5.0 (compatible; Barkrowler/0.9; +https://babbar.tech/crawler)"
217.113.194.222 - - [22/Jun/2025:05:04:25 +0200] "GET /component/search/?Itemid=125&id=10&format=opensearch HTTP/1.1" 200 456 "-" "Mozilla/5.0 (compatible; Barkrowler/0.9; +https://babbar.tech/crawler)"
217.113.194.225 - - [22/Jun/2025:05:04:40 +0200] "GET /component/search/?Itemid=122&id=10&format=opensearch HTTP/1.1" 200 456 "-" "Mozilla/5.0 (compatible; Barkrowler/0.9; +https://babbar.tech/crawler)"
217.113.194.253 - - [22/Jun/2025:05:04:56 +0200] "GET /component/search/?Itemid=116&id=10&format=opensearch HTTP/1.1" 200 456 "-" "Mozilla/5.0 (compatible; Barkrowler/0.9; +https://babbar.tech/crawler)"
217.113.194.229 - - [22/Jun/2025:05:05:11 +0200] "GET /component/search/?Itemid=127&id=10&format=opensearch HTTP/1.1" 200 456 "-" "Mozilla/5.0 (compatible; Barkrowler/0.9; +https://babbar.tech/crawler)"
217.113.194.228 - - [22/Jun/2025:05:05:26 +0200] "GET /component/search/?searchword=placards&format=opensearch HTTP/1.1" 200 449 "-" "Mozilla/5.0 (compatible; Barkrowler/0.9; +https://babbar.tech/crawler)"
217.113.194.226 - - [22/Jun/2025:05:05:41 +0200] "GET /component/search/?searchword=sont&format=opensearch HTTP/1.1" 200 448 "-" "Mozilla/5.0 (compatible; Barkrowler/0.9; +https://babbar.tech/crawler)"
217.113.194.222 - - [22/Jun/2025:05:05:56 +0200] "GET /component/search/?searchword=stores&format=opensearch HTTP/1.1" 200 449 "-" "Mozilla/5.0 (compatible; Barkrowler/0.9; +https://babbar.tech/crawler)"
154.54.249.217 - - [22/Jun/2025:05:06:12 +0200] "GET /component/search/?searchword=menuiserie&format=opensearch HTTP/1.1" 200 449 "-" "Mozilla/5.0 (compatible; Barkrowler/0.9; +https://babbar.tech/crawler)"
217.113.194.229 - - [22/Jun/2025:05:06:27 +0200] "GET /component/search/?searchword=rangement&format=opensearch HTTP/1.1" 200 451 "-" "Mozilla/5.0 (compatible; Barkrowler/0.9; +https://babbar.tech/crawler)"
217.113.194.225 - - [22/Jun/2025:05:06:42 +0200] "GET /component/search/?searchword=cr%C3%A9ation&format=opensearch HTTP/1.1" 200 450 "-" "Mozilla/5.0 (compatible; Barkrowler/0.9; +https://babbar.tech/crawler)"
217.113.194.253 - - [22/Jun/2025:05:06:57 +0200] "GET /component/search/?searchword=savoir-faire&format=opensearch HTTP/1.1" 200 455 "-" "Mozilla/5.0 (compatible; Barkrowler/0.9; +https://babbar.tech/crawler)"
217.113.194.223 - - [22/Jun/2025:05:07:12 +0200] "GET /component/search/?searchword=finitions&format=opensearch HTTP/1.1" 200 452 "-" "Mozilla/5.0 (compatible; Barkrowler/0.9; +https://babbar.tech/crawler)"
217.113.194.228 - - [22/Jun/2025:05:07:28 +0200] "GET /component/search/?searchword=informations&format=opensearch HTTP/1.1" 200 450 "-" "Mozilla/5.0 (compatible; Barkrowler/0.9; +https://babbar.tech/crawler)"
217.113.194.222 - - [22/Jun/2025:05:07:43 +0200] "GET /component/search/?searchword=agencement&format=opensearch HTTP/1.1" 200 448 "-" "Mozilla/5.0 (compatible; Barkrowler/0.9; +https://babbar.tech/crawler)"
154.54.249.217 - - [22/Jun/2025:05:07:58 +0200] "GET /component/search/?searchword=prestations&format=opensearch HTTP/1.1" 200 451 "-" "Mozilla/5.0 (compatible; Barkrowler/0.9; +https://babbar.tech/crawler)"
217.113.194.222 - - [22/Jun/2025:05:08:13 +0200] "GET /component/search/?searchword=fabrication&format=opensearch HTTP/1.1" 200 451 "-" "Mozilla/5.0 (compatible; Barkrowler/0.9; +https://babbar.tech/crawler)"
216.244.66.199 - - [22/Jun/2025:05:08:23 +0200] "GET /robots.txt HTTP/1.1" 301 250 "-" "Mozilla/5.0 (compatible; DotBot/1.2; +https://opensiteexplorer.org/dotbot; help@moz.com)"
216.244.66.199 - - [22/Jun/2025:05:08:23 +0200] "GET /robots.txt HTTP/1.1" 200 819 "-" "Mozilla/5.0 (compatible; DotBot/1.2; +https://opensiteexplorer.org/dotbot; help@moz.com)"
154.54.249.217 - - [22/Jun/2025:05:08:28 +0200] "GET /component/search/?Itemid=113&id=2&format=opensearch HTTP/1.1" 200 456 "-" "Mozilla/5.0 (compatible; Barkrowler/0.9; +https://babbar.tech/crawler)"
57.141.0.6 - - [22/Jun/2025:05:08:29 +0200] "GET /index.php?option=com_xmap&view=xml&tmpl=component&id=1 HTTP/1.1" 200 7177 "-" "meta-externalagent/1.1 (+https://developers.facebook.com/docs/sharing/webmasters/crawler)"
217.113.194.227 - - [22/Jun/2025:05:08:43 +0200] "GET /component/search/?Itemid=106&id=2&format=opensearch HTTP/1.1" 200 456 "-" "Mozilla/5.0 (compatible; Barkrowler/0.9; +https://babbar.tech/crawler)"
217.113.194.225 - - [22/Jun/2025:05:08:59 +0200] "GET /component/search/?Itemid=126&id=2&format=opensearch HTTP/1.1" 200 456 "-" "Mozilla/5.0 (compatible; Barkrowler/0.9; +https://babbar.tech/crawler)"
217.113.194.253 - - [22/Jun/2025:05:09:14 +0200] "GET /component/search/?Itemid=117&id=10&format=opensearch HTTP/1.1" 200 456 "-" "Mozilla/5.0 (compatible; Barkrowler/0.9; +https://babbar.tech/crawler)"
217.113.194.223 - - [22/Jun/2025:05:09:29 +0200] "GET /component/search/?Itemid=110&id=2&format=opensearch HTTP/1.1" 200 456 "-" "Mozilla/5.0 (compatible; Barkrowler/0.9; +https://babbar.tech/crawler)"
217.113.194.227 - - [22/Jun/2025:05:09:44 +0200] "GET /component/search/?Itemid=182&id=2&format=opensearch HTTP/1.1" 200 455 "-" "Mozilla/5.0 (compatible; Barkrowler/0.9; +https://babbar.tech/crawler)"
217.113.194.227 - - [22/Jun/2025:05:09:59 +0200] "GET /component/search/?Itemid=123&id=2&format=opensearch HTTP/1.1" 200 456 "-" "Mozilla/5.0 (compatible; Barkrowler/0.9; +https://babbar.tech/crawler)"
217.113.194.223 - - [22/Jun/2025:05:10:14 +0200] "GET /component/search/?Itemid=131&id=2&format=opensearch HTTP/1.1" 200 456 "-" "Mozilla/5.0 (compatible; Barkrowler/0.9; +https://babbar.tech/crawler)"
217.113.194.225 - - [22/Jun/2025:05:10:30 +0200] "GET /component/search/?Itemid=180&id=2&format=opensearch HTTP/1.1" 200 456 "-" "Mozilla/5.0 (compatible; Barkrowler/0.9; +https://babbar.tech/crawler)"
217.113.194.223 - - [22/Jun/2025:05:10:45 +0200] "GET /component/search/?Itemid=119&id=2&format=opensearch HTTP/1.1" 200 456 "-" "Mozilla/5.0 (compatible; Barkrowler/0.9; +https://babbar.tech/crawler)"
217.113.194.223 - - [22/Jun/2025:05:11:00 +0200] "GET /component/search/?Itemid=183&id=2&format=opensearch HTTP/1.1" 200 456 "-" "Mozilla/5.0 (compatible; Barkrowler/0.9; +https://babbar.tech/crawler)"
217.113.194.223 - - [22/Jun/2025:05:11:15 +0200] "GET /component/search/?Itemid=187&id=2&format=opensearch HTTP/1.1" 200 456 "-" "Mozilla/5.0 (compatible; Barkrowler/0.9; +https://babbar.tech/crawler)"
216.244.66.199 - - [22/Jun/2025:05:11:19 +0200] "GET /menuiserie-a-paris-75008 HTTP/1.1" 301 249 "-" "Mozilla/5.0 (compatible; DotBot/1.2; +https://opensiteexplorer.org/dotbot; help@moz.com)"
216.244.66.199 - - [22/Jun/2025:05:11:24 +0200] "GET /menuiserie-a-paris-75019 HTTP/1.1" 301 249 "-" "Mozilla/5.0 (compatible; DotBot/1.2; +https://opensiteexplorer.org/dotbot; help@moz.com)"
216.244.66.199 - - [22/Jun/2025:05:11:28 +0200] "GET /nouvelles HTTP/1.1" 301 249 "-" "Mozilla/5.0 (compatible; DotBot/1.2; +https://opensiteexplorer.org/dotbot; help@moz.com)"
154.54.249.217 - - [22/Jun/2025:05:11:30 +0200] "GET /component/search/?Itemid=121&id=10&format=opensearch HTTP/1.1" 200 456 "-" "Mozilla/5.0 (compatible; Barkrowler/0.9; +https://babbar.tech/crawler)"
217.113.194.231 - - [22/Jun/2025:05:11:45 +0200] "GET /component/search/?Itemid=189&id=2&format=opensearch HTTP/1.1" 200 456 "-" "Mozilla/5.0 (compatible; Barkrowler/0.9; +https://babbar.tech/crawler)"
217.113.194.222 - - [22/Jun/2025:05:12:01 +0200] "GET /component/search/?Itemid=114&id=2&format=opensearch HTTP/1.1" 200 456 "-" "Mozilla/5.0 (compatible; Barkrowler/0.9; +https://babbar.tech/crawler)"
217.113.194.224 - - [22/Jun/2025:05:12:16 +0200] "GET /component/search/?Itemid=120&id=2&format=opensearch HTTP/1.1" 200 456 "-" "Mozilla/5.0 (compatible; Barkrowler/0.9; +https://babbar.tech/crawler)"
217.113.194.226 - - [22/Jun/2025:05:12:31 +0200] "GET /component/search/?Itemid=115&id=10&format=opensearch HTTP/1.1" 200 456 "-" "Mozilla/5.0 (compatible; Barkrowler/0.9; +https://babbar.tech/crawler)"
217.113.194.226 - - [22/Jun/2025:05:12:46 +0200] "GET /component/search/?Itemid=129&id=2&format=opensearch HTTP/1.1" 200 456 "-" "Mozilla/5.0 (compatible; Barkrowler/0.9; +https://babbar.tech/crawler)"
217.113.194.225 - - [22/Jun/2025:05:13:01 +0200] "GET /component/search/?Itemid=181&id=2&format=opensearch HTTP/1.1" 200 456 "-" "Mozilla/5.0 (compatible; Barkrowler/0.9; +https://babbar.tech/crawler)"
217.113.194.225 - - [22/Jun/2025:05:13:17 +0200] "GET /component/search/?Itemid=130&id=2&format=opensearch HTTP/1.1" 200 456 "-" "Mozilla/5.0 (compatible; Barkrowler/0.9; +https://babbar.tech/crawler)"
217.113.194.229 - - [22/Jun/2025:05:13:32 +0200] "GET /component/search/?Itemid=167&id=2&format=opensearch HTTP/1.1" 200 456 "-" "Mozilla/5.0 (compatible; Barkrowler/0.9; +https://babbar.tech/crawler)"
217.113.194.223 - - [22/Jun/2025:05:13:47 +0200] "GET /component/search/?Itemid=179&id=2&format=opensearch HTTP/1.1" 200 456 "-" "Mozilla/5.0 (compatible; Barkrowler/0.9; +https://babbar.tech/crawler)"
217.113.194.223 - - [22/Jun/2025:05:14:02 +0200] "GET /component/search/?Itemid=166&id=2&format=opensearch HTTP/1.1" 200 456 "-" "Mozilla/5.0 (compatible; Barkrowler/0.9; +https://babbar.tech/crawler)"
217.113.194.231 - - [22/Jun/2025:05:14:17 +0200] "GET /component/search/?Itemid=125&id=2&format=opensearch HTTP/1.1" 200 456 "-" "Mozilla/5.0 (compatible; Barkrowler/0.9; +https://babbar.tech/crawler)"
217.113.194.223 - - [22/Jun/2025:05:14:32 +0200] "GET /component/search/?Itemid=128&id=2&format=opensearch HTTP/1.1" 200 456 "-" "Mozilla/5.0 (compatible; Barkrowler/0.9; +https://babbar.tech/crawler)"
217.113.194.223 - - [22/Jun/2025:05:14:48 +0200] "GET /component/search/?Itemid=122&id=2&format=opensearch HTTP/1.1" 200 455 "-" "Mozilla/5.0 (compatible; Barkrowler/0.9; +https://babbar.tech/crawler)"
217.113.194.231 - - [22/Jun/2025:05:15:03 +0200] "GET /component/search/?Itemid=116&id=2&format=opensearch HTTP/1.1" 200 456 "-" "Mozilla/5.0 (compatible; Barkrowler/0.9; +https://babbar.tech/crawler)"
217.113.194.229 - - [22/Jun/2025:05:15:18 +0200] "GET /component/search/?Itemid=178&id=2&format=opensearch HTTP/1.1" 200 456 "-" "Mozilla/5.0 (compatible; Barkrowler/0.9; +https://babbar.tech/crawler)"
217.113.194.224 - - [22/Jun/2025:05:15:33 +0200] "GET /component/search/?Itemid=127&id=2&format=opensearch HTTP/1.1" 200 456 "-" "Mozilla/5.0 (compatible; Barkrowler/0.9; +https://babbar.tech/crawler)"
217.113.194.228 - - [22/Jun/2025:05:15:48 +0200] "GET /component/search/?searchword=qualit%C3%A9&format=opensearch HTTP/1.1" 200 452 "-" "Mozilla/5.0 (compatible; Barkrowler/0.9; +https://babbar.tech/crawler)"
217.113.194.253 - - [22/Jun/2025:05:16:03 +0200] "GET /component/search/?searchword=durabilit%C3%A9&format=opensearch HTTP/1.1" 200 455 "-" "Mozilla/5.0 (compatible; Barkrowler/0.9; +https://babbar.tech/crawler)"
217.113.194.253 - - [22/Jun/2025:05:16:19 +0200] "GET /component/search/?Itemid=101&catid=2&id=68&format=opensearch HTTP/1.1" 200 462 "-" "Mozilla/5.0 (compatible; Barkrowler/0.9; +https://babbar.tech/crawler)"
217.113.194.253 - - [22/Jun/2025:05:16:34 +0200] "GET /component/search/?Itemid=101&catid=2&id=67&format=opensearch HTTP/1.1" 200 462 "-" "Mozilla/5.0 (compatible; Barkrowler/0.9; +https://babbar.tech/crawler)"
217.113.194.227 - - [22/Jun/2025:05:16:49 +0200] "GET /component/search/?Itemid=188&catid=2&id=68&format=opensearch HTTP/1.1" 200 462 "-" "Mozilla/5.0 (compatible; Barkrowler/0.9; +https://babbar.tech/crawler)"
217.113.194.227 - - [22/Jun/2025:05:17:04 +0200] "GET /component/search/?Itemid=188&catid=2&id=67&format=opensearch HTTP/1.1" 200 462 "-" "Mozilla/5.0 (compatible; Barkrowler/0.9; +https://babbar.tech/crawler)"
217.113.194.228 - - [22/Jun/2025:05:17:19 +0200] "GET /component/search/?searchword=donn%C3%A9es&format=opensearch HTTP/1.1" 200 453 "-" "Mozilla/5.0 (compatible; Barkrowler/0.9; +https://babbar.tech/crawler)"
217.113.194.226 - - [22/Jun/2025:05:17:34 +0200] "GET /component/search/?searchword=menuisier&format=opensearch HTTP/1.1" 200 451 "-" "Mozilla/5.0 (compatible; Barkrowler/0.9; +https://babbar.tech/crawler)"
217.113.194.227 - - [22/Jun/2025:05:17:50 +0200] "GET /component/search/?Itemid=103&catid=8&id=3&format=opensearch HTTP/1.1" 200 461 "-" "Mozilla/5.0 (compatible; Barkrowler/0.9; +https://babbar.tech/crawler)"
217.113.194.223 - - [22/Jun/2025:05:18:05 +0200] "GET /component/search/?Itemid=117&catid=2&id=68&format=opensearch HTTP/1.1" 200 462 "-" "Mozilla/5.0 (compatible; Barkrowler/0.9; +https://babbar.tech/crawler)"
217.113.194.227 - - [22/Jun/2025:05:18:20 +0200] "GET /component/search/?Itemid=117&catid=2&id=67&format=opensearch HTTP/1.1" 200 461 "-" "Mozilla/5.0 (compatible; Barkrowler/0.9; +https://babbar.tech/crawler)"
217.113.194.229 - - [22/Jun/2025:05:18:35 +0200] "GET /component/search/?Itemid=102&catid=2&id=68&format=opensearch HTTP/1.1" 200 461 "-" "Mozilla/5.0 (compatible; Barkrowler/0.9; +https://babbar.tech/crawler)"
154.54.249.217 - - [22/Jun/2025:05:18:50 +0200] "GET /component/search/?Itemid=102&catid=2&id=67&format=opensearch HTTP/1.1" 200 461 "-" "Mozilla/5.0 (compatible; Barkrowler/0.9; +https://babbar.tech/crawler)"
217.113.194.223 - - [22/Jun/2025:05:19:05 +0200] "GET /component/search/?Itemid=121&catid=2&id=68&format=opensearch HTTP/1.1" 200 462 "-" "Mozilla/5.0 (compatible; Barkrowler/0.9; +https://babbar.tech/crawler)"
217.113.194.223 - - [22/Jun/2025:05:19:21 +0200] "GET /component/search/?Itemid=121&catid=2&id=67&format=opensearch HTTP/1.1" 200 462 "-" "Mozilla/5.0 (compatible; Barkrowler/0.9; +https://babbar.tech/crawler)"
217.113.194.223 - - [22/Jun/2025:05:19:36 +0200] "GET /component/search/?Itemid=124&catid=2&id=68&format=opensearch HTTP/1.1" 200 462 "-" "Mozilla/5.0 (compatible; Barkrowler/0.9; +https://babbar.tech/crawler)"
217.113.194.253 - - [22/Jun/2025:05:19:51 +0200] "GET /component/search/?Itemid=124&catid=2&id=67&format=opensearch HTTP/1.1" 200 462 "-" "Mozilla/5.0 (compatible; Barkrowler/0.9; +https://babbar.tech/crawler)"
217.113.194.222 - - [22/Jun/2025:05:20:06 +0200] "GET /component/search/?Itemid=115&catid=2&id=68&format=opensearch HTTP/1.1" 200 462 "-" "Mozilla/5.0 (compatible; Barkrowler/0.9; +https://babbar.tech/crawler)"
217.113.194.230 - - [22/Jun/2025:05:20:21 +0200] "GET /component/search/?Itemid=115&catid=2&id=67&format=opensearch HTTP/1.1" 200 462 "-" "Mozilla/5.0 (compatible; Barkrowler/0.9; +https://babbar.tech/crawler)"
217.113.194.222 - - [22/Jun/2025:05:20:37 +0200] "GET /component/search/?Itemid=186&catid=2&id=67&format=opensearch HTTP/1.1" 200 462 "-" "Mozilla/5.0 (compatible; Barkrowler/0.9; +https://babbar.tech/crawler)"
217.113.194.229 - - [22/Jun/2025:05:20:52 +0200] "GET /component/search/?id=2:diverse&format=opensearch HTTP/1.1" 200 452 "-" "Mozilla/5.0 (compatible; Barkrowler/0.9; +https://babbar.tech/crawler)"
217.113.194.225 - - [22/Jun/2025:05:21:07 +0200] "GET /component/search/?Itemid=186&catid=2&id=68&format=opensearch HTTP/1.1" 200 462 "-" "Mozilla/5.0 (compatible; Barkrowler/0.9; +https://babbar.tech/crawler)"
217.113.194.253 - - [22/Jun/2025:05:21:22 +0200] "GET /component/search/?id=13:traitement&format=opensearch HTTP/1.1" 200 452 "-" "Mozilla/5.0 (compatible; Barkrowler/0.9; +https://babbar.tech/crawler)"
217.113.194.230 - - [22/Jun/2025:05:21:37 +0200] "GET /component/search/?id=9:informations&format=opensearch HTTP/1.1" 200 452 "-" "Mozilla/5.0 (compatible; Barkrowler/0.9; +https://babbar.tech/crawler)"
217.113.194.229 - - [22/Jun/2025:05:21:52 +0200] "GET /component/search/?searchword=mat%C3%A9riaux&format=opensearch HTTP/1.1" 200 454 "-" "Mozilla/5.0 (compatible; Barkrowler/0.9; +https://babbar.tech/crawler)"
217.113.194.253 - - [22/Jun/2025:05:22:08 +0200] "GET /component/search/?searchword=pour&limitstart=0&format=opensearch HTTP/1.1" 200 459 "-" "Mozilla/5.0 (compatible; Barkrowler/0.9; +https://babbar.tech/crawler)"
217.113.194.227 - - [22/Jun/2025:05:22:23 +0200] "GET /component/search/?searchword=fen%C3%AAtre&format=opensearch HTTP/1.1" 200 448 "-" "Mozilla/5.0 (compatible; Barkrowler/0.9; +https://babbar.tech/crawler)"
217.113.194.225 - - [22/Jun/2025:05:22:38 +0200] "GET /component/search/?searchword=bois&limitstart=0&format=opensearch HTTP/1.1" 200 459 "-" "Mozilla/5.0 (compatible; Barkrowler/0.9; +https://babbar.tech/crawler)"
217.113.194.223 - - [22/Jun/2025:05:22:53 +0200] "GET /component/search/?searchword=paris&limitstart=0&format=opensearch HTTP/1.1" 200 458 "-" "Mozilla/5.0 (compatible; Barkrowler/0.9; +https://babbar.tech/crawler)"
217.113.194.230 - - [22/Jun/2025:05:23:08 +0200] "GET /component/search/?searchword=porte&limitstart=0&format=opensearch HTTP/1.1" 200 460 "-" "Mozilla/5.0 (compatible; Barkrowler/0.9; +https://babbar.tech/crawler)"
217.113.194.224 - - [22/Jun/2025:05:23:24 +0200] "GET /component/search/?Itemid=118&catid=2&id=67&format=opensearch HTTP/1.1" 200 462 "-" "Mozilla/5.0 (compatible; Barkrowler/0.9; +https://babbar.tech/crawler)"
217.113.194.253 - - [22/Jun/2025:05:23:39 +0200] "GET /component/search/?Itemid=118&catid=2&id=68&format=opensearch HTTP/1.1" 200 461 "-" "Mozilla/5.0 (compatible; Barkrowler/0.9; +https://babbar.tech/crawler)"
217.113.194.226 - - [22/Jun/2025:05:23:54 +0200] "GET /component/search/?Itemid=113&catid=2&id=67&format=opensearch HTTP/1.1" 200 462 "-" "Mozilla/5.0 (compatible; Barkrowler/0.9; +https://babbar.tech/crawler)"
217.113.194.223 - - [22/Jun/2025:05:24:09 +0200] "GET /component/search/?Itemid=113&catid=2&id=68&format=opensearch HTTP/1.1" 200 462 "-" "Mozilla/5.0 (compatible; Barkrowler/0.9; +https://babbar.tech/crawler)"
154.54.249.217 - - [22/Jun/2025:05:24:24 +0200] "GET /component/search/?Itemid=106&catid=2&id=68&format=opensearch HTTP/1.1" 200 462 "-" "Mozilla/5.0 (compatible; Barkrowler/0.9; +https://babbar.tech/crawler)"
217.113.194.224 - - [22/Jun/2025:05:24:39 +0200] "GET /component/search/?Itemid=106&catid=2&id=67&format=opensearch HTTP/1.1" 200 462 "-" "Mozilla/5.0 (compatible; Barkrowler/0.9; +https://babbar.tech/crawler)"
217.113.194.230 - - [22/Jun/2025:05:24:55 +0200] "GET /component/search/?Itemid=103&catid=2&id=68&format=opensearch HTTP/1.1" 200 462 "-" "Mozilla/5.0 (compatible; Barkrowler/0.9; +https://babbar.tech/crawler)"
217.113.194.222 - - [22/Jun/2025:05:25:10 +0200] "GET /component/search/?Itemid=103&catid=2&id=67&format=opensearch HTTP/1.1" 200 462 "-" "Mozilla/5.0 (compatible; Barkrowler/0.9; +https://babbar.tech/crawler)"
217.113.194.227 - - [22/Jun/2025:05:25:25 +0200] "GET /component/search/?Itemid=126&catid=2&id=67&format=opensearch HTTP/1.1" 200 462 "-" "Mozilla/5.0 (compatible; Barkrowler/0.9; +https://babbar.tech/crawler)"
217.113.194.227 - - [22/Jun/2025:05:25:40 +0200] "GET /component/search/?Itemid=126&catid=2&id=68&format=opensearch HTTP/1.1" 200 462 "-" "Mozilla/5.0 (compatible; Barkrowler/0.9; +https://babbar.tech/crawler)"
217.113.194.253 - - [22/Jun/2025:05:25:55 +0200] "GET /component/search/?Itemid=110&catid=2&id=67&format=opensearch HTTP/1.1" 200 462 "-" "Mozilla/5.0 (compatible; Barkrowler/0.9; +https://babbar.tech/crawler)"
217.113.194.226 - - [22/Jun/2025:05:26:11 +0200] "GET /component/search/?Itemid=110&catid=2&id=68&format=opensearch HTTP/1.1" 200 462 "-" "Mozilla/5.0 (compatible; Barkrowler/0.9; +https://babbar.tech/crawler)"
217.113.194.225 - - [22/Jun/2025:05:26:26 +0200] "GET /component/search/?Itemid=182&catid=2&id=67&format=opensearch HTTP/1.1" 200 461 "-" "Mozilla/5.0 (compatible; Barkrowler/0.9; +https://babbar.tech/crawler)"
217.113.194.224 - - [22/Jun/2025:05:26:41 +0200] "GET /component/search/?Itemid=182&catid=2&id=68&format=opensearch HTTP/1.1" 200 461 "-" "Mozilla/5.0 (compatible; Barkrowler/0.9; +https://babbar.tech/crawler)"
217.113.194.231 - - [22/Jun/2025:05:26:56 +0200] "GET /component/search/?Itemid=123&catid=2&id=67&format=opensearch HTTP/1.1" 200 462 "-" "Mozilla/5.0 (compatible; Barkrowler/0.9; +https://babbar.tech/crawler)"
217.113.194.253 - - [22/Jun/2025:05:27:11 +0200] "GET /component/search/?Itemid=123&catid=2&id=68&format=opensearch HTTP/1.1" 200 462 "-" "Mozilla/5.0 (compatible; Barkrowler/0.9; +https://babbar.tech/crawler)"
217.113.194.222 - - [22/Jun/2025:05:27:26 +0200] "GET /component/search/?Itemid=131&catid=2&id=67&format=opensearch HTTP/1.1" 200 462 "-" "Mozilla/5.0 (compatible; Barkrowler/0.9; +https://babbar.tech/crawler)"
217.113.194.226 - - [22/Jun/2025:05:27:42 +0200] "GET /component/search/?Itemid=131&catid=2&id=68&format=opensearch HTTP/1.1" 200 462 "-" "Mozilla/5.0 (compatible; Barkrowler/0.9; +https://babbar.tech/crawler)"
217.113.194.225 - - [22/Jun/2025:05:27:57 +0200] "GET /component/search/?Itemid=180&catid=2&id=67&format=opensearch HTTP/1.1" 200 462 "-" "Mozilla/5.0 (compatible; Barkrowler/0.9; +https://babbar.tech/crawler)"
154.54.249.217 - - [22/Jun/2025:05:28:12 +0200] "GET /component/search/?Itemid=180&catid=2&id=68&format=opensearch HTTP/1.1" 200 462 "-" "Mozilla/5.0 (compatible; Barkrowler/0.9; +https://babbar.tech/crawler)"
217.113.194.231 - - [22/Jun/2025:05:28:27 +0200] "GET /component/search/?Itemid=119&catid=2&id=67&format=opensearch HTTP/1.1" 200 462 "-" "Mozilla/5.0 (compatible; Barkrowler/0.9; +https://babbar.tech/crawler)"
217.113.194.229 - - [22/Jun/2025:05:28:42 +0200] "GET /component/search/?Itemid=119&catid=2&id=68&format=opensearch HTTP/1.1" 200 462 "-" "Mozilla/5.0 (compatible; Barkrowler/0.9; +https://babbar.tech/crawler)"
217.113.194.228 - - [22/Jun/2025:05:28:58 +0200] "GET /component/search/?Itemid=183&catid=2&id=67&format=opensearch HTTP/1.1" 200 462 "-" "Mozilla/5.0 (compatible; Barkrowler/0.9; +https://babbar.tech/crawler)"
217.113.194.224 - - [22/Jun/2025:05:29:13 +0200] "GET /component/search/?Itemid=183&catid=2&id=68&format=opensearch HTTP/1.1" 200 462 "-" "Mozilla/5.0 (compatible; Barkrowler/0.9; +https://babbar.tech/crawler)"
217.113.194.227 - - [22/Jun/2025:05:29:28 +0200] "GET /component/search/?Itemid=187&catid=2&id=67&format=opensearch HTTP/1.1" 200 462 "-" "Mozilla/5.0 (compatible; Barkrowler/0.9; +https://babbar.tech/crawler)"
217.113.194.224 - - [22/Jun/2025:05:29:43 +0200] "GET /component/search/?Itemid=187&catid=2&id=68&format=opensearch HTTP/1.1" 200 462 "-" "Mozilla/5.0 (compatible; Barkrowler/0.9; +https://babbar.tech/crawler)"
217.113.194.226 - - [22/Jun/2025:05:29:58 +0200] "GET /component/search/?Itemid=185&catid=2&id=67&format=opensearch HTTP/1.1" 200 462 "-" "Mozilla/5.0 (compatible; Barkrowler/0.9; +https://babbar.tech/crawler)"
217.113.194.228 - - [22/Jun/2025:05:30:13 +0200] "GET /component/search/?Itemid=185&catid=2&id=68&format=opensearch HTTP/1.1" 200 462 "-" "Mozilla/5.0 (compatible; Barkrowler/0.9; +https://babbar.tech/crawler)"
217.113.194.225 - - [22/Jun/2025:05:30:29 +0200] "GET /component/search/?Itemid=189&catid=2&id=67&format=opensearch HTTP/1.1" 200 462 "-" "Mozilla/5.0 (compatible; Barkrowler/0.9; +https://babbar.tech/crawler)"
217.113.194.230 - - [22/Jun/2025:05:30:44 +0200] "GET /component/search/?Itemid=189&catid=2&id=68&format=opensearch HTTP/1.1" 200 462 "-" "Mozilla/5.0 (compatible; Barkrowler/0.9; +https://babbar.tech/crawler)"
217.113.194.227 - - [22/Jun/2025:05:30:59 +0200] "GET /component/search/?Itemid=114&catid=2&id=68&format=opensearch HTTP/1.1" 200 462 "-" "Mozilla/5.0 (compatible; Barkrowler/0.9; +https://babbar.tech/crawler)"
217.113.194.226 - - [22/Jun/2025:05:31:14 +0200] "GET /component/search/?Itemid=184&catid=2&id=68&format=opensearch HTTP/1.1" 200 462 "-" "Mozilla/5.0 (compatible; Barkrowler/0.9; +https://babbar.tech/crawler)"
217.113.194.226 - - [22/Jun/2025:05:31:29 +0200] "GET /component/search/?Itemid=120&catid=2&id=67&format=opensearch HTTP/1.1" 200 462 "-" "Mozilla/5.0 (compatible; Barkrowler/0.9; +https://babbar.tech/crawler)"
217.113.194.225 - - [22/Jun/2025:05:31:45 +0200] "GET /component/search/?Itemid=120&catid=2&id=68&format=opensearch HTTP/1.1" 200 462 "-" "Mozilla/5.0 (compatible; Barkrowler/0.9; +https://babbar.tech/crawler)"
217.113.194.231 - - [22/Jun/2025:05:32:00 +0200] "GET /component/search/?Itemid=129&catid=2&id=67&format=opensearch HTTP/1.1" 200 462 "-" "Mozilla/5.0 (compatible; Barkrowler/0.9; +https://babbar.tech/crawler)"
217.113.194.226 - - [22/Jun/2025:05:32:15 +0200] "GET /component/search/?Itemid=129&catid=2&id=68&format=opensearch HTTP/1.1" 200 462 "-" "Mozilla/5.0 (compatible; Barkrowler/0.9; +https://babbar.tech/crawler)"
217.113.194.223 - - [22/Jun/2025:05:32:30 +0200] "GET /component/search/?Itemid=181&catid=2&id=68&format=opensearch HTTP/1.1" 200 462 "-" "Mozilla/5.0 (compatible; Barkrowler/0.9; +https://babbar.tech/crawler)"
217.113.194.222 - - [22/Jun/2025:05:32:45 +0200] "GET /component/search/?Itemid=130&catid=2&id=67&format=opensearch HTTP/1.1" 200 462 "-" "Mozilla/5.0 (compatible; Barkrowler/0.9; +https://babbar.tech/crawler)"
217.113.194.224 - - [22/Jun/2025:05:33:00 +0200] "GET /component/search/?Itemid=130&catid=2&id=68&format=opensearch HTTP/1.1" 200 462 "-" "Mozilla/5.0 (compatible; Barkrowler/0.9; +https://babbar.tech/crawler)"
217.113.194.225 - - [22/Jun/2025:05:33:16 +0200] "GET /component/search/?Itemid=167&catid=2&id=67&format=opensearch HTTP/1.1" 200 461 "-" "Mozilla/5.0 (compatible; Barkrowler/0.9; +https://babbar.tech/crawler)"
217.113.194.228 - - [22/Jun/2025:05:33:31 +0200] "GET /component/search/?Itemid=167&catid=2&id=68&format=opensearch HTTP/1.1" 200 462 "-" "Mozilla/5.0 (compatible; Barkrowler/0.9; +https://babbar.tech/crawler)"
217.113.194.227 - - [22/Jun/2025:05:33:46 +0200] "GET /component/search/?Itemid=179&catid=2&id=67&format=opensearch HTTP/1.1" 200 462 "-" "Mozilla/5.0 (compatible; Barkrowler/0.9; +https://babbar.tech/crawler)"
217.113.194.227 - - [22/Jun/2025:05:34:01 +0200] "GET /component/search/?Itemid=166&catid=2&id=68&format=opensearch HTTP/1.1" 200 462 "-" "Mozilla/5.0 (compatible; Barkrowler/0.9; +https://babbar.tech/crawler)"
217.113.194.253 - - [22/Jun/2025:05:34:16 +0200] "GET /component/search/?Itemid=125&catid=2&id=67&format=opensearch HTTP/1.1" 200 462 "-" "Mozilla/5.0 (compatible; Barkrowler/0.9; +https://babbar.tech/crawler)"
217.113.194.222 - - [22/Jun/2025:05:34:31 +0200] "GET /component/search/?Itemid=125&catid=2&id=68&format=opensearch HTTP/1.1" 200 462 "-" "Mozilla/5.0 (compatible; Barkrowler/0.9; +https://babbar.tech/crawler)"
217.113.194.225 - - [22/Jun/2025:05:34:47 +0200] "GET /component/search/?Itemid=128&catid=2&id=67&format=opensearch HTTP/1.1" 200 462 "-" "Mozilla/5.0 (compatible; Barkrowler/0.9; +https://babbar.tech/crawler)"
217.113.194.228 - - [22/Jun/2025:05:35:02 +0200] "GET /component/search/?Itemid=122&catid=2&id=67&format=opensearch HTTP/1.1" 200 461 "-" "Mozilla/5.0 (compatible; Barkrowler/0.9; +https://babbar.tech/crawler)"
217.113.194.228 - - [22/Jun/2025:05:35:17 +0200] "GET /component/search/?Itemid=116&catid=2&id=67&format=opensearch HTTP/1.1" 200 462 "-" "Mozilla/5.0 (compatible; Barkrowler/0.9; +https://babbar.tech/crawler)"
217.113.194.226 - - [22/Jun/2025:05:35:32 +0200] "GET /component/search/?Itemid=116&catid=2&id=68&format=opensearch HTTP/1.1" 200 462 "-" "Mozilla/5.0 (compatible; Barkrowler/0.9; +https://babbar.tech/crawler)"
154.54.249.217 - - [22/Jun/2025:05:35:47 +0200] "GET /component/ninjarsssyndicator/?feed_id=1&format=raw HTTP/1.1" 200 3918 "-" "Mozilla/5.0 (compatible; Barkrowler/0.9; +https://babbar.tech/crawler)"
217.113.194.226 - - [22/Jun/2025:05:36:02 +0200] "GET /component/search/?searchword=fen%C3%AAtres&format=opensearch HTTP/1.1" 200 449 "-" "Mozilla/5.0 (compatible; Barkrowler/0.9; +https://babbar.tech/crawler)"
217.113.194.230 - - [22/Jun/2025:05:36:18 +0200] "GET /component/search/?searchword=fa%C3%A7ade&format=opensearch HTTP/1.1" 200 451 "-" "Mozilla/5.0 (compatible; Barkrowler/0.9; +https://babbar.tech/crawler)"
154.54.249.217 - - [22/Jun/2025:05:36:33 +0200] "GET /component/search/?id=58:placards-dressings&catid=2:diverse&format=opensearch HTTP/1.1" 200 470 "-" "Mozilla/5.0 (compatible; Barkrowler/0.9; +https://babbar.tech/crawler)"
217.113.194.223 - - [22/Jun/2025:05:36:48 +0200] "GET /component/search/?id=59:escalier-bois-sur-mesure&catid=2:diverse&format=opensearch HTTP/1.1" 200 475 "-" "Mozilla/5.0 (compatible; Barkrowler/0.9; +https://babbar.tech/crawler)"
85.214.121.117 - - [22/Jun/2025:05:37:18 +0200] "GET /robots.txt HTTP/1.1" 200 819 "-" "Mozilla/5.0 (compatible; MJ12bot/v1.4.8; http://mj12bot.com/)"
