34.83.197.247 - - [25/Jun/2025:13:03:33 +0200] "HEAD /index.php HTTP/1.1" 200 - "http://deblaiement-debarrasmulhouse68.fr/old" "Mozilla/5.0 (Windows NT 10.0; Win64; x64) AppleWebKit/537.36 (KHTML, like Gecko) Chrome/74.0.3729.169 Safari/537.36"
34.83.197.247 - - [25/Jun/2025:13:03:34 +0200] "HEAD /new HTTP/1.1" 301 - "-" "Mozilla/5.0 (Windows NT 10.0; Win64; x64) AppleWebKit/537.36 (KHTML, like Gecko) Chrome/74.0.3729.169 Safari/537.36"
34.83.197.247 - - [25/Jun/2025:13:03:34 +0200] "HEAD /index.php HTTP/1.1" 200 - "http://deblaiement-debarrasmulhouse68.fr/new" "Mozilla/5.0 (Windows NT 10.0; Win64; x64) AppleWebKit/537.36 (KHTML, like Gecko) Chrome/74.0.3729.169 Safari/537.36"
34.83.197.247 - - [25/Jun/2025:13:03:34 +0200] "HEAD /main HTTP/1.1" 301 - "-" "Mozilla/5.0 (Windows NT 10.0; Win64; x64) AppleWebKit/537.36 (KHTML, like Gecko) Chrome/74.0.3729.169 Safari/537.36"
34.83.197.247 - - [25/Jun/2025:13:03:34 +0200] "HEAD /index.php HTTP/1.1" 200 - "http://deblaiement-debarrasmulhouse68.fr/main" "Mozilla/5.0 (Windows NT 10.0; Win64; x64) AppleWebKit/537.36 (KHTML, like Gecko) Chrome/74.0.3729.169 Safari/537.36"
34.83.197.247 - - [25/Jun/2025:13:03:35 +0200] "HEAD /home HTTP/1.1" 301 - "-" "Mozilla/5.0 (Windows NT 10.0; Win64; x64) AppleWebKit/537.36 (KHTML, like Gecko) Chrome/74.0.3729.169 Safari/537.36"
34.83.197.247 - - [25/Jun/2025:13:03:35 +0200] "HEAD /index.php HTTP/1.1" 200 - "http://deblaiement-debarrasmulhouse68.fr/home" "Mozilla/5.0 (Windows NT 10.0; Win64; x64) AppleWebKit/537.36 (KHTML, like Gecko) Chrome/74.0.3729.169 Safari/537.36"
103.101.58.33 - - [25/Jun/2025:13:30:03 +0200] "HEAD / HTTP/1.1" 301 - "-" "Mozilla/5.0 (X11; Linux x86_64) AppleWebKit/537.36 (KHTML, like Gecko) Chrome/96.0.4664.45 Safari/537.36"
103.101.58.33 - - [25/Jun/2025:13:30:03 +0200] "HEAD / HTTP/1.1" 200 - "http://deblaiement-debarrasmulhouse68.fr/" "Mozilla/5.0 (X11; Linux x86_64) AppleWebKit/537.36 (KHTML, like Gecko) Chrome/96.0.4664.45 Safari/537.36"
216.244.66.200 - - [25/Jun/2025:13:32:03 +0200] "GET /robots.txt HTTP/1.1" 200 914 "-" "Mozilla/5.0 (compatible; DotBot/1.2; +https://opensiteexplorer.org/dotbot; help@moz.com)"
102.129.223.92 - - [25/Jun/2025:13:35:09 +0200] "GET / HTTP/1.1" 200 40192 "-" "Mozilla/5.0 (X11; Fedora; Linux x86_64; rv:114.0) Gecko/20100101 Firefox/114.0"
102.129.223.92 - - [25/Jun/2025:13:35:11 +0200] "POST / HTTP/1.1" 200 40192 "HTTP://www.deblaiement-debarrasmulhouse68.fr/" "Mozilla/5.0 (X11; Fedora; Linux x86_64; rv:114.0) Gecko/20100101 Firefox/114.0"
103.101.58.33 - - [25/Jun/2025:13:37:29 +0200] "HEAD /wordpress HTTP/1.1" 301 - "-" "Mozilla/5.0 (X11; Linux x86_64) AppleWebKit/537.36 (KHTML, like Gecko) Chrome/96.0.4664.45 Safari/537.36"
103.101.58.33 - - [25/Jun/2025:13:37:30 +0200] "HEAD /index.php HTTP/1.1" 200 - "http://deblaiement-debarrasmulhouse68.fr/wordpress" "Mozilla/5.0 (X11; Linux x86_64) AppleWebKit/537.36 (KHTML, like Gecko) Chrome/96.0.4664.45 Safari/537.36"
216.244.66.200 - - [25/Jun/2025:13:37:45 +0200] "GET /a/hegenheim-68 HTTP/1.1" 200 35874 "-" "Mozilla/5.0 (compatible; DotBot/1.2; +https://opensiteexplorer.org/dotbot; help@moz.com)"
216.244.66.200 - - [25/Jun/2025:13:37:51 +0200] "GET /a/kembs-68 HTTP/1.1" 200 37639 "-" "Mozilla/5.0 (compatible; DotBot/1.2; +https://opensiteexplorer.org/dotbot; help@moz.com)"
103.101.58.33 - - [25/Jun/2025:13:46:17 +0200] "HEAD /Wordpress HTTP/1.1" 301 - "-" "Mozilla/5.0 (X11; Linux x86_64) AppleWebKit/537.36 (KHTML, like Gecko) Chrome/96.0.4664.45 Safari/537.36"
103.101.58.33 - - [25/Jun/2025:13:46:18 +0200] "HEAD /index.php HTTP/1.1" 200 - "http://deblaiement-debarrasmulhouse68.fr/Wordpress" "Mozilla/5.0 (X11; Linux x86_64) AppleWebKit/537.36 (KHTML, like Gecko) Chrome/96.0.4664.45 Safari/537.36"
103.101.58.33 - - [25/Jun/2025:13:50:59 +0200] "HEAD /WORDPRESS HTTP/1.1" 301 - "-" "Mozilla/5.0 (X11; Linux x86_64) AppleWebKit/537.36 (KHTML, like Gecko) Chrome/96.0.4664.45 Safari/537.36"
103.101.58.33 - - [25/Jun/2025:13:51:00 +0200] "HEAD /index.php HTTP/1.1" 200 - "http://deblaiement-debarrasmulhouse68.fr/WORDPRESS" "Mozilla/5.0 (X11; Linux x86_64) AppleWebKit/537.36 (KHTML, like Gecko) Chrome/96.0.4664.45 Safari/537.36"
103.101.58.33 - - [25/Jun/2025:13:55:38 +0200] "HEAD /WordPress HTTP/1.1" 301 - "-" "Mozilla/5.0 (X11; Linux x86_64) AppleWebKit/537.36 (KHTML, like Gecko) Chrome/96.0.4664.45 Safari/537.36"
103.101.58.33 - - [25/Jun/2025:13:55:38 +0200] "HEAD /index.php HTTP/1.1" 200 - "http://deblaiement-debarrasmulhouse68.fr/WordPress" "Mozilla/5.0 (X11; Linux x86_64) AppleWebKit/537.36 (KHTML, like Gecko) Chrome/96.0.4664.45 Safari/537.36"
85.208.96.212 - - [25/Jun/2025:13:58:20 +0200] "GET /robots.txt HTTP/1.1" 200 914 "-" "Mozilla/5.0 (compatible; SemrushBot/7~bl; +http://www.semrush.com/bot.html)"
85.208.96.209 - - [25/Jun/2025:13:58:21 +0200] "GET /a/ostheim-68 HTTP/1.1" 200 35938 "-" "Mozilla/5.0 (compatible; SemrushBot/7~bl; +http://www.semrush.com/bot.html)"
103.101.58.33 - - [25/Jun/2025:14:02:05 +0200] "HEAD /wp HTTP/1.1" 301 - "-" "Mozilla/5.0 (X11; Linux x86_64) AppleWebKit/537.36 (KHTML, like Gecko) Chrome/96.0.4664.45 Safari/537.36"
103.101.58.33 - - [25/Jun/2025:14:02:05 +0200] "HEAD /index.php HTTP/1.1" 200 - "http://deblaiement-debarrasmulhouse68.fr/wp" "Mozilla/5.0 (X11; Linux x86_64) AppleWebKit/537.36 (KHTML, like Gecko) Chrome/96.0.4664.45 Safari/537.36"
103.101.58.33 - - [25/Jun/2025:14:05:07 +0200] "HEAD /Wp HTTP/1.1" 301 - "-" "Mozilla/5.0 (X11; Linux x86_64) AppleWebKit/537.36 (KHTML, like Gecko) Chrome/96.0.4664.45 Safari/537.36"
103.101.58.33 - - [25/Jun/2025:14:05:07 +0200] "HEAD /index.php HTTP/1.1" 200 - "http://deblaiement-debarrasmulhouse68.fr/Wp" "Mozilla/5.0 (X11; Linux x86_64) AppleWebKit/537.36 (KHTML, like Gecko) Chrome/96.0.4664.45 Safari/537.36"
103.101.58.33 - - [25/Jun/2025:14:13:04 +0200] "HEAD /WP HTTP/1.1" 301 - "-" "Mozilla/5.0 (X11; Linux x86_64) AppleWebKit/537.36 (KHTML, like Gecko) Chrome/96.0.4664.45 Safari/537.36"
103.101.58.33 - - [25/Jun/2025:14:13:05 +0200] "HEAD /index.php HTTP/1.1" 200 - "http://deblaiement-debarrasmulhouse68.fr/WP" "Mozilla/5.0 (X11; Linux x86_64) AppleWebKit/537.36 (KHTML, like Gecko) Chrome/96.0.4664.45 Safari/537.36"
43.167.239.66 - - [25/Jun/2025:14:13:14 +0200] "GET / HTTP/1.1" 200 40192 "-" "Mozilla/5.0 (iPhone; CPU iPhone OS 13_2_3 like Mac OS X) AppleWebKit/605.1.15 (KHTML, like Gecko) Version/13.0.3 Mobile/15E148 Safari/604.1"
103.101.58.33 - - [25/Jun/2025:14:15:16 +0200] "HEAD /old HTTP/1.1" 301 - "-" "Mozilla/5.0 (X11; Linux x86_64) AppleWebKit/537.36 (KHTML, like Gecko) Chrome/96.0.4664.45 Safari/537.36"
103.101.58.33 - - [25/Jun/2025:14:15:16 +0200] "HEAD /index.php HTTP/1.1" 200 - "http://deblaiement-debarrasmulhouse68.fr/old" "Mozilla/5.0 (X11; Linux x86_64) AppleWebKit/537.36 (KHTML, like Gecko) Chrome/96.0.4664.45 Safari/537.36"
103.101.58.33 - - [25/Jun/2025:14:20:07 +0200] "HEAD /Old HTTP/1.1" 301 - "-" "Mozilla/5.0 (X11; Linux x86_64) AppleWebKit/537.36 (KHTML, like Gecko) Chrome/96.0.4664.45 Safari/537.36"
103.101.58.33 - - [25/Jun/2025:14:20:08 +0200] "HEAD /index.php HTTP/1.1" 200 - "http://deblaiement-debarrasmulhouse68.fr/Old" "Mozilla/5.0 (X11; Linux x86_64) AppleWebKit/537.36 (KHTML, like Gecko) Chrome/96.0.4664.45 Safari/537.36"
103.101.58.33 - - [25/Jun/2025:14:24:51 +0200] "HEAD /OLD HTTP/1.1" 301 - "-" "Mozilla/5.0 (X11; Linux x86_64) AppleWebKit/537.36 (KHTML, like Gecko) Chrome/96.0.4664.45 Safari/537.36"
103.101.58.33 - - [25/Jun/2025:14:24:51 +0200] "HEAD /index.php HTTP/1.1" 200 - "http://deblaiement-debarrasmulhouse68.fr/OLD" "Mozilla/5.0 (X11; Linux x86_64) AppleWebKit/537.36 (KHTML, like Gecko) Chrome/96.0.4664.45 Safari/537.36"
54.37.84.47 - - [25/Jun/2025:14:25:38 +0200] "GET /robots.txt HTTP/1.1" 200 914 "-" "Mozilla/5.0 (compatible; MJ12bot/v1.4.8; http://mj12bot.com/)"
54.37.84.47 - - [25/Jun/2025:14:25:39 +0200] "GET /?option=com_search&searchword=d%C3%A9barras%20grenier HTTP/1.1" 200 38805 "-" "Mozilla/5.0 (compatible; MJ12bot/v1.4.8; http://mj12bot.com/)"
54.37.84.47 - - [25/Jun/2025:14:25:42 +0200] "GET /?option=com_search&searchword=d%C3%A9blaiement HTTP/1.1" 200 37604 "-" "Mozilla/5.0 (compatible; MJ12bot/v1.4.8; http://mj12bot.com/)"
54.37.84.47 - - [25/Jun/2025:14:25:44 +0200] "GET /component/search/?searchword=d%C3%A9blaiement&start=20 HTTP/1.1" 200 37856 "-" "Mozilla/5.0 (compatible; MJ12bot/v1.4.8; http://mj12bot.com/)"
54.37.84.47 - - [25/Jun/2025:14:25:47 +0200] "GET /component/search/?searchword=d%C3%A9blaiement&start=40 HTTP/1.1" 200 32493 "-" "Mozilla/5.0 (compatible; MJ12bot/v1.4.8; http://mj12bot.com/)"
54.37.84.47 - - [25/Jun/2025:14:25:50 +0200] "GET /selection-web/55-D%C3%A9m%C3%A9nageur HTTP/1.1" 200 28751 "-" "Mozilla/5.0 (compatible; MJ12bot/v1.4.8; http://mj12bot.com/)"
54.37.84.47 - - [25/Jun/2025:14:25:54 +0200] "GET /selection-web/56-D%C3%A9molition HTTP/1.1" 200 28744 "-" "Mozilla/5.0 (compatible; MJ12bot/v1.4.8; http://mj12bot.com/)"
54.37.84.47 - - [25/Jun/2025:14:25:57 +0200] "GET /selection-web/57-Di%C3%A9t%C3%A9ticien HTTP/1.1" 200 28758 "-" "Mozilla/5.0 (compatible; MJ12bot/v1.4.8; http://mj12bot.com/)"
54.37.84.47 - - [25/Jun/2025:14:26:03 +0200] "GET /selection-web/58-Ma%C3%A7on HTTP/1.1" 200 28709 "-" "Mozilla/5.0 (compatible; MJ12bot/v1.4.8; http://mj12bot.com/)"
43.156.168.214 - - [25/Jun/2025:14:26:52 +0200] "GET /a/flaxlanden-68 HTTP/1.1" 200 36117 "-" "Mozilla/5.0 (iPhone; CPU iPhone OS 13_2_3 like Mac OS X) AppleWebKit/605.1.15 (KHTML, like Gecko) Version/13.0.3 Mobile/15E148 Safari/604.1"
103.101.58.33 - - [25/Jun/2025:14:29:12 +0200] "HEAD /oldsite HTTP/1.1" 301 - "-" "Mozilla/5.0 (X11; Linux x86_64) AppleWebKit/537.36 (KHTML, like Gecko) Chrome/96.0.4664.45 Safari/537.36"
103.101.58.33 - - [25/Jun/2025:14:29:12 +0200] "HEAD /index.php HTTP/1.1" 200 - "http://deblaiement-debarrasmulhouse68.fr/oldsite" "Mozilla/5.0 (X11; Linux x86_64) AppleWebKit/537.36 (KHTML, like Gecko) Chrome/96.0.4664.45 Safari/537.36"
103.101.58.33 - - [25/Jun/2025:14:32:16 +0200] "HEAD /new HTTP/1.1" 301 - "-" "Mozilla/5.0 (X11; Linux x86_64) AppleWebKit/537.36 (KHTML, like Gecko) Chrome/96.0.4664.45 Safari/537.36"
103.101.58.33 - - [25/Jun/2025:14:32:17 +0200] "HEAD /index.php HTTP/1.1" 200 - "http://deblaiement-debarrasmulhouse68.fr/new" "Mozilla/5.0 (X11; Linux x86_64) AppleWebKit/537.36 (KHTML, like Gecko) Chrome/96.0.4664.45 Safari/537.36"
43.133.139.6 - - [25/Jun/2025:14:36:39 +0200] "GET /a/hirtzbach-68 HTTP/1.1" 200 36040 "-" "Mozilla/5.0 (iPhone; CPU iPhone OS 13_2_3 like Mac OS X) AppleWebKit/605.1.15 (KHTML, like Gecko) Version/13.0.3 Mobile/15E148 Safari/604.1"
103.101.58.33 - - [25/Jun/2025:14:36:59 +0200] "HEAD /New HTTP/1.1" 301 - "-" "Mozilla/5.0 (X11; Linux x86_64) AppleWebKit/537.36 (KHTML, like Gecko) Chrome/96.0.4664.45 Safari/537.36"
103.101.58.33 - - [25/Jun/2025:14:36:59 +0200] "HEAD /index.php HTTP/1.1" 200 - "http://deblaiement-debarrasmulhouse68.fr/New" "Mozilla/5.0 (X11; Linux x86_64) AppleWebKit/537.36 (KHTML, like Gecko) Chrome/96.0.4664.45 Safari/537.36"
43.133.187.11 - - [25/Jun/2025:14:39:35 +0200] "GET /component/search/?Itemid=329&format=opensearch HTTP/1.1" 200 790 "-" "Mozilla/5.0 (iPhone; CPU iPhone OS 13_2_3 like Mac OS X) AppleWebKit/605.1.15 (KHTML, like Gecko) Version/13.0.3 Mobile/15E148 Safari/604.1"
103.101.58.33 - - [25/Jun/2025:14:41:24 +0200] "HEAD /NEW HTTP/1.1" 301 - "-" "Mozilla/5.0 (X11; Linux x86_64) AppleWebKit/537.36 (KHTML, like Gecko) Chrome/96.0.4664.45 Safari/537.36"
103.101.58.33 - - [25/Jun/2025:14:41:25 +0200] "HEAD /index.php HTTP/1.1" 200 - "http://deblaiement-debarrasmulhouse68.fr/NEW" "Mozilla/5.0 (X11; Linux x86_64) AppleWebKit/537.36 (KHTML, like Gecko) Chrome/96.0.4664.45 Safari/537.36"
103.101.58.33 - - [25/Jun/2025:14:45:50 +0200] "HEAD /wp-old HTTP/1.1" 301 - "-" "Mozilla/5.0 (X11; Linux x86_64) AppleWebKit/537.36 (KHTML, like Gecko) Chrome/96.0.4664.45 Safari/537.36"
103.101.58.33 - - [25/Jun/2025:14:45:50 +0200] "HEAD /index.php HTTP/1.1" 200 - "http://deblaiement-debarrasmulhouse68.fr/wp-old" "Mozilla/5.0 (X11; Linux x86_64) AppleWebKit/537.36 (KHTML, like Gecko) Chrome/96.0.4664.45 Safari/537.36"
129.226.213.145 - - [25/Jun/2025:14:46:44 +0200] "GET /a/holtzwihr-68 HTTP/1.1" 200 36103 "-" "Mozilla/5.0 (iPhone; CPU iPhone OS 13_2_3 like Mac OS X) AppleWebKit/605.1.15 (KHTML, like Gecko) Version/13.0.3 Mobile/15E148 Safari/604.1"
170.106.179.68 - - [25/Jun/2025:14:51:46 +0200] "GET /a/flaxlanden-68?tmpl=component&print=1&page= HTTP/1.1" 200 12127 "-" "Mozilla/5.0 (iPhone; CPU iPhone OS 13_2_3 like Mac OS X) AppleWebKit/605.1.15 (KHTML, like Gecko) Version/13.0.3 Mobile/15E148 Safari/604.1"
103.101.58.33 - - [25/Jun/2025:14:52:45 +0200] "HEAD /2022 HTTP/1.1" 301 - "-" "Mozilla/5.0 (X11; Linux x86_64) AppleWebKit/537.36 (KHTML, like Gecko) Chrome/96.0.4664.45 Safari/537.36"
103.101.58.33 - - [25/Jun/2025:14:52:46 +0200] "HEAD /index.php HTTP/1.1" 200 - "http://deblaiement-debarrasmulhouse68.fr/2022" "Mozilla/5.0 (X11; Linux x86_64) AppleWebKit/537.36 (KHTML, like Gecko) Chrome/96.0.4664.45 Safari/537.36"
103.101.58.33 - - [25/Jun/2025:14:54:58 +0200] "HEAD /2023 HTTP/1.1" 301 - "-" "Mozilla/5.0 (X11; Linux x86_64) AppleWebKit/537.36 (KHTML, like Gecko) Chrome/96.0.4664.45 Safari/537.36"
103.101.58.33 - - [25/Jun/2025:14:54:58 +0200] "HEAD /index.php HTTP/1.1" 200 - "http://deblaiement-debarrasmulhouse68.fr/2023" "Mozilla/5.0 (X11; Linux x86_64) AppleWebKit/537.36 (KHTML, like Gecko) Chrome/96.0.4664.45 Safari/537.36"
170.106.180.153 - - [25/Jun/2025:14:55:45 +0200] "GET /a/eguisheim-68 HTTP/1.1" 200 35972 "-" "Mozilla/5.0 (iPhone; CPU iPhone OS 13_2_3 like Mac OS X) AppleWebKit/605.1.15 (KHTML, like Gecko) Version/13.0.3 Mobile/15E148 Safari/604.1"
43.130.31.17 - - [25/Jun/2025:14:59:36 +0200] "GET /component/mailto/?tmpl=component&template=neutre&link=3ed49f3e029d292a98be32bf31bf705cfa4ad3a6 HTTP/1.1" 200 3201 "-" "Mozilla/5.0 (iPhone; CPU iPhone OS 13_2_3 like Mac OS X) AppleWebKit/605.1.15 (KHTML, like Gecko) Version/13.0.3 Mobile/15E148 Safari/604.1"
103.101.58.33 - - [25/Jun/2025:15:01:20 +0200] "HEAD /2024 HTTP/1.1" 301 - "-" "Mozilla/5.0 (X11; Linux x86_64) AppleWebKit/537.36 (KHTML, like Gecko) Chrome/96.0.4664.45 Safari/537.36"
103.101.58.33 - - [25/Jun/2025:15:01:20 +0200] "HEAD /index.php HTTP/1.1" 200 - "http://deblaiement-debarrasmulhouse68.fr/2024" "Mozilla/5.0 (X11; Linux x86_64) AppleWebKit/537.36 (KHTML, like Gecko) Chrome/96.0.4664.45 Safari/537.36"
216.244.66.200 - - [25/Jun/2025:15:05:34 +0200] "GET /robots.txt HTTP/1.1" 200 914 "-" "Mozilla/5.0 (compatible; DotBot/1.2; +https://opensiteexplorer.org/dotbot; help@moz.com)"
103.101.58.33 - - [25/Jun/2025:15:05:48 +0200] "HEAD /2017 HTTP/1.1" 301 - "-" "Mozilla/5.0 (X11; Linux x86_64) AppleWebKit/537.36 (KHTML, like Gecko) Chrome/96.0.4664.45 Safari/537.36"
103.101.58.33 - - [25/Jun/2025:15:05:48 +0200] "HEAD /index.php HTTP/1.1" 200 - "http://deblaiement-debarrasmulhouse68.fr/2017" "Mozilla/5.0 (X11; Linux x86_64) AppleWebKit/537.36 (KHTML, like Gecko) Chrome/96.0.4664.45 Safari/537.36"
43.155.195.141 - - [25/Jun/2025:15:06:18 +0200] "GET /a/eschentzwiller-68 HTTP/1.1" 200 36103 "-" "Mozilla/5.0 (iPhone; CPU iPhone OS 13_2_3 like Mac OS X) AppleWebKit/605.1.15 (KHTML, like Gecko) Version/13.0.3 Mobile/15E148 Safari/604.1"
103.101.58.33 - - [25/Jun/2025:15:08:11 +0200] "HEAD /2020 HTTP/1.1" 301 - "-" "Mozilla/5.0 (X11; Linux x86_64) AppleWebKit/537.36 (KHTML, like Gecko) Chrome/96.0.4664.45 Safari/537.36"
103.101.58.33 - - [25/Jun/2025:15:08:11 +0200] "HEAD /index.php HTTP/1.1" 200 - "http://deblaiement-debarrasmulhouse68.fr/2020" "Mozilla/5.0 (X11; Linux x86_64) AppleWebKit/537.36 (KHTML, like Gecko) Chrome/96.0.4664.45 Safari/537.36"
43.157.179.227 - - [25/Jun/2025:15:09:43 +0200] "GET /a/hirtzbach-68?tmpl=component&print=1&page= HTTP/1.1" 200 12056 "-" "Mozilla/5.0 (iPhone; CPU iPhone OS 13_2_3 like Mac OS X) AppleWebKit/605.1.15 (KHTML, like Gecko) Version/13.0.3 Mobile/15E148 Safari/604.1"
216.244.66.200 - - [25/Jun/2025:15:11:30 +0200] "GET /a/richwiller-68 HTTP/1.1" 200 37758 "-" "Mozilla/5.0 (compatible; DotBot/1.2; +https://opensiteexplorer.org/dotbot; help@moz.com)"
216.244.66.200 - - [25/Jun/2025:15:11:54 +0200] "GET /a/bergheim-68 HTTP/1.1" 200 36017 "-" "Mozilla/5.0 (compatible; DotBot/1.2; +https://opensiteexplorer.org/dotbot; help@moz.com)"
216.244.66.200 - - [25/Jun/2025:15:12:27 +0200] "GET /a/sainte-croix-aux-mines-68 HTTP/1.1" 200 36281 "-" "Mozilla/5.0 (compatible; DotBot/1.2; +https://opensiteexplorer.org/dotbot; help@moz.com)"
103.101.58.33 - - [25/Jun/2025:15:14:21 +0200] "HEAD /2019 HTTP/1.1" 301 - "-" "Mozilla/5.0 (X11; Linux x86_64) AppleWebKit/537.36 (KHTML, like Gecko) Chrome/96.0.4664.45 Safari/537.36"
103.101.58.33 - - [25/Jun/2025:15:14:21 +0200] "HEAD /index.php HTTP/1.1" 200 - "http://deblaiement-debarrasmulhouse68.fr/2019" "Mozilla/5.0 (X11; Linux x86_64) AppleWebKit/537.36 (KHTML, like Gecko) Chrome/96.0.4664.45 Safari/537.36"
103.101.58.33 - - [25/Jun/2025:15:17:42 +0200] "HEAD /2018 HTTP/1.1" 301 - "-" "Mozilla/5.0 (X11; Linux x86_64) AppleWebKit/537.36 (KHTML, like Gecko) Chrome/96.0.4664.45 Safari/537.36"
103.101.58.33 - - [25/Jun/2025:15:17:43 +0200] "HEAD /index.php HTTP/1.1" 200 - "http://deblaiement-debarrasmulhouse68.fr/2018" "Mozilla/5.0 (X11; Linux x86_64) AppleWebKit/537.36 (KHTML, like Gecko) Chrome/96.0.4664.45 Safari/537.36"
103.101.58.33 - - [25/Jun/2025:15:19:08 +0200] "HEAD /backup HTTP/1.1" 301 - "-" "Mozilla/5.0 (X11; Linux x86_64) AppleWebKit/537.36 (KHTML, like Gecko) Chrome/96.0.4664.45 Safari/537.36"
103.101.58.33 - - [25/Jun/2025:15:19:09 +0200] "HEAD /index.php HTTP/1.1" 200 - "http://deblaiement-debarrasmulhouse68.fr/backup" "Mozilla/5.0 (X11; Linux x86_64) AppleWebKit/537.36 (KHTML, like Gecko) Chrome/96.0.4664.45 Safari/537.36"
43.135.140.225 - - [25/Jun/2025:15:20:34 +0200] "GET /component/mailto/?tmpl=component&template=neutre&link=57e8ef80175064bd338d9fb3371f6717e1ab83e0 HTTP/1.1" 200 3201 "-" "Mozilla/5.0 (iPhone; CPU iPhone OS 13_2_3 like Mac OS X) AppleWebKit/605.1.15 (KHTML, like Gecko) Version/13.0.3 Mobile/15E148 Safari/604.1"
49.51.132.100 - - [25/Jun/2025:15:22:21 +0200] "GET /a/dietwiller-68 HTTP/1.1" 200 36122 "-" "Mozilla/5.0 (iPhone; CPU iPhone OS 13_2_3 like Mac OS X) AppleWebKit/605.1.15 (KHTML, like Gecko) Version/13.0.3 Mobile/15E148 Safari/604.1"
103.101.58.33 - - [25/Jun/2025:15:23:29 +0200] "HEAD /test HTTP/1.1" 301 - "-" "Mozilla/5.0 (X11; Linux x86_64) AppleWebKit/537.36 (KHTML, like Gecko) Chrome/96.0.4664.45 Safari/537.36"
103.101.58.33 - - [25/Jun/2025:15:23:29 +0200] "HEAD /index.php HTTP/1.1" 200 - "http://deblaiement-debarrasmulhouse68.fr/test" "Mozilla/5.0 (X11; Linux x86_64) AppleWebKit/537.36 (KHTML, like Gecko) Chrome/96.0.4664.45 Safari/537.36"
103.101.58.33 - - [25/Jun/2025:15:28:34 +0200] "HEAD /Test HTTP/1.1" 301 - "-" "Mozilla/5.0 (X11; Linux x86_64) AppleWebKit/537.36 (KHTML, like Gecko) Chrome/96.0.4664.45 Safari/537.36"
103.101.58.33 - - [25/Jun/2025:15:28:35 +0200] "HEAD /index.php HTTP/1.1" 200 - "http://deblaiement-debarrasmulhouse68.fr/Test" "Mozilla/5.0 (X11; Linux x86_64) AppleWebKit/537.36 (KHTML, like Gecko) Chrome/96.0.4664.45 Safari/537.36"
43.135.135.57 - - [25/Jun/2025:15:30:17 +0200] "GET /component/search/?Itemid=339&format=opensearch HTTP/1.1" 200 790 "-" "Mozilla/5.0 (iPhone; CPU iPhone OS 13_2_3 like Mac OS X) AppleWebKit/605.1.15 (KHTML, like Gecko) Version/13.0.3 Mobile/15E148 Safari/604.1"
103.101.58.33 - - [25/Jun/2025:15:31:30 +0200] "HEAD /TEST HTTP/1.1" 301 - "-" "Mozilla/5.0 (X11; Linux x86_64) AppleWebKit/537.36 (KHTML, like Gecko) Chrome/96.0.4664.45 Safari/537.36"
103.101.58.33 - - [25/Jun/2025:15:31:31 +0200] "HEAD /index.php HTTP/1.1" 200 - "http://deblaiement-debarrasmulhouse68.fr/TEST" "Mozilla/5.0 (X11; Linux x86_64) AppleWebKit/537.36 (KHTML, like Gecko) Chrome/96.0.4664.45 Safari/537.36"
103.101.58.33 - - [25/Jun/2025:15:35:04 +0200] "HEAD /demo HTTP/1.1" 301 - "-" "Mozilla/5.0 (X11; Linux x86_64) AppleWebKit/537.36 (KHTML, like Gecko) Chrome/96.0.4664.45 Safari/537.36"
103.101.58.33 - - [25/Jun/2025:15:35:05 +0200] "HEAD /index.php HTTP/1.1" 200 - "http://deblaiement-debarrasmulhouse68.fr/demo" "Mozilla/5.0 (X11; Linux x86_64) AppleWebKit/537.36 (KHTML, like Gecko) Chrome/96.0.4664.45 Safari/537.36"
43.157.53.115 - - [25/Jun/2025:15:39:32 +0200] "GET /component/search/?Itemid=342&format=opensearch HTTP/1.1" 200 790 "-" "Mozilla/5.0 (iPhone; CPU iPhone OS 13_2_3 like Mac OS X) AppleWebKit/605.1.15 (KHTML, like Gecko) Version/13.0.3 Mobile/15E148 Safari/604.1"
103.101.58.33 - - [25/Jun/2025:15:41:13 +0200] "HEAD /bc HTTP/1.1" 301 - "-" "Mozilla/5.0 (X11; Linux x86_64) AppleWebKit/537.36 (KHTML, like Gecko) Chrome/96.0.4664.45 Safari/537.36"
103.101.58.33 - - [25/Jun/2025:15:41:14 +0200] "HEAD /index.php HTTP/1.1" 200 - "http://deblaiement-debarrasmulhouse68.fr/bc" "Mozilla/5.0 (X11; Linux x86_64) AppleWebKit/537.36 (KHTML, like Gecko) Chrome/96.0.4664.45 Safari/537.36"
103.101.58.33 - - [25/Jun/2025:15:44:29 +0200] "HEAD /www HTTP/1.1" 301 - "-" "Mozilla/5.0 (X11; Linux x86_64) AppleWebKit/537.36 (KHTML, like Gecko) Chrome/96.0.4664.45 Safari/537.36"
103.101.58.33 - - [25/Jun/2025:15:44:30 +0200] "HEAD /index.php HTTP/1.1" 200 - "http://deblaiement-debarrasmulhouse68.fr/www" "Mozilla/5.0 (X11; Linux x86_64) AppleWebKit/537.36 (KHTML, like Gecko) Chrome/96.0.4664.45 Safari/537.36"
103.101.58.33 - - [25/Jun/2025:15:47:25 +0200] "HEAD /WWW HTTP/1.1" 301 - "-" "Mozilla/5.0 (X11; Linux x86_64) AppleWebKit/537.36 (KHTML, like Gecko) Chrome/96.0.4664.45 Safari/537.36"
103.101.58.33 - - [25/Jun/2025:15:47:25 +0200] "HEAD /index.php HTTP/1.1" 200 - "http://deblaiement-debarrasmulhouse68.fr/WWW" "Mozilla/5.0 (X11; Linux x86_64) AppleWebKit/537.36 (KHTML, like Gecko) Chrome/96.0.4664.45 Safari/537.36"
43.155.188.157 - - [25/Jun/2025:15:49:54 +0200] "GET /component/search/?Itemid=327&format=opensearch HTTP/1.1" 200 790 "-" "Mozilla/5.0 (iPhone; CPU iPhone OS 13_2_3 like Mac OS X) AppleWebKit/605.1.15 (KHTML, like Gecko) Version/13.0.3 Mobile/15E148 Safari/604.1"
103.101.58.33 - - [25/Jun/2025:15:51:45 +0200] "HEAD /Www HTTP/1.1" 301 - "-" "Mozilla/5.0 (X11; Linux x86_64) AppleWebKit/537.36 (KHTML, like Gecko) Chrome/96.0.4664.45 Safari/537.36"
103.101.58.33 - - [25/Jun/2025:15:51:46 +0200] "HEAD /index.php HTTP/1.1" 200 - "http://deblaiement-debarrasmulhouse68.fr/Www" "Mozilla/5.0 (X11; Linux x86_64) AppleWebKit/537.36 (KHTML, like Gecko) Chrome/96.0.4664.45 Safari/537.36"
216.244.66.200 - - [25/Jun/2025:15:53:16 +0200] "GET /robots.txt HTTP/1.1" 200 914 "-" "Mozilla/5.0 (compatible; DotBot/1.2; +https://opensiteexplorer.org/dotbot; help@moz.com)"
103.101.58.33 - - [25/Jun/2025:15:57:11 +0200] "HEAD /2021 HTTP/1.1" 301 - "-" "Mozilla/5.0 (X11; Linux x86_64) AppleWebKit/537.36 (KHTML, like Gecko) Chrome/96.0.4664.45 Safari/537.36"
103.101.58.33 - - [25/Jun/2025:15:57:12 +0200] "HEAD /index.php HTTP/1.1" 200 - "http://deblaiement-debarrasmulhouse68.fr/2021" "Mozilla/5.0 (X11; Linux x86_64) AppleWebKit/537.36 (KHTML, like Gecko) Chrome/96.0.4664.45 Safari/537.36"
170.106.193.108 - - [25/Jun/2025:15:58:52 +0200] "GET /component/search/?Itemid=328&format=opensearch HTTP/1.1" 200 790 "-" "Mozilla/5.0 (iPhone; CPU iPhone OS 13_2_3 like Mac OS X) AppleWebKit/605.1.15 (KHTML, like Gecko) Version/13.0.3 Mobile/15E148 Safari/604.1"
103.101.58.33 - - [25/Jun/2025:15:59:09 +0200] "HEAD /main HTTP/1.1" 301 - "-" "Mozilla/5.0 (X11; Linux x86_64) AppleWebKit/537.36 (KHTML, like Gecko) Chrome/96.0.4664.45 Safari/537.36"
103.101.58.33 - - [25/Jun/2025:15:59:09 +0200] "HEAD /index.php HTTP/1.1" 200 - "http://deblaiement-debarrasmulhouse68.fr/main" "Mozilla/5.0 (X11; Linux x86_64) AppleWebKit/537.36 (KHTML, like Gecko) Chrome/96.0.4664.45 Safari/537.36"
216.244.66.200 - - [25/Jun/2025:15:59:11 +0200] "GET /a/ensisheim-68 HTTP/1.1" 200 37586 "-" "Mozilla/5.0 (compatible; DotBot/1.2; +https://opensiteexplorer.org/dotbot; help@moz.com)"
216.244.66.200 - - [25/Jun/2025:15:59:18 +0200] "GET /a/wittenheim-68 HTTP/1.1" 200 37478 "-" "Mozilla/5.0 (compatible; DotBot/1.2; +https://opensiteexplorer.org/dotbot; help@moz.com)"
216.244.66.200 - - [25/Jun/2025:15:59:33 +0200] "GET /a/freland-68 HTTP/1.1" 200 36041 "-" "Mozilla/5.0 (compatible; DotBot/1.2; +https://opensiteexplorer.org/dotbot; help@moz.com)"
216.244.66.200 - - [25/Jun/2025:15:59:37 +0200] "GET /a/uffholtz-68 HTTP/1.1" 200 36157 "-" "Mozilla/5.0 (compatible; DotBot/1.2; +https://opensiteexplorer.org/dotbot; help@moz.com)"
103.101.58.33 - - [25/Jun/2025:16:03:37 +0200] "HEAD /old-site HTTP/1.1" 301 - "-" "Mozilla/5.0 (X11; Linux x86_64) AppleWebKit/537.36 (KHTML, like Gecko) Chrome/96.0.4664.45 Safari/537.36"
103.101.58.33 - - [25/Jun/2025:16:03:38 +0200] "HEAD /index.php HTTP/1.1" 200 - "http://deblaiement-debarrasmulhouse68.fr/old-site" "Mozilla/5.0 (X11; Linux x86_64) AppleWebKit/537.36 (KHTML, like Gecko) Chrome/96.0.4664.45 Safari/537.36"
130.44.201.142 - - [25/Jun/2025:16:05:19 +0200] "GET /contactez-nous HTTP/1.1" 200 30839 "-" "Mozilla/5.0 (X11; Fedora; Linux x86_64; rv:114.0) Gecko/20100101 Firefox/114.0"
130.44.201.142 - - [25/Jun/2025:16:05:26 +0200] "POST /contactez-nous HTTP/1.1" 200 30839 "http://www.deblaiement-debarrasmulhouse68.fr/contactez-nous" "Mozilla/5.0 (X11; Fedora; Linux x86_64; rv:114.0) Gecko/20100101 Firefox/114.0"
103.101.58.33 - - [25/Jun/2025:16:05:31 +0200] "HEAD /bk HTTP/1.1" 301 - "-" "Mozilla/5.0 (X11; Linux x86_64) AppleWebKit/537.36 (KHTML, like Gecko) Chrome/96.0.4664.45 Safari/537.36"
103.101.58.33 - - [25/Jun/2025:16:05:31 +0200] "HEAD /index.php HTTP/1.1" 200 - "http://deblaiement-debarrasmulhouse68.fr/bk" "Mozilla/5.0 (X11; Linux x86_64) AppleWebKit/537.36 (KHTML, like Gecko) Chrome/96.0.4664.45 Safari/537.36"
43.157.158.178 - - [25/Jun/2025:16:09:54 +0200] "GET /component/mailto/?tmpl=component&template=neutre&link=8de36cec47a281752100f0eb3e2c006502f60c6e HTTP/1.1" 200 3201 "-" "Mozilla/5.0 (iPhone; CPU iPhone OS 13_2_3 like Mac OS X) AppleWebKit/605.1.15 (KHTML, like Gecko) Version/13.0.3 Mobile/15E148 Safari/604.1"
103.101.58.33 - - [25/Jun/2025:16:10:09 +0200] "HEAD /Backup HTTP/1.1" 301 - "-" "Mozilla/5.0 (X11; Linux x86_64) AppleWebKit/537.36 (KHTML, like Gecko) Chrome/96.0.4664.45 Safari/537.36"
103.101.58.33 - - [25/Jun/2025:16:10:10 +0200] "HEAD /index.php HTTP/1.1" 200 - "http://deblaiement-debarrasmulhouse68.fr/Backup" "Mozilla/5.0 (X11; Linux x86_64) AppleWebKit/537.36 (KHTML, like Gecko) Chrome/96.0.4664.45 Safari/537.36"
103.101.58.33 - - [25/Jun/2025:16:12:53 +0200] "HEAD /BACKUP HTTP/1.1" 301 - "-" "Mozilla/5.0 (X11; Linux x86_64) AppleWebKit/537.36 (KHTML, like Gecko) Chrome/96.0.4664.45 Safari/537.36"
103.101.58.33 - - [25/Jun/2025:16:12:53 +0200] "HEAD /index.php HTTP/1.1" 200 - "http://deblaiement-debarrasmulhouse68.fr/BACKUP" "Mozilla/5.0 (X11; Linux x86_64) AppleWebKit/537.36 (KHTML, like Gecko) Chrome/96.0.4664.45 Safari/537.36"
103.101.58.33 - - [25/Jun/2025:16:18:32 +0200] "HEAD /SHOP HTTP/1.1" 301 - "-" "Mozilla/5.0 (X11; Linux x86_64) AppleWebKit/537.36 (KHTML, like Gecko) Chrome/96.0.4664.45 Safari/537.36"
103.101.58.33 - - [25/Jun/2025:16:18:33 +0200] "HEAD /index.php HTTP/1.1" 200 - "http://deblaiement-debarrasmulhouse68.fr/SHOP" "Mozilla/5.0 (X11; Linux x86_64) AppleWebKit/537.36 (KHTML, like Gecko) Chrome/96.0.4664.45 Safari/537.36"
170.106.180.139 - - [25/Jun/2025:16:20:09 +0200] "GET /a/dietwiller-68?tmpl=component&print=1&page= HTTP/1.1" 200 12132 "-" "Mozilla/5.0 (iPhone; CPU iPhone OS 13_2_3 like Mac OS X) AppleWebKit/605.1.15 (KHTML, like Gecko) Version/13.0.3 Mobile/15E148 Safari/604.1"
40.77.167.93 - - [25/Jun/2025:16:22:33 +0200] "GET /robots.txt HTTP/1.1" 200 914 "-" "Mozilla/5.0 AppleWebKit/537.36 (KHTML, like Gecko; compatible; bingbot/2.0; +http://www.bing.com/bingbot.htm) Chrome/116.0.1938.76 Safari/537.36"
103.101.58.33 - - [25/Jun/2025:16:22:35 +0200] "HEAD /Shop HTTP/1.1" 301 - "-" "Mozilla/5.0 (X11; Linux x86_64) AppleWebKit/537.36 (KHTML, like Gecko) Chrome/96.0.4664.45 Safari/537.36"
103.101.58.33 - - [25/Jun/2025:16:22:36 +0200] "HEAD /index.php HTTP/1.1" 200 - "http://deblaiement-debarrasmulhouse68.fr/Shop" "Mozilla/5.0 (X11; Linux x86_64) AppleWebKit/537.36 (KHTML, like Gecko) Chrome/96.0.4664.45 Safari/537.36"
40.77.167.30 - - [25/Jun/2025:16:22:40 +0200] "GET /?tmpl=component&print=1 HTTP/1.1" 200 13885 "-" "Mozilla/5.0 AppleWebKit/537.36 (KHTML, like Gecko; compatible; bingbot/2.0; +http://www.bing.com/bingbot.htm) Chrome/116.0.1938.76 Safari/537.36"
103.101.58.33 - - [25/Jun/2025:16:25:41 +0200] "HEAD /shop HTTP/1.1" 301 - "-" "Mozilla/5.0 (X11; Linux x86_64) AppleWebKit/537.36 (KHTML, like Gecko) Chrome/96.0.4664.45 Safari/537.36"
103.101.58.33 - - [25/Jun/2025:16:25:42 +0200] "HEAD /index.php HTTP/1.1" 200 - "http://deblaiement-debarrasmulhouse68.fr/shop" "Mozilla/5.0 (X11; Linux x86_64) AppleWebKit/537.36 (KHTML, like Gecko) Chrome/96.0.4664.45 Safari/537.36"
103.101.58.33 - - [25/Jun/2025:16:27:38 +0200] "HEAD /bak HTTP/1.1" 301 - "-" "Mozilla/5.0 (X11; Linux x86_64) AppleWebKit/537.36 (KHTML, like Gecko) Chrome/96.0.4664.45 Safari/537.36"
103.101.58.33 - - [25/Jun/2025:16:27:39 +0200] "HEAD /index.php HTTP/1.1" 200 - "http://deblaiement-debarrasmulhouse68.fr/bak" "Mozilla/5.0 (X11; Linux x86_64) AppleWebKit/537.36 (KHTML, like Gecko) Chrome/96.0.4664.45 Safari/537.36"
103.101.58.33 - - [25/Jun/2025:16:33:08 +0200] "HEAD /sitio HTTP/1.1" 301 - "-" "Mozilla/5.0 (X11; Linux x86_64) AppleWebKit/537.36 (KHTML, like Gecko) Chrome/96.0.4664.45 Safari/537.36"
103.101.58.33 - - [25/Jun/2025:16:33:09 +0200] "HEAD /index.php HTTP/1.1" 200 - "http://deblaiement-debarrasmulhouse68.fr/sitio" "Mozilla/5.0 (X11; Linux x86_64) AppleWebKit/537.36 (KHTML, like Gecko) Chrome/96.0.4664.45 Safari/537.36"
103.101.58.33 - - [25/Jun/2025:16:36:57 +0200] "HEAD /bac HTTP/1.1" 301 - "-" "Mozilla/5.0 (X11; Linux x86_64) AppleWebKit/537.36 (KHTML, like Gecko) Chrome/96.0.4664.45 Safari/537.36"
103.101.58.33 - - [25/Jun/2025:16:36:58 +0200] "HEAD /index.php HTTP/1.1" 200 - "http://deblaiement-debarrasmulhouse68.fr/bac" "Mozilla/5.0 (X11; Linux x86_64) AppleWebKit/537.36 (KHTML, like Gecko) Chrome/96.0.4664.45 Safari/537.36"
103.101.58.33 - - [25/Jun/2025:16:40:09 +0200] "HEAD /sito HTTP/1.1" 301 - "-" "Mozilla/5.0 (X11; Linux x86_64) AppleWebKit/537.36 (KHTML, like Gecko) Chrome/96.0.4664.45 Safari/537.36"
103.101.58.33 - - [25/Jun/2025:16:40:10 +0200] "HEAD /index.php HTTP/1.1" 200 - "http://deblaiement-debarrasmulhouse68.fr/sito" "Mozilla/5.0 (X11; Linux x86_64) AppleWebKit/537.36 (KHTML, like Gecko) Chrome/96.0.4664.45 Safari/537.36"
103.101.58.33 - - [25/Jun/2025:16:42:03 +0200] "HEAD /site HTTP/1.1" 301 - "-" "Mozilla/5.0 (X11; Linux x86_64) AppleWebKit/537.36 (KHTML, like Gecko) Chrome/96.0.4664.45 Safari/537.36"
103.101.58.33 - - [25/Jun/2025:16:42:04 +0200] "HEAD /index.php HTTP/1.1" 200 - "http://deblaiement-debarrasmulhouse68.fr/site" "Mozilla/5.0 (X11; Linux x86_64) AppleWebKit/537.36 (KHTML, like Gecko) Chrome/96.0.4664.45 Safari/537.36"
85.208.96.208 - - [25/Jun/2025:16:44:26 +0200] "GET /robots.txt HTTP/1.1" 200 914 "-" "Mozilla/5.0 (compatible; SemrushBot/7~bl; +http://www.semrush.com/bot.html)"
185.191.171.9 - - [25/Jun/2025:16:44:27 +0200] "GET /a/rosenau-68 HTTP/1.1" 200 35928 "-" "Mozilla/5.0 (compatible; SemrushBot/7~bl; +http://www.semrush.com/bot.html)"
102.129.223.92 - - [25/Jun/2025:16:44:39 +0200] "GET / HTTP/1.1" 200 40192 "-" "Mozilla/5.0 (X11; Fedora; Linux x86_64; rv:114.0) Gecko/20100101 Firefox/114.0"
102.129.223.92 - - [25/Jun/2025:16:44:42 +0200] "POST / HTTP/1.1" 200 40192 "HTTP://www.deblaiement-debarrasmulhouse68.fr/" "Mozilla/5.0 (X11; Fedora; Linux x86_64; rv:114.0) Gecko/20100101 Firefox/114.0"
103.101.58.33 - - [25/Jun/2025:16:45:25 +0200] "HEAD /Site HTTP/1.1" 301 - "-" "Mozilla/5.0 (X11; Linux x86_64) AppleWebKit/537.36 (KHTML, like Gecko) Chrome/96.0.4664.45 Safari/537.36"
103.101.58.33 - - [25/Jun/2025:16:45:25 +0200] "HEAD /index.php HTTP/1.1" 200 - "http://deblaiement-debarrasmulhouse68.fr/Site" "Mozilla/5.0 (X11; Linux x86_64) AppleWebKit/537.36 (KHTML, like Gecko) Chrome/96.0.4664.45 Safari/537.36"
44.205.180.155 - - [25/Jun/2025:16:47:57 +0200] "GET /selection-web/54-Carreleur HTTP/1.1" 200 28730 "-" "Mozilla/5.0 AppleWebKit/537.36 (KHTML, like Gecko; compatible; Amazonbot/0.1; +https://developer.amazon.com/support/amazonbot) Chrome/119.0.6045.214 Safari/537.36"
103.101.58.33 - - [25/Jun/2025:16:51:26 +0200] "HEAD /SITE HTTP/1.1" 301 - "-" "Mozilla/5.0 (X11; Linux x86_64) AppleWebKit/537.36 (KHTML, like Gecko) Chrome/96.0.4664.45 Safari/537.36"
103.101.58.33 - - [25/Jun/2025:16:51:27 +0200] "HEAD /index.php HTTP/1.1" 200 - "http://deblaiement-debarrasmulhouse68.fr/SITE" "Mozilla/5.0 (X11; Linux x86_64) AppleWebKit/537.36 (KHTML, like Gecko) Chrome/96.0.4664.45 Safari/537.36"
114.119.153.50 - - [25/Jun/2025:16:53:37 +0200] "GET /component/mailto?tmpl=component&template=neutre&link=979585837fc487923a71bf3ab568bb7f316d1491 HTTP/1.1" 200 3200 "http://www.deblaiement-debarrasmulhouse68.fr/a/sentheim-68" "Mozilla/5.0 (Linux; Android 7.0;) AppleWebKit/537.36 (KHTML, like Gecko) Mobile Safari/537.36 (compatible; PetalBot;+https://webmaster.petalsearch.com/site/petalbot)"
103.101.58.33 - - [25/Jun/2025:16:54:56 +0200] "HEAD /blog HTTP/1.1" 301 - "-" "Mozilla/5.0 (X11; Linux x86_64) AppleWebKit/537.36 (KHTML, like Gecko) Chrome/96.0.4664.45 Safari/537.36"
103.101.58.33 - - [25/Jun/2025:16:54:57 +0200] "HEAD /index.php HTTP/1.1" 200 - "http://deblaiement-debarrasmulhouse68.fr/blog" "Mozilla/5.0 (X11; Linux x86_64) AppleWebKit/537.36 (KHTML, like Gecko) Chrome/96.0.4664.45 Safari/537.36"
103.101.58.33 - - [25/Jun/2025:16:57:08 +0200] "HEAD /BLOG HTTP/1.1" 301 - "-" "Mozilla/5.0 (X11; Linux x86_64) AppleWebKit/537.36 (KHTML, like Gecko) Chrome/96.0.4664.45 Safari/537.36"
103.101.58.33 - - [25/Jun/2025:16:57:09 +0200] "HEAD /index.php HTTP/1.1" 200 - "http://deblaiement-debarrasmulhouse68.fr/BLOG" "Mozilla/5.0 (X11; Linux x86_64) AppleWebKit/537.36 (KHTML, like Gecko) Chrome/96.0.4664.45 Safari/537.36"
103.101.58.33 - - [25/Jun/2025:17:01:36 +0200] "HEAD /Blog HTTP/1.1" 301 - "-" "Mozilla/5.0 (X11; Linux x86_64) AppleWebKit/537.36 (KHTML, like Gecko) Chrome/96.0.4664.45 Safari/537.36"
103.101.58.33 - - [25/Jun/2025:17:01:37 +0200] "HEAD /index.php HTTP/1.1" 200 - "http://deblaiement-debarrasmulhouse68.fr/Blog" "Mozilla/5.0 (X11; Linux x86_64) AppleWebKit/537.36 (KHTML, like Gecko) Chrome/96.0.4664.45 Safari/537.36"
85.208.96.212 - - [25/Jun/2025:17:02:28 +0200] "GET /a/altkirch-68 HTTP/1.1" 200 37631 "-" "Mozilla/5.0 (compatible; SemrushBot/7~bl; +http://www.semrush.com/bot.html)"
198.23.255.194 - - [25/Jun/2025:17:11:50 +0200] "GET / HTTP/1.1" 301 253 "-" "Mozilla/5.0 (Windows NT 10.0; Win64; x64) AppleWebKit/537.36 (KHTML, like Gecko) Chrome/93.0.4577.63 Safari/537.36"
198.23.255.194 - - [25/Jun/2025:17:11:50 +0200] "GET / HTTP/1.1" 200 40192 "-" "Mozilla/5.0 (Windows NT 10.0; Win64; x64) AppleWebKit/537.36 (KHTML, like Gecko) Chrome/93.0.4577.63 Safari/537.36"
198.23.255.194 - - [25/Jun/2025:17:11:51 +0200] "GET / HTTP/1.1" 200 40192 "-" "Mozilla/5.0 (Windows NT 10.0; Win64; x64) AppleWebKit/537.36 (KHTML, like Gecko) Chrome/93.0.4577.63 Safari/537.36"
198.23.255.194 - - [25/Jun/2025:17:11:52 +0200] "GET //contact HTTP/1.1" 404 1490 "-" "Mozilla/5.0 (Windows NT 10.0; Win64; x64) AppleWebKit/537.36 (KHTML, like Gecko) Chrome/93.0.4577.63 Safari/537.36"
66.249.66.11 - - [25/Jun/2025:17:34:10 +0200] "GET /robots.txt HTTP/1.1" 200 914 "-" "Mozilla/5.0 (compatible; Googlebot/2.1; +http://www.google.com/bot.html)"
66.249.66.12 - - [25/Jun/2025:17:34:11 +0200] "GET /a/soultzeren-68 HTTP/1.1" 200 36028 "-" "Mozilla/5.0 (Linux; Android 6.0.1; Nexus 5X Build/MMB29P) AppleWebKit/537.36 (KHTML, like Gecko) Chrome/137.0.7151.103 Mobile Safari/537.36 (compatible; Googlebot/2.1; +http://www.google.com/bot.html)"
5.255.231.146 - - [25/Jun/2025:17:43:59 +0200] "GET /robots.txt HTTP/1.1" 200 914 "-" "Mozilla/5.0 (compatible; YandexBot/3.0; +http://yandex.com/bots)"
95.108.213.179 - - [25/Jun/2025:17:44:00 +0200] "GET / HTTP/1.1" 200 40192 "-" "Mozilla/5.0 (compatible; YandexBot/3.0; +http://yandex.com/bots)"
4.227.36.35 - - [25/Jun/2025:17:45:24 +0200] "GET /robots.txt HTTP/1.1" 200 914 "-" "Mozilla/5.0 AppleWebKit/537.36 (KHTML, like Gecko; compatible; GPTBot/1.2; +https://openai.com/gptbot)"
85.208.96.202 - - [25/Jun/2025:17:47:38 +0200] "GET /robots.txt HTTP/1.1" 200 914 "-" "Mozilla/5.0 (compatible; SemrushBot/7~bl; +http://www.semrush.com/bot.html)"
85.208.96.195 - - [25/Jun/2025:17:47:39 +0200] "GET /a/pfastatt-68 HTTP/1.1" 200 37694 "-" "Mozilla/5.0 (compatible; SemrushBot/7~bl; +http://www.semrush.com/bot.html)"
85.208.96.200 - - [25/Jun/2025:17:54:47 +0200] "GET /a/thann-68 HTTP/1.1" 200 37563 "-" "Mozilla/5.0 (compatible; SemrushBot/7~bl; +http://www.semrush.com/bot.html)"
40.77.167.255 - - [25/Jun/2025:17:59:16 +0200] "GET /plan-du-site HTTP/1.1" 200 36382 "-" "Mozilla/5.0 AppleWebKit/537.36 (KHTML, like Gecko; compatible; bingbot/2.0; +http://www.bing.com/bingbot.htm) Chrome/116.0.1938.76 Safari/537.36"
85.208.96.206 - - [25/Jun/2025:18:00:43 +0200] "GET /a/ruelisheim-68 HTTP/1.1" 200 36140 "-" "Mozilla/5.0 (compatible; SemrushBot/7~bl; +http://www.semrush.com/bot.html)"
183.56.195.106 - - [25/Jun/2025:18:07:19 +0200] "GET /wp-login.php HTTP/1.1" 404 1499 "-" "Apache-HttpClient/4.5.2 (Java/1.8.0_161)"
183.56.195.106 - - [25/Jun/2025:18:07:30 +0200] "GET /?author=1 HTTP/1.1" 200 40201 "-" "Apache-HttpClient/4.5.2 (Java/1.8.0_161)"
183.56.195.106 - - [25/Jun/2025:18:07:31 +0200] "GET /?author=2 HTTP/1.1" 200 40201 "-" "Apache-HttpClient/4.5.2 (Java/1.8.0_161)"
183.56.195.106 - - [25/Jun/2025:18:07:32 +0200] "GET /?author=3 HTTP/1.1" 200 40201 "-" "Apache-HttpClient/4.5.2 (Java/1.8.0_161)"
183.56.195.106 - - [25/Jun/2025:18:07:34 +0200] "GET /?author=4 HTTP/1.1" 200 40201 "-" "Apache-HttpClient/4.5.2 (Java/1.8.0_161)"
183.56.195.106 - - [25/Jun/2025:18:07:39 +0200] "GET /?author=5 HTTP/1.1" 200 40201 "-" "Apache-HttpClient/4.5.2 (Java/1.8.0_161)"
183.56.195.106 - - [25/Jun/2025:18:07:46 +0200] "GET /?author=6 HTTP/1.1" 200 40201 "-" "Apache-HttpClient/4.5.2 (Java/1.8.0_161)"
183.56.195.106 - - [25/Jun/2025:18:07:51 +0200] "GET /?author=7 HTTP/1.1" 200 40201 "-" "Apache-HttpClient/4.5.2 (Java/1.8.0_161)"
183.56.195.106 - - [25/Jun/2025:18:07:54 +0200] "GET /?author=8 HTTP/1.1" 200 40201 "-" "Apache-HttpClient/4.5.2 (Java/1.8.0_161)"
183.56.195.106 - - [25/Jun/2025:18:07:56 +0200] "GET /?author=9 HTTP/1.1" 200 40201 "-" "Apache-HttpClient/4.5.2 (Java/1.8.0_161)"
183.56.195.106 - - [25/Jun/2025:18:07:59 +0200] "GET /?author=10 HTTP/1.1" 200 40202 "-" "Apache-HttpClient/4.5.2 (Java/1.8.0_161)"
183.56.195.106 - - [25/Jun/2025:18:08:02 +0200] "GET /?author=11 HTTP/1.1" 200 40202 "-" "Apache-HttpClient/4.5.2 (Java/1.8.0_161)"
183.56.195.106 - - [25/Jun/2025:18:08:04 +0200] "GET /?author=12 HTTP/1.1" 200 40202 "-" "Apache-HttpClient/4.5.2 (Java/1.8.0_161)"
183.56.195.106 - - [25/Jun/2025:18:08:06 +0200] "GET /?author=13 HTTP/1.1" 200 40202 "-" "Apache-HttpClient/4.5.2 (Java/1.8.0_161)"
183.56.195.106 - - [25/Jun/2025:18:08:09 +0200] "GET /?author=14 HTTP/1.1" 200 40202 "-" "Apache-HttpClient/4.5.2 (Java/1.8.0_161)"
183.56.195.106 - - [25/Jun/2025:18:08:13 +0200] "GET /?author=15 HTTP/1.1" 200 40202 "-" "Apache-HttpClient/4.5.2 (Java/1.8.0_161)"
183.56.195.106 - - [25/Jun/2025:18:08:15 +0200] "GET /?author=16 HTTP/1.1" 200 40202 "-" "Apache-HttpClient/4.5.2 (Java/1.8.0_161)"
183.56.195.106 - - [25/Jun/2025:18:08:17 +0200] "GET /?author=17 HTTP/1.1" 200 40202 "-" "Apache-HttpClient/4.5.2 (Java/1.8.0_161)"
183.56.195.106 - - [25/Jun/2025:18:08:19 +0200] "GET /?author=18 HTTP/1.1" 200 40202 "-" "Apache-HttpClient/4.5.2 (Java/1.8.0_161)"
183.56.195.106 - - [25/Jun/2025:18:08:20 +0200] "GET /?author=19 HTTP/1.1" 200 40202 "-" "Apache-HttpClient/4.5.2 (Java/1.8.0_161)"
183.56.195.106 - - [25/Jun/2025:18:08:23 +0200] "GET /?author=20 HTTP/1.1" 200 40202 "-" "Apache-HttpClient/4.5.2 (Java/1.8.0_161)"
104.196.249.187 - - [25/Jun/2025:18:36:06 +0200] "HEAD /wordpress HTTP/1.1" 301 - "-" "Mozilla/5.0 (Windows NT 10.0; Win64; x64) AppleWebKit/537.36 (KHTML, like Gecko) Chrome/74.0.3729.169 Safari/537.36"
104.196.249.187 - - [25/Jun/2025:18:36:07 +0200] "HEAD /index.php HTTP/1.1" 200 - "http://deblaiement-debarrasmulhouse68.fr/wordpress" "Mozilla/5.0 (Windows NT 10.0; Win64; x64) AppleWebKit/537.36 (KHTML, like Gecko) Chrome/74.0.3729.169 Safari/537.36"
104.196.249.187 - - [25/Jun/2025:18:36:08 +0200] "HEAD / HTTP/1.1" 301 - "-" "Mozilla/5.0 (Windows NT 10.0; Win64; x64) AppleWebKit/537.36 (KHTML, like Gecko) Chrome/74.0.3729.169 Safari/537.36"
104.196.249.187 - - [25/Jun/2025:18:36:08 +0200] "HEAD / HTTP/1.1" 200 - "http://deblaiement-debarrasmulhouse68.fr/" "Mozilla/5.0 (Windows NT 10.0; Win64; x64) AppleWebKit/537.36 (KHTML, like Gecko) Chrome/74.0.3729.169 Safari/537.36"
104.196.249.187 - - [25/Jun/2025:18:36:08 +0200] "HEAD /wp HTTP/1.1" 301 - "-" "Mozilla/5.0 (Windows NT 10.0; Win64; x64) AppleWebKit/537.36 (KHTML, like Gecko) Chrome/74.0.3729.169 Safari/537.36"
104.196.249.187 - - [25/Jun/2025:18:36:09 +0200] "HEAD /index.php HTTP/1.1" 200 - "http://deblaiement-debarrasmulhouse68.fr/wp" "Mozilla/5.0 (Windows NT 10.0; Win64; x64) AppleWebKit/537.36 (KHTML, like Gecko) Chrome/74.0.3729.169 Safari/537.36"
104.196.249.187 - - [25/Jun/2025:18:36:09 +0200] "HEAD /bc HTTP/1.1" 301 - "-" "Mozilla/5.0 (Windows NT 10.0; Win64; x64) AppleWebKit/537.36 (KHTML, like Gecko) Chrome/74.0.3729.169 Safari/537.36"
104.196.249.187 - - [25/Jun/2025:18:36:09 +0200] "HEAD /index.php HTTP/1.1" 200 - "http://deblaiement-debarrasmulhouse68.fr/bc" "Mozilla/5.0 (Windows NT 10.0; Win64; x64) AppleWebKit/537.36 (KHTML, like Gecko) Chrome/74.0.3729.169 Safari/537.36"
104.196.249.187 - - [25/Jun/2025:18:36:10 +0200] "HEAD /bk HTTP/1.1" 301 - "-" "Mozilla/5.0 (Windows NT 10.0; Win64; x64) AppleWebKit/537.36 (KHTML, like Gecko) Chrome/74.0.3729.169 Safari/537.36"
104.196.249.187 - - [25/Jun/2025:18:36:10 +0200] "HEAD /index.php HTTP/1.1" 200 - "http://deblaiement-debarrasmulhouse68.fr/bk" "Mozilla/5.0 (Windows NT 10.0; Win64; x64) AppleWebKit/537.36 (KHTML, like Gecko) Chrome/74.0.3729.169 Safari/537.36"
104.196.249.187 - - [25/Jun/2025:18:36:10 +0200] "HEAD /backup HTTP/1.1" 301 - "-" "Mozilla/5.0 (Windows NT 10.0; Win64; x64) AppleWebKit/537.36 (KHTML, like Gecko) Chrome/74.0.3729.169 Safari/537.36"
104.196.249.187 - - [25/Jun/2025:18:36:11 +0200] "HEAD /index.php HTTP/1.1" 200 - "http://deblaiement-debarrasmulhouse68.fr/backup" "Mozilla/5.0 (Windows NT 10.0; Win64; x64) AppleWebKit/537.36 (KHTML, like Gecko) Chrome/74.0.3729.169 Safari/537.36"
104.196.249.187 - - [25/Jun/2025:18:36:11 +0200] "HEAD /old HTTP/1.1" 301 - "-" "Mozilla/5.0 (Windows NT 10.0; Win64; x64) AppleWebKit/537.36 (KHTML, like Gecko) Chrome/74.0.3729.169 Safari/537.36"
104.196.249.187 - - [25/Jun/2025:18:36:11 +0200] "HEAD /index.php HTTP/1.1" 200 - "http://deblaiement-debarrasmulhouse68.fr/old" "Mozilla/5.0 (Windows NT 10.0; Win64; x64) AppleWebKit/537.36 (KHTML, like Gecko) Chrome/74.0.3729.169 Safari/537.36"
104.196.249.187 - - [25/Jun/2025:18:36:12 +0200] "HEAD /new HTTP/1.1" 301 - "-" "Mozilla/5.0 (Windows NT 10.0; Win64; x64) AppleWebKit/537.36 (KHTML, like Gecko) Chrome/74.0.3729.169 Safari/537.36"
104.196.249.187 - - [25/Jun/2025:18:36:12 +0200] "HEAD /index.php HTTP/1.1" 200 - "http://deblaiement-debarrasmulhouse68.fr/new" "Mozilla/5.0 (Windows NT 10.0; Win64; x64) AppleWebKit/537.36 (KHTML, like Gecko) Chrome/74.0.3729.169 Safari/537.36"
104.196.249.187 - - [25/Jun/2025:18:36:13 +0200] "HEAD /main HTTP/1.1" 301 - "-" "Mozilla/5.0 (Windows NT 10.0; Win64; x64) AppleWebKit/537.36 (KHTML, like Gecko) Chrome/74.0.3729.169 Safari/537.36"
104.196.249.187 - - [25/Jun/2025:18:36:13 +0200] "HEAD /index.php HTTP/1.1" 200 - "http://deblaiement-debarrasmulhouse68.fr/main" "Mozilla/5.0 (Windows NT 10.0; Win64; x64) AppleWebKit/537.36 (KHTML, like Gecko) Chrome/74.0.3729.169 Safari/537.36"
104.196.249.187 - - [25/Jun/2025:18:36:13 +0200] "HEAD /home HTTP/1.1" 301 - "-" "Mozilla/5.0 (Windows NT 10.0; Win64; x64) AppleWebKit/537.36 (KHTML, like Gecko) Chrome/74.0.3729.169 Safari/537.36"
104.196.249.187 - - [25/Jun/2025:18:36:13 +0200] "HEAD /index.php HTTP/1.1" 200 - "http://deblaiement-debarrasmulhouse68.fr/home" "Mozilla/5.0 (Windows NT 10.0; Win64; x64) AppleWebKit/537.36 (KHTML, like Gecko) Chrome/74.0.3729.169 Safari/537.36"