216.73.216.72 - - [16/Jun/2025:06:42:40 +0200] "GET /ravalement/montrabe-31?print=1&tmpl=component HTTP/1.1" 200 4396 "-" "Mozilla/5.0 AppleWebKit/537.36 (KHTML, like Gecko; compatible; ClaudeBot/1.0; +claudebot@anthropic.com)"
216.73.216.72 - - [16/Jun/2025:06:43:41 +0200] "GET /ravalement/bagneres-de-luchon-31?print=1&tmpl=component HTTP/1.1" 200 4414 "-" "Mozilla/5.0 AppleWebKit/537.36 (KHTML, like Gecko; compatible; ClaudeBot/1.0; +claudebot@anthropic.com)"
216.73.216.72 - - [16/Jun/2025:06:44:33 +0200] "GET /ravalement/leguevin-31?print=1&tmpl=component HTTP/1.1" 200 4453 "-" "Mozilla/5.0 AppleWebKit/537.36 (KHTML, like Gecko; compatible; ClaudeBot/1.0; +claudebot@anthropic.com)"
216.73.216.72 - - [16/Jun/2025:06:45:12 +0200] "GET /ravalement/castanet-tolosan-31?print=1&tmpl=component HTTP/1.1" 200 4472 "-" "Mozilla/5.0 AppleWebKit/537.36 (KHTML, like Gecko; compatible; ClaudeBot/1.0; +claudebot@anthropic.com)"
216.73.216.72 - - [16/Jun/2025:06:45:59 +0200] "GET /ravalement/saint-lys-31?print=1&tmpl=component HTTP/1.1" 200 4835 "-" "Mozilla/5.0 AppleWebKit/537.36 (KHTML, like Gecko; compatible; ClaudeBot/1.0; +claudebot@anthropic.com)"
216.73.216.72 - - [16/Jun/2025:06:46:48 +0200] "GET /ravalement/tournefeuille-31?print=1&tmpl=component HTTP/1.1" 200 4460 "-" "Mozilla/5.0 AppleWebKit/537.36 (KHTML, like Gecko; compatible; ClaudeBot/1.0; +claudebot@anthropic.com)"
54.36.148.34 - - [16/Jun/2025:06:47:20 +0200] "GET /ravalement/pins-justaret-31 HTTP/1.1" 200 11284 "-" "Mozilla/5.0 (compatible; AhrefsBot/7.0; +http://ahrefs.com/robot/)"
216.73.216.72 - - [16/Jun/2025:06:47:45 +0200] "GET /ravalement/rouffiac-tolosan-31?print=1&tmpl=component HTTP/1.1" 200 4407 "-" "Mozilla/5.0 AppleWebKit/537.36 (KHTML, like Gecko; compatible; ClaudeBot/1.0; +claudebot@anthropic.com)"
216.73.216.72 - - [16/Jun/2025:06:48:39 +0200] "GET /ravalement/lespinasse-31?print=1&tmpl=component HTTP/1.1" 200 4393 "-" "Mozilla/5.0 AppleWebKit/537.36 (KHTML, like Gecko; compatible; ClaudeBot/1.0; +claudebot@anthropic.com)"
216.73.216.72 - - [16/Jun/2025:06:49:36 +0200] "GET /ravalement/sainte-foy-de-peyrolieres-31?print=1&tmpl=component HTTP/1.1" 200 4422 "-" "Mozilla/5.0 AppleWebKit/537.36 (KHTML, like Gecko; compatible; ClaudeBot/1.0; +claudebot@anthropic.com)"
216.73.216.72 - - [16/Jun/2025:06:50:39 +0200] "GET /ravalement/castelmaurou-31?print=1&tmpl=component HTTP/1.1" 200 4398 "-" "Mozilla/5.0 AppleWebKit/537.36 (KHTML, like Gecko; compatible; ClaudeBot/1.0; +claudebot@anthropic.com)"
101.32.208.70 - - [16/Jun/2025:06:50:49 +0200] "GET / HTTP/1.1" 200 12175 "-" "Mozilla/5.0 (iPhone; CPU iPhone OS 13_2_3 like Mac OS X) AppleWebKit/605.1.15 (KHTML, like Gecko) Version/13.0.3 Mobile/15E148 Safari/604.1"
216.73.216.72 - - [16/Jun/2025:06:51:23 +0200] "GET /ravalement/villefranche-de-lauragais-31?print=1&tmpl=component HTTP/1.1" 200 4416 "-" "Mozilla/5.0 AppleWebKit/537.36 (KHTML, like Gecko; compatible; ClaudeBot/1.0; +claudebot@anthropic.com)"
216.73.216.72 - - [16/Jun/2025:06:52:04 +0200] "GET /ravalement/merville-31?print=1&tmpl=component HTTP/1.1" 200 4387 "-" "Mozilla/5.0 AppleWebKit/537.36 (KHTML, like Gecko; compatible; ClaudeBot/1.0; +claudebot@anthropic.com)"
216.73.216.72 - - [16/Jun/2025:06:53:01 +0200] "GET /ravalement/saint-sauveur-31?print=1&tmpl=component HTTP/1.1" 200 4401 "-" "Mozilla/5.0 AppleWebKit/537.36 (KHTML, like Gecko; compatible; ClaudeBot/1.0; +claudebot@anthropic.com)"
216.73.216.72 - - [16/Jun/2025:06:54:10 +0200] "GET /ravalement/saint-jean-31?print=1&tmpl=component HTTP/1.1" 200 4458 "-" "Mozilla/5.0 AppleWebKit/537.36 (KHTML, like Gecko; compatible; ClaudeBot/1.0; +claudebot@anthropic.com)"
114.119.135.171 - - [16/Jun/2025:06:54:56 +0200] "GET /ravalement/saint-lys-31 HTTP/1.1" 200 12159 "http://www.civm.fr/selection-web/54-Ma%C3%A7on" "Mozilla/5.0 (Linux; Android 7.0;) AppleWebKit/537.36 (KHTML, like Gecko) Mobile Safari/537.36 (compatible; PetalBot;+https://webmaster.petalsearch.com/site/petalbot)"
216.73.216.72 - - [16/Jun/2025:06:55:10 +0200] "GET /ravalement/aucamville-31?print=1&tmpl=component HTTP/1.1" 200 4455 "-" "Mozilla/5.0 AppleWebKit/537.36 (KHTML, like Gecko; compatible; ClaudeBot/1.0; +claudebot@anthropic.com)"
216.73.216.72 - - [16/Jun/2025:06:56:17 +0200] "GET /ravalement/villeneuve-tolosane-31?print=1&tmpl=component HTTP/1.1" 200 5016 "-" "Mozilla/5.0 AppleWebKit/537.36 (KHTML, like Gecko; compatible; ClaudeBot/1.0; +claudebot@anthropic.com)"
216.73.216.72 - - [16/Jun/2025:06:57:06 +0200] "GET /ravalement/auzeville-tolosane-31?print=1&tmpl=component HTTP/1.1" 200 4407 "-" "Mozilla/5.0 AppleWebKit/537.36 (KHTML, like Gecko; compatible; ClaudeBot/1.0; +claudebot@anthropic.com)"
216.73.216.72 - - [16/Jun/2025:06:57:55 +0200] "GET /ravalement/saint-alban-31?print=1&tmpl=component HTTP/1.1" 200 4462 "-" "Mozilla/5.0 AppleWebKit/537.36 (KHTML, like Gecko; compatible; ClaudeBot/1.0; +claudebot@anthropic.com)"
216.73.216.72 - - [16/Jun/2025:06:59:05 +0200] "GET /ravalement/montesquieu-volvestre-31?print=1&tmpl=component HTTP/1.1" 200 4411 "-" "Mozilla/5.0 AppleWebKit/537.36 (KHTML, like Gecko; compatible; ClaudeBot/1.0; +claudebot@anthropic.com)"
216.73.216.72 - - [16/Jun/2025:06:59:40 +0200] "GET /prestations/enduit-peinture-renovation-facade?print=1&tmpl=component HTTP/1.1" 200 1447 "-" "Mozilla/5.0 AppleWebKit/537.36 (KHTML, like Gecko; compatible; ClaudeBot/1.0; +claudebot@anthropic.com)"
216.73.216.72 - - [16/Jun/2025:07:00:25 +0200] "GET /ravalement/buzet-sur-tarn-31?print=1&tmpl=component HTTP/1.1" 200 4408 "-" "Mozilla/5.0 AppleWebKit/537.36 (KHTML, like Gecko; compatible; ClaudeBot/1.0; +claudebot@anthropic.com)"
216.73.216.72 - - [16/Jun/2025:07:01:11 +0200] "GET /ravalement/saint-orens-de-gameville-31?print=1&tmpl=component HTTP/1.1" 200 4477 "-" "Mozilla/5.0 AppleWebKit/537.36 (KHTML, like Gecko; compatible; ClaudeBot/1.0; +claudebot@anthropic.com)"
216.73.216.72 - - [16/Jun/2025:07:02:05 +0200] "GET /ravalement/lavernose-lacasse-31?print=1&tmpl=component HTTP/1.1" 200 4408 "-" "Mozilla/5.0 AppleWebKit/537.36 (KHTML, like Gecko; compatible; ClaudeBot/1.0; +claudebot@anthropic.com)"
216.73.216.72 - - [16/Jun/2025:07:02:51 +0200] "GET /ravalement/villemur-sur-tarn-31?print=1&tmpl=component HTTP/1.1" 200 4470 "-" "Mozilla/5.0 AppleWebKit/537.36 (KHTML, like Gecko; compatible; ClaudeBot/1.0; +claudebot@anthropic.com)"
216.73.216.72 - - [16/Jun/2025:07:03:29 +0200] "GET /ravalement/salvetat-saint-gilles-31?print=1&tmpl=component HTTP/1.1" 200 4476 "-" "Mozilla/5.0 AppleWebKit/537.36 (KHTML, like Gecko; compatible; ClaudeBot/1.0; +claudebot@anthropic.com)"
216.73.216.72 - - [16/Jun/2025:07:04:22 +0200] "GET /ravalement/ramonville-saint-agne-31?print=1&tmpl=component HTTP/1.1" 200 4476 "-" "Mozilla/5.0 AppleWebKit/537.36 (KHTML, like Gecko; compatible; ClaudeBot/1.0; +claudebot@anthropic.com)"
216.73.216.72 - - [16/Jun/2025:07:05:01 +0200] "GET /component/search/?Itemid=208&format=opensearch HTTP/1.1" 200 451 "-" "Mozilla/5.0 AppleWebKit/537.36 (KHTML, like Gecko; compatible; ClaudeBot/1.0; +claudebot@anthropic.com)"
216.73.216.72 - - [16/Jun/2025:07:07:10 +0200] "GET /component/mailto/?link=b382964cf61db1a4bbba2fc030b806433eb90b9b&template=neutre&tmpl=component HTTP/1.1" 200 1277 "-" "Mozilla/5.0 AppleWebKit/537.36 (KHTML, like Gecko; compatible; ClaudeBot/1.0; +claudebot@anthropic.com)"
216.73.216.72 - - [16/Jun/2025:07:10:18 +0200] "GET /ravalement/salies-du-salat-31?print=1&tmpl=component HTTP/1.1" 200 4407 "-" "Mozilla/5.0 AppleWebKit/537.36 (KHTML, like Gecko; compatible; ClaudeBot/1.0; +claudebot@anthropic.com)"
216.73.216.72 - - [16/Jun/2025:07:11:37 +0200] "GET /component/mailto/?link=41ecef1526135c78987f71611e8afde5cc2f8878&template=neutre&tmpl=component HTTP/1.1" 200 1277 "-" "Mozilla/5.0 AppleWebKit/537.36 (KHTML, like Gecko; compatible; ClaudeBot/1.0; +claudebot@anthropic.com)"
216.73.216.72 - - [16/Jun/2025:07:11:37 +0200] "GET /ravalement/plaisance-du-touch-31?print=1&tmpl=component HTTP/1.1" 200 4464 "-" "Mozilla/5.0 AppleWebKit/537.36 (KHTML, like Gecko; compatible; ClaudeBot/1.0; +claudebot@anthropic.com)"
216.73.216.72 - - [16/Jun/2025:07:12:29 +0200] "GET /component/search/?Itemid=283&format=opensearch HTTP/1.1" 200 451 "-" "Mozilla/5.0 AppleWebKit/537.36 (KHTML, like Gecko; compatible; ClaudeBot/1.0; +claudebot@anthropic.com)"
216.73.216.72 - - [16/Jun/2025:07:13:12 +0200] "GET /component/mailto/?link=f30ecb4b4dbe870b0f19e4a1a1f411604770feb8&template=neutre&tmpl=component HTTP/1.1" 200 1279 "-" "Mozilla/5.0 AppleWebKit/537.36 (KHTML, like Gecko; compatible; ClaudeBot/1.0; +claudebot@anthropic.com)"
114.119.136.8 - - [16/Jun/2025:07:16:57 +0200] "GET /ravalement/fronton-31?tmpl=component&print=1&page HTTP/1.1" 200 4444 "http://www.civm.fr/ravalement/fronton-31" "Mozilla/5.0 (Linux; Android 7.0;) AppleWebKit/537.36 (KHTML, like Gecko) Mobile Safari/537.36 (compatible; PetalBot;+https://webmaster.petalsearch.com/site/petalbot)"
216.73.216.72 - - [16/Jun/2025:07:17:41 +0200] "GET /prestations/nettoyage-facade-voie-chimique?print=1&tmpl=component HTTP/1.1" 200 1430 "-" "Mozilla/5.0 AppleWebKit/537.36 (KHTML, like Gecko; compatible; ClaudeBot/1.0; +claudebot@anthropic.com)"
114.119.130.210 - - [16/Jun/2025:07:18:17 +0200] "GET /component/search/?searchword=fa%C3%A7adier%20Toulouse&limitstart=0 HTTP/1.1" 200 9734 "http://www.civm.fr/component/search?searchword=fa%C3%A7adier%20Toulouse&start=40" "Mozilla/5.0 (Linux; Android 7.0;) AppleWebKit/537.36 (KHTML, like Gecko) Mobile Safari/537.36 (compatible; PetalBot;+https://webmaster.petalsearch.com/site/petalbot)"
216.73.216.72 - - [16/Jun/2025:07:18:23 +0200] "GET /ravalement/montrejeau-31?print=1&tmpl=component HTTP/1.1" 200 4394 "-" "Mozilla/5.0 AppleWebKit/537.36 (KHTML, like Gecko; compatible; ClaudeBot/1.0; +claudebot@anthropic.com)"
216.73.216.72 - - [16/Jun/2025:07:19:16 +0200] "GET /component/mailto/?link=2f88fc54bde562478b41d9dbf21d52628285a464&template=neutre&tmpl=component HTTP/1.1" 200 1277 "-" "Mozilla/5.0 AppleWebKit/537.36 (KHTML, like Gecko; compatible; ClaudeBot/1.0; +claudebot@anthropic.com)"
216.73.216.72 - - [16/Jun/2025:07:19:16 +0200] "GET /ravalement/seysses-31?print=1&tmpl=component HTTP/1.1" 200 4444 "-" "Mozilla/5.0 AppleWebKit/537.36 (KHTML, like Gecko; compatible; ClaudeBot/1.0; +claudebot@anthropic.com)"
216.73.216.72 - - [16/Jun/2025:07:20:06 +0200] "GET /ravalement/portet-sur-garonne-31?print=1&tmpl=component HTTP/1.1" 200 4462 "-" "Mozilla/5.0 AppleWebKit/537.36 (KHTML, like Gecko; compatible; ClaudeBot/1.0; +claudebot@anthropic.com)"
216.73.216.72 - - [16/Jun/2025:07:26:39 +0200] "GET /robots.txt HTTP/1.1" 200 887 "-" "Mozilla/5.0 AppleWebKit/537.36 (KHTML, like Gecko; compatible; ClaudeBot/1.0; +claudebot@anthropic.com)"
216.73.216.72 - - [16/Jun/2025:07:26:39 +0200] "GET /ravalement/escalquens-31?print=1&tmpl=component HTTP/1.1" 200 4453 "-" "Mozilla/5.0 AppleWebKit/537.36 (KHTML, like Gecko; compatible; ClaudeBot/1.0; +claudebot@anthropic.com)"
216.73.216.72 - - [16/Jun/2025:07:26:39 +0200] "GET /component/mailto/?link=82ec4a1e24f446ba02a4859547486c5d5efb3803&template=neutre&tmpl=component HTTP/1.1" 200 1276 "-" "Mozilla/5.0 AppleWebKit/537.36 (KHTML, like Gecko; compatible; ClaudeBot/1.0; +claudebot@anthropic.com)"
216.73.216.72 - - [16/Jun/2025:07:27:35 +0200] "GET /component/search/?Itemid=290&format=opensearch HTTP/1.1" 200 451 "-" "Mozilla/5.0 AppleWebKit/537.36 (KHTML, like Gecko; compatible; ClaudeBot/1.0; +claudebot@anthropic.com)"
85.204.70.114 - - [16/Jun/2025:07:30:02 +0200] "GET / HTTP/1.1" 301 227 "-" "Mozilla/5.0 (Windows NT 10.0; Win64; x64) AppleWebKit/537.36 (KHTML, like Gecko) Chrome/78.0.3904.108 Safari/537.36"
85.204.70.114 - - [16/Jun/2025:07:30:02 +0200] "GET / HTTP/1.1" 200 42989 "-" "Mozilla/5.0 (Windows NT 10.0; Win64; x64) AppleWebKit/537.36 (KHTML, like Gecko) Chrome/78.0.3904.108 Safari/537.36"
85.204.70.114 - - [16/Jun/2025:07:30:05 +0200] "GET //wp-includes/wlwmanifest.xml HTTP/1.1" 404 1499 "-" "Mozilla/5.0 (Windows NT 10.0; Win64; x64) AppleWebKit/537.36 (KHTML, like Gecko) Chrome/78.0.3904.108 Safari/537.36"
85.204.70.114 - - [16/Jun/2025:07:30:05 +0200] "GET //xmlrpc.php?rsd HTTP/1.1" 404 1490 "-" "Mozilla/5.0 (Windows NT 10.0; Win64; x64) AppleWebKit/537.36 (KHTML, like Gecko) Chrome/78.0.3904.108 Safari/537.36"
85.204.70.114 - - [16/Jun/2025:07:30:06 +0200] "GET / HTTP/1.1" 200 42274 "-" "Mozilla/5.0 (Windows NT 10.0; Win64; x64) AppleWebKit/537.36 (KHTML, like Gecko) Chrome/78.0.3904.108 Safari/537.36"
85.204.70.114 - - [16/Jun/2025:07:30:06 +0200] "GET //blog/wp-includes/wlwmanifest.xml HTTP/1.1" 404 1499 "-" "Mozilla/5.0 (Windows NT 10.0; Win64; x64) AppleWebKit/537.36 (KHTML, like Gecko) Chrome/78.0.3904.108 Safari/537.36"
85.204.70.114 - - [16/Jun/2025:07:30:06 +0200] "GET //web/wp-includes/wlwmanifest.xml HTTP/1.1" 404 1499 "-" "Mozilla/5.0 (Windows NT 10.0; Win64; x64) AppleWebKit/537.36 (KHTML, like Gecko) Chrome/78.0.3904.108 Safari/537.36"
85.204.70.114 - - [16/Jun/2025:07:30:06 +0200] "GET //wordpress/wp-includes/wlwmanifest.xml HTTP/1.1" 404 1499 "-" "Mozilla/5.0 (Windows NT 10.0; Win64; x64) AppleWebKit/537.36 (KHTML, like Gecko) Chrome/78.0.3904.108 Safari/537.36"
85.204.70.114 - - [16/Jun/2025:07:30:07 +0200] "GET //website/wp-includes/wlwmanifest.xml HTTP/1.1" 404 1499 "-" "Mozilla/5.0 (Windows NT 10.0; Win64; x64) AppleWebKit/537.36 (KHTML, like Gecko) Chrome/78.0.3904.108 Safari/537.36"
85.204.70.114 - - [16/Jun/2025:07:30:07 +0200] "GET //wp/wp-includes/wlwmanifest.xml HTTP/1.1" 404 1499 "-" "Mozilla/5.0 (Windows NT 10.0; Win64; x64) AppleWebKit/537.36 (KHTML, like Gecko) Chrome/78.0.3904.108 Safari/537.36"
85.204.70.114 - - [16/Jun/2025:07:30:07 +0200] "GET //news/wp-includes/wlwmanifest.xml HTTP/1.1" 404 1499 "-" "Mozilla/5.0 (Windows NT 10.0; Win64; x64) AppleWebKit/537.36 (KHTML, like Gecko) Chrome/78.0.3904.108 Safari/537.36"
85.204.70.114 - - [16/Jun/2025:07:30:07 +0200] "GET //2018/wp-includes/wlwmanifest.xml HTTP/1.1" 404 1499 "-" "Mozilla/5.0 (Windows NT 10.0; Win64; x64) AppleWebKit/537.36 (KHTML, like Gecko) Chrome/78.0.3904.108 Safari/537.36"
85.204.70.114 - - [16/Jun/2025:07:30:07 +0200] "GET //2019/wp-includes/wlwmanifest.xml HTTP/1.1" 404 1499 "-" "Mozilla/5.0 (Windows NT 10.0; Win64; x64) AppleWebKit/537.36 (KHTML, like Gecko) Chrome/78.0.3904.108 Safari/537.36"
85.204.70.114 - - [16/Jun/2025:07:30:08 +0200] "GET //shop/wp-includes/wlwmanifest.xml HTTP/1.1" 404 1499 "-" "Mozilla/5.0 (Windows NT 10.0; Win64; x64) AppleWebKit/537.36 (KHTML, like Gecko) Chrome/78.0.3904.108 Safari/537.36"
85.204.70.114 - - [16/Jun/2025:07:30:08 +0200] "GET //wp1/wp-includes/wlwmanifest.xml HTTP/1.1" 404 1499 "-" "Mozilla/5.0 (Windows NT 10.0; Win64; x64) AppleWebKit/537.36 (KHTML, like Gecko) Chrome/78.0.3904.108 Safari/537.36"
85.204.70.114 - - [16/Jun/2025:07:30:08 +0200] "GET //test/wp-includes/wlwmanifest.xml HTTP/1.1" 404 1499 "-" "Mozilla/5.0 (Windows NT 10.0; Win64; x64) AppleWebKit/537.36 (KHTML, like Gecko) Chrome/78.0.3904.108 Safari/537.36"
85.204.70.114 - - [16/Jun/2025:07:30:08 +0200] "GET //media/wp-includes/wlwmanifest.xml HTTP/1.1" 404 1499 "-" "Mozilla/5.0 (Windows NT 10.0; Win64; x64) AppleWebKit/537.36 (KHTML, like Gecko) Chrome/78.0.3904.108 Safari/537.36"
85.204.70.114 - - [16/Jun/2025:07:30:09 +0200] "GET //wp2/wp-includes/wlwmanifest.xml HTTP/1.1" 404 1499 "-" "Mozilla/5.0 (Windows NT 10.0; Win64; x64) AppleWebKit/537.36 (KHTML, like Gecko) Chrome/78.0.3904.108 Safari/537.36"
85.204.70.114 - - [16/Jun/2025:07:30:09 +0200] "GET //site/wp-includes/wlwmanifest.xml HTTP/1.1" 404 1499 "-" "Mozilla/5.0 (Windows NT 10.0; Win64; x64) AppleWebKit/537.36 (KHTML, like Gecko) Chrome/78.0.3904.108 Safari/537.36"
85.204.70.114 - - [16/Jun/2025:07:30:09 +0200] "GET //cms/wp-includes/wlwmanifest.xml HTTP/1.1" 404 1499 "-" "Mozilla/5.0 (Windows NT 10.0; Win64; x64) AppleWebKit/537.36 (KHTML, like Gecko) Chrome/78.0.3904.108 Safari/537.36"
85.204.70.114 - - [16/Jun/2025:07:30:09 +0200] "GET //sito/wp-includes/wlwmanifest.xml HTTP/1.1" 404 1499 "-" "Mozilla/5.0 (Windows NT 10.0; Win64; x64) AppleWebKit/537.36 (KHTML, like Gecko) Chrome/78.0.3904.108 Safari/537.36"
216.73.216.72 - - [16/Jun/2025:07:34:33 +0200] "GET /component/mailto/?link=6d8bd9d8dc9adab79d8a479bb9aee1f8581e9e45&template=neutre&tmpl=component HTTP/1.1" 200 1274 "-" "Mozilla/5.0 AppleWebKit/537.36 (KHTML, like Gecko; compatible; ClaudeBot/1.0; +claudebot@anthropic.com)"
216.73.216.72 - - [16/Jun/2025:07:37:22 +0200] "GET /component/search/?Itemid=349&format=opensearch HTTP/1.1" 200 452 "-" "Mozilla/5.0 AppleWebKit/537.36 (KHTML, like Gecko; compatible; ClaudeBot/1.0; +claudebot@anthropic.com)"
216.73.216.72 - - [16/Jun/2025:07:41:48 +0200] "GET /component/search/?Itemid=346&format=opensearch HTTP/1.1" 200 451 "-" "Mozilla/5.0 AppleWebKit/537.36 (KHTML, like Gecko; compatible; ClaudeBot/1.0; +claudebot@anthropic.com)"
216.73.216.72 - - [16/Jun/2025:07:45:16 +0200] "GET /component/mailto/?link=ac0516a28afa4110b6176b30dcd726069001ca47&template=neutre&tmpl=component HTTP/1.1" 200 1278 "-" "Mozilla/5.0 AppleWebKit/537.36 (KHTML, like Gecko; compatible; ClaudeBot/1.0; +claudebot@anthropic.com)"
216.73.216.72 - - [16/Jun/2025:07:45:16 +0200] "GET /component/mailto/?link=11ac6142586044299ee67694250b5235bb517b53&template=neutre&tmpl=component HTTP/1.1" 200 1275 "-" "Mozilla/5.0 AppleWebKit/537.36 (KHTML, like Gecko; compatible; ClaudeBot/1.0; +claudebot@anthropic.com)"
216.73.216.72 - - [16/Jun/2025:07:48:05 +0200] "GET /component/mailto/?link=664d292276b178d34d97a5c1ee4b12458d47ef3c&template=neutre&tmpl=component HTTP/1.1" 200 1276 "-" "Mozilla/5.0 AppleWebKit/537.36 (KHTML, like Gecko; compatible; ClaudeBot/1.0; +claudebot@anthropic.com)"
216.73.216.72 - - [16/Jun/2025:07:49:51 +0200] "GET /component/search/?Itemid=333&format=opensearch HTTP/1.1" 200 451 "-" "Mozilla/5.0 AppleWebKit/537.36 (KHTML, like Gecko; compatible; ClaudeBot/1.0; +claudebot@anthropic.com)"
54.36.148.120 - - [16/Jun/2025:07:50:36 +0200] "GET /index.php?option=com_xmap&view=xml&tmpl=component&id=1 HTTP/1.1" 200 2856 "-" "Mozilla/5.0 (compatible; AhrefsBot/7.0; +http://ahrefs.com/robot/)"
216.73.216.72 - - [16/Jun/2025:07:52:33 +0200] "GET /component/search/?Itemid=255&format=opensearch HTTP/1.1" 200 451 "-" "Mozilla/5.0 AppleWebKit/537.36 (KHTML, like Gecko; compatible; ClaudeBot/1.0; +claudebot@anthropic.com)"
216.73.216.72 - - [16/Jun/2025:07:52:33 +0200] "GET /ravalement/noe-31?print=1&tmpl=component HTTP/1.1" 200 4386 "-" "Mozilla/5.0 AppleWebKit/537.36 (KHTML, like Gecko; compatible; ClaudeBot/1.0; +claudebot@anthropic.com)"
51.68.107.150 - - [16/Jun/2025:07:53:29 +0200] "GET /robots.txt HTTP/1.1" 200 887 "-" "Mozilla/5.0 (compatible; MJ12bot/v2.0.2; http://mj12bot.com/)"
51.68.107.150 - - [16/Jun/2025:07:53:29 +0200] "GET / HTTP/1.1" 200 12180 "-" "Mozilla/5.0 (compatible; MJ12bot/v2.0.2; http://mj12bot.com/)"
216.73.216.72 - - [16/Jun/2025:07:54:49 +0200] "GET /component/mailto/?link=34884e33d0d055546bb556a6576f563866f7db40&template=neutre&tmpl=component HTTP/1.1" 200 1277 "-" "Mozilla/5.0 AppleWebKit/537.36 (KHTML, like Gecko; compatible; ClaudeBot/1.0; +claudebot@anthropic.com)"
216.73.216.72 - - [16/Jun/2025:07:58:48 +0200] "GET /component/mailto/?link=2590d30f89277b699a2fb383f444a7e882ec4ad1&template=neutre&tmpl=component HTTP/1.1" 200 1277 "-" "Mozilla/5.0 AppleWebKit/537.36 (KHTML, like Gecko; compatible; ClaudeBot/1.0; +claudebot@anthropic.com)"
216.73.216.72 - - [16/Jun/2025:08:00:46 +0200] "GET /ravalement/montgiscard-31?print=1&tmpl=component HTTP/1.1" 200 4398 "-" "Mozilla/5.0 AppleWebKit/537.36 (KHTML, like Gecko; compatible; ClaudeBot/1.0; +claudebot@anthropic.com)"
216.73.216.72 - - [16/Jun/2025:08:00:46 +0200] "GET /component/search/?Itemid=199&format=opensearch HTTP/1.1" 200 451 "-" "Mozilla/5.0 AppleWebKit/537.36 (KHTML, like Gecko; compatible; ClaudeBot/1.0; +claudebot@anthropic.com)"
216.73.216.72 - - [16/Jun/2025:08:01:37 +0200] "GET /ravalement/roques-31?print=1&tmpl=component HTTP/1.1" 200 4386 "-" "Mozilla/5.0 AppleWebKit/537.36 (KHTML, like Gecko; compatible; ClaudeBot/1.0; +claudebot@anthropic.com)"
216.73.216.72 - - [16/Jun/2025:08:03:36 +0200] "GET /component/mailto/?link=0bab748a547e8156990ce49e7510ad97cea7a4b2&template=neutre&tmpl=component HTTP/1.1" 200 1276 "-" "Mozilla/5.0 AppleWebKit/537.36 (KHTML, like Gecko; compatible; ClaudeBot/1.0; +claudebot@anthropic.com)"
216.73.216.72 - - [16/Jun/2025:08:03:36 +0200] "GET /component/search/?Itemid=302&format=opensearch HTTP/1.1" 200 451 "-" "Mozilla/5.0 AppleWebKit/537.36 (KHTML, like Gecko; compatible; ClaudeBot/1.0; +claudebot@anthropic.com)"
216.73.216.72 - - [16/Jun/2025:08:06:22 +0200] "GET /component/mailto/?link=9475931c07f52c54036e539a00c91b5ed9814fc4&template=neutre&tmpl=component HTTP/1.1" 200 1276 "-" "Mozilla/5.0 AppleWebKit/537.36 (KHTML, like Gecko; compatible; ClaudeBot/1.0; +claudebot@anthropic.com)"
216.73.216.72 - - [16/Jun/2025:08:07:12 +0200] "GET /component/search/?Itemid=251&format=opensearch HTTP/1.1" 200 451 "-" "Mozilla/5.0 AppleWebKit/537.36 (KHTML, like Gecko; compatible; ClaudeBot/1.0; +claudebot@anthropic.com)"
216.244.66.226 - - [16/Jun/2025:08:08:32 +0200] "GET /robots.txt HTTP/1.1" 200 887 "-" "Mozilla/5.0 (compatible; DotBot/1.2; +https://opensiteexplorer.org/dotbot; help@moz.com)"
216.73.216.72 - - [16/Jun/2025:08:10:04 +0200] "GET /ravalement/rieumes-31?print=1&tmpl=component HTTP/1.1" 200 4392 "-" "Mozilla/5.0 AppleWebKit/537.36 (KHTML, like Gecko; compatible; ClaudeBot/1.0; +claudebot@anthropic.com)"
216.73.216.72 - - [16/Jun/2025:08:10:05 +0200] "GET /ravalement/eaunes-31?print=1&tmpl=component HTTP/1.1" 200 4389 "-" "Mozilla/5.0 AppleWebKit/537.36 (KHTML, like Gecko; compatible; ClaudeBot/1.0; +claudebot@anthropic.com)"
216.73.216.72 - - [16/Jun/2025:08:11:04 +0200] "GET /component/search/?Itemid=309&format=opensearch HTTP/1.1" 200 451 "-" "Mozilla/5.0 AppleWebKit/537.36 (KHTML, like Gecko; compatible; ClaudeBot/1.0; +claudebot@anthropic.com)"
216.73.216.72 - - [16/Jun/2025:08:11:04 +0200] "GET /ravalement/gagnac-sur-garonne-31?print=1&tmpl=component HTTP/1.1" 200 4411 "-" "Mozilla/5.0 AppleWebKit/537.36 (KHTML, like Gecko; compatible; ClaudeBot/1.0; +claudebot@anthropic.com)"
216.244.66.226 - - [16/Jun/2025:08:13:41 +0200] "GET /prestations/nettoyage-facade-nebulisation HTTP/1.1" 200 29144 "-" "Mozilla/5.0 (compatible; DotBot/1.2; +https://opensiteexplorer.org/dotbot; help@moz.com)"
216.244.66.226 - - [16/Jun/2025:08:13:51 +0200] "GET /ravalement/villefranche-de-lauragais-31 HTTP/1.1" 200 40397 "-" "Mozilla/5.0 (compatible; DotBot/1.2; +https://opensiteexplorer.org/dotbot; help@moz.com)"
216.73.216.72 - - [16/Jun/2025:08:14:59 +0200] "GET /ravalement/revel-31?print=1&tmpl=component HTTP/1.1" 200 4450 "-" "Mozilla/5.0 AppleWebKit/537.36 (KHTML, like Gecko; compatible; ClaudeBot/1.0; +claudebot@anthropic.com)"
216.73.216.72 - - [16/Jun/2025:08:15:00 +0200] "GET /component/mailto/?link=3a851fdc686d75034caf99bf72bd4b76a1117c72&template=neutre&tmpl=component HTTP/1.1" 200 1277 "-" "Mozilla/5.0 AppleWebKit/537.36 (KHTML, like Gecko; compatible; ClaudeBot/1.0; +claudebot@anthropic.com)"
216.73.216.72 - - [16/Jun/2025:08:19:47 +0200] "GET /ravalement/caraman-31?print=1&tmpl=component HTTP/1.1" 200 4393 "-" "Mozilla/5.0 AppleWebKit/537.36 (KHTML, like Gecko; compatible; ClaudeBot/1.0; +claudebot@anthropic.com)"
17.241.219.51 - - [16/Jun/2025:08:21:25 +0200] "GET /robots.txt HTTP/1.1" 200 887 "-" "Mozilla/5.0 (Macintosh; Intel Mac OS X 10_15_7) AppleWebKit/605.1.15 (KHTML, like Gecko) Version/17.4 Safari/605.1.15 (Applebot/0.1; +http://www.apple.com/go/applebot)"
17.241.219.51 - - [16/Jun/2025:08:21:25 +0200] "GET /images/baignoire-avec-porte.jpg HTTP/1.1" 200 72731 "-" "Mozilla/5.0 (Macintosh; Intel Mac OS X 10_15_7) AppleWebKit/605.1.15 (KHTML, like Gecko) Version/17.4 Safari/605.1.15 (Applebot/0.1; +http://www.apple.com/go/applebot)"
216.73.216.72 - - [16/Jun/2025:08:22:58 +0200] "GET /component/mailto/?link=8be9124d1a6294cb3b9d9cdbc8f8dd5ecb4966f7&template=neutre&tmpl=component HTTP/1.1" 200 1277 "-" "Mozilla/5.0 AppleWebKit/537.36 (KHTML, like Gecko; compatible; ClaudeBot/1.0; +claudebot@anthropic.com)"
216.73.216.72 - - [16/Jun/2025:08:23:55 +0200] "GET /component/search/?Itemid=214&format=opensearch HTTP/1.1" 200 452 "-" "Mozilla/5.0 AppleWebKit/537.36 (KHTML, like Gecko; compatible; ClaudeBot/1.0; +claudebot@anthropic.com)"
216.73.216.72 - - [16/Jun/2025:08:25:41 +0200] "GET /component/mailto/?link=eababd2af1f74d11abc9e34b9c6ad8cd3891233e&template=neutre&tmpl=component HTTP/1.1" 200 1273 "-" "Mozilla/5.0 AppleWebKit/537.36 (KHTML, like Gecko; compatible; ClaudeBot/1.0; +claudebot@anthropic.com)"
4.227.36.81 - - [16/Jun/2025:08:26:00 +0200] "GET /robots.txt HTTP/1.1" 200 887 "-" "Mozilla/5.0 AppleWebKit/537.36 (KHTML, like Gecko; compatible; GPTBot/1.2; +https://openai.com/gptbot)"
20.171.207.139 - - [16/Jun/2025:08:26:01 +0200] "GET /index.php?id=1&option=com_xmap&tmpl=component&view=xml HTTP/1.1" 200 2856 "-" "Mozilla/5.0 AppleWebKit/537.36 (KHTML, like Gecko; compatible; GPTBot/1.2; +https://openai.com/gptbot)"
216.73.216.72 - - [16/Jun/2025:08:28:22 +0200] "GET /robots.txt HTTP/1.1" 200 887 "-" "Mozilla/5.0 AppleWebKit/537.36 (KHTML, like Gecko; compatible; ClaudeBot/1.0; +claudebot@anthropic.com)"
216.73.216.72 - - [16/Jun/2025:08:28:22 +0200] "GET /component/mailto/?link=044ec6109154d1fe644024903a12ac4240c01a4e&template=neutre&tmpl=component HTTP/1.1" 200 1276 "-" "Mozilla/5.0 AppleWebKit/537.36 (KHTML, like Gecko; compatible; ClaudeBot/1.0; +claudebot@anthropic.com)"
216.73.216.72 - - [16/Jun/2025:08:31:13 +0200] "GET /component/mailto/?link=1fbc30df4b953187cf8a05a38e71c6fcabe16dae&template=neutre&tmpl=component HTTP/1.1" 200 1275 "-" "Mozilla/5.0 AppleWebKit/537.36 (KHTML, like Gecko; compatible; ClaudeBot/1.0; +claudebot@anthropic.com)"
216.73.216.72 - - [16/Jun/2025:08:34:45 +0200] "GET /component/search/?Itemid=313&format=opensearch HTTP/1.1" 200 451 "-" "Mozilla/5.0 AppleWebKit/537.36 (KHTML, like Gecko; compatible; ClaudeBot/1.0; +claudebot@anthropic.com)"
77.75.77.72 - - [16/Jun/2025:08:34:51 +0200] "GET /robots.txt HTTP/1.1" 200 887 "-" "Mozilla/5.0 (compatible; SeznamBot/4.0; +https://o-seznam.cz/napoveda/vyhledavani/en/seznambot-crawler/)"
77.75.79.72 - - [16/Jun/2025:08:34:51 +0200] "GET /images/Faade%2031.jpg HTTP/1.1" 304 - "-" "Mozilla/5.0 (compatible; SeznamBot/4.0; +https://o-seznam.cz/napoveda/vyhledavani/en/seznambot-crawler/)"
216.73.216.72 - - [16/Jun/2025:08:35:42 +0200] "GET /ravalement/nailloux-31?print=1&tmpl=component HTTP/1.1" 200 4387 "-" "Mozilla/5.0 AppleWebKit/537.36 (KHTML, like Gecko; compatible; ClaudeBot/1.0; +claudebot@anthropic.com)"
54.36.149.92 - - [16/Jun/2025:08:36:44 +0200] "GET /ravalement/fauga-31 HTTP/1.1" 200 11249 "-" "Mozilla/5.0 (compatible; AhrefsBot/7.0; +http://ahrefs.com/robot/)"
66.249.65.101 - - [16/Jun/2025:08:38:27 +0200] "GET /ravalement/fonsorbes-31 HTTP/1.1" 200 11769 "-" "Mozilla/5.0 (Linux; Android 6.0.1; Nexus 5X Build/MMB29P) AppleWebKit/537.36 (KHTML, like Gecko) Chrome/136.0.7103.113 Mobile Safari/537.36 (compatible; Googlebot/2.1; +http://www.google.com/bot.html)"
216.73.216.72 - - [16/Jun/2025:08:41:17 +0200] "GET /component/mailto/?link=c82f6f6fae7dc5d9b35bd036214da77df38a1462&template=neutre&tmpl=component HTTP/1.1" 200 1276 "-" "Mozilla/5.0 AppleWebKit/537.36 (KHTML, like Gecko; compatible; ClaudeBot/1.0; +claudebot@anthropic.com)"
216.73.216.72 - - [16/Jun/2025:08:42:01 +0200] "GET /component/search/?Itemid=278&format=opensearch HTTP/1.1" 200 451 "-" "Mozilla/5.0 AppleWebKit/537.36 (KHTML, like Gecko; compatible; ClaudeBot/1.0; +claudebot@anthropic.com)"
216.73.216.72 - - [16/Jun/2025:08:43:56 +0200] "GET /component/search/?Itemid=298&format=opensearch HTTP/1.1" 200 451 "-" "Mozilla/5.0 AppleWebKit/537.36 (KHTML, like Gecko; compatible; ClaudeBot/1.0; +claudebot@anthropic.com)"
216.73.216.72 - - [16/Jun/2025:08:50:04 +0200] "GET /component/search/?Itemid=312&format=opensearch HTTP/1.1" 200 451 "-" "Mozilla/5.0 AppleWebKit/537.36 (KHTML, like Gecko; compatible; ClaudeBot/1.0; +claudebot@anthropic.com)"
216.73.216.72 - - [16/Jun/2025:08:52:12 +0200] "GET /component/mailto/?link=144412de9742882b41934fd863a7994a3de545e4&template=neutre&tmpl=component HTTP/1.1" 200 1274 "-" "Mozilla/5.0 AppleWebKit/537.36 (KHTML, like Gecko; compatible; ClaudeBot/1.0; +claudebot@anthropic.com)"
216.73.216.72 - - [16/Jun/2025:08:54:50 +0200] "GET /component/mailto/?link=2e651053634beed90a5d10b6f20563b2089f26c6&template=neutre&tmpl=component HTTP/1.1" 200 1277 "-" "Mozilla/5.0 AppleWebKit/537.36 (KHTML, like Gecko; compatible; ClaudeBot/1.0; +claudebot@anthropic.com)"
216.73.216.72 - - [16/Jun/2025:08:55:50 +0200] "GET /ravalement/launaguet-31?print=1&tmpl=component HTTP/1.1" 200 4462 "-" "Mozilla/5.0 AppleWebKit/537.36 (KHTML, like Gecko; compatible; ClaudeBot/1.0; +claudebot@anthropic.com)"
66.249.65.102 - - [16/Jun/2025:08:57:26 +0200] "GET /ravalement/saint-sulpice-sur-leze-31 HTTP/1.1" 200 11301 "-" "Mozilla/5.0 (Linux; Android 6.0.1; Nexus 5X Build/MMB29P) AppleWebKit/537.36 (KHTML, like Gecko) Chrome/136.0.7103.113 Mobile Safari/537.36 (compatible; Googlebot/2.1; +http://www.google.com/bot.html)"
216.73.216.72 - - [16/Jun/2025:08:57:45 +0200] "GET /prestations/renovation-facade-peeling?print=1&tmpl=component HTTP/1.1" 200 1423 "-" "Mozilla/5.0 AppleWebKit/537.36 (KHTML, like Gecko; compatible; ClaudeBot/1.0; +claudebot@anthropic.com)"
216.73.216.72 - - [16/Jun/2025:08:59:37 +0200] "GET /component/search/?Itemid=316&format=opensearch HTTP/1.1" 200 451 "-" "Mozilla/5.0 AppleWebKit/537.36 (KHTML, like Gecko; compatible; ClaudeBot/1.0; +claudebot@anthropic.com)"
216.73.216.72 - - [16/Jun/2025:09:01:16 +0200] "GET /component/mailto/?link=b5ad974c84dd733e88846fa317394365d8aa79f2&template=neutre&tmpl=component HTTP/1.1" 200 1278 "-" "Mozilla/5.0 AppleWebKit/537.36 (KHTML, like Gecko; compatible; ClaudeBot/1.0; +claudebot@anthropic.com)"
216.73.216.72 - - [16/Jun/2025:09:02:16 +0200] "GET /ravalement/boulogne-sur-gesse-31?print=1&tmpl=component HTTP/1.1" 200 4415 "-" "Mozilla/5.0 AppleWebKit/537.36 (KHTML, like Gecko; compatible; ClaudeBot/1.0; +claudebot@anthropic.com)"
170.106.113.235 - - [16/Jun/2025:09:02:17 +0200] "GET / HTTP/1.1" 301 227 "-" "Mozilla/5.0 (iPhone; CPU iPhone OS 13_2_3 like Mac OS X) AppleWebKit/605.1.15 (KHTML, like Gecko) Version/13.0.3 Mobile/15E148 Safari/604.1"
170.106.113.235 - - [16/Jun/2025:09:02:18 +0200] "GET / HTTP/1.1" 200 12177 "http://civm.fr" "Mozilla/5.0 (iPhone; CPU iPhone OS 13_2_3 like Mac OS X) AppleWebKit/605.1.15 (KHTML, like Gecko) Version/13.0.3 Mobile/15E148 Safari/604.1"
216.73.216.72 - - [16/Jun/2025:09:06:08 +0200] "GET /component/search/?Itemid=200&format=opensearch HTTP/1.1" 200 451 "-" "Mozilla/5.0 AppleWebKit/537.36 (KHTML, like Gecko; compatible; ClaudeBot/1.0; +claudebot@anthropic.com)"
216.73.216.72 - - [16/Jun/2025:09:07:10 +0200] "GET /ravalement/villeneuve-de-riviere-31?print=1&tmpl=component HTTP/1.1" 200 4421 "-" "Mozilla/5.0 AppleWebKit/537.36 (KHTML, like Gecko; compatible; ClaudeBot/1.0; +claudebot@anthropic.com)"
216.73.216.72 - - [16/Jun/2025:09:10:10 +0200] "GET /component/search/?Itemid=211&format=opensearch HTTP/1.1" 200 451 "-" "Mozilla/5.0 AppleWebKit/537.36 (KHTML, like Gecko; compatible; ClaudeBot/1.0; +claudebot@anthropic.com)"
114.119.146.36 - - [16/Jun/2025:09:14:23 +0200] "GET /ravalement/castelginest-31?tmpl=component&print=1&page HTTP/1.1" 200 4460 "http://www.civm.fr/ravalement/castelginest-31" "Mozilla/5.0 (Linux; Android 7.0;) AppleWebKit/537.36 (KHTML, like Gecko) Mobile Safari/537.36 (compatible; PetalBot;+https://webmaster.petalsearch.com/site/petalbot)"
54.36.149.10 - - [16/Jun/2025:09:23:14 +0200] "GET /ravalement/roques-31 HTTP/1.1" 200 11252 "-" "Mozilla/5.0 (compatible; AhrefsBot/7.0; +http://ahrefs.com/robot/)"
66.249.65.103 - - [16/Jun/2025:09:53:25 +0200] "GET /ravalement/villefranche-de-lauragais-31 HTTP/1.1" 200 11296 "-" "Mozilla/5.0 (Linux; Android 6.0.1; Nexus 5X Build/MMB29P) AppleWebKit/537.36 (KHTML, like Gecko) Chrome/136.0.7103.113 Mobile Safari/537.36 (compatible; Googlebot/2.1; +http://www.google.com/bot.html)"
66.249.65.102 - - [16/Jun/2025:09:53:32 +0200] "GET /templates/neutre/script.js HTTP/1.1" 200 44910 "http://www.civm.fr/ravalement/villefranche-de-lauragais-31" "Mozilla/5.0 (Linux; Android 6.0.1; Nexus 5X Build/MMB29P) AppleWebKit/537.36 (KHTML, like Gecko) Chrome/136.0.7103.113 Mobile Safari/537.36 (compatible; Googlebot/2.1; +http://www.google.com/bot.html)"
54.36.148.192 - - [16/Jun/2025:09:54:35 +0200] "GET /ravalement/lagardelle-sur-leze-31 HTTP/1.1" 200 11294 "-" "Mozilla/5.0 (compatible; AhrefsBot/7.0; +http://ahrefs.com/robot/)"
66.249.65.101 - - [16/Jun/2025:10:15:04 +0200] "GET /ravalement/pinsaguel-31 HTTP/1.1" 200 11270 "-" "Mozilla/5.0 (Linux; Android 6.0.1; Nexus 5X Build/MMB29P) AppleWebKit/537.36 (KHTML, like Gecko) Chrome/136.0.7103.113 Mobile Safari/537.36 (compatible; Googlebot/2.1; +http://www.google.com/bot.html)"
66.249.65.101 - - [16/Jun/2025:10:15:08 +0200] "GET /robots.txt HTTP/1.1" 200 887 "-" "Mozilla/5.0 (compatible; Googlebot/2.1; +http://www.google.com/bot.html)"
66.249.65.102 - - [16/Jun/2025:10:15:09 +0200] "GET /media/mod_pwebcontact/js/jquery.validate.min.js?v=1.13.0 HTTP/1.1" 200 21584 "http://www.civm.fr/ravalement/pinsaguel-31" "Mozilla/5.0 (Linux; Android 6.0.1; Nexus 5X Build/MMB29P) AppleWebKit/537.36 (KHTML, like Gecko) Chrome/136.0.7103.113 Mobile Safari/537.36 (compatible; Googlebot/2.1; +http://www.google.com/bot.html)"
66.249.65.101 - - [16/Jun/2025:10:15:11 +0200] "GET /templates/neutre/css/template.css HTTP/1.1" 200 70879 "http://www.civm.fr/ravalement/pinsaguel-31" "Mozilla/5.0 (Linux; Android 6.0.1; Nexus 5X Build/MMB29P) AppleWebKit/537.36 (KHTML, like Gecko) Chrome/136.0.7103.113 Mobile Safari/537.36 (compatible; Googlebot/2.1; +http://www.google.com/bot.html)"
66.249.65.101 - - [16/Jun/2025:10:15:13 +0200] "GET /media/jui/js/bootstrap.min.js HTTP/1.1" 200 29156 "http://www.civm.fr/ravalement/pinsaguel-31" "Mozilla/5.0 (Linux; Android 6.0.1; Nexus 5X Build/MMB29P) AppleWebKit/537.36 (KHTML, like Gecko) Chrome/136.0.7103.113 Mobile Safari/537.36 (compatible; Googlebot/2.1; +http://www.google.com/bot.html)"
66.249.65.101 - - [16/Jun/2025:10:15:15 +0200] "GET /media/jui/js/jquery-noconflict.js HTTP/1.1" 200 21 "http://www.civm.fr/ravalement/pinsaguel-31" "Mozilla/5.0 (Linux; Android 6.0.1; Nexus 5X Build/MMB29P) AppleWebKit/537.36 (KHTML, like Gecko) Chrome/136.0.7103.113 Mobile Safari/537.36 (compatible; Googlebot/2.1; +http://www.google.com/bot.html)"
66.249.65.101 - - [16/Jun/2025:10:15:17 +0200] "GET /templates/system/css/general.css HTTP/1.1" 200 2730 "http://www.civm.fr/ravalement/pinsaguel-31" "Mozilla/5.0 (Linux; Android 6.0.1; Nexus 5X Build/MMB29P) AppleWebKit/537.36 (KHTML, like Gecko) Chrome/136.0.7103.113 Mobile Safari/537.36 (compatible; Googlebot/2.1; +http://www.google.com/bot.html)"
66.249.65.101 - - [16/Jun/2025:10:15:19 +0200] "GET /media/system/js/mootools-more.js HTTP/1.1" 200 238331 "http://www.civm.fr/ravalement/pinsaguel-31" "Mozilla/5.0 (Linux; Android 6.0.1; Nexus 5X Build/MMB29P) AppleWebKit/537.36 (KHTML, like Gecko) Chrome/136.0.7103.113 Mobile Safari/537.36 (compatible; Googlebot/2.1; +http://www.google.com/bot.html)"
66.249.65.102 - - [16/Jun/2025:10:18:07 +0200] "GET /robots.txt HTTP/1.1" 200 887 "-" "Mozilla/5.0 (compatible; Googlebot/2.1; +http://www.google.com/bot.html)"
66.249.65.101 - - [16/Jun/2025:10:18:07 +0200] "GET /ravalement/lherm-31 HTTP/1.1" 200 11252 "-" "Mozilla/5.0 (Linux; Android 6.0.1; Nexus 5X Build/MMB29P) AppleWebKit/537.36 (KHTML, like Gecko) Chrome/136.0.7103.113 Mobile Safari/537.36 (compatible; Googlebot/2.1; +http://www.google.com/bot.html)"
172.71.134.64 - - [16/Jun/2025:10:20:05 +0200] "GET /ravalement/frouzins-31 HTTP/1.1" 200 11767 "-" "Mozilla/5.0 (X11; Linux x86_64) AppleWebKit/537.36 (KHTML, like Gecko) Chrome/83.0.4103.7 Safari/537.36"
172.71.127.132 - - [16/Jun/2025:10:20:20 +0200] "GET /ravalement/frouzins-31 HTTP/1.1" 200 11431 "-" "Mozilla/5.0 (X11; Linux x86_64) AppleWebKit/537.36 (KHTML, like Gecko) Chrome/83.0.4103.7 Safari/537.36"
172.71.127.143 - - [16/Jun/2025:10:20:27 +0200] "GET /ravalement/frouzins-31 HTTP/1.1" 200 11431 "-" "Mozilla/5.0 (X11; Linux x86_64) AppleWebKit/537.36 (KHTML, like Gecko) Chrome/83.0.4103.7 Safari/537.36"
172.71.126.252 - - [16/Jun/2025:10:20:31 +0200] "GET /ravalement/frouzins-31 HTTP/1.1" 200 11431 "-" "Mozilla/5.0 (X11; Linux x86_64) AppleWebKit/537.36 (KHTML, like Gecko) Chrome/83.0.4103.7 Safari/537.36"
172.71.127.132 - - [16/Jun/2025:10:21:16 +0200] "GET /ravalement/berat-31 HTTP/1.1" 200 11262 "-" "Mozilla/5.0 (X11; Linux x86_64) AppleWebKit/537.36 (KHTML, like Gecko) Chrome/83.0.4103.7 Safari/537.36"
172.71.126.196 - - [16/Jun/2025:10:21:25 +0200] "GET /ravalement/berat-31 HTTP/1.1" 200 10927 "-" "Mozilla/5.0 (X11; Linux x86_64) AppleWebKit/537.36 (KHTML, like Gecko) Chrome/83.0.4103.7 Safari/537.36"
54.36.149.4 - - [16/Jun/2025:10:28:35 +0200] "GET /ravalement/sainte-foy-d-aigrefeuille-31 HTTP/1.1" 200 11292 "-" "Mozilla/5.0 (compatible; AhrefsBot/7.0; +http://ahrefs.com/robot/)"
54.36.148.181 - - [16/Jun/2025:10:57:49 +0200] "GET /ravalement/villeneuve-tolosane-31 HTTP/1.1" 200 12346 "-" "Mozilla/5.0 (compatible; AhrefsBot/7.0; +http://ahrefs.com/robot/)"
101.33.55.204 - - [16/Jun/2025:11:06:24 +0200] "GET / HTTP/1.1" 200 12179 "-" "Mozilla/5.0 (iPhone; CPU iPhone OS 13_2_3 like Mac OS X) AppleWebKit/605.1.15 (KHTML, like Gecko) Version/13.0.3 Mobile/15E148 Safari/604.1"
43.128.156.124 - - [16/Jun/2025:11:19:18 +0200] "GET /ravalement/saint-loup-cammas-31 HTTP/1.1" 200 11280 "-" "Mozilla/5.0 (iPhone; CPU iPhone OS 13_2_3 like Mac OS X) AppleWebKit/605.1.15 (KHTML, like Gecko) Version/13.0.3 Mobile/15E148 Safari/604.1"
185.176.220.76 - - [16/Jun/2025:11:20:01 +0200] "HEAD / HTTP/1.1" 500 - "http://civm.fr" "Mozilla/5.0 (Windows NT 10.0; Win64; x64) AppleWebKit/537.36 (KHTML, like Gecko) Chrome/100.0.4896.127 Safari/537.36"
185.176.220.76 - - [16/Jun/2025:11:20:01 +0200] "GET / HTTP/1.1" 301 227 "http://civm.fr" "Mozilla/5.0 (Windows NT 10.0; Win64; x64) AppleWebKit/537.36 (KHTML, like Gecko) Chrome/100.0.4896.127 Safari/537.36"
185.176.220.76 - - [16/Jun/2025:11:20:01 +0200] "GET / HTTP/1.1" 200 12116 "http://civm.fr" "Mozilla/5.0 (Windows NT 10.0; Win64; x64) AppleWebKit/537.36 (KHTML, like Gecko) Chrome/100.0.4896.127 Safari/537.36"
54.36.148.136 - - [16/Jun/2025:11:25:37 +0200] "GET /ravalement/longages-31 HTTP/1.1" 200 11263 "-" "Mozilla/5.0 (compatible; AhrefsBot/7.0; +http://ahrefs.com/robot/)"
43.167.245.18 - - [16/Jun/2025:11:28:38 +0200] "GET /ravalement/bessieres-31 HTTP/1.1" 200 11266 "-" "Mozilla/5.0 (iPhone; CPU iPhone OS 13_2_3 like Mac OS X) AppleWebKit/605.1.15 (KHTML, like Gecko) Version/13.0.3 Mobile/15E148 Safari/604.1"
92.184.110.0 - - [16/Jun/2025:11:30:00 +0200] "GET /ravalement/saint-loup-cammas-31 HTTP/1.1" 200 11220 "-" "Mozilla/5.0 (Linux; Android 10; K) AppleWebKit/537.36 (KHTML, like Gecko) SamsungBrowser/28.0 Chrome/130.0.0.0 Mobile Safari/537.36"
92.184.110.0 - - [16/Jun/2025:11:30:00 +0200] "GET /plugins/system/jcemediabox/css/jcemediabox.css?a3b640def3ef13678e19cfeeb7397c85 HTTP/1.1" 200 5791 "http://www.civm.fr/ravalement/saint-loup-cammas-31" "Mozilla/5.0 (Linux; Android 10; K) AppleWebKit/537.36 (KHTML, like Gecko) SamsungBrowser/28.0 Chrome/130.0.0.0 Mobile Safari/537.36"
92.184.110.0 - - [16/Jun/2025:11:30:00 +0200] "GET /plugins/system/jcemediabox/themes/light/css/style.css?36c352a2b4ad8aa73f93eb9d76da8882 HTTP/1.1" 200 4357 "http://www.civm.fr/ravalement/saint-loup-cammas-31" "Mozilla/5.0 (Linux; Android 10; K) AppleWebKit/537.36 (KHTML, like Gecko) SamsungBrowser/28.0 Chrome/130.0.0.0 Mobile Safari/537.36"
92.184.110.0 - - [16/Jun/2025:11:30:00 +0200] "GET /media/mod_pwebcontact/css/background/lightgray.css HTTP/1.1" 200 2866 "http://www.civm.fr/ravalement/saint-loup-cammas-31" "Mozilla/5.0 (Linux; Android 10; K) AppleWebKit/537.36 (KHTML, like Gecko) SamsungBrowser/28.0 Chrome/130.0.0.0 Mobile Safari/537.36"
92.184.110.0 - - [16/Jun/2025:11:30:00 +0200] "GET /media/mod_pwebcontact/css/bootstrap.css HTTP/1.1" 200 13926 "http://www.civm.fr/ravalement/saint-loup-cammas-31" "Mozilla/5.0 (Linux; Android 10; K) AppleWebKit/537.36 (KHTML, like Gecko) SamsungBrowser/28.0 Chrome/130.0.0.0 Mobile Safari/537.36"
92.184.110.0 - - [16/Jun/2025:11:30:00 +0200] "GET /media/mod_pwebcontact/css/form/orange.css HTTP/1.1" 200 5566 "http://www.civm.fr/ravalement/saint-loup-cammas-31" "Mozilla/5.0 (Linux; Android 10; K) AppleWebKit/537.36 (KHTML, like Gecko) SamsungBrowser/28.0 Chrome/130.0.0.0 Mobile Safari/537.36"
92.184.110.0 - - [16/Jun/2025:11:30:00 +0200] "GET /media/mod_pwebcontact/css/animations.css HTTP/1.1" 200 26025 "http://www.civm.fr/ravalement/saint-loup-cammas-31" "Mozilla/5.0 (Linux; Android 10; K) AppleWebKit/537.36 (KHTML, like Gecko) SamsungBrowser/28.0 Chrome/130.0.0.0 Mobile Safari/537.36"
92.184.110.0 - - [16/Jun/2025:11:30:00 +0200] "GET /media/mod_pwebcontact/css/layout.css HTTP/1.1" 200 35741 "http://www.civm.fr/ravalement/saint-loup-cammas-31" "Mozilla/5.0 (Linux; Android 10; K) AppleWebKit/537.36 (KHTML, like Gecko) SamsungBrowser/28.0 Chrome/130.0.0.0 Mobile Safari/537.36"
92.184.110.0 - - [16/Jun/2025:11:30:00 +0200] "GET /media/mod_pwebcontact/css/toggler/orange.css HTTP/1.1" 200 3682 "http://www.civm.fr/ravalement/saint-loup-cammas-31" "Mozilla/5.0 (Linux; Android 10; K) AppleWebKit/537.36 (KHTML, like Gecko) SamsungBrowser/28.0 Chrome/130.0.0.0 Mobile Safari/537.36"
92.184.110.0 - - [16/Jun/2025:11:30:00 +0200] "GET /cache/mod_pwebcontact/625d74c5622a95a5a50e2a2fd9ecfc57.css HTTP/1.1" 200 2223 "http://www.civm.fr/ravalement/saint-loup-cammas-31" "Mozilla/5.0 (Linux; Android 10; K) AppleWebKit/537.36 (KHTML, like Gecko) SamsungBrowser/28.0 Chrome/130.0.0.0 Mobile Safari/537.36"
92.184.110.0 - - [16/Jun/2025:11:30:00 +0200] "GET /templates/system/css/system.css HTTP/1.1" 200 896 "http://www.civm.fr/ravalement/saint-loup-cammas-31" "Mozilla/5.0 (Linux; Android 10; K) AppleWebKit/537.36 (KHTML, like Gecko) SamsungBrowser/28.0 Chrome/130.0.0.0 Mobile Safari/537.36"
92.184.110.0 - - [16/Jun/2025:11:30:00 +0200] "GET /templates/system/css/general.css HTTP/1.1" 200 2730 "http://www.civm.fr/ravalement/saint-loup-cammas-31" "Mozilla/5.0 (Linux; Android 10; K) AppleWebKit/537.36 (KHTML, like Gecko) SamsungBrowser/28.0 Chrome/130.0.0.0 Mobile Safari/537.36"
92.184.110.0 - - [16/Jun/2025:11:30:00 +0200] "GET /templates/neutre/css/template.responsive.css HTTP/1.1" 200 8238 "http://www.civm.fr/ravalement/saint-loup-cammas-31" "Mozilla/5.0 (Linux; Android 10; K) AppleWebKit/537.36 (KHTML, like Gecko) SamsungBrowser/28.0 Chrome/130.0.0.0 Mobile Safari/537.36"
92.184.110.0 - - [16/Jun/2025:11:30:00 +0200] "GET /media/system/js/core.js HTTP/1.1" 200 4784 "http://www.civm.fr/ravalement/saint-loup-cammas-31" "Mozilla/5.0 (Linux; Android 10; K) AppleWebKit/537.36 (KHTML, like Gecko) SamsungBrowser/28.0 Chrome/130.0.0.0 Mobile Safari/537.36"
92.184.110.0 - - [16/Jun/2025:11:30:00 +0200] "GET /templates/neutre/css/template.css HTTP/1.1" 200 70879 "http://www.civm.fr/ravalement/saint-loup-cammas-31" "Mozilla/5.0 (Linux; Android 10; K) AppleWebKit/537.36 (KHTML, like Gecko) SamsungBrowser/28.0 Chrome/130.0.0.0 Mobile Safari/537.36"
92.184.110.0 - - [16/Jun/2025:11:30:00 +0200] "GET /media/system/js/caption.js HTTP/1.1" 200 733 "http://www.civm.fr/ravalement/saint-loup-cammas-31" "Mozilla/5.0 (Linux; Android 10; K) AppleWebKit/537.36 (KHTML, like Gecko) SamsungBrowser/28.0 Chrome/130.0.0.0 Mobile Safari/537.36"
92.184.110.0 - - [16/Jun/2025:11:30:00 +0200] "GET /plugins/system/jcemediabox/js/jcemediabox.js?fba42f665bbcc4047a23ba92244f4176 HTTP/1.1" 200 57539 "http://www.civm.fr/ravalement/saint-loup-cammas-31" "Mozilla/5.0 (Linux; Android 10; K) AppleWebKit/537.36 (KHTML, like Gecko) SamsungBrowser/28.0 Chrome/130.0.0.0 Mobile Safari/537.36"
92.184.110.0 - - [16/Jun/2025:11:30:00 +0200] "GET /media/system/js/mootools-core.js HTTP/1.1" 200 96362 "http://www.civm.fr/ravalement/saint-loup-cammas-31" "Mozilla/5.0 (Linux; Android 10; K) AppleWebKit/537.36 (KHTML, like Gecko) SamsungBrowser/28.0 Chrome/130.0.0.0 Mobile Safari/537.36"
92.184.110.0 - - [16/Jun/2025:11:30:00 +0200] "GET /media/jui/js/jquery-noconflict.js HTTP/1.1" 200 21 "http://www.civm.fr/ravalement/saint-loup-cammas-31" "Mozilla/5.0 (Linux; Android 10; K) AppleWebKit/537.36 (KHTML, like Gecko) SamsungBrowser/28.0 Chrome/130.0.0.0 Mobile Safari/537.36"
92.184.110.0 - - [16/Jun/2025:11:30:00 +0200] "GET /media/jui/js/jquery-migrate.min.js HTTP/1.1" 200 7199 "http://www.civm.fr/ravalement/saint-loup-cammas-31" "Mozilla/5.0 (Linux; Android 10; K) AppleWebKit/537.36 (KHTML, like Gecko) SamsungBrowser/28.0 Chrome/130.0.0.0 Mobile Safari/537.36"
92.184.110.0 - - [16/Jun/2025:11:30:00 +0200] "GET /media/jui/js/jquery.min.js HTTP/1.1" 200 95786 "http://www.civm.fr/ravalement/saint-loup-cammas-31" "Mozilla/5.0 (Linux; Android 10; K) AppleWebKit/537.36 (KHTML, like Gecko) SamsungBrowser/28.0 Chrome/130.0.0.0 Mobile Safari/537.36"
92.184.110.0 - - [16/Jun/2025:11:30:00 +0200] "GET /media/jui/js/bootstrap.min.js HTTP/1.1" 200 29156 "http://www.civm.fr/ravalement/saint-loup-cammas-31" "Mozilla/5.0 (Linux; Android 10; K) AppleWebKit/537.36 (KHTML, like Gecko) SamsungBrowser/28.0 Chrome/130.0.0.0 Mobile Safari/537.36"
92.184.110.0 - - [16/Jun/2025:11:30:00 +0200] "GET /media/mod_pwebcontact/js/jquery.validate.min.js?v=1.13.0 HTTP/1.1" 200 21584 "http://www.civm.fr/ravalement/saint-loup-cammas-31" "Mozilla/5.0 (Linux; Android 10; K) AppleWebKit/537.36 (KHTML, like Gecko) SamsungBrowser/28.0 Chrome/130.0.0.0 Mobile Safari/537.36"
92.184.110.0 - - [16/Jun/2025:11:30:00 +0200] "GET /media/system/js/mootools-more.js HTTP/1.1" 200 238331 "http://www.civm.fr/ravalement/saint-loup-cammas-31" "Mozilla/5.0 (Linux; Android 10; K) AppleWebKit/537.36 (KHTML, like Gecko) SamsungBrowser/28.0 Chrome/130.0.0.0 Mobile Safari/537.36"
92.184.110.0 - - [16/Jun/2025:11:30:00 +0200] "GET /media/mod_pwebcontact/js/jquery.pwebcontact.min.js?v=3.2.14 HTTP/1.1" 200 34073 "http://www.civm.fr/ravalement/saint-loup-cammas-31" "Mozilla/5.0 (Linux; Android 10; K) AppleWebKit/537.36 (KHTML, like Gecko) SamsungBrowser/28.0 Chrome/130.0.0.0 Mobile Safari/537.36"
92.184.110.0 - - [16/Jun/2025:11:30:00 +0200] "GET /templates/neutre/jquery.js HTTP/1.1" 200 92793 "http://www.civm.fr/ravalement/saint-loup-cammas-31" "Mozilla/5.0 (Linux; Android 10; K) AppleWebKit/537.36 (KHTML, like Gecko) SamsungBrowser/28.0 Chrome/130.0.0.0 Mobile Safari/537.36"
92.184.110.0 - - [16/Jun/2025:11:30:00 +0200] "GET /templates/neutre/script.responsive.js HTTP/1.1" 200 15616 "http://www.civm.fr/ravalement/saint-loup-cammas-31" "Mozilla/5.0 (Linux; Android 10; K) AppleWebKit/537.36 (KHTML, like Gecko) SamsungBrowser/28.0 Chrome/130.0.0.0 Mobile Safari/537.36"
92.184.110.0 - - [16/Jun/2025:11:30:00 +0200] "GET /templates/neutre/script.js HTTP/1.1" 200 44910 "http://www.civm.fr/ravalement/saint-loup-cammas-31" "Mozilla/5.0 (Linux; Android 10; K) AppleWebKit/537.36 (KHTML, like Gecko) SamsungBrowser/28.0 Chrome/130.0.0.0 Mobile Safari/537.36"
92.184.110.0 - - [16/Jun/2025:11:30:00 +0200] "GET /images/contactimg.png HTTP/1.1" 200 3540 "http://www.civm.fr/ravalement/saint-loup-cammas-31" "Mozilla/5.0 (Linux; Android 10; K) AppleWebKit/537.36 (KHTML, like Gecko) SamsungBrowser/28.0 Chrome/130.0.0.0 Mobile Safari/537.36"
92.184.110.0 - - [16/Jun/2025:11:30:00 +0200] "GET /media/system/images/arrow.png HTTP/1.1" 200 118 "http://www.civm.fr/ravalement/saint-loup-cammas-31" "Mozilla/5.0 (Linux; Android 10; K) AppleWebKit/537.36 (KHTML, like Gecko) SamsungBrowser/28.0 Chrome/130.0.0.0 Mobile Safari/537.36"
92.184.110.0 - - [16/Jun/2025:11:30:00 +0200] "GET /media/system/css/system.css HTTP/1.1" 200 1446 "http://www.civm.fr/templates/system/css/system.css" "Mozilla/5.0 (Linux; Android 10; K) AppleWebKit/537.36 (KHTML, like Gecko) SamsungBrowser/28.0 Chrome/130.0.0.0 Mobile Safari/537.36"
92.184.110.0 - - [16/Jun/2025:11:30:00 +0200] "GET /qrcode/qrcode.js HTTP/1.1" 200 32907 "http://www.civm.fr/ravalement/saint-loup-cammas-31" "Mozilla/5.0 (Linux; Android 10; K) AppleWebKit/537.36 (KHTML, like Gecko) SamsungBrowser/28.0 Chrome/130.0.0.0 Mobile Safari/537.36"
92.184.110.0 - - [16/Jun/2025:11:30:00 +0200] "GET /images/facadiertoulouse/artisanfacadier.jpg HTTP/1.1" 200 69131 "http://www.civm.fr/ravalement/saint-loup-cammas-31" "Mozilla/5.0 (Linux; Android 10; K) AppleWebKit/537.36 (KHTML, like Gecko) SamsungBrowser/28.0 Chrome/130.0.0.0 Mobile Safari/537.36"
92.184.110.0 - - [16/Jun/2025:11:30:01 +0200] "GET /templates/neutre/images/objetexte.png HTTP/1.1" 200 12926 "http://www.civm.fr/templates/neutre/css/template.css" "Mozilla/5.0 (Linux; Android 10; K) AppleWebKit/537.36 (KHTML, like Gecko) SamsungBrowser/28.0 Chrome/130.0.0.0 Mobile Safari/537.36"
92.184.110.0 - - [16/Jun/2025:11:30:01 +0200] "GET /templates/neutre/images/nav.png HTTP/1.1" 200 104 "http://www.civm.fr/templates/neutre/css/template.css" "Mozilla/5.0 (Linux; Android 10; K) AppleWebKit/537.36 (KHTML, like Gecko) SamsungBrowser/28.0 Chrome/130.0.0.0 Mobile Safari/537.36"
92.184.110.0 - - [16/Jun/2025:11:30:01 +0200] "GET /templates/neutre/images/menuseparator.png HTTP/1.1" 200 319 "http://www.civm.fr/templates/neutre/css/template.css" "Mozilla/5.0 (Linux; Android 10; K) AppleWebKit/537.36 (KHTML, like Gecko) SamsungBrowser/28.0 Chrome/130.0.0.0 Mobile Safari/537.36"
92.184.110.0 - - [16/Jun/2025:11:30:01 +0200] "GET /templates/neutre/images/page.png HTTP/1.1" 200 1712 "http://www.civm.fr/templates/neutre/css/template.css" "Mozilla/5.0 (Linux; Android 10; K) AppleWebKit/537.36 (KHTML, like Gecko) SamsungBrowser/28.0 Chrome/130.0.0.0 Mobile Safari/537.36"
