4.194.58.148 - - [08/Dec/2025:09:55:54 +0100] "GET /wp-includes/customize/chosen.php HTTP/1.1" 301 236 "https://www.google.com/" "Mozilla/5.0 (iPhone; CPU iPhone OS 17_1_1 like Mac OS X) AppleWebKit/605.1.15 (KHTML, like Gecko) Version/17.1 Mobile/15E148 Safari/604.1"
4.194.58.148 - - [08/Dec/2025:09:55:54 +0100] "GET /index.php HTTP/1.1" 200 42572 "https://www.google.com/" "Mozilla/5.0 (iPhone; CPU iPhone OS 17_1_1 like Mac OS X) AppleWebKit/605.1.15 (KHTML, like Gecko) Version/17.1 Mobile/15E148 Safari/604.1"
4.194.58.148 - - [08/Dec/2025:09:55:55 +0100] "GET /wp-includes/index.php HTTP/1.1" 301 236 "https://duckduckgo.com/" "Mozilla/5.0 (Linux; Android 10; K) AppleWebKit/537.36 (KHTML, like Gecko) Chrome/117.0.0.0 Mobile Safari/537.36"
4.194.58.148 - - [08/Dec/2025:09:55:55 +0100] "GET /index.php HTTP/1.1" 200 42572 "https://duckduckgo.com/" "Mozilla/5.0 (Linux; Android 10; K) AppleWebKit/537.36 (KHTML, like Gecko) Chrome/117.0.0.0 Mobile Safari/537.36"
4.194.58.148 - - [08/Dec/2025:09:55:56 +0100] "GET /wp-includes/js/codemirror/index.php HTTP/1.1" 301 236 "https://www.yahoo.com/" "Mozilla/5.0 (iPhone; CPU iPhone OS 15_7_9 like Mac OS X) AppleWebKit/605.1.15 (KHTML, like Gecko) Version/15.6.5 Mobile/15E148 Safari/604.1"
4.194.58.148 - - [08/Dec/2025:09:55:56 +0100] "GET /index.php HTTP/1.1" 200 42572 "https://www.yahoo.com/" "Mozilla/5.0 (iPhone; CPU iPhone OS 15_7_9 like Mac OS X) AppleWebKit/605.1.15 (KHTML, like Gecko) Version/15.6.5 Mobile/15E148 Safari/604.1"
4.194.58.148 - - [08/Dec/2025:09:55:57 +0100] "GET /wp-includes/js/jquery/jquery.php HTTP/1.1" 301 236 "https://www.google.com/" "Mozilla/5.0 (Linux; Android 13; SM-S908E) AppleWebKit/537.36 (KHTML, like Gecko) Chrome/116.0.0.0 Mobile Safari/537.36"
4.194.58.148 - - [08/Dec/2025:09:55:57 +0100] "GET /index.php HTTP/1.1" 200 42572 "https://www.google.com/" "Mozilla/5.0 (Linux; Android 13; SM-S908E) AppleWebKit/537.36 (KHTML, like Gecko) Chrome/116.0.0.0 Mobile Safari/537.36"
4.194.58.148 - - [08/Dec/2025:09:55:58 +0100] "GET /wp-includes/random_compat/index.php HTTP/1.1" 301 236 "https://www.google.co.uk/" "Mozilla/5.0 (iPhone; CPU iPhone OS 17_0_3 like Mac OS X) AppleWebKit/605.1.15 (KHTML, like Gecko) Version/17.0.1 Mobile/15E148 Safari/604.1"
4.194.58.148 - - [08/Dec/2025:09:55:58 +0100] "GET /index.php HTTP/1.1" 200 42572 "https://www.google.co.uk/" "Mozilla/5.0 (iPhone; CPU iPhone OS 17_0_3 like Mac OS X) AppleWebKit/605.1.15 (KHTML, like Gecko) Version/17.0.1 Mobile/15E148 Safari/604.1"
4.194.58.148 - - [08/Dec/2025:09:55:59 +0100] "GET /wp-includes/rest-api/index.php HTTP/1.1" 301 236 "https://www.google.de/" "Mozilla/5.0 (Linux; Android 10; K) AppleWebKit/537.36 (KHTML, like Gecko) Chrome/117.0.0.0 Mobile Safari/537.36"
4.194.58.148 - - [08/Dec/2025:09:55:59 +0100] "GET /index.php HTTP/1.1" 200 42572 "https://www.google.de/" "Mozilla/5.0 (Linux; Android 10; K) AppleWebKit/537.36 (KHTML, like Gecko) Chrome/117.0.0.0 Mobile Safari/537.36"
4.194.58.148 - - [08/Dec/2025:09:55:59 +0100] "GET /wp-includes/sitemaps/providers/index.php HTTP/1.1" 301 236 "https://www.google.co.uk/" "Mozilla/5.0 (Linux; Android 12; 2201116SG) AppleWebKit/537.36 (KHTML, like Gecko) Chrome/116.0.0.0 Mobile Safari/537.36"
4.194.58.148 - - [08/Dec/2025:09:56:00 +0100] "GET /index.php HTTP/1.1" 200 42572 "https://www.google.co.uk/" "Mozilla/5.0 (Linux; Android 12; 2201116SG) AppleWebKit/537.36 (KHTML, like Gecko) Chrome/116.0.0.0 Mobile Safari/537.36"
4.194.58.148 - - [08/Dec/2025:09:56:00 +0100] "GET /wp-includes/style-engine/wp-conflg.php HTTP/1.1" 301 236 "https://duckduckgo.com/" "Mozilla/5.0 (Linux; Android 10; K) AppleWebKit/537.36 (KHTML, like Gecko) Chrome/117.0.0.0 Mobile Safari/537.36"
4.194.58.148 - - [08/Dec/2025:09:56:00 +0100] "GET /index.php HTTP/1.1" 200 42572 "https://duckduckgo.com/" "Mozilla/5.0 (Linux; Android 10; K) AppleWebKit/537.36 (KHTML, like Gecko) Chrome/117.0.0.0 Mobile Safari/537.36"
4.194.58.148 - - [08/Dec/2025:09:56:01 +0100] "GET /wp-admin/ HTTP/1.1" 301 236 "https://www.google.fr/" "Mozilla/5.0 (Linux; Android 11; CPH2251) AppleWebKit/537.36 (KHTML, like Gecko) Chrome/116.0.0.0 Mobile Safari/537.36"
4.194.58.148 - - [08/Dec/2025:09:56:01 +0100] "GET /index.php HTTP/1.1" 200 42572 "https://www.google.fr/" "Mozilla/5.0 (Linux; Android 11; CPH2251) AppleWebKit/537.36 (KHTML, like Gecko) Chrome/116.0.0.0 Mobile Safari/537.36"
4.194.58.148 - - [08/Dec/2025:09:56:02 +0100] "GET /wp-admin/css/ HTTP/1.1" 301 236 "https://www.google.co.uk/" "Mozilla/5.0 (Linux; Android 10; K) AppleWebKit/537.36 (KHTML, like Gecko) Chrome/117.0.0.0 Mobile Safari/537.36"
4.194.58.148 - - [08/Dec/2025:09:56:02 +0100] "GET /index.php HTTP/1.1" 200 42572 "https://www.google.co.uk/" "Mozilla/5.0 (Linux; Android 10; K) AppleWebKit/537.36 (KHTML, like Gecko) Chrome/117.0.0.0 Mobile Safari/537.36"
4.194.58.148 - - [08/Dec/2025:09:56:03 +0100] "GET /wp-admin/includes/index.php HTTP/1.1" 301 236 "https://www.yahoo.com/" "Mozilla/5.0 (Linux; Android 13; SM-G991U) AppleWebKit/537.36 (KHTML, like Gecko) Chrome/117.0.0.0 Mobile Safari/537.36"
4.194.58.148 - - [08/Dec/2025:09:56:03 +0100] "GET /index.php HTTP/1.1" 200 42572 "https://www.yahoo.com/" "Mozilla/5.0 (Linux; Android 13; SM-G991U) AppleWebKit/537.36 (KHTML, like Gecko) Chrome/117.0.0.0 Mobile Safari/537.36"
4.194.58.148 - - [08/Dec/2025:09:56:04 +0100] "GET /wp-admin/network/admin.php HTTP/1.1" 301 236 "https://www.bing.com/" "Mozilla/5.0 (Linux; Android 11; 21081111RG) AppleWebKit/537.36 (KHTML, like Gecko) Chrome/116.0.0.0 Mobile Safari/537.36"
4.194.58.148 - - [08/Dec/2025:09:56:04 +0100] "GET /index.php HTTP/1.1" 200 42572 "https://www.bing.com/" "Mozilla/5.0 (Linux; Android 11; 21081111RG) AppleWebKit/537.36 (KHTML, like Gecko) Chrome/116.0.0.0 Mobile Safari/537.36"
4.194.58.148 - - [08/Dec/2025:09:56:05 +0100] "GET /wp-content/classwithtostring.php HTTP/1.1" 301 236 "https://www.google.de/" "Mozilla/5.0 (Linux; Android 12; V2134) AppleWebKit/537.36 (KHTML, like Gecko) Chrome/116.0.0.0 Mobile Safari/537.36"
4.194.58.148 - - [08/Dec/2025:09:56:05 +0100] "GET /index.php HTTP/1.1" 200 42572 "https://www.google.de/" "Mozilla/5.0 (Linux; Android 12; V2134) AppleWebKit/537.36 (KHTML, like Gecko) Chrome/116.0.0.0 Mobile Safari/537.36"
4.194.58.148 - - [08/Dec/2025:09:56:05 +0100] "GET /wp-content/languages/index.php HTTP/1.1" 301 236 "https://www.google.com/" "Mozilla/5.0 (Linux; Android 12; SM-A525F) AppleWebKit/537.36 (KHTML, like Gecko) Chrome/117.0.0.0 Mobile Safari/537.36"
4.194.58.148 - - [08/Dec/2025:09:56:05 +0100] "GET /index.php HTTP/1.1" 200 42572 "https://www.google.com/" "Mozilla/5.0 (Linux; Android 12; SM-A525F) AppleWebKit/537.36 (KHTML, like Gecko) Chrome/117.0.0.0 Mobile Safari/537.36"
4.194.58.148 - - [08/Dec/2025:09:56:06 +0100] "GET /wp-content/plugins/admin.php HTTP/1.1" 301 236 "https://www.google.de/" "Mozilla/5.0 (Linux; Android 11; CPH2251) AppleWebKit/537.36 (KHTML, like Gecko) Chrome/116.0.0.0 Mobile Safari/537.36"
4.194.58.148 - - [08/Dec/2025:09:56:06 +0100] "GET /index.php HTTP/1.1" 200 42572 "https://www.google.de/" "Mozilla/5.0 (Linux; Android 11; CPH2251) AppleWebKit/537.36 (KHTML, like Gecko) Chrome/116.0.0.0 Mobile Safari/537.36"
4.194.58.148 - - [08/Dec/2025:09:56:07 +0100] "GET /wp-content/themes/admin.php HTTP/1.1" 301 236 "https://duckduckgo.com/" "Mozilla/5.0 (Linux; Android 14; Pixel 8 Pro) AppleWebKit/537.36 (KHTML, like Gecko) Chrome/119.0.0.0 Mobile Safari/537.36"
4.194.58.148 - - [08/Dec/2025:09:56:07 +0100] "GET /index.php HTTP/1.1" 200 42572 "https://duckduckgo.com/" "Mozilla/5.0 (Linux; Android 14; Pixel 8 Pro) AppleWebKit/537.36 (KHTML, like Gecko) Chrome/119.0.0.0 Mobile Safari/537.36"
4.194.58.148 - - [08/Dec/2025:09:56:08 +0100] "GET /wp-content/uploads/2023/ HTTP/1.1" 301 236 "https://duckduckgo.com/" "Mozilla/5.0 (Linux; Android 12; V2134) AppleWebKit/537.36 (KHTML, like Gecko) Chrome/116.0.0.0 Mobile Safari/537.36"
4.194.58.148 - - [08/Dec/2025:09:56:08 +0100] "GET /index.php HTTP/1.1" 200 42572 "https://duckduckgo.com/" "Mozilla/5.0 (Linux; Android 12; V2134) AppleWebKit/537.36 (KHTML, like Gecko) Chrome/116.0.0.0 Mobile Safari/537.36"
4.194.58.148 - - [08/Dec/2025:09:56:09 +0100] "GET /wp-content/uploads/2024/ HTTP/1.1" 301 236 "https://www.google.de/" "Mozilla/5.0 (Linux; Android 13; M2101K6G) AppleWebKit/537.36 (KHTML, like Gecko) Chrome/116.0.0.0 Mobile Safari/537.36"
4.194.58.148 - - [08/Dec/2025:09:56:09 +0100] "GET /index.php HTTP/1.1" 200 42572 "https://www.google.de/" "Mozilla/5.0 (Linux; Android 13; M2101K6G) AppleWebKit/537.36 (KHTML, like Gecko) Chrome/116.0.0.0 Mobile Safari/537.36"
4.194.58.148 - - [08/Dec/2025:09:56:10 +0100] "GET /wp-content/uploads/2025/ HTTP/1.1" 301 236 "https://www.google.com/" "Mozilla/5.0 (Linux; Android 10; LM-Q720) AppleWebKit/537.36 (KHTML, like Gecko) Chrome/116.0.0.0 Mobile Safari/537.36"
4.194.58.148 - - [08/Dec/2025:09:56:10 +0100] "GET /index.php HTTP/1.1" 200 42572 "https://www.google.com/" "Mozilla/5.0 (Linux; Android 10; LM-Q720) AppleWebKit/537.36 (KHTML, like Gecko) Chrome/116.0.0.0 Mobile Safari/537.36"
4.194.58.148 - - [08/Dec/2025:09:56:10 +0100] "GET /wp-editor.php HTTP/1.1" 301 236 "https://www.yahoo.com/" "Mozilla/5.0 (Linux; Android 12; V2134) AppleWebKit/537.36 (KHTML, like Gecko) Chrome/116.0.0.0 Mobile Safari/537.36"
4.194.58.148 - - [08/Dec/2025:09:56:11 +0100] "GET /index.php HTTP/1.1" 200 42572 "https://www.yahoo.com/" "Mozilla/5.0 (Linux; Android 12; V2134) AppleWebKit/537.36 (KHTML, like Gecko) Chrome/116.0.0.0 Mobile Safari/537.36"
4.194.58.148 - - [08/Dec/2025:09:56:11 +0100] "GET /wp-includes/ID3/ HTTP/1.1" 301 236 "https://www.google.fr/" "Mozilla/5.0 (Linux; Android 11; CPH2251) AppleWebKit/537.36 (KHTML, like Gecko) Chrome/116.0.0.0 Mobile Safari/537.36"
4.194.58.148 - - [08/Dec/2025:09:56:12 +0100] "GET /index.php HTTP/1.1" 200 42572 "https://www.google.fr/" "Mozilla/5.0 (Linux; Android 11; CPH2251) AppleWebKit/537.36 (KHTML, like Gecko) Chrome/116.0.0.0 Mobile Safari/537.36"
4.194.58.148 - - [08/Dec/2025:09:56:12 +0100] "GET /wp-includes/ID3/simi.php HTTP/1.1" 301 236 "https://duckduckgo.com/" "Mozilla/5.0 (Linux; Android 10; K) AppleWebKit/537.36 (KHTML, like Gecko) Chrome/117.0.0.0 Mobile Safari/537.36"
4.194.58.148 - - [08/Dec/2025:09:56:12 +0100] "GET /index.php HTTP/1.1" 200 42572 "https://duckduckgo.com/" "Mozilla/5.0 (Linux; Android 10; K) AppleWebKit/537.36 (KHTML, like Gecko) Chrome/117.0.0.0 Mobile Safari/537.36"
4.194.58.148 - - [08/Dec/2025:09:56:13 +0100] "GET /wp-includes/IXR/ HTTP/1.1" 301 236 "https://www.google.com/" "Mozilla/5.0 (iPad; CPU OS 16_7_2 like Mac OS X) AppleWebKit/605.1.15 (KHTML, like Gecko) Version/16.6 Mobile/15E148 Safari/604.1"
4.194.58.148 - - [08/Dec/2025:09:56:13 +0100] "GET /index.php HTTP/1.1" 200 42572 "https://www.google.com/" "Mozilla/5.0 (iPad; CPU OS 16_7_2 like Mac OS X) AppleWebKit/605.1.15 (KHTML, like Gecko) Version/16.6 Mobile/15E148 Safari/604.1"
4.194.58.148 - - [08/Dec/2025:09:56:14 +0100] "GET /wp-includes/Requests/about.php HTTP/1.1" 301 236 "https://www.bing.com/" "Mozilla/5.0 (iPhone; CPU iPhone OS 16_6_1 like Mac OS X) AppleWebKit/605.1.15 (KHTML, like Gecko) Version/16.6 Mobile/15E148 Safari/604.1"
4.194.58.148 - - [08/Dec/2025:09:56:14 +0100] "GET /index.php HTTP/1.1" 200 42572 "https://www.bing.com/" "Mozilla/5.0 (iPhone; CPU iPhone OS 16_6_1 like Mac OS X) AppleWebKit/605.1.15 (KHTML, like Gecko) Version/16.6 Mobile/15E148 Safari/604.1"
4.194.58.148 - - [08/Dec/2025:09:56:15 +0100] "GET /wp-includes/Text/xwx1.php HTTP/1.1" 301 236 "https://www.google.de/" "Mozilla/5.0 (iPhone; CPU iPhone OS 16_0 like Mac OS X) AppleWebKit/605.1.15 (KHTML, like Gecko) FxiOS/118.0 Mobile/15E148 Safari/605.1.15"
4.194.58.148 - - [08/Dec/2025:09:56:15 +0100] "GET /index.php HTTP/1.1" 200 42572 "https://www.google.de/" "Mozilla/5.0 (iPhone; CPU iPhone OS 16_0 like Mac OS X) AppleWebKit/605.1.15 (KHTML, like Gecko) FxiOS/118.0 Mobile/15E148 Safari/605.1.15"
4.194.58.148 - - [08/Dec/2025:09:56:16 +0100] "GET /wp-includes/assets/about.php HTTP/1.1" 301 236 "https://www.google.fr/" "Mozilla/5.0 (Linux; Android 11; 21081111RG) AppleWebKit/537.36 (KHTML, like Gecko) Chrome/116.0.0.0 Mobile Safari/537.36"
4.194.58.148 - - [08/Dec/2025:09:56:16 +0100] "GET /index.php HTTP/1.1" 200 42572 "https://www.google.fr/" "Mozilla/5.0 (Linux; Android 11; 21081111RG) AppleWebKit/537.36 (KHTML, like Gecko) Chrome/116.0.0.0 Mobile Safari/537.36"
4.194.58.148 - - [08/Dec/2025:09:56:17 +0100] "GET /wp-includes/assets/index.php HTTP/1.1" 301 236 "https://www.google.co.uk/" "Mozilla/5.0 (iPad; CPU OS 17_0_3 like Mac OS X) AppleWebKit/605.1.15 (KHTML, like Gecko) Version/17.0.1 Mobile/15E148 Safari/604.1"
4.194.58.148 - - [08/Dec/2025:09:56:17 +0100] "GET /index.php HTTP/1.1" 200 42572 "https://www.google.co.uk/" "Mozilla/5.0 (iPad; CPU OS 17_0_3 like Mac OS X) AppleWebKit/605.1.15 (KHTML, like Gecko) Version/17.0.1 Mobile/15E148 Safari/604.1"
4.194.58.148 - - [08/Dec/2025:09:56:18 +0100] "GET /wp-includes/block-patterns/ HTTP/1.1" 301 236 "https://www.bing.com/" "Mozilla/5.0 (Linux; Android 12; SM-A525F) AppleWebKit/537.36 (KHTML, like Gecko) Chrome/117.0.0.0 Mobile Safari/537.36"
4.194.58.148 - - [08/Dec/2025:09:56:18 +0100] "GET /index.php HTTP/1.1" 200 42572 "https://www.bing.com/" "Mozilla/5.0 (Linux; Android 12; SM-A525F) AppleWebKit/537.36 (KHTML, like Gecko) Chrome/117.0.0.0 Mobile Safari/537.36"
4.194.58.148 - - [08/Dec/2025:09:56:18 +0100] "GET /wp-includes/blocks/ HTTP/1.1" 301 236 "https://www.yahoo.com/" "Mozilla/5.0 (iPhone; CPU iPhone OS 17_0_3 like Mac OS X) AppleWebKit/605.1.15 (KHTML, like Gecko) Version/17.0.1 Mobile/15E148 Safari/604.1"
4.194.58.148 - - [08/Dec/2025:09:56:19 +0100] "GET /index.php HTTP/1.1" 200 42572 "https://www.yahoo.com/" "Mozilla/5.0 (iPhone; CPU iPhone OS 17_0_3 like Mac OS X) AppleWebKit/605.1.15 (KHTML, like Gecko) Version/17.0.1 Mobile/15E148 Safari/604.1"
4.194.58.148 - - [08/Dec/2025:09:56:20 +0100] "GET /wp-includes/blocks/calendar/index.php HTTP/1.1" 301 236 "https://www.google.co.uk/" "Mozilla/5.0 (Linux; Android 11; 21081111RG) AppleWebKit/537.36 (KHTML, like Gecko) Chrome/116.0.0.0 Mobile Safari/537.36"
4.194.58.148 - - [08/Dec/2025:09:56:20 +0100] "GET /index.php HTTP/1.1" 200 42572 "https://www.google.co.uk/" "Mozilla/5.0 (Linux; Android 11; 21081111RG) AppleWebKit/537.36 (KHTML, like Gecko) Chrome/116.0.0.0 Mobile Safari/537.36"
4.194.58.148 - - [08/Dec/2025:09:56:21 +0100] "GET /wp-includes/certificates/ HTTP/1.1" 301 236 "https://www.google.de/" "Mozilla/5.0 (Linux; Android 10; LM-Q720) AppleWebKit/537.36 (KHTML, like Gecko) Chrome/116.0.0.0 Mobile Safari/537.36"
4.194.58.148 - - [08/Dec/2025:09:56:21 +0100] "GET /index.php HTTP/1.1" 200 42572 "https://www.google.de/" "Mozilla/5.0 (Linux; Android 10; LM-Q720) AppleWebKit/537.36 (KHTML, like Gecko) Chrome/116.0.0.0 Mobile Safari/537.36"
4.194.58.148 - - [08/Dec/2025:09:56:21 +0100] "GET /wp-includes/css/index.php HTTP/1.1" 301 236 "https://www.google.co.uk/" "Mozilla/5.0 (iPhone; CPU iPhone OS 15_7_9 like Mac OS X) AppleWebKit/605.1.15 (KHTML, like Gecko) Version/15.6.5 Mobile/15E148 Safari/604.1"
4.194.58.148 - - [08/Dec/2025:09:56:22 +0100] "GET /index.php HTTP/1.1" 200 42572 "https://www.google.co.uk/" "Mozilla/5.0 (iPhone; CPU iPhone OS 15_7_9 like Mac OS X) AppleWebKit/605.1.15 (KHTML, like Gecko) Version/15.6.5 Mobile/15E148 Safari/604.1"
4.194.58.148 - - [08/Dec/2025:09:56:22 +0100] "GET /wp-includes/customize/index.php HTTP/1.1" 301 236 "https://www.google.de/" "Mozilla/5.0 (iPhone; CPU iPhone OS 16_6_1 like Mac OS X) AppleWebKit/605.1.15 (KHTML, like Gecko) Version/16.6 Mobile/15E148 Safari/604.1"
4.194.58.148 - - [08/Dec/2025:09:56:23 +0100] "GET /index.php HTTP/1.1" 200 42572 "https://www.google.de/" "Mozilla/5.0 (iPhone; CPU iPhone OS 16_6_1 like Mac OS X) AppleWebKit/605.1.15 (KHTML, like Gecko) Version/16.6 Mobile/15E148 Safari/604.1"
4.194.58.148 - - [08/Dec/2025:09:56:23 +0100] "GET /wp-includes/fonts/admin.php HTTP/1.1" 301 236 "https://www.google.de/" "Mozilla/5.0 (Linux; Android 10; LM-Q720) AppleWebKit/537.36 (KHTML, like Gecko) Chrome/116.0.0.0 Mobile Safari/537.36"
4.194.58.148 - - [08/Dec/2025:09:56:23 +0100] "GET /index.php HTTP/1.1" 200 42572 "https://www.google.de/" "Mozilla/5.0 (Linux; Android 10; LM-Q720) AppleWebKit/537.36 (KHTML, like Gecko) Chrome/116.0.0.0 Mobile Safari/537.36"
4.194.58.148 - - [08/Dec/2025:09:56:24 +0100] "GET /wp-includes/html-api/index.php HTTP/1.1" 301 236 "https://www.google.co.uk/" "Mozilla/5.0 (iPhone; CPU iPhone OS 16_6_1 like Mac OS X) AppleWebKit/605.1.15 (KHTML, like Gecko) Version/16.6 Mobile/15E148 Safari/604.1"
4.194.58.148 - - [08/Dec/2025:09:56:24 +0100] "GET /index.php HTTP/1.1" 200 42572 "https://www.google.co.uk/" "Mozilla/5.0 (iPhone; CPU iPhone OS 16_6_1 like Mac OS X) AppleWebKit/605.1.15 (KHTML, like Gecko) Version/16.6 Mobile/15E148 Safari/604.1"
4.194.58.148 - - [08/Dec/2025:09:56:25 +0100] "GET /wp-includes/images/media/ HTTP/1.1" 301 236 "https://www.yahoo.com/" "Mozilla/5.0 (iPad; CPU OS 17_0_3 like Mac OS X) AppleWebKit/605.1.15 (KHTML, like Gecko) Version/17.0.1 Mobile/15E148 Safari/604.1"
4.194.58.148 - - [08/Dec/2025:09:56:25 +0100] "GET /index.php HTTP/1.1" 200 42572 "https://www.yahoo.com/" "Mozilla/5.0 (iPad; CPU OS 17_0_3 like Mac OS X) AppleWebKit/605.1.15 (KHTML, like Gecko) Version/17.0.1 Mobile/15E148 Safari/604.1"
4.194.58.148 - - [08/Dec/2025:09:56:25 +0100] "GET /wp-includes/images/smilies/about.php HTTP/1.1" 301 236 "https://www.google.fr/" "Mozilla/5.0 (Linux; Android 13; M2101K6G) AppleWebKit/537.36 (KHTML, like Gecko) Chrome/116.0.0.0 Mobile Safari/537.36"
4.194.58.148 - - [08/Dec/2025:09:56:26 +0100] "GET /index.php HTTP/1.1" 200 42572 "https://www.google.fr/" "Mozilla/5.0 (Linux; Android 13; M2101K6G) AppleWebKit/537.36 (KHTML, like Gecko) Chrome/116.0.0.0 Mobile Safari/537.36"
4.194.58.148 - - [08/Dec/2025:09:56:26 +0100] "GET /wp-includes/js/index.php HTTP/1.1" 301 236 "https://www.bing.com/" "Mozilla/5.0 (iPhone; CPU iPhone OS 17_1_1 like Mac OS X) AppleWebKit/605.1.15 (KHTML, like Gecko) Version/17.1 Mobile/15E148 Safari/604.1"
4.194.58.148 - - [08/Dec/2025:09:56:26 +0100] "GET /index.php HTTP/1.1" 200 42572 "https://www.bing.com/" "Mozilla/5.0 (iPhone; CPU iPhone OS 17_1_1 like Mac OS X) AppleWebKit/605.1.15 (KHTML, like Gecko) Version/17.1 Mobile/15E148 Safari/604.1"
4.194.58.148 - - [08/Dec/2025:09:56:27 +0100] "GET /wp-includes/rest-api/ HTTP/1.1" 301 236 "https://www.yahoo.com/" "Mozilla/5.0 (Linux; Android 11; 21081111RG) AppleWebKit/537.36 (KHTML, like Gecko) Chrome/116.0.0.0 Mobile Safari/537.36"
4.194.58.148 - - [08/Dec/2025:09:56:27 +0100] "GET /index.php HTTP/1.1" 200 42572 "https://www.yahoo.com/" "Mozilla/5.0 (Linux; Android 11; 21081111RG) AppleWebKit/537.36 (KHTML, like Gecko) Chrome/116.0.0.0 Mobile Safari/537.36"
4.194.58.148 - - [08/Dec/2025:09:56:28 +0100] "GET /wp-includes/rest-api/fields/ HTTP/1.1" 301 236 "https://www.google.de/" "Mozilla/5.0 (iPad; CPU OS 16_7_2 like Mac OS X) AppleWebKit/605.1.15 (KHTML, like Gecko) Version/16.6 Mobile/15E148 Safari/604.1"
4.194.58.148 - - [08/Dec/2025:09:56:28 +0100] "GET /index.php HTTP/1.1" 200 42572 "https://www.google.de/" "Mozilla/5.0 (iPad; CPU OS 16_7_2 like Mac OS X) AppleWebKit/605.1.15 (KHTML, like Gecko) Version/16.6 Mobile/15E148 Safari/604.1"
4.194.58.148 - - [08/Dec/2025:09:56:29 +0100] "GET /wp-includes/rest-api/search/index.php HTTP/1.1" 301 236 "https://duckduckgo.com/" "Mozilla/5.0 (iPhone; CPU iPhone OS 15_7_9 like Mac OS X) AppleWebKit/605.1.15 (KHTML, like Gecko) Version/15.6.5 Mobile/15E148 Safari/604.1"
4.194.58.148 - - [08/Dec/2025:09:56:29 +0100] "GET /index.php HTTP/1.1" 200 42572 "https://duckduckgo.com/" "Mozilla/5.0 (iPhone; CPU iPhone OS 15_7_9 like Mac OS X) AppleWebKit/605.1.15 (KHTML, like Gecko) Version/15.6.5 Mobile/15E148 Safari/604.1"
4.194.58.148 - - [08/Dec/2025:09:56:30 +0100] "GET /wp-includes/sitemaps/ HTTP/1.1" 301 236 "https://www.bing.com/" "Mozilla/5.0 (Linux; Android 14; Pixel 8 Pro) AppleWebKit/537.36 (KHTML, like Gecko) Chrome/119.0.0.0 Mobile Safari/537.36"
4.194.58.148 - - [08/Dec/2025:09:56:30 +0100] "GET /index.php HTTP/1.1" 200 42572 "https://www.bing.com/" "Mozilla/5.0 (Linux; Android 14; Pixel 8 Pro) AppleWebKit/537.36 (KHTML, like Gecko) Chrome/119.0.0.0 Mobile Safari/537.36"
4.194.58.148 - - [08/Dec/2025:09:56:31 +0100] "GET /wp-includes/sitemaps/wp-conflg.php HTTP/1.1" 301 236 "https://www.google.com/" "Mozilla/5.0 (iPhone; CPU iPhone OS 17_0_3 like Mac OS X) AppleWebKit/605.1.15 (KHTML, like Gecko) Version/17.0.1 Mobile/15E148 Safari/604.1"
4.194.58.148 - - [08/Dec/2025:09:56:31 +0100] "GET /index.php HTTP/1.1" 200 42572 "https://www.google.com/" "Mozilla/5.0 (iPhone; CPU iPhone OS 17_0_3 like Mac OS X) AppleWebKit/605.1.15 (KHTML, like Gecko) Version/17.0.1 Mobile/15E148 Safari/604.1"
4.194.58.148 - - [08/Dec/2025:09:56:32 +0100] "GET /wp-themes.php HTTP/1.1" 301 236 "https://www.google.com/" "Mozilla/5.0 (Linux; Android 11; CPH2251) AppleWebKit/537.36 (KHTML, like Gecko) Chrome/116.0.0.0 Mobile Safari/537.36"
4.194.58.148 - - [08/Dec/2025:09:56:32 +0100] "GET /index.php HTTP/1.1" 200 42572 "https://www.google.com/" "Mozilla/5.0 (Linux; Android 11; CPH2251) AppleWebKit/537.36 (KHTML, like Gecko) Chrome/116.0.0.0 Mobile Safari/537.36"
4.194.58.148 - - [08/Dec/2025:09:56:32 +0100] "GET /x.php HTTP/1.1" 301 236 "https://www.google.com/" "Mozilla/5.0 (iPhone; CPU iPhone OS 16_6_1 like Mac OS X) AppleWebKit/605.1.15 (KHTML, like Gecko) Version/16.6 Mobile/15E148 Safari/604.1"
4.194.58.148 - - [08/Dec/2025:09:56:33 +0100] "GET /index.php HTTP/1.1" 200 42572 "https://www.google.com/" "Mozilla/5.0 (iPhone; CPU iPhone OS 16_6_1 like Mac OS X) AppleWebKit/605.1.15 (KHTML, like Gecko) Version/16.6 Mobile/15E148 Safari/604.1"
4.194.58.148 - - [08/Dec/2025:09:56:33 +0100] "GET /yas.php HTTP/1.1" 301 236 "https://www.yahoo.com/" "Mozilla/5.0 (Linux; Android 13; SM-G991U) AppleWebKit/537.36 (KHTML, like Gecko) Chrome/117.0.0.0 Mobile Safari/537.36"
4.194.58.148 - - [08/Dec/2025:09:56:33 +0100] "GET /index.php HTTP/1.1" 200 42572 "https://www.yahoo.com/" "Mozilla/5.0 (Linux; Android 13; SM-G991U) AppleWebKit/537.36 (KHTML, like Gecko) Chrome/117.0.0.0 Mobile Safari/537.36"
85.208.96.210 - - [08/Dec/2025:09:56:53 +0100] "GET /index.php?id=1&option=com_ckforms&task=send&view=ckforms HTTP/1.1" 200 8796 "-" "Mozilla/5.0 (compatible; SemrushBot/7~bl; +http://www.semrush.com/bot.html)"
192.178.6.2 - - [08/Dec/2025:09:57:13 +0100] "GET /ravalement/bessieres-31 HTTP/1.1" 200 11427 "-" "Mozilla/5.0 (Linux; Android 6.0.1; Nexus 5X Build/MMB29P) AppleWebKit/537.36 (KHTML, like Gecko) Chrome/141.0.7390.122 Mobile Safari/537.36 (compatible; Googlebot/2.1; +http://www.google.com/bot.html)"
192.178.6.3 - - [08/Dec/2025:09:57:24 +0100] "GET /ravalement/eaunes-31 HTTP/1.1" 200 11416 "-" "Mozilla/5.0 (Linux; Android 6.0.1; Nexus 5X Build/MMB29P) AppleWebKit/537.36 (KHTML, like Gecko) Chrome/141.0.7390.122 Mobile Safari/537.36 (compatible; Googlebot/2.1; +http://www.google.com/bot.html)"
43.135.186.135 - - [08/Dec/2025:09:59:24 +0100] "GET / HTTP/1.1" 200 12332 "-" "Mozilla/5.0 (iPhone; CPU iPhone OS 13_2_3 like Mac OS X) AppleWebKit/605.1.15 (KHTML, like Gecko) Version/13.0.3 Mobile/15E148 Safari/604.1"
192.178.6.4 - - [08/Dec/2025:10:00:44 +0100] "GET /ravalement/labastide-saint-sernin-31 HTTP/1.1" 200 11460 "-" "Mozilla/5.0 (Linux; Android 6.0.1; Nexus 5X Build/MMB29P) AppleWebKit/537.36 (KHTML, like Gecko) Chrome/141.0.7390.122 Mobile Safari/537.36 (compatible; Googlebot/2.1; +http://www.google.com/bot.html)"
51.68.247.193 - - [08/Dec/2025:10:00:48 +0100] "GET /ravalement/seysses-31 HTTP/1.1" 200 11917 "-" "Mozilla/5.0 (compatible; AhrefsBot/7.0; +http://ahrefs.com/robot/)"
192.178.6.2 - - [08/Dec/2025:10:01:34 +0100] "GET /ravalement/frouzins-31 HTTP/1.1" 200 11919 "-" "Mozilla/5.0 (Linux; Android 6.0.1; Nexus 5X Build/MMB29P) AppleWebKit/537.36 (KHTML, like Gecko) Chrome/141.0.7390.122 Mobile Safari/537.36 (compatible; Googlebot/2.1; +http://www.google.com/bot.html)"
192.178.6.2 - - [08/Dec/2025:10:01:35 +0100] "GET /ravalement/lherm-31 HTTP/1.1" 200 11413 "-" "Mozilla/5.0 (Linux; Android 6.0.1; Nexus 5X Build/MMB29P) AppleWebKit/537.36 (KHTML, like Gecko) Chrome/141.0.7390.122 Mobile Safari/537.36 (compatible; Googlebot/2.1; +http://www.google.com/bot.html)"
192.178.6.4 - - [08/Dec/2025:10:06:41 +0100] "GET /ravalement/bruguieres-31 HTTP/1.1" 200 11425 "-" "Mozilla/5.0 (Linux; Android 6.0.1; Nexus 5X Build/MMB29P) AppleWebKit/537.36 (KHTML, like Gecko) Chrome/141.0.7390.122 Mobile Safari/537.36 (compatible; Googlebot/2.1; +http://www.google.com/bot.html)"
170.106.113.159 - - [08/Dec/2025:10:10:16 +0100] "GET /component/mailto/?tmpl=component&template=neutre&link=e5016d1de36875f141384f4d8bf9904995a7f827 HTTP/1.1" 200 1281 "-" "Mozilla/5.0 (iPhone; CPU iPhone OS 13_2_3 like Mac OS X) AppleWebKit/605.1.15 (KHTML, like Gecko) Version/13.0.3 Mobile/15E148 Safari/604.1"
192.178.6.3 - - [08/Dec/2025:10:11:34 +0100] "GET /ravalement/gragnague-31 HTTP/1.1" 200 11427 "-" "Mozilla/5.0 (Linux; Android 6.0.1; Nexus 5X Build/MMB29P) AppleWebKit/537.36 (KHTML, like Gecko) Chrome/141.0.7390.122 Mobile Safari/537.36 (compatible; Googlebot/2.1; +http://www.google.com/bot.html)"
92.222.104.214 - - [08/Dec/2025:10:12:01 +0100] "GET /index.php?option=com_xmap&view=xml&tmpl=component&id=1 HTTP/1.1" 200 2856 "-" "Mozilla/5.0 (compatible; AhrefsBot/7.0; +http://ahrefs.com/robot/)"
192.178.6.2 - - [08/Dec/2025:10:13:42 +0100] "GET /ravalement/seilh-31 HTTP/1.1" 200 11416 "-" "Mozilla/5.0 (Linux; Android 6.0.1; Nexus 5X Build/MMB29P) AppleWebKit/537.36 (KHTML, like Gecko) Chrome/141.0.7390.122 Mobile Safari/537.36 (compatible; Googlebot/2.1; +http://www.google.com/bot.html)"
192.178.6.2 - - [08/Dec/2025:10:13:58 +0100] "GET /ravalement/pompertuzat-31 HTTP/1.1" 200 11431 "-" "Mozilla/5.0 (Linux; Android 6.0.1; Nexus 5X Build/MMB29P) AppleWebKit/537.36 (KHTML, like Gecko) Chrome/141.0.7390.122 Mobile Safari/537.36 (compatible; Googlebot/2.1; +http://www.google.com/bot.html)"
192.178.6.2 - - [08/Dec/2025:10:14:13 +0100] "GET /ravalement/longages-31 HTTP/1.1" 200 11420 "-" "Mozilla/5.0 (Linux; Android 6.0.1; Nexus 5X Build/MMB29P) AppleWebKit/537.36 (KHTML, like Gecko) Chrome/141.0.7390.122 Mobile Safari/537.36 (compatible; Googlebot/2.1; +http://www.google.com/bot.html)"
192.178.6.2 - - [08/Dec/2025:10:14:40 +0100] "GET /ravalement/saint-jory-31 HTTP/1.1" 200 11987 "-" "Mozilla/5.0 (Linux; Android 6.0.1; Nexus 5X Build/MMB29P) AppleWebKit/537.36 (KHTML, like Gecko) Chrome/141.0.7390.122 Mobile Safari/537.36 (compatible; Googlebot/2.1; +http://www.google.com/bot.html)"
192.178.6.3 - - [08/Dec/2025:10:14:50 +0100] "GET /ravalement/levignac-31 HTTP/1.1" 200 11423 "-" "Mozilla/5.0 (Linux; Android 6.0.1; Nexus 5X Build/MMB29P) AppleWebKit/537.36 (KHTML, like Gecko) Chrome/141.0.7390.122 Mobile Safari/537.36 (compatible; Googlebot/2.1; +http://www.google.com/bot.html)"
192.178.6.4 - - [08/Dec/2025:10:15:30 +0100] "GET /ravalement/nailloux-31 HTTP/1.1" 200 11422 "-" "Mozilla/5.0 (Linux; Android 6.0.1; Nexus 5X Build/MMB29P) AppleWebKit/537.36 (KHTML, like Gecko) Chrome/141.0.7390.122 Mobile Safari/537.36 (compatible; Googlebot/2.1; +http://www.google.com/bot.html)"
192.178.6.3 - - [08/Dec/2025:10:16:26 +0100] "GET /ravalement/lespinasse-31 HTTP/1.1" 200 11433 "-" "Mozilla/5.0 (Linux; Android 6.0.1; Nexus 5X Build/MMB29P) AppleWebKit/537.36 (KHTML, like Gecko) Chrome/141.0.7390.122 Mobile Safari/537.36 (compatible; Googlebot/2.1; +http://www.google.com/bot.html)"
192.178.6.3 - - [08/Dec/2025:10:16:35 +0100] "GET /prestations/nettoyage-facade-aerogommage HTTP/1.1" 200 7987 "-" "Mozilla/5.0 (Linux; Android 6.0.1; Nexus 5X Build/MMB29P) AppleWebKit/537.36 (KHTML, like Gecko) Chrome/141.0.7390.122 Mobile Safari/537.36 (compatible; Googlebot/2.1; +http://www.google.com/bot.html)"
192.178.6.2 - - [08/Dec/2025:10:18:26 +0100] "GET /prestations/nettoyage-facade-nebulisation HTTP/1.1" 200 7974 "-" "Mozilla/5.0 (Linux; Android 6.0.1; Nexus 5X Build/MMB29P) AppleWebKit/537.36 (KHTML, like Gecko) Chrome/141.0.7390.122 Mobile Safari/537.36 (compatible; Googlebot/2.1; +http://www.google.com/bot.html)"
192.178.6.3 - - [08/Dec/2025:10:19:12 +0100] "GET /ravalement/montesquieu-volvestre-31 HTTP/1.1" 200 11447 "-" "Mozilla/5.0 (Linux; Android 6.0.1; Nexus 5X Build/MMB29P) AppleWebKit/537.36 (KHTML, like Gecko) Chrome/141.0.7390.122 Mobile Safari/537.36 (compatible; Googlebot/2.1; +http://www.google.com/bot.html)"
192.178.6.2 - - [08/Dec/2025:10:20:25 +0100] "GET /ravalement/saint-genies-bellevue-31 HTTP/1.1" 200 11457 "-" "Mozilla/5.0 (Linux; Android 6.0.1; Nexus 5X Build/MMB29P) AppleWebKit/537.36 (KHTML, like Gecko) Chrome/141.0.7390.122 Mobile Safari/537.36 (compatible; Googlebot/2.1; +http://www.google.com/bot.html)"
43.135.185.59 - - [08/Dec/2025:10:20:37 +0100] "GET /ravalement/labege-31 HTTP/1.1" 200 11433 "-" "Mozilla/5.0 (iPhone; CPU iPhone OS 13_2_3 like Mac OS X) AppleWebKit/605.1.15 (KHTML, like Gecko) Version/13.0.3 Mobile/15E148 Safari/604.1"
192.178.6.3 - - [08/Dec/2025:10:20:53 +0100] "GET /ravalement/carbonne-31 HTTP/1.1" 200 11930 "-" "Mozilla/5.0 (Linux; Android 6.0.1; Nexus 5X Build/MMB29P) AppleWebKit/537.36 (KHTML, like Gecko) Chrome/141.0.7390.122 Mobile Safari/537.36 (compatible; Googlebot/2.1; +http://www.google.com/bot.html)"
192.178.6.2 - - [08/Dec/2025:10:21:12 +0100] "GET /ravalement/grenade-31 HTTP/1.1" 200 11927 "-" "Mozilla/5.0 (Linux; Android 6.0.1; Nexus 5X Build/MMB29P) AppleWebKit/537.36 (KHTML, like Gecko) Chrome/141.0.7390.122 Mobile Safari/537.36 (compatible; Googlebot/2.1; +http://www.google.com/bot.html)"
192.178.6.3 - - [08/Dec/2025:10:21:42 +0100] "GET /ravalement/quint-fonsegrives-31 HTTP/1.1" 200 11439 "-" "Mozilla/5.0 (Linux; Android 6.0.1; Nexus 5X Build/MMB29P) AppleWebKit/537.36 (KHTML, like Gecko) Chrome/141.0.7390.122 Mobile Safari/537.36 (compatible; Googlebot/2.1; +http://www.google.com/bot.html)"
192.178.6.4 - - [08/Dec/2025:10:22:57 +0100] "GET /ravalement/berat-31 HTTP/1.1" 200 11421 "-" "Mozilla/5.0 (Linux; Android 6.0.1; Nexus 5X Build/MMB29P) AppleWebKit/537.36 (KHTML, like Gecko) Chrome/141.0.7390.122 Mobile Safari/537.36 (compatible; Googlebot/2.1; +http://www.google.com/bot.html)"
216.24.213.173 - - [08/Dec/2025:10:23:47 +0100] "GET /wp-login.php HTTP/1.1" 404 1499 "-" "Mozilla/5.0 (Windows NT 10.0; Win64; x64) AppleWebKit/537.36 (KHTML, like Gecko) Chrome/91.0.4472.124 Safari/537.36"
176.31.139.23 - - [08/Dec/2025:10:24:38 +0100] "GET /ravalement/blagnac-31 HTTP/1.1" 200 13580 "-" "Mozilla/5.0 (compatible; AhrefsBot/7.0; +http://ahrefs.com/robot/)"
116.179.32.101 - - [08/Dec/2025:10:24:40 +0100] "GET /ravalement/caraman-31 HTTP/1.1" 200 11423 "-" "Mozilla/5.0 (compatible; Baiduspider/2.0; +http://www.baidu.com/search/spider.html)"
116.179.37.154 - - [08/Dec/2025:10:25:44 +0100] "GET /plugins/system/jcemediabox/themes/light/popup.html HTTP/1.1" 200 1093 "http://www.civm.fr/ravalement/caraman-31" "Mozilla/5.0 (compatible; Baiduspider-render/2.0; +http://www.baidu.com/search/spider.html)"
116.179.37.31 - - [08/Dec/2025:10:25:45 +0100] "GET /plugins/system/jcemediabox/themes/light/tooltip.html HTTP/1.1" 200 958 "http://www.civm.fr/ravalement/caraman-31" "Mozilla/5.0 (compatible; Baiduspider-render/2.0; +http://www.baidu.com/search/spider.html)"
152.228.220.143 - - [08/Dec/2025:10:28:07 +0100] "GET /index.php?format=feed&type=atom HTTP/1.1" 500 1646 "-" "Mozilla/5.0 (X11; Linux i686) AppleWebKit/537.36 (KHTML, like Gecko) Chrome/30.0.1599.66 Safari/537.36"
43.164.197.224 - - [08/Dec/2025:10:31:53 +0100] "GET /ravalement/castelmaurou-31 HTTP/1.1" 200 11449 "-" "Mozilla/5.0 (iPhone; CPU iPhone OS 13_2_3 like Mac OS X) AppleWebKit/605.1.15 (KHTML, like Gecko) Version/13.0.3 Mobile/15E148 Safari/604.1"
94.23.188.197 - - [08/Dec/2025:10:34:39 +0100] "GET /ravalement/cornebarrieu-31 HTTP/1.1" 200 11937 "-" "Mozilla/5.0 (compatible; AhrefsBot/7.0; +http://ahrefs.com/robot/)"
192.178.6.2 - - [08/Dec/2025:10:37:13 +0100] "GET /robots.txt HTTP/1.1" 200 887 "-" "Mozilla/5.0 (compatible; Googlebot/2.1; +http://www.google.com/bot.html)"
192.178.6.3 - - [08/Dec/2025:10:37:14 +0100] "GET /blog-articles?start=1 HTTP/1.1" 200 9790 "-" "Mozilla/5.0 (Linux; Android 6.0.1; Nexus 5X Build/MMB29P) AppleWebKit/537.36 (KHTML, like Gecko) Chrome/141.0.7390.122 Mobile Safari/537.36 (compatible; Googlebot/2.1; +http://www.google.com/bot.html)"
192.178.6.4 - - [08/Dec/2025:10:37:38 +0100] "GET /contactez-nous HTTP/1.1" 200 9368 "-" "Mozilla/5.0 (Linux; Android 6.0.1; Nexus 5X Build/MMB29P) AppleWebKit/537.36 (KHTML, like Gecko) Chrome/141.0.7390.122 Mobile Safari/537.36 (compatible; Googlebot/2.1; +http://www.google.com/bot.html)"
192.178.6.2 - - [08/Dec/2025:10:37:46 +0100] "GET /plan-du-site HTTP/1.1" 200 9940 "-" "Mozilla/5.0 (Linux; Android 6.0.1; Nexus 5X Build/MMB29P) AppleWebKit/537.36 (KHTML, like Gecko) Chrome/141.0.7390.122 Mobile Safari/537.36 (compatible; Googlebot/2.1; +http://www.google.com/bot.html)"
43.130.39.254 - - [08/Dec/2025:10:40:25 +0100] "GET /component/mailto/?tmpl=component&template=neutre&link=b6e1a3efc0250c57c96c5ec040e207992cd50dc9 HTTP/1.1" 200 1279 "-" "Mozilla/5.0 (iPhone; CPU iPhone OS 13_2_3 like Mac OS X) AppleWebKit/605.1.15 (KHTML, like Gecko) Version/13.0.3 Mobile/15E148 Safari/604.1"
192.178.6.2 - - [08/Dec/2025:10:41:26 +0100] "GET /component/mailto/?tmpl=component&template=neutre&link=65ac090198a4b1ef886f5ee790abff1f492a00ab HTTP/1.1" 200 1276 "-" "Mozilla/5.0 (Linux; Android 6.0.1; Nexus 5X Build/MMB29P) AppleWebKit/537.36 (KHTML, like Gecko) Chrome/141.0.7390.122 Mobile Safari/537.36 (compatible; Googlebot/2.1; +http://www.google.com/bot.html)"
192.178.6.2 - - [08/Dec/2025:10:41:34 +0100] "GET /component/mailto/?tmpl=component&template=neutre&link=503df1851dec0ca4095b054510fed3fd1fc54302 HTTP/1.1" 200 1274 "-" "Mozilla/5.0 (Linux; Android 6.0.1; Nexus 5X Build/MMB29P) AppleWebKit/537.36 (KHTML, like Gecko) Chrome/141.0.7390.122 Mobile Safari/537.36 (compatible; Googlebot/2.1; +http://www.google.com/bot.html)"
192.178.6.2 - - [08/Dec/2025:10:42:11 +0100] "GET /component/mailto/?tmpl=component&template=neutre&link=ab4ca96bbf3f8ed80ca14954a8f7cfd3ce7b2f81 HTTP/1.1" 200 1276 "-" "Mozilla/5.0 (Linux; Android 6.0.1; Nexus 5X Build/MMB29P) AppleWebKit/537.36 (KHTML, like Gecko) Chrome/141.0.7390.122 Mobile Safari/537.36 (compatible; Googlebot/2.1; +http://www.google.com/bot.html)"
192.178.6.2 - - [08/Dec/2025:10:44:33 +0100] "GET /component/mailto/?tmpl=component&template=neutre&link=85ba4382d6c57bfc1dc4227cde8f30813e54d49c HTTP/1.1" 200 1276 "-" "Mozilla/5.0 (Linux; Android 6.0.1; Nexus 5X Build/MMB29P) AppleWebKit/537.36 (KHTML, like Gecko) Chrome/141.0.7390.122 Mobile Safari/537.36 (compatible; Googlebot/2.1; +http://www.google.com/bot.html)"
176.31.139.15 - - [08/Dec/2025:10:45:01 +0100] "GET /ravalement/bagneres-de-luchon-31 HTTP/1.1" 200 11456 "-" "Mozilla/5.0 (compatible; AhrefsBot/7.0; +http://ahrefs.com/robot/)"
43.135.140.225 - - [08/Dec/2025:10:50:12 +0100] "GET /ravalement/aussonne-31?tmpl=component&print=1&page= HTTP/1.1" 200 4451 "-" "Mozilla/5.0 (iPhone; CPU iPhone OS 13_2_3 like Mac OS X) AppleWebKit/605.1.15 (KHTML, like Gecko) Version/13.0.3 Mobile/15E148 Safari/604.1"
216.244.66.226 - - [08/Dec/2025:10:50:33 +0100] "GET /robots.txt HTTP/1.1" 200 887 "-" "Mozilla/5.0 (compatible; DotBot/1.2; +https://opensiteexplorer.org/dotbot; help@moz.com)"
192.178.6.2 - - [08/Dec/2025:10:50:53 +0100] "GET /component/mailto/?tmpl=component&template=neutre&link=274e31df2d35fd9c08773d08a732dbbef67f0bda HTTP/1.1" 200 1275 "-" "Mozilla/5.0 (Linux; Android 6.0.1; Nexus 5X Build/MMB29P) AppleWebKit/537.36 (KHTML, like Gecko) Chrome/141.0.7390.122 Mobile Safari/537.36 (compatible; Googlebot/2.1; +http://www.google.com/bot.html)"
192.178.6.4 - - [08/Dec/2025:10:51:27 +0100] "GET /component/mailto/?tmpl=component&template=neutre&link=2f88fc54bde562478b41d9dbf21d52628285a464 HTTP/1.1" 200 1277 "-" "Mozilla/5.0 (Linux; Android 6.0.1; Nexus 5X Build/MMB29P) AppleWebKit/537.36 (KHTML, like Gecko) Chrome/141.0.7390.122 Mobile Safari/537.36 (compatible; Googlebot/2.1; +http://www.google.com/bot.html)"
192.178.6.2 - - [08/Dec/2025:10:51:50 +0100] "GET /component/mailto/?tmpl=component&template=neutre&link=3767fe9b4fa07b7920c20bcf23e846af3fc00707 HTTP/1.1" 200 1273 "-" "Mozilla/5.0 (Linux; Android 6.0.1; Nexus 5X Build/MMB29P) AppleWebKit/537.36 (KHTML, like Gecko) Chrome/141.0.7390.122 Mobile Safari/537.36 (compatible; Googlebot/2.1; +http://www.google.com/bot.html)"
192.178.6.3 - - [08/Dec/2025:10:52:41 +0100] "GET /component/mailto/?tmpl=component&template=neutre&link=34884e33d0d055546bb556a6576f563866f7db40 HTTP/1.1" 200 1278 "-" "Mozilla/5.0 (Linux; Android 6.0.1; Nexus 5X Build/MMB29P) AppleWebKit/537.36 (KHTML, like Gecko) Chrome/141.0.7390.122 Mobile Safari/537.36 (compatible; Googlebot/2.1; +http://www.google.com/bot.html)"
192.178.6.3 - - [08/Dec/2025:10:52:41 +0100] "GET /component/mailto/?tmpl=component&template=neutre&link=05a2cf3529212546b40366c887a8590ef38f74cf HTTP/1.1" 200 1278 "-" "Mozilla/5.0 (Linux; Android 6.0.1; Nexus 5X Build/MMB29P) AppleWebKit/537.36 (KHTML, like Gecko) Chrome/141.0.7390.122 Mobile Safari/537.36 (compatible; Googlebot/2.1; +http://www.google.com/bot.html)"
192.178.6.2 - - [08/Dec/2025:10:53:49 +0100] "GET /component/mailto/?tmpl=component&template=neutre&link=3e4e69966bf9b813a947531ac73dc4a56d407dae HTTP/1.1" 200 1277 "-" "Mozilla/5.0 (Linux; Android 6.0.1; Nexus 5X Build/MMB29P) AppleWebKit/537.36 (KHTML, like Gecko) Chrome/141.0.7390.122 Mobile Safari/537.36 (compatible; Googlebot/2.1; +http://www.google.com/bot.html)"
37.59.204.131 - - [08/Dec/2025:10:54:35 +0100] "GET /ravalement/toulouse-31 HTTP/1.1" 200 11910 "-" "Mozilla/5.0 (compatible; AhrefsBot/7.0; +http://ahrefs.com/robot/)"
202.8.40.205 - - [08/Dec/2025:10:54:37 +0100] "GET /plugins/system/jcemediabox/css/jcemediabox.css?a3b640def3ef13678e19cfeeb7397c85 HTTP/1.1" 200 5791 "http://www.civm.fr/ravalement/toulouse-31" "Mozilla/5.0 (compatible; AhrefsBot/7.0; +http://ahrefs.com/robot/)"
51.68.111.238 - - [08/Dec/2025:10:57:13 +0100] "GET /robots.txt HTTP/1.1" 200 887 "-" "Mozilla/5.0 (compatible; MJ12bot/v2.0.4; http://mj12bot.com/)"
51.68.111.238 - - [08/Dec/2025:10:57:13 +0100] "GET / HTTP/1.1" 200 12323 "-" "Mozilla/5.0 (compatible; MJ12bot/v2.0.4; http://mj12bot.com/)"
192.178.6.4 - - [08/Dec/2025:10:57:34 +0100] "GET /component/mailto/?tmpl=component&template=neutre&link=477ca16ae71329c18dfa7f0b34e0cb2ad8e69b4e HTTP/1.1" 200 1275 "-" "Mozilla/5.0 (Linux; Android 6.0.1; Nexus 5X Build/MMB29P) AppleWebKit/537.36 (KHTML, like Gecko) Chrome/141.0.7390.122 Mobile Safari/537.36 (compatible; Googlebot/2.1; +http://www.google.com/bot.html)"
43.157.53.115 - - [08/Dec/2025:10:59:34 +0100] "GET /ravalement/gratentour-31 HTTP/1.1" 200 11442 "-" "Mozilla/5.0 (iPhone; CPU iPhone OS 13_2_3 like Mac OS X) AppleWebKit/605.1.15 (KHTML, like Gecko) Version/13.0.3 Mobile/15E148 Safari/604.1"
216.244.66.226 - - [08/Dec/2025:11:02:16 +0100] "GET /component/mailto/?tmpl=component&template=neutre&link=4a7acba3b377cc8c4fa0dff9fd3783f5ca5f8c67 HTTP/1.1" 200 3139 "-" "Mozilla/5.0 (compatible; DotBot/1.2; +https://opensiteexplorer.org/dotbot; help@moz.com)"
192.178.6.2 - - [08/Dec/2025:11:02:46 +0100] "GET /component/mailto/?tmpl=component&template=neutre&link=00bf02599d236c538881c54470731e8345bfad04 HTTP/1.1" 200 1278 "-" "Mozilla/5.0 (Linux; Android 6.0.1; Nexus 5X Build/MMB29P) AppleWebKit/537.36 (KHTML, like Gecko) Chrome/141.0.7390.122 Mobile Safari/537.36 (compatible; Googlebot/2.1; +http://www.google.com/bot.html)"
51.75.236.159 - - [08/Dec/2025:11:03:40 +0100] "GET /prestations HTTP/1.1" 200 9745 "-" "Mozilla/5.0 (compatible; AhrefsBot/7.0; +http://ahrefs.com/robot/)"
192.178.6.3 - - [08/Dec/2025:11:04:33 +0100] "GET /component/mailto/?tmpl=component&template=neutre&link=a0d9e866eff9847682fd4b51a89c2a36d1414e4e HTTP/1.1" 200 1275 "-" "Mozilla/5.0 (Linux; Android 6.0.1; Nexus 5X Build/MMB29P) AppleWebKit/537.36 (KHTML, like Gecko) Chrome/141.0.7390.122 Mobile Safari/537.36 (compatible; Googlebot/2.1; +http://www.google.com/bot.html)"
192.178.6.2 - - [08/Dec/2025:11:06:47 +0100] "GET /component/mailto/?tmpl=component&template=neutre&link=7babe8fbd27fef26f6ed95be9e6078fe10d9f1e1 HTTP/1.1" 200 1269 "-" "Mozilla/5.0 (Linux; Android 6.0.1; Nexus 5X Build/MMB29P) AppleWebKit/537.36 (KHTML, like Gecko) Chrome/141.0.7390.122 Mobile Safari/537.36 (compatible; Googlebot/2.1; +http://www.google.com/bot.html)"
192.178.6.3 - - [08/Dec/2025:11:07:47 +0100] "GET /component/mailto/?tmpl=component&template=neutre&link=6ae8f0d750559603406ccfb138139ba731b01db2 HTTP/1.1" 200 1278 "-" "Mozilla/5.0 (Linux; Android 6.0.1; Nexus 5X Build/MMB29P) AppleWebKit/537.36 (KHTML, like Gecko) Chrome/141.0.7390.122 Mobile Safari/537.36 (compatible; Googlebot/2.1; +http://www.google.com/bot.html)"
192.178.6.4 - - [08/Dec/2025:11:08:35 +0100] "GET /component/mailto/?tmpl=component&template=neutre&link=ac0516a28afa4110b6176b30dcd726069001ca47 HTTP/1.1" 200 1276 "-" "Mozilla/5.0 (Linux; Android 6.0.1; Nexus 5X Build/MMB29P) AppleWebKit/537.36 (KHTML, like Gecko) Chrome/141.0.7390.122 Mobile Safari/537.36 (compatible; Googlebot/2.1; +http://www.google.com/bot.html)"
43.167.241.46 - - [08/Dec/2025:11:09:30 +0100] "GET /ravalement/saint-genies-bellevue-31 HTTP/1.1" 200 11473 "-" "Mozilla/5.0 (iPhone; CPU iPhone OS 13_2_3 like Mac OS X) AppleWebKit/605.1.15 (KHTML, like Gecko) Version/13.0.3 Mobile/15E148 Safari/604.1"
176.31.139.16 - - [08/Dec/2025:11:13:16 +0100] "GET /ravalement/villeneuve-tolosane-31 HTTP/1.1" 200 12521 "-" "Mozilla/5.0 (compatible; AhrefsBot/7.0; +http://ahrefs.com/robot/)"
192.178.6.3 - - [08/Dec/2025:11:14:41 +0100] "GET /component/mailto/?tmpl=component&template=neutre&link=70a763843936b7a65a75c89aa8e68a2e57379dd5 HTTP/1.1" 200 1276 "-" "Mozilla/5.0 (Linux; Android 6.0.1; Nexus 5X Build/MMB29P) AppleWebKit/537.36 (KHTML, like Gecko) Chrome/141.0.7390.122 Mobile Safari/537.36 (compatible; Googlebot/2.1; +http://www.google.com/bot.html)"
129.226.93.214 - - [08/Dec/2025:11:19:44 +0100] "GET /ravalement/martres-tolosane-31 HTTP/1.1" 200 11471 "-" "Mozilla/5.0 (iPhone; CPU iPhone OS 13_2_3 like Mac OS X) AppleWebKit/605.1.15 (KHTML, like Gecko) Version/13.0.3 Mobile/15E148 Safari/604.1"
192.178.6.3 - - [08/Dec/2025:11:21:41 +0100] "GET /component/mailto/?tmpl=component&template=neutre&link=fa0fa635c5ed7f881c8d9837b8ad059d40bace3d HTTP/1.1" 200 1275 "-" "Mozilla/5.0 (Linux; Android 6.0.1; Nexus 5X Build/MMB29P) AppleWebKit/537.36 (KHTML, like Gecko) Chrome/141.0.7390.122 Mobile Safari/537.36 (compatible; Googlebot/2.1; +http://www.google.com/bot.html)"
192.178.6.3 - - [08/Dec/2025:11:22:25 +0100] "GET /component/mailto/?tmpl=component&template=neutre&link=f143fdaf66a98bff73f616874a131979a7282a5b HTTP/1.1" 200 1277 "-" "Mozilla/5.0 (Linux; Android 6.0.1; Nexus 5X Build/MMB29P) AppleWebKit/537.36 (KHTML, like Gecko) Chrome/141.0.7390.122 Mobile Safari/537.36 (compatible; Googlebot/2.1; +http://www.google.com/bot.html)"
176.31.139.13 - - [08/Dec/2025:11:23:03 +0100] "GET /ravalement/fontenilles-31 HTTP/1.1" 200 11436 "-" "Mozilla/5.0 (compatible; AhrefsBot/7.0; +http://ahrefs.com/robot/)"
192.178.6.3 - - [08/Dec/2025:11:24:44 +0100] "GET /component/mailto/?tmpl=component&template=neutre&link=f01df32c38e20a3a23a11188a38bd80f0b828ad8 HTTP/1.1" 200 1279 "-" "Mozilla/5.0 (Linux; Android 6.0.1; Nexus 5X Build/MMB29P) AppleWebKit/537.36 (KHTML, like Gecko) Chrome/141.0.7390.122 Mobile Safari/537.36 (compatible; Googlebot/2.1; +http://www.google.com/bot.html)"
192.178.6.3 - - [08/Dec/2025:11:25:33 +0100] "GET /component/mailto/?tmpl=component&template=neutre&link=ec246b69a2c42923dec8b9eaeff22cdcc98ecbc6 HTTP/1.1" 200 1272 "-" "Mozilla/5.0 (Linux; Android 6.0.1; Nexus 5X Build/MMB29P) AppleWebKit/537.36 (KHTML, like Gecko) Chrome/141.0.7390.122 Mobile Safari/537.36 (compatible; Googlebot/2.1; +http://www.google.com/bot.html)"
192.178.6.3 - - [08/Dec/2025:11:25:41 +0100] "GET /component/mailto/?tmpl=component&template=neutre&link=bc799c0815b4a18ce846a78ddb9c5140faa80c72 HTTP/1.1" 200 1278 "-" "Mozilla/5.0 (Linux; Android 6.0.1; Nexus 5X Build/MMB29P) AppleWebKit/537.36 (KHTML, like Gecko) Chrome/141.0.7390.122 Mobile Safari/537.36 (compatible; Googlebot/2.1; +http://www.google.com/bot.html)"
192.178.6.2 - - [08/Dec/2025:11:25:49 +0100] "GET /blog-articles/170-tout-savoir-sur-le-vitrage-chauffant HTTP/1.1" 200 9439 "-" "Mozilla/5.0 (Linux; Android 6.0.1; Nexus 5X Build/MMB29P) AppleWebKit/537.36 (KHTML, like Gecko) Chrome/141.0.7390.122 Mobile Safari/537.36 (compatible; Googlebot/2.1; +http://www.google.com/bot.html)"
192.178.6.2 - - [08/Dec/2025:11:25:57 +0100] "GET /blog-articles/171-conseils-sur-la-motorisation-de-portail HTTP/1.1" 200 9155 "-" "Mozilla/5.0 (Linux; Android 6.0.1; Nexus 5X Build/MMB29P) AppleWebKit/537.36 (KHTML, like Gecko) Chrome/141.0.7390.122 Mobile Safari/537.36 (compatible; Googlebot/2.1; +http://www.google.com/bot.html)"
51.68.107.144 - - [08/Dec/2025:11:26:59 +0100] "GET /robots.txt HTTP/1.1" 200 887 "-" "Mozilla/5.0 (compatible; MJ12bot/v2.0.4; http://mj12bot.com/)"
51.68.107.144 - - [08/Dec/2025:11:26:59 +0100] "GET / HTTP/1.1" 200 12325 "-" "Mozilla/5.0 (compatible; MJ12bot/v2.0.4; http://mj12bot.com/)"
43.133.14.237 - - [08/Dec/2025:11:29:55 +0100] "GET /ravalement/vernet-31 HTTP/1.1" 200 11433 "-" "Mozilla/5.0 (iPhone; CPU iPhone OS 13_2_3 like Mac OS X) AppleWebKit/605.1.15 (KHTML, like Gecko) Version/13.0.3 Mobile/15E148 Safari/604.1"
192.178.6.4 - - [08/Dec/2025:11:32:47 +0100] "GET /blog-articles/166-l-avenir-de-la-securite-a-la-maison HTTP/1.1" 200 8876 "-" "Mozilla/5.0 (Linux; Android 6.0.1; Nexus 5X Build/MMB29P) AppleWebKit/537.36 (KHTML, like Gecko) Chrome/141.0.7390.122 Mobile Safari/537.36 (compatible; Googlebot/2.1; +http://www.google.com/bot.html)"
192.178.6.3 - - [08/Dec/2025:11:32:49 +0100] "GET /component/mailto/?tmpl=component&template=neutre&link=e782266fc5a9e276b3b8892d232fbfbe7969f613 HTTP/1.1" 200 1276 "-" "Mozilla/5.0 (Linux; Android 6.0.1; Nexus 5X Build/MMB29P) AppleWebKit/537.36 (KHTML, like Gecko) Chrome/141.0.7390.122 Mobile Safari/537.36 (compatible; Googlebot/2.1; +http://www.google.com/bot.html)"
37.59.204.155 - - [08/Dec/2025:11:32:52 +0100] "GET /ravalement/baziege-31 HTTP/1.1" 200 11435 "-" "Mozilla/5.0 (compatible; AhrefsBot/7.0; +http://ahrefs.com/robot/)"
192.178.6.2 - - [08/Dec/2025:11:34:39 +0100] "GET /component/mailto/?tmpl=component&template=neutre&link=696dd88bd2c2a1a489debc65b50ed41b2e4bc570 HTTP/1.1" 200 1276 "-" "Mozilla/5.0 (Linux; Android 6.0.1; Nexus 5X Build/MMB29P) AppleWebKit/537.36 (KHTML, like Gecko) Chrome/141.0.7390.122 Mobile Safari/537.36 (compatible; Googlebot/2.1; +http://www.google.com/bot.html)"
216.244.66.226 - - [08/Dec/2025:11:35:32 +0100] "GET /robots.txt HTTP/1.1" 200 887 "-" "Mozilla/5.0 (compatible; DotBot/1.2; +https://opensiteexplorer.org/dotbot; help@moz.com)"
49.12.129.34 - - [08/Dec/2025:11:37:12 +0100] "GET /robots.txt HTTP/1.1" 200 887 "-" "Observer/1.0 (+https://obsrvr.net/about; crawler@obsrvr.net)"
49.12.129.34 - - [08/Dec/2025:11:37:12 +0100] "GET / HTTP/1.1" 200 12276 "-" "Observer/1.0 (+https://obsrvr.net/about; crawler@obsrvr.net)"
49.12.129.34 - - [08/Dec/2025:11:37:18 +0100] "GET /10-Facadier%20-31 HTTP/1.1" 200 13977 "-" "Observer/1.0 (+https://obsrvr.net/about; crawler@obsrvr.net)"
49.12.129.34 - - [08/Dec/2025:11:37:24 +0100] "GET /prestations HTTP/1.1" 200 9746 "-" "Observer/1.0 (+https://obsrvr.net/about; crawler@obsrvr.net)"
49.12.129.34 - - [08/Dec/2025:11:37:29 +0100] "GET /ravalement/muret-31 HTTP/1.1" 200 12122 "-" "Observer/1.0 (+https://obsrvr.net/about; crawler@obsrvr.net)"
49.12.129.34 - - [08/Dec/2025:11:37:36 +0100] "GET /ravalement/toulouse-31 HTTP/1.1" 200 11912 "-" "Observer/1.0 (+https://obsrvr.net/about; crawler@obsrvr.net)"
192.178.6.2 - - [08/Dec/2025:11:39:46 +0100] "GET /component/mailto/?tmpl=component&template=neutre&link=d8f219339edb8431983b3d773771836b31882746 HTTP/1.1" 200 1277 "-" "Mozilla/5.0 (Linux; Android 6.0.1; Nexus 5X Build/MMB29P) AppleWebKit/537.36 (KHTML, like Gecko) Chrome/141.0.7390.122 Mobile Safari/537.36 (compatible; Googlebot/2.1; +http://www.google.com/bot.html)"
192.178.6.2 - - [08/Dec/2025:11:40:13 +0100] "GET /component/mailto/?tmpl=component&template=neutre&link=664d292276b178d34d97a5c1ee4b12458d47ef3c HTTP/1.1" 200 1276 "-" "Mozilla/5.0 (Linux; Android 6.0.1; Nexus 5X Build/MMB29P) AppleWebKit/537.36 (KHTML, like Gecko) Chrome/141.0.7390.122 Mobile Safari/537.36 (compatible; Googlebot/2.1; +http://www.google.com/bot.html)"
150.109.119.38 - - [08/Dec/2025:11:41:27 +0100] "GET /component/mailto/?tmpl=component&template=neutre&link=74979ac1de9d22fee3490f31a3cc3b9dff99466a HTTP/1.1" 200 1278 "-" "Mozilla/5.0 (iPhone; CPU iPhone OS 13_2_3 like Mac OS X) AppleWebKit/605.1.15 (KHTML, like Gecko) Version/13.0.3 Mobile/15E148 Safari/604.1"
192.178.6.4 - - [08/Dec/2025:11:42:26 +0100] "GET /component/mailto/?tmpl=component&template=neutre&link=c91feab7a55e4f973bfe124d56034fd32b781bd3 HTTP/1.1" 200 1275 "-" "Mozilla/5.0 (Linux; Android 6.0.1; Nexus 5X Build/MMB29P) AppleWebKit/537.36 (KHTML, like Gecko) Chrome/141.0.7390.122 Mobile Safari/537.36 (compatible; Googlebot/2.1; +http://www.google.com/bot.html)"
192.178.6.2 - - [08/Dec/2025:11:42:40 +0100] "GET /component/mailto/?tmpl=component&template=neutre&link=19ef71412d5e48b049e5ebbfb96e25a79f28605e HTTP/1.1" 200 1276 "-" "Mozilla/5.0 (Linux; Android 6.0.1; Nexus 5X Build/MMB29P) AppleWebKit/537.36 (KHTML, like Gecko) Chrome/141.0.7390.122 Mobile Safari/537.36 (compatible; Googlebot/2.1; +http://www.google.com/bot.html)"
